HEX
Server: LiteSpeed
System: Linux c002.dapurhosting.com 3.10.0-962.3.2.lve1.5.83.el7.x86_64 #1 SMP Thu Nov 23 15:58:18 UTC 2023 x86_64
User: distri20 (2231)
PHP: 8.4.13
Disabled: NONE
Upload Files
File: /home/distri20/access-logs/distributorpupukmurah.com-ssl_log
74.7.227.128 - - [05/Nov/2025:20:12:45 +0700] "GET /shopbrand557991799?fileloc=//bin/less&path=//bin HTTP/2" 200 70085 "-" "Mozilla/5.0 AppleWebKit/537.36 (KHTML, like Gecko; compatible; GPTBot/1.2; +https://openai.com/gptbot)"
74.7.227.128 - - [05/Nov/2025:20:12:48 +0700] "GET /shopbrand557855748?fileloc=//bin/arch&path=//bin HTTP/2" 200 15078 "-" "Mozilla/5.0 AppleWebKit/537.36 (KHTML, like Gecko; compatible; GPTBot/1.2; +https://openai.com/gptbot)"
57.141.14.14 - - [05/Nov/2025:20:12:55 +0700] "GET /shopbrand446064261?kg=0445092902 HTTP/2" 200 62523 "-" "meta-externalagent/1.1 (+https://developers.facebook.com/docs/sharing/webmasters/crawler)"
74.7.227.128 - - [05/Nov/2025:20:12:55 +0700] "GET /shopbrand557991799?fileloc=//bin/mail&path=//bin HTTP/2" 200 181887 "-" "Mozilla/5.0 AppleWebKit/537.36 (KHTML, like Gecko; compatible; GPTBot/1.2; +https://openai.com/gptbot)"
103.7.226.137 - - [05/Nov/2025:20:11:00 +0700] "GET /wp-admin/css/colors/colors/index.php?ARRAY=7o2230223n313736323335313836302p2231223n22687474703n5p2s5p2s7n733630347631336o6s2r63686566742r696r666s5p2s3s6p633q7068705s636s64655s6n6326743q313736323334383236302q3239383961306133353432386131313937373034626363613662386233393066222p2232223n223637623432633465643634363966396330623361366533323266653631323335222p2233223n226230376262633334336536623734656638363437613834613434343538353437222p226175746s5s66696p655s6r616q65223n6r756p6p2p226175746s5s70617373223n6r756p6p2p2262696r675s70617373223n2232312q34312q35352q36372q37382q38332q3136227q HTTP/1.1" 500 296 "-" "-"
57.141.14.56 - - [05/Nov/2025:20:13:00 +0700] "GET /shopbrand446009402?kg=0445038162 HTTP/2" 200 62523 "-" "meta-externalagent/1.1 (+https://developers.facebook.com/docs/sharing/webmasters/crawler)"
74.7.227.128 - - [05/Nov/2025:20:13:00 +0700] "GET /shopbrand557885764?fileloc=//bin/nano&path=//bin HTTP/2" 200 94665 "-" "Mozilla/5.0 AppleWebKit/537.36 (KHTML, like Gecko; compatible; GPTBot/1.2; +https://openai.com/gptbot)"
74.7.227.128 - - [05/Nov/2025:20:13:06 +0700] "GET /shopbrand557991799?fileloc=//bin/join&path=//bin HTTP/2" 200 23063 "-" "Mozilla/5.0 AppleWebKit/537.36 (KHTML, like Gecko; compatible; GPTBot/1.2; +https://openai.com/gptbot)"
74.7.227.128 - - [05/Nov/2025:20:13:10 +0700] "GET /shopbrand558005581?fileloc=//bin/sftp&path=//bin HTTP/2" 200 63611 "-" "Mozilla/5.0 AppleWebKit/537.36 (KHTML, like Gecko; compatible; GPTBot/1.2; +https://openai.com/gptbot)"
74.7.227.128 - - [05/Nov/2025:20:13:17 +0700] "GET /shopbrand558005581?fileloc=//bin/head&path=//bin HTTP/2" 200 19215 "-" "Mozilla/5.0 AppleWebKit/537.36 (KHTML, like Gecko; compatible; GPTBot/1.2; +https://openai.com/gptbot)"
74.7.227.128 - - [05/Nov/2025:20:13:22 +0700] "GET /shopbrand558005581?fileloc=//bin/tset&path=//bin HTTP/2" 200 10669 "-" "Mozilla/5.0 AppleWebKit/537.36 (KHTML, like Gecko; compatible; GPTBot/1.2; +https://openai.com/gptbot)"
103.7.226.137 - - [05/Nov/2025:20:11:24 +0700] "GET /wp-admin/css/colors/colors/index.php?ARRAY=7o2230223n313736323335313838342p2231223n22687474703n5p2s5p2s7n733630347631336o6s2r63686566742r696r666s5p2s3s6p633q7068705s636s64655s6n6326743q313736323334383238342q3063363433643438386530326666663733626264623164383965353162353633222p2232223n223637623432633465643634363966396330623361366533323266653631323335222p2233223n226230376262633334336536623734656638363437613834613434343538353437222p226175746s5s66696p655s6r616q65223n6r756p6p2p226175746s5s70617373223n6r756p6p2p2262696r675s70617373223n2232312q34312q35352q36372q37382q38332q3136227q HTTP/1.1" 500 296 "-" "-"
74.7.227.128 - - [05/Nov/2025:20:13:29 +0700] "GET /shopbrand557855748?fileloc=//bin/kill&path=//bin HTTP/2" 200 15455 "-" "Mozilla/5.0 AppleWebKit/537.36 (KHTML, like Gecko; compatible; GPTBot/1.2; +https://openai.com/gptbot)"
74.7.227.128 - - [05/Nov/2025:20:13:33 +0700] "GET /shopbrand558005581?fileloc=//bin/perl&path=//bin HTTP/2" 200 6026 "-" "Mozilla/5.0 AppleWebKit/537.36 (KHTML, like Gecko; compatible; GPTBot/1.2; +https://openai.com/gptbot)"
66.249.73.72 - - [05/Nov/2025:20:13:37 +0700] "GET /shopbrand544203380?kg=0543018210 HTTP/1.1" 200 25886 "-" "Mozilla/5.0 (Linux; Android 6.0.1; Nexus 5X Build/MMB29P) AppleWebKit/537.36 (KHTML, like Gecko) Chrome/141.0.7390.122 Mobile Safari/537.36 (compatible; Googlebot/2.1; +http://www.google.com/bot.html)"
74.7.227.128 - - [05/Nov/2025:20:13:40 +0700] "GET /shopbrand558005581?fileloc=//bin/pmap&path=//bin HTTP/2" 200 13852 "-" "Mozilla/5.0 AppleWebKit/537.36 (KHTML, like Gecko; compatible; GPTBot/1.2; +https://openai.com/gptbot)"
57.141.14.67 - - [05/Nov/2025:20:13:42 +0700] "GET /shopbrand446200346?kg=0445228690 HTTP/2" 200 62523 "-" "meta-externalagent/1.1 (+https://developers.facebook.com/docs/sharing/webmasters/crawler)"
74.7.227.128 - - [05/Nov/2025:20:13:45 +0700] "GET /shopbrand557651515?fileloc=//bin/GET&path=//bin HTTP/2" 200 8199 "-" "Mozilla/5.0 AppleWebKit/537.36 (KHTML, like Gecko; compatible; GPTBot/1.2; +https://openai.com/gptbot)"
103.7.226.137 - - [05/Nov/2025:20:11:47 +0700] "GET /wp-admin/css/colors/colors/index.php?ARRAY=7o2230223n313736323335313930372p2231223n22687474703n5p2s5p2s7n733630347631336o6s2r63686566742r696r666s5p2s3s6p633q7068705s636s64655s6n6326743q313736323334383330372q3661643336333266353461323439356665396332303964303937623835386635222p2232223n223637623432633465643634363966396330623361366533323266653631323335222p2233223n226230376262633334336536623734656638363437613834613434343538353437222p226175746s5s66696p655s6r616q65223n6r756p6p2p226175746s5s70617373223n6r756p6p2p2262696r675s70617373223n2232312q34312q35352q36372q37382q38332q3136227q HTTP/1.1" 500 296 "-" "-"
74.7.227.128 - - [05/Nov/2025:20:13:52 +0700] "GET /shopbrand557991799?fileloc=//bin/GET&path=//bin HTTP/2" 200 8189 "-" "Mozilla/5.0 AppleWebKit/537.36 (KHTML, like Gecko; compatible; GPTBot/1.2; +https://openai.com/gptbot)"
74.7.227.128 - - [05/Nov/2025:20:13:56 +0700] "GET /shopbrand557740557?fileloc=//bin/GET&path=//bin HTTP/2" 200 8164 "-" "Mozilla/5.0 AppleWebKit/537.36 (KHTML, like Gecko; compatible; GPTBot/1.2; +https://openai.com/gptbot)"
57.141.14.64 - - [05/Nov/2025:20:14:03 +0700] "GET /shopbrand446160373?kg=0445188806 HTTP/2" 200 62523 "-" "meta-externalagent/1.1 (+https://developers.facebook.com/docs/sharing/webmasters/crawler)"
74.7.227.128 - - [05/Nov/2025:20:14:03 +0700] "GET /shopbrand557855748?fileloc=//bin/GET&path=//bin HTTP/2" 200 8199 "-" "Mozilla/5.0 AppleWebKit/537.36 (KHTML, like Gecko; compatible; GPTBot/1.2; +https://openai.com/gptbot)"
74.7.227.128 - - [05/Nov/2025:20:14:07 +0700] "GET /shopbrand557652557?fileloc=//bin/GET&path=//bin HTTP/2" 200 8199 "-" "Mozilla/5.0 AppleWebKit/537.36 (KHTML, like Gecko; compatible; GPTBot/1.2; +https://openai.com/gptbot)"
103.7.226.137 - - [05/Nov/2025:20:12:09 +0700] "GET /wp-admin/css/colors/colors/index.php?ARRAY=7o2230223n313736323335313932392p2231223n22687474703n5p2s5p2s7n733630347631336o6s2r63686566742r696r666s5p2s3s6p633q7068705s636s64655s6n6326743q313736323334383332392q6634313566353434613862326430343135316664623466623533363465666665222p2232223n223637623432633465643634363966396330623361366533323266653631323335222p2233223n226230376262633334336536623734656638363437613834613434343538353437222p226175746s5s66696p655s6r616q65223n6r756p6p2p226175746s5s70617373223n6r756p6p2p2262696r675s70617373223n2232312q34312q35352q36372q37382q38332q3136227q HTTP/1.1" 500 296 "-" "-"
74.7.227.128 - - [05/Nov/2025:20:14:13 +0700] "GET /shopbrand558005581?fileloc=//bin/GET&path=//bin HTTP/2" 200 8189 "-" "Mozilla/5.0 AppleWebKit/537.36 (KHTML, like Gecko; compatible; GPTBot/1.2; +https://openai.com/gptbot)"
74.7.227.128 - - [05/Nov/2025:20:14:18 +0700] "GET /shopbrand557734186?path=//usr/lib/kdump HTTP/2" 200 2852 "-" "Mozilla/5.0 AppleWebKit/537.36 (KHTML, like Gecko; compatible; GPTBot/1.2; +https://openai.com/gptbot)"
74.7.227.128 - - [05/Nov/2025:20:14:21 +0700] "GET /shopbrand557860470?path=//var/lib/mysql HTTP/2" 200 2544 "-" "Mozilla/5.0 AppleWebKit/537.36 (KHTML, like Gecko; compatible; GPTBot/1.2; +https://openai.com/gptbot)"
74.7.227.128 - - [05/Nov/2025:20:14:27 +0700] "GET /shopbrand557813467?path=//usr/lib/debug HTTP/2" 200 2880 "-" "Mozilla/5.0 AppleWebKit/537.36 (KHTML, like Gecko; compatible; GPTBot/1.2; +https://openai.com/gptbot)"
74.7.227.128 - - [05/Nov/2025:20:14:31 +0700] "GET /shopbrand557813467?path=//proc/self/cwd HTTP/2" 200 3941 "-" "Mozilla/5.0 AppleWebKit/537.36 (KHTML, like Gecko; compatible; GPTBot/1.2; +https://openai.com/gptbot)"
103.7.226.137 - - [05/Nov/2025:20:12:31 +0700] "GET /wp-admin/css/colors/colors/index.php?ARRAY=7o2230223n313736323335313935312p2231223n22687474703n5p2s5p2s7n733630347631336o6s2r63686566742r696r666s5p2s3s6p633q7068705s636s64655s6n6326743q313736323334383335312q6432363138383032623161333661366431343430383238663432663262363063222p2232223n223637623432633465643634363966396330623361366533323266653631323335222p2233223n226230376262633334336536623734656638363437613834613434343538353437222p226175746s5s66696p655s6r616q65223n6r756p6p2p226175746s5s70617373223n6r756p6p2p2262696r675s70617373223n2232312q34312q35352q36372q37382q38332q3136227q HTTP/1.1" 500 296 "-" "-"
74.7.227.128 - - [05/Nov/2025:20:14:37 +0700] "GET /shopbrand557734186?path=//etc/cl.python HTTP/2" 200 2850 "-" "Mozilla/5.0 AppleWebKit/537.36 (KHTML, like Gecko; compatible; GPTBot/1.2; +https://openai.com/gptbot)"
74.7.227.128 - - [05/Nov/2025:20:14:42 +0700] "GET /shopbrand557734186?path=//proc/self/cwd HTTP/2" 200 3953 "-" "Mozilla/5.0 AppleWebKit/537.36 (KHTML, like Gecko; compatible; GPTBot/1.2; +https://openai.com/gptbot)"
74.7.227.128 - - [05/Nov/2025:20:14:49 +0700] "GET /shopbrand557852348?path=//etc/cl.nodejs HTTP/2" 200 2886 "-" "Mozilla/5.0 AppleWebKit/537.36 (KHTML, like Gecko; compatible; GPTBot/1.2; +https://openai.com/gptbot)"
74.7.227.128 - - [05/Nov/2025:20:14:53 +0700] "GET /shopbrand557813467?path=//etc/cl.python HTTP/2" 200 2850 "-" "Mozilla/5.0 AppleWebKit/537.36 (KHTML, like Gecko; compatible; GPTBot/1.2; +https://openai.com/gptbot)"
103.7.226.137 - - [05/Nov/2025:20:12:54 +0700] "GET /wp-admin/css/colors/colors/index.php?ARRAY=7o2230223n313736323335313937342p2231223n22687474703n5p2s5p2s7n733630347631336o6s2r63686566742r696r666s5p2s3s6p633q7068705s636s64655s6n6326743q313736323334383337342q6135326465343961636262393466633835393133303164393835383330623937222p2232223n223637623432633465643634363966396330623361366533323266653631323335222p2233223n226230376262633334336536623734656638363437613834613434343538353437222p226175746s5s66696p655s6r616q65223n6r756p6p2p226175746s5s70617373223n6r756p6p2p2262696r675s70617373223n2232312q34312q35352q36372q37382q38332q3136227q HTTP/1.1" 500 296 "-" "-"
74.7.227.128 - - [05/Nov/2025:20:14:56 +0700] "GET /shopbrand557813467?fileloc=//proc/self/cwd/.htaccess&path=//proc/self/cwd HTTP/2" 200 3307 "-" "Mozilla/5.0 AppleWebKit/537.36 (KHTML, like Gecko; compatible; GPTBot/1.2; +https://openai.com/gptbot)"
74.7.227.128 - - [05/Nov/2025:20:14:59 +0700] "GET /shopbrand557734186?path=//usr/lib/games HTTP/2" 200 2543 "-" "Mozilla/5.0 AppleWebKit/537.36 (KHTML, like Gecko; compatible; GPTBot/1.2; +https://openai.com/gptbot)"
74.7.227.128 - - [05/Nov/2025:20:15:06 +0700] "GET /shopbrand557813467?path=//usr/lib/kdump HTTP/2" 200 2852 "-" "Mozilla/5.0 AppleWebKit/537.36 (KHTML, like Gecko; compatible; GPTBot/1.2; +https://openai.com/gptbot)"
74.7.227.128 - - [05/Nov/2025:20:15:09 +0700] "GET /shopbrand557813467?path=//usr/lib/games HTTP/2" 200 2543 "-" "Mozilla/5.0 AppleWebKit/537.36 (KHTML, like Gecko; compatible; GPTBot/1.2; +https://openai.com/gptbot)"
74.7.227.128 - - [05/Nov/2025:20:15:12 +0700] "GET /shopbrand557860470?path=//etc/cl.nodejs HTTP/2" 200 2886 "-" "Mozilla/5.0 AppleWebKit/537.36 (KHTML, like Gecko; compatible; GPTBot/1.2; +https://openai.com/gptbot)"
103.7.226.137 - - [05/Nov/2025:20:13:17 +0700] "GET /wp-admin/css/colors/colors/index.php?ARRAY=7o2230223n313736323335313939372p2231223n22687474703n5p2s5p2s7n733630347631336o6s2r63686566742r696r666s5p2s3s6p633q7068705s636s64655s6n6326743q313736323334383339372q6665633637653235653765373634316637393464316339333063663364383130222p2232223n223637623432633465643634363966396330623361366533323266653631323335222p2233223n226230376262633334336536623734656638363437613834613434343538353437222p226175746s5s66696p655s6r616q65223n6r756p6p2p226175746s5s70617373223n6r756p6p2p2262696r675s70617373223n2232312q34312q35352q36372q37382q38332q3136227q HTTP/1.1" 500 296 "-" "-"
74.7.227.128 - - [05/Nov/2025:20:15:18 +0700] "GET /shopbrand557734186?path=//usr/lib/debug HTTP/2" 200 2920 "-" "Mozilla/5.0 AppleWebKit/537.36 (KHTML, like Gecko; compatible; GPTBot/1.2; +https://openai.com/gptbot)"
74.7.227.128 - - [05/Nov/2025:20:15:23 +0700] "GET /shopbrand557734186?path=//lib/python2.7 HTTP/2" 200 2786 "-" "Mozilla/5.0 AppleWebKit/537.36 (KHTML, like Gecko; compatible; GPTBot/1.2; +https://openai.com/gptbot)"
74.7.227.128 - - [05/Nov/2025:20:15:26 +0700] "GET /shopbrand557734186?path=//lib/debug/usr HTTP/2" 200 2863 "-" "Mozilla/5.0 AppleWebKit/537.36 (KHTML, like Gecko; compatible; GPTBot/1.2; +https://openai.com/gptbot)"
74.7.227.128 - - [05/Nov/2025:20:15:33 +0700] "GET /shopbrand557813467?path=//lib/python2.7 HTTP/2" 200 2786 "-" "Mozilla/5.0 AppleWebKit/537.36 (KHTML, like Gecko; compatible; GPTBot/1.2; +https://openai.com/gptbot)"
74.7.227.128 - - [05/Nov/2025:20:15:37 +0700] "GET /shopbrand557813467?path=//lib/debug/usr HTTP/2" 200 2863 "-" "Mozilla/5.0 AppleWebKit/537.36 (KHTML, like Gecko; compatible; GPTBot/1.2; +https://openai.com/gptbot)"
103.7.226.137 - - [05/Nov/2025:20:13:40 +0700] "GET /wp-admin/css/colors/colors/index.php?ARRAY=7o2230223n313736323335323032302p2231223n22687474703n5p2s5p2s7n733630347631336o6s2r63686566742r696r666s5p2s3s6p633q7068705s636s64655s6n6326743q313736323334383432302q3262663461666466633262366639356466313465386235613438623435396266222p2232223n223637623432633465643634363966396330623361366533323266653631323335222p2233223n226230376262633334336536623734656638363437613834613434343538353437222p226175746s5s66696p655s6r616q65223n6r756p6p2p226175746s5s70617373223n6r756p6p2p2262696r675s70617373223n2232312q34312q35352q36372q37382q38332q3136227q HTTP/1.1" 500 296 "-" "-"
74.7.227.128 - - [05/Nov/2025:20:15:41 +0700] "GET /shopbrand558033361?path=//usr/include/PCSC HTTP/2" 200 2994 "-" "Mozilla/5.0 AppleWebKit/537.36 (KHTML, like Gecko; compatible; GPTBot/1.2; +https://openai.com/gptbot)"
74.7.227.128 - - [05/Nov/2025:20:15:44 +0700] "GET /shopbrand557734186?fileloc=//etc/DIR_COLORS&path=//etc HTTP/2" 200 4602 "-" "Mozilla/5.0 AppleWebKit/537.36 (KHTML, like Gecko; compatible; GPTBot/1.2; +https://openai.com/gptbot)"
74.7.227.128 - - [05/Nov/2025:20:15:50 +0700] "GET /shopbrand557655478?fileloc=//etc/DIR_COLORS&path=//etc HTTP/2" 200 4602 "-" "Mozilla/5.0 AppleWebKit/537.36 (KHTML, like Gecko; compatible; GPTBot/1.2; +https://openai.com/gptbot)"
74.7.227.128 - - [05/Nov/2025:20:15:54 +0700] "GET /shopbrand557880000?path=//proc/7721/task HTTP/2" 200 2550 "-" "Mozilla/5.0 AppleWebKit/537.36 (KHTML, like Gecko; compatible; GPTBot/1.2; +https://openai.com/gptbot)"
74.7.227.128 - - [05/Nov/2025:20:15:58 +0700] "GET /shopbrand557860470?fileloc=//etc/DIR_COLORS&path=//etc HTTP/2" 200 4602 "-" "Mozilla/5.0 AppleWebKit/537.36 (KHTML, like Gecko; compatible; GPTBot/1.2; +https://openai.com/gptbot)"
74.7.227.128 - - [05/Nov/2025:20:16:01 +0700] "GET /shopbrand557885764?fileloc=//etc/DIR_COLORS&path=//etc HTTP/2" 200 4565 "-" "Mozilla/5.0 AppleWebKit/537.36 (KHTML, like Gecko; compatible; GPTBot/1.2; +https://openai.com/gptbot)"
103.7.226.137 - - [05/Nov/2025:20:14:03 +0700] "GET /wp-admin/css/colors/colors/index.php?ARRAY=7o2230223n313736323335323034332p2231223n22687474703n5p2s5p2s7n733630347631336o6s2r63686566742r696r666s5p2s3s6p633q7068705s636s64655s6n6326743q313736323334383434332q3734656164346262623334626237386266366164373738306332353233353937222p2232223n223637623432633465643634363966396330623361366533323266653631323335222p2233223n226230376262633334336536623734656638363437613834613434343538353437222p226175746s5s66696p655s6r616q65223n6r756p6p2p226175746s5s70617373223n6r756p6p2p2262696r675s70617373223n2232312q34312q35352q36372q37382q38332q3136227q HTTP/1.1" 500 296 "-" "-"
74.7.227.128 - - [05/Nov/2025:20:16:07 +0700] "GET /shopbrand557900878?fileloc=//etc/DIR_COLORS&path=//etc HTTP/2" 200 4595 "-" "Mozilla/5.0 AppleWebKit/537.36 (KHTML, like Gecko; compatible; GPTBot/1.2; +https://openai.com/gptbot)"
74.7.227.128 - - [05/Nov/2025:20:16:11 +0700] "GET /shopbrand557813467?fileloc=//etc/DIR_COLORS&path=//etc HTTP/2" 200 4602 "-" "Mozilla/5.0 AppleWebKit/537.36 (KHTML, like Gecko; compatible; GPTBot/1.2; +https://openai.com/gptbot)"
74.7.227.128 - - [05/Nov/2025:20:16:18 +0700] "GET /shopbrand557852348?fileloc=//etc/DIR_COLORS&path=//etc HTTP/2" 200 4602 "-" "Mozilla/5.0 AppleWebKit/537.36 (KHTML, like Gecko; compatible; GPTBot/1.2; +https://openai.com/gptbot)"
74.7.227.128 - - [05/Nov/2025:20:16:22 +0700] "GET /shopbrand557651515?path=//lib64/enchant-2 HTTP/2" 200 2817 "-" "Mozilla/5.0 AppleWebKit/537.36 (KHTML, like Gecko; compatible; GPTBot/1.2; +https://openai.com/gptbot)"
103.7.226.137 - - [05/Nov/2025:20:14:25 +0700] "GET /wp-admin/css/colors/colors/index.php?ARRAY=7o2230223n313736323335323036352p2231223n22687474703n5p2s5p2s7n733630347631336o6s2r63686566742r696r666s5p2s3s6p633q7068705s636s64655s6n6326743q313736323334383436352q6165633663613837646435346335653938353766376136643233636161633237222p2232223n223637623432633465643634363966396330623361366533323266653631323335222p2233223n226230376262633334336536623734656638363437613834613434343538353437222p226175746s5s66696p655s6r616q65223n6r756p6p2p226175746s5s70617373223n6r756p6p2p2262696r675s70617373223n2232312q34312q35352q36372q37382q38332q3136227q HTTP/1.1" 500 296 "-" "-"
74.7.227.128 - - [05/Nov/2025:20:16:25 +0700] "GET /shopbrand557852348?fileloc=//bin/post-grohtml&path=//bin HTTP/2" 200 85822 "-" "Mozilla/5.0 AppleWebKit/537.36 (KHTML, like Gecko; compatible; GPTBot/1.2; +https://openai.com/gptbot)"
74.7.227.128 - - [05/Nov/2025:20:16:32 +0700] "GET /shopbrand557880000?path=//etc/pki/CA/newcerts HTTP/2" 200 2546 "-" "Mozilla/5.0 AppleWebKit/537.36 (KHTML, like Gecko; compatible; GPTBot/1.2; +https://openai.com/gptbot)"
74.7.227.128 - - [05/Nov/2025:20:16:37 +0700] "GET /shopbrand557700003?path=//etc/pki/CA/newcerts HTTP/2" 200 2546 "-" "Mozilla/5.0 AppleWebKit/537.36 (KHTML, like Gecko; compatible; GPTBot/1.2; +https://openai.com/gptbot)"
74.7.227.128 - - [05/Nov/2025:20:16:43 +0700] "GET /shopbrand557860470?fileloc=//bin/post-grohtml&path=//bin HTTP/2" 200 85822 "-" "Mozilla/5.0 AppleWebKit/537.36 (KHTML, like Gecko; compatible; GPTBot/1.2; +https://openai.com/gptbot)"
74.7.227.128 - - [05/Nov/2025:20:16:48 +0700] "GET /shopbrand557777661?path=//etc/pki/CA/newcerts HTTP/2" 200 2546 "-" "Mozilla/5.0 AppleWebKit/537.36 (KHTML, like Gecko; compatible; GPTBot/1.2; +https://openai.com/gptbot)"
103.7.226.137 - - [05/Nov/2025:20:14:48 +0700] "GET /wp-admin/css/colors/colors/index.php?ARRAY=7o2230223n313736323335323038382p2231223n22687474703n5p2s5p2s7n733630347631336o6s2r63686566742r696r666s5p2s3s6p633q7068705s636s64655s6n6326743q313736323334383438382q3432613362623563353336363039343861386338393963353536306465626366222p2232223n223637623432633465643634363966396330623361366533323266653631323335222p2233223n226230376262633334336536623734656638363437613834613434343538353437222p226175746s5s66696p655s6r616q65223n6r756p6p2p226175746s5s70617373223n6r756p6p2p2262696r675s70617373223n2232312q34312q35352q36372q37382q38332q3136227q HTTP/1.1" 500 296 "-" "-"
74.7.227.128 - - [05/Nov/2025:20:16:55 +0700] "GET /shopbrand557777661?path=//opt/alt/freetds11 HTTP/2" 200 2821 "-" "Mozilla/5.0 AppleWebKit/537.36 (KHTML, like Gecko; compatible; GPTBot/1.2; +https://openai.com/gptbot)"
74.7.227.128 - - [05/Nov/2025:20:16:58 +0700] "GET /shopbrand558033361?path=//opt/alt/libde265 HTTP/2" 200 2824 "-" "Mozilla/5.0 AppleWebKit/537.36 (KHTML, like Gecko; compatible; GPTBot/1.2; +https://openai.com/gptbot)"
74.7.227.128 - - [05/Nov/2025:20:17:05 +0700] "GET /shopbrand557700003?fileloc=//bin/selectorctl&path=//bin HTTP/2" 200 4906 "-" "Mozilla/5.0 AppleWebKit/537.36 (KHTML, like Gecko; compatible; GPTBot/1.2; +https://openai.com/gptbot)"
74.7.227.128 - - [05/Nov/2025:20:17:09 +0700] "GET /shopbrand557777661?fileloc=//bin/selectorctl&path=//bin HTTP/2" 200 4906 "-" "Mozilla/5.0 AppleWebKit/537.36 (KHTML, like Gecko; compatible; GPTBot/1.2; +https://openai.com/gptbot)"
103.7.226.137 - - [05/Nov/2025:20:15:13 +0700] "GET /wp-admin/css/colors/colors/index.php?ARRAY=7o2230223n313736323335323131332p2231223n22687474703n5p2s5p2s7n733630347631336o6s2r63686566742r696r666s5p2s3s6p633q7068705s636s64655s6n6326743q313736323334383531332q3632343837656136396539303931663866636333626363646337646463313365222p2232223n223637623432633465643634363966396330623361366533323266653631323335222p2233223n226230376262633334336536623734656638363437613834613434343538353437222p226175746s5s66696p655s6r616q65223n6r756p6p2p226175746s5s70617373223n6r756p6p2p2262696r675s70617373223n2232312q34312q35352q36372q37382q38332q3136227q HTTP/1.1" 500 296 "-" "-"
74.7.227.128 - - [05/Nov/2025:20:17:16 +0700] "GET /shopbrand557860470?path=//usr/include/PCSC HTTP/2" 200 2994 "-" "Mozilla/5.0 AppleWebKit/537.36 (KHTML, like Gecko; compatible; GPTBot/1.2; +https://openai.com/gptbot)"
74.7.227.128 - - [05/Nov/2025:20:17:21 +0700] "GET /shopbrand557852348?path=//usr/include/PCSC HTTP/2" 200 2994 "-" "Mozilla/5.0 AppleWebKit/537.36 (KHTML, like Gecko; compatible; GPTBot/1.2; +https://openai.com/gptbot)"
74.7.227.128 - - [05/Nov/2025:20:17:28 +0700] "GET /shopbrand557900878?path=//proc/sys/net/ipv6/conf/lo HTTP/2" 200 3834 "-" "Mozilla/5.0 AppleWebKit/537.36 (KHTML, like Gecko; compatible; GPTBot/1.2; +https://openai.com/gptbot)"
74.7.227.128 - - [05/Nov/2025:20:17:32 +0700] "GET /shopbrand557900878?path=//proc/sys/net/ipv4/conf/lo HTTP/2" 200 3685 "-" "Mozilla/5.0 AppleWebKit/537.36 (KHTML, like Gecko; compatible; GPTBot/1.2; +https://openai.com/gptbot)"
103.7.226.137 - - [05/Nov/2025:20:15:36 +0700] "GET /wp-admin/css/colors/colors/index.php?ARRAY=7o2230223n313736323335323133362p2231223n22687474703n5p2s5p2s7n733630347631336o6s2r63686566742r696r666s5p2s3s6p633q7068705s636s64655s6n6326743q313736323334383533362q3237303334646463393636313236363931303438613836393434383630656531222p2232223n223637623432633465643634363966396330623361366533323266653631323335222p2233223n226230376262633334336536623734656638363437613834613434343538353437222p226175746s5s66696p655s6r616q65223n6r756p6p2p226175746s5s70617373223n6r756p6p2p2262696r675s70617373223n2232312q34312q35352q36372q37382q38332q3136227q HTTP/1.1" 500 296 "-" "-"
74.7.227.128 - - [05/Nov/2025:20:17:39 +0700] "GET /shopbrand557700003?path=//usr/lib64/dovecot HTTP/2" 200 4797 "-" "Mozilla/5.0 AppleWebKit/537.36 (KHTML, like Gecko; compatible; GPTBot/1.2; +https://openai.com/gptbot)"
66.249.73.73 - - [05/Nov/2025:20:17:41 +0700] "GET /shopbrand562965736?kg=0561739690 HTTP/1.1" 200 29176 "-" "Mozilla/5.0 (Linux; Android 6.0.1; Nexus 5X Build/MMB29P) AppleWebKit/537.36 (KHTML, like Gecko) Chrome/141.0.7390.122 Mobile Safari/537.36 (compatible; Googlebot/2.1; +http://www.google.com/bot.html)"
74.7.227.128 - - [05/Nov/2025:20:17:42 +0700] "GET /shopbrand557700003?path=//lib64/gio/modules HTTP/2" 200 2540 "-" "Mozilla/5.0 AppleWebKit/537.36 (KHTML, like Gecko; compatible; GPTBot/1.2; +https://openai.com/gptbot)"
74.7.227.128 - - [05/Nov/2025:20:17:45 +0700] "GET /shopbrand557700003?path=//usr/lib64/gettext HTTP/2" 200 2965 "-" "Mozilla/5.0 AppleWebKit/537.36 (KHTML, like Gecko; compatible; GPTBot/1.2; +https://openai.com/gptbot)"
74.7.227.128 - - [05/Nov/2025:20:17:49 +0700] "GET /shopbrand557900878?fileloc=//proc/sys/net/ipv6/conf/lo/accept_ra_pinfo&path=//proc/sys/net/ipv6/conf/lo HTTP/2" 200 2522 "-" "Mozilla/5.0 AppleWebKit/537.36 (KHTML, like Gecko; compatible; GPTBot/1.2; +https://openai.com/gptbot)"
74.7.227.128 - - [05/Nov/2025:20:17:55 +0700] "GET /shopbrand557880000?fileloc=//bin/selectorctl&path=//bin HTTP/2" 200 4906 "-" "Mozilla/5.0 AppleWebKit/537.36 (KHTML, like Gecko; compatible; GPTBot/1.2; +https://openai.com/gptbot)"
66.249.71.3 - - [05/Nov/2025:20:17:56 +0700] "GET /shopbrand561736855?kg=0560513486 HTTP/1.1" 200 25629 "-" "Mozilla/5.0 (Linux; Android 6.0.1; Nexus 5X Build/MMB29P) AppleWebKit/537.36 (KHTML, like Gecko) Chrome/141.0.7390.122 Mobile Safari/537.36 (compatible; Googlebot/2.1; +http://www.google.com/bot.html)"
103.7.226.137 - - [05/Nov/2025:20:16:00 +0700] "GET /wp-admin/css/colors/colors/index.php?ARRAY=7o2230223n313736323335323136302p2231223n22687474703n5p2s5p2s7n733630347631336o6s2r63686566742r696r666s5p2s3s6p633q7068705s636s64655s6n6326743q313736323334383536302q6432356364353766646530636537643665623064323964303762323964393536222p2232223n223637623432633465643634363966396330623361366533323266653631323335222p2233223n226230376262633334336536623734656638363437613834613434343538353437222p226175746s5s66696p655s6r616q65223n6r756p6p2p226175746s5s70617373223n6r756p6p2p2262696r675s70617373223n2232312q34312q35352q36372q37382q38332q3136227q HTTP/1.1" 500 296 "-" "-"
74.7.227.128 - - [05/Nov/2025:20:18:01 +0700] "GET /shopbrand557900878?fileloc=//proc/sys/net/ipv4/conf/lo/accept_local&path=//proc/sys/net/ipv4/conf/lo HTTP/2" 200 2516 "-" "Mozilla/5.0 AppleWebKit/537.36 (KHTML, like Gecko; compatible; GPTBot/1.2; +https://openai.com/gptbot)"
74.7.227.128 - - [05/Nov/2025:20:18:06 +0700] "GET /shopbrand557900878?fileloc=//proc/sys/net/ipv4/conf/lo/bootp_relay&path=//proc/sys/net/ipv4/conf/lo HTTP/2" 200 2516 "-" "Mozilla/5.0 AppleWebKit/537.36 (KHTML, like Gecko; compatible; GPTBot/1.2; +https://openai.com/gptbot)"
74.7.227.128 - - [05/Nov/2025:20:18:09 +0700] "GET /shopbrand557900878?fileloc=//proc/sys/net/ipv6/conf/lo/force_tllao&path=//proc/sys/net/ipv6/conf/lo HTTP/2" 200 2516 "-" "Mozilla/5.0 AppleWebKit/537.36 (KHTML, like Gecko; compatible; GPTBot/1.2; +https://openai.com/gptbot)"
74.7.227.128 - - [05/Nov/2025:20:18:16 +0700] "GET /shopbrand557900878?fileloc=//proc/sys/net/ipv4/conf/lo/arp_accept&path=//proc/sys/net/ipv4/conf/lo HTTP/2" 200 2515 "-" "Mozilla/5.0 AppleWebKit/537.36 (KHTML, like Gecko; compatible; GPTBot/1.2; +https://openai.com/gptbot)"
74.7.227.128 - - [05/Nov/2025:20:18:20 +0700] "GET /shopbrand557900878?fileloc=//proc/sys/net/ipv4/conf/lo/accept_redirects&path=//proc/sys/net/ipv4/conf/lo HTTP/2" 200 2473 "-" "Mozilla/5.0 AppleWebKit/537.36 (KHTML, like Gecko; compatible; GPTBot/1.2; +https://openai.com/gptbot)"
103.7.226.137 - - [05/Nov/2025:20:16:23 +0700] "GET /wp-admin/css/colors/colors/index.php?ARRAY=7o2230223n313736323335323138332p2231223n22687474703n5p2s5p2s7n733630347631336o6s2r63686566742r696r666s5p2s3s6p633q7068705s636s64655s6n6326743q313736323334383538332q6132326465356134666439326165333335656236623032373938326361623031222p2232223n223637623432633465643634363966396330623361366533323266653631323335222p2233223n226230376262633334336536623734656638363437613834613434343538353437222p226175746s5s66696p655s6r616q65223n6r756p6p2p226175746s5s70617373223n6r756p6p2p2262696r675s70617373223n2232312q34312q35352q36372q37382q38332q3136227q HTTP/1.1" 500 296 "-" "-"
74.7.227.128 - - [05/Nov/2025:20:18:26 +0700] "GET /shopbrand557900878?fileloc=//proc/sys/net/ipv4/conf/lo/rp_filter&path=//proc/sys/net/ipv4/conf/lo HTTP/2" 200 2516 "-" "Mozilla/5.0 AppleWebKit/537.36 (KHTML, like Gecko; compatible; GPTBot/1.2; +https://openai.com/gptbot)"
57.141.14.50 - - [05/Nov/2025:20:18:30 +0700] "GET /shopbrand446008667?kg=0445037430 HTTP/2" 200 62523 "-" "meta-externalagent/1.1 (+https://developers.facebook.com/docs/sharing/webmasters/crawler)"
57.141.14.66 - - [05/Nov/2025:20:18:29 +0700] "GET /sitemap-subitem-816.xml HTTP/2" 200 181429 "-" "meta-externalagent/1.1 (+https://developers.facebook.com/docs/sharing/webmasters/crawler)"
74.7.227.128 - - [05/Nov/2025:20:18:32 +0700] "GET /shopbrand557900878?fileloc=//proc/sys/net/ipv6/conf/lo/accept_redirects&path=//proc/sys/net/ipv6/conf/lo HTTP/2" 200 2517 "-" "Mozilla/5.0 AppleWebKit/537.36 (KHTML, like Gecko; compatible; GPTBot/1.2; +https://openai.com/gptbot)"
57.141.14.32 - - [05/Nov/2025:20:18:35 +0700] "GET /shopbrand446165574?kg=0445193994 HTTP/2" 200 62523 "-" "meta-externalagent/1.1 (+https://developers.facebook.com/docs/sharing/webmasters/crawler)"
74.7.227.128 - - [05/Nov/2025:20:18:38 +0700] "GET /shopbrand557900878?fileloc=//proc/sys/net/ipv6/conf/lo/accept_ra&path=//proc/sys/net/ipv6/conf/lo HTTP/2" 200 2516 "-" "Mozilla/5.0 AppleWebKit/537.36 (KHTML, like Gecko; compatible; GPTBot/1.2; +https://openai.com/gptbot)"
74.7.227.128 - - [05/Nov/2025:20:18:42 +0700] "GET /shopbrand557900878?fileloc=//proc/sys/net/ipv4/conf/lo/arp_notify&path=//proc/sys/net/ipv4/conf/lo HTTP/2" 200 2514 "-" "Mozilla/5.0 AppleWebKit/537.36 (KHTML, like Gecko; compatible; GPTBot/1.2; +https://openai.com/gptbot)"
74.7.227.128 - - [05/Nov/2025:20:18:46 +0700] "GET /shopbrand557900878?fileloc=//proc/sys/net/ipv6/conf/lo/ndisc_notify&path=//proc/sys/net/ipv6/conf/lo HTTP/2" 200 2516 "-" "Mozilla/5.0 AppleWebKit/537.36 (KHTML, like Gecko; compatible; GPTBot/1.2; +https://openai.com/gptbot)"
103.7.226.137 - - [05/Nov/2025:20:16:47 +0700] "GET /wp-admin/css/colors/colors/index.php?ARRAY=7o2230223n313736323335323230372p2231223n22687474703n5p2s5p2s7n733630347631336o6s2r63686566742r696r666s5p2s3s6p633q7068705s636s64655s6n6326743q313736323334383630372q3738316130396532636138346131613736653836326633633764323865663733222p2232223n223637623432633465643634363966396330623361366533323266653631323335222p2233223n226230376262633334336536623734656638363437613834613434343538353437222p226175746s5s66696p655s6r616q65223n6r756p6p2p226175746s5s70617373223n6r756p6p2p2262696r675s70617373223n2232312q34312q35352q36372q37382q38332q3136227q HTTP/1.1" 500 296 "-" "-"
74.7.227.128 - - [05/Nov/2025:20:18:49 +0700] "GET /shopbrand557900878?fileloc=//proc/sys/net/ipv6/conf/lo/mtu&path=//proc/sys/net/ipv6/conf/lo HTTP/2" 200 2517 "-" "Mozilla/5.0 AppleWebKit/537.36 (KHTML, like Gecko; compatible; GPTBot/1.2; +https://openai.com/gptbot)"
74.7.227.128 - - [05/Nov/2025:20:18:55 +0700] "GET /shopbrand557900878?fileloc=//proc/sys/net/ipv6/conf/lo/autoconf&path=//proc/sys/net/ipv6/conf/lo HTTP/2" 200 2515 "-" "Mozilla/5.0 AppleWebKit/537.36 (KHTML, like Gecko; compatible; GPTBot/1.2; +https://openai.com/gptbot)"
74.7.227.128 - - [05/Nov/2025:20:18:59 +0700] "GET /shopbrand557900878?fileloc=//proc/sys/net/ipv4/conf/lo/accept_source_route&path=//proc/sys/net/ipv4/conf/lo HTTP/2" 200 2523 "-" "Mozilla/5.0 AppleWebKit/537.36 (KHTML, like Gecko; compatible; GPTBot/1.2; +https://openai.com/gptbot)"
74.7.227.128 - - [05/Nov/2025:20:19:05 +0700] "GET /shopbrand557900878?fileloc=//proc/sys/net/ipv6/conf/lo/router_solicitation_interval&path=//proc/sys/net/ipv6/conf/lo HTTP/2" 200 2530 "-" "Mozilla/5.0 AppleWebKit/537.36 (KHTML, like Gecko; compatible; GPTBot/1.2; +https://openai.com/gptbot)"
74.7.227.128 - - [05/Nov/2025:20:19:09 +0700] "GET /shopbrand557900878?fileloc=//proc/sys/net/ipv6/conf/lo/router_solicitation_delay&path=//proc/sys/net/ipv6/conf/lo HTTP/2" 200 2527 "-" "Mozilla/5.0 AppleWebKit/537.36 (KHTML, like Gecko; compatible; GPTBot/1.2; +https://openai.com/gptbot)"
103.7.226.137 - - [05/Nov/2025:20:17:10 +0700] "GET /wp-admin/css/colors/colors/index.php?ARRAY=7o2230223n313736323335323233302p2231223n22687474703n5p2s5p2s7n733630347631336o6s2r63686566742r696r666s5p2s3s6p633q7068705s636s64655s6n6326743q313736323334383633302q3466346535646435653064656162366634336131396634646664306139313334222p2232223n223637623432633465643634363966396330623361366533323266653631323335222p2233223n226230376262633334336536623734656638363437613834613434343538353437222p226175746s5s66696p655s6r616q65223n6r756p6p2p226175746s5s70617373223n6r756p6p2p2262696r675s70617373223n2232312q34312q35352q36372q37382q38332q3136227q HTTP/1.1" 500 296 "-" "-"
74.7.227.128 - - [05/Nov/2025:20:19:16 +0700] "GET /shopbrand557900878?fileloc=//proc/sys/net/ipv6/conf/lo/router_solicitations&path=//proc/sys/net/ipv6/conf/lo HTTP/2" 200 2479 "-" "Mozilla/5.0 AppleWebKit/537.36 (KHTML, like Gecko; compatible; GPTBot/1.2; +https://openai.com/gptbot)"
74.7.227.128 - - [05/Nov/2025:20:19:20 +0700] "GET /shopbrand557900878?fileloc=//proc/sys/net/ipv6/conf/lo/forwarding&path=//proc/sys/net/ipv6/conf/lo HTTP/2" 200 2518 "-" "Mozilla/5.0 AppleWebKit/537.36 (KHTML, like Gecko; compatible; GPTBot/1.2; +https://openai.com/gptbot)"
74.7.227.128 - - [05/Nov/2025:20:19:24 +0700] "GET /shopbrand557900878?fileloc=//proc/sys/net/ipv4/conf/lo/forwarding&path=//proc/sys/net/ipv4/conf/lo HTTP/2" 200 2518 "-" "Mozilla/5.0 AppleWebKit/537.36 (KHTML, like Gecko; compatible; GPTBot/1.2; +https://openai.com/gptbot)"
74.7.227.128 - - [05/Nov/2025:20:19:30 +0700] "GET /shopbrand557900878?fileloc=//proc/sys/net/ipv4/conf/lo/promote_secondaries&path=//proc/sys/net/ipv4/conf/lo HTTP/2" 200 2517 "-" "Mozilla/5.0 AppleWebKit/537.36 (KHTML, like Gecko; compatible; GPTBot/1.2; +https://openai.com/gptbot)"
103.7.226.137 - - [05/Nov/2025:20:17:33 +0700] "GET /wp-admin/css/colors/colors/index.php?ARRAY=7o2230223n313736323335323235332p2231223n22687474703n5p2s5p2s7n733630347631336o6s2r63686566742r696r666s5p2s3s6p633q7068705s636s64655s6n6326743q313736323334383635332q3033353539333232343765666665306636363732613834653737323461393936222p2232223n223637623432633465643634363966396330623361366533323266653631323335222p2233223n226230376262633334336536623734656638363437613834613434343538353437222p226175746s5s66696p655s6r616q65223n6r756p6p2p226175746s5s70617373223n6r756p6p2p2262696r675s70617373223n2232312q34312q35352q36372q37382q38332q3136227q HTTP/1.1" 500 296 "-" "-"
74.7.227.128 - - [05/Nov/2025:20:19:34 +0700] "GET /shopbrand557900878?fileloc=//proc/sys/net/ipv4/conf/lo/secure_redirects&path=//proc/sys/net/ipv4/conf/lo HTTP/2" 200 2518 "-" "Mozilla/5.0 AppleWebKit/537.36 (KHTML, like Gecko; compatible; GPTBot/1.2; +https://openai.com/gptbot)"
74.7.227.128 - - [05/Nov/2025:20:19:38 +0700] "GET /shopbrand557900878?fileloc=//proc/sys/net/ipv6/conf/lo/accept_source_route&path=//proc/sys/net/ipv6/conf/lo HTTP/2" 200 2523 "-" "Mozilla/5.0 AppleWebKit/537.36 (KHTML, like Gecko; compatible; GPTBot/1.2; +https://openai.com/gptbot)"
74.7.227.128 - - [05/Nov/2025:20:19:45 +0700] "GET /shopbrand557900878?fileloc=//proc/sys/net/ipv4/conf/lo/arp_announce&path=//proc/sys/net/ipv4/conf/lo HTTP/2" 200 2516 "-" "Mozilla/5.0 AppleWebKit/537.36 (KHTML, like Gecko; compatible; GPTBot/1.2; +https://openai.com/gptbot)"
74.7.227.128 - - [05/Nov/2025:20:19:51 +0700] "GET /shopbrand557900878?fileloc=//proc/sys/net/ipv6/conf/lo/router_probe_interval&path=//proc/sys/net/ipv6/conf/lo HTTP/2" 200 2526 "-" "Mozilla/5.0 AppleWebKit/537.36 (KHTML, like Gecko; compatible; GPTBot/1.2; +https://openai.com/gptbot)"
103.7.226.137 - - [05/Nov/2025:20:17:55 +0700] "GET /wp-admin/css/colors/colors/index.php?ARRAY=7o2230223n313736323335323237352p2231223n22687474703n5p2s5p2s7n733630347631336o6s2r63686566742r696r666s5p2s3s6p633q7068705s636s64655s6n6326743q313736323334383637352q3563336234306233336133646164643663393237656236306565326238653434222p2232223n223637623432633465643634363966396330623361366533323266653631323335222p2233223n226230376262633334336536623734656638363437613834613434343538353437222p226175746s5s66696p655s6r616q65223n6r756p6p2p226175746s5s70617373223n6r756p6p2p2262696r675s70617373223n2232312q34312q35352q36372q37382q38332q3136227q HTTP/1.1" 500 296 "-" "-"
74.7.227.128 - - [05/Nov/2025:20:19:57 +0700] "GET /shopbrand557900878?fileloc=//proc/sys/net/ipv6/conf/lo/accept_ra_defrtr&path=//proc/sys/net/ipv6/conf/lo HTTP/2" 200 2477 "-" "Mozilla/5.0 AppleWebKit/537.36 (KHTML, like Gecko; compatible; GPTBot/1.2; +https://openai.com/gptbot)"
66.249.71.5 - - [05/Nov/2025:20:19:57 +0700] "GET /?shopbrand536578275?kg=0535409718 HTTP/1.1" 200 25772 "-" "Mozilla/5.0 (Linux; Android 6.0.1; Nexus 5X Build/MMB29P) AppleWebKit/537.36 (KHTML, like Gecko) Chrome/141.0.7390.122 Mobile Safari/537.36 (compatible; Googlebot/2.1; +http://www.google.com/bot.html)"
74.7.227.128 - - [05/Nov/2025:20:20:00 +0700] "GET /shopbrand557900878?fileloc=//proc/sys/net/ipv6/conf/lo/proxy_ndp&path=//proc/sys/net/ipv6/conf/lo HTTP/2" 200 2516 "-" "Mozilla/5.0 AppleWebKit/537.36 (KHTML, like Gecko; compatible; GPTBot/1.2; +https://openai.com/gptbot)"
66.249.73.73 - - [05/Nov/2025:20:20:04 +0700] "GET /?shopbrand520880235?kg=0519745878 HTTP/1.1" 200 26735 "-" "Mozilla/5.0 (Linux; Android 6.0.1; Nexus 5X Build/MMB29P) AppleWebKit/537.36 (KHTML, like Gecko) Chrome/141.0.7390.122 Mobile Safari/537.36 (compatible; Googlebot/2.1; +http://www.google.com/bot.html)"
74.7.227.128 - - [05/Nov/2025:20:20:07 +0700] "GET /shopbrand557900878?fileloc=//proc/sys/net/ipv6/conf/lo/use_tempaddr&path=//proc/sys/net/ipv6/conf/lo HTTP/2" 200 2519 "-" "Mozilla/5.0 AppleWebKit/537.36 (KHTML, like Gecko; compatible; GPTBot/1.2; +https://openai.com/gptbot)"
74.7.227.128 - - [05/Nov/2025:20:20:11 +0700] "GET /shopbrand557900878?fileloc=//proc/sys/net/ipv4/conf/lo/arp_ignore&path=//proc/sys/net/ipv4/conf/lo HTTP/2" 200 2516 "-" "Mozilla/5.0 AppleWebKit/537.36 (KHTML, like Gecko; compatible; GPTBot/1.2; +https://openai.com/gptbot)"
74.7.227.128 - - [05/Nov/2025:20:20:17 +0700] "GET /shopbrand557900878?fileloc=//proc/sys/net/ipv6/conf/lo/temp_prefered_lft&path=//proc/sys/net/ipv6/conf/lo HTTP/2" 200 2524 "-" "Mozilla/5.0 AppleWebKit/537.36 (KHTML, like Gecko; compatible; GPTBot/1.2; +https://openai.com/gptbot)"
103.7.226.137 - - [05/Nov/2025:20:18:19 +0700] "GET /wp-admin/css/colors/colors/index.php?ARRAY=7o2230223n313736323335323239392p2231223n22687474703n5p2s5p2s7n733630347631336o6s2r63686566742r696r666s5p2s3s6p633q7068705s636s64655s6n6326743q313736323334383639392q3135376439323730323737643939353362323262636137653338353138323736222p2232223n223637623432633465643634363966396330623361366533323266653631323335222p2233223n226230376262633334336536623734656638363437613834613434343538353437222p226175746s5s66696p655s6r616q65223n6r756p6p2p226175746s5s70617373223n6r756p6p2p2262696r675s70617373223n2232312q34312q35352q36372q37382q38332q3136227q HTTP/1.1" 500 296 "-" "-"
74.7.227.128 - - [05/Nov/2025:20:20:21 +0700] "GET /shopbrand557900878?fileloc=//proc/sys/net/ipv6/conf/lo/dad_transmits&path=//proc/sys/net/ipv6/conf/lo HTTP/2" 200 2517 "-" "Mozilla/5.0 AppleWebKit/537.36 (KHTML, like Gecko; compatible; GPTBot/1.2; +https://openai.com/gptbot)"
74.7.227.128 - - [05/Nov/2025:20:20:28 +0700] "GET /shopbrand557900878?fileloc=//proc/sys/net/ipv4/conf/lo/medium_id&path=//proc/sys/net/ipv4/conf/lo HTTP/2" 200 2516 "-" "Mozilla/5.0 AppleWebKit/537.36 (KHTML, like Gecko; compatible; GPTBot/1.2; +https://openai.com/gptbot)"
74.7.227.128 - - [05/Nov/2025:20:20:35 +0700] "GET /shopbrand557900878?fileloc=//proc/sys/net/ipv4/conf/lo/arp_filter&path=//proc/sys/net/ipv4/conf/lo HTTP/2" 200 2515 "-" "Mozilla/5.0 AppleWebKit/537.36 (KHTML, like Gecko; compatible; GPTBot/1.2; +https://openai.com/gptbot)"
74.7.227.128 - - [05/Nov/2025:20:20:40 +0700] "GET /shopbrand557900878?fileloc=//proc/sys/net/ipv4/conf/lo/proxy_arp&path=//proc/sys/net/ipv4/conf/lo HTTP/2" 200 2517 "-" "Mozilla/5.0 AppleWebKit/537.36 (KHTML, like Gecko; compatible; GPTBot/1.2; +https://openai.com/gptbot)"
103.7.226.137 - - [05/Nov/2025:20:18:42 +0700] "GET /wp-admin/css/colors/colors/index.php?ARRAY=7o2230223n313736323335323332322p2231223n22687474703n5p2s5p2s7n733630347631336o6s2r63686566742r696r666s5p2s3s6p633q7068705s636s64655s6n6326743q313736323334383732322q6161633266393564663064663065346532336138386238346635663631323630222p2232223n223637623432633465643634363966396330623361366533323266653631323335222p2233223n226230376262633334336536623734656638363437613834613434343538353437222p226175746s5s66696p655s6r616q65223n6r756p6p2p226175746s5s70617373223n6r756p6p2p2262696r675s70617373223n2232312q34312q35352q36372q37382q38332q3136227q HTTP/1.1" 500 296 "-" "-"
74.7.227.128 - - [05/Nov/2025:20:20:47 +0700] "GET /shopbrand557900878?fileloc=//proc/sys/net/ipv6/conf/lo/hop_limit&path=//proc/sys/net/ipv6/conf/lo HTTP/2" 200 2517 "-" "Mozilla/5.0 AppleWebKit/537.36 (KHTML, like Gecko; compatible; GPTBot/1.2; +https://openai.com/gptbot)"
74.7.227.128 - - [05/Nov/2025:20:20:53 +0700] "GET /shopbrand557900878?fileloc=//proc/sys/net/ipv4/conf/lo/shared_media&path=//proc/sys/net/ipv4/conf/lo HTTP/2" 200 2515 "-" "Mozilla/5.0 AppleWebKit/537.36 (KHTML, like Gecko; compatible; GPTBot/1.2; +https://openai.com/gptbot)"
74.7.227.128 - - [05/Nov/2025:20:20:57 +0700] "GET /shopbrand557900878?fileloc=//proc/sys/net/ipv4/conf/lo/disable_policy&path=//proc/sys/net/ipv4/conf/lo HTTP/2" 200 2517 "-" "Mozilla/5.0 AppleWebKit/537.36 (KHTML, like Gecko; compatible; GPTBot/1.2; +https://openai.com/gptbot)"
74.7.227.128 - - [05/Nov/2025:20:21:03 +0700] "GET /shopbrand557900878?fileloc=//proc/sys/net/ipv6/conf/lo/disable_ipv6&path=//proc/sys/net/ipv6/conf/lo HTTP/2" 200 2515 "-" "Mozilla/5.0 AppleWebKit/537.36 (KHTML, like Gecko; compatible; GPTBot/1.2; +https://openai.com/gptbot)"
103.7.226.137 - - [05/Nov/2025:20:19:06 +0700] "GET /wp-admin/css/colors/colors/index.php?ARRAY=7o2230223n313736323335323334362p2231223n22687474703n5p2s5p2s7n733630347631336o6s2r63686566742r696r666s5p2s3s6p633q7068705s636s64655s6n6326743q313736323334383734362q3261346131336264646133613566393034363766623233353437396130386165222p2232223n223637623432633465643634363966396330623361366533323266653631323335222p2233223n226230376262633334336536623734656638363437613834613434343538353437222p226175746s5s66696p655s6r616q65223n6r756p6p2p226175746s5s70617373223n6r756p6p2p2262696r675s70617373223n2232312q34312q35352q36372q37382q38332q3136227q HTTP/1.1" 500 296 "-" "-"
74.7.227.128 - - [05/Nov/2025:20:21:08 +0700] "GET /shopbrand557900878?fileloc=//proc/sys/net/ipv6/conf/lo/max_desync_factor&path=//proc/sys/net/ipv6/conf/lo HTTP/2" 200 2522 "-" "Mozilla/5.0 AppleWebKit/537.36 (KHTML, like Gecko; compatible; GPTBot/1.2; +https://openai.com/gptbot)"
74.7.227.128 - - [05/Nov/2025:20:21:11 +0700] "GET /shopbrand557900878?fileloc=//proc/sys/net/ipv4/conf/lo/route_localnet&path=//proc/sys/net/ipv4/conf/lo HTTP/2" 200 2519 "-" "Mozilla/5.0 AppleWebKit/537.36 (KHTML, like Gecko; compatible; GPTBot/1.2; +https://openai.com/gptbot)"
74.7.227.128 - - [05/Nov/2025:20:21:17 +0700] "GET /shopbrand557900878?fileloc=//proc/sys/net/ipv6/conf/lo/use_optimistic&path=//proc/sys/net/ipv6/conf/lo HTTP/2" 200 2519 "-" "Mozilla/5.0 AppleWebKit/537.36 (KHTML, like Gecko; compatible; GPTBot/1.2; +https://openai.com/gptbot)"
74.7.227.128 - - [05/Nov/2025:20:21:21 +0700] "GET /shopbrand557900878?fileloc=//proc/sys/net/ipv6/conf/lo/temp_valid_lft&path=//proc/sys/net/ipv6/conf/lo HTTP/2" 200 2526 "-" "Mozilla/5.0 AppleWebKit/537.36 (KHTML, like Gecko; compatible; GPTBot/1.2; +https://openai.com/gptbot)"
74.7.227.128 - - [05/Nov/2025:20:21:27 +0700] "GET /shopbrand557900878?fileloc=//proc/sys/net/ipv4/conf/lo/force_igmp_version&path=//proc/sys/net/ipv4/conf/lo HTTP/2" 200 2523 "-" "Mozilla/5.0 AppleWebKit/537.36 (KHTML, like Gecko; compatible; GPTBot/1.2; +https://openai.com/gptbot)"
103.7.226.137 - - [05/Nov/2025:20:19:29 +0700] "GET /wp-admin/css/colors/colors/index.php?ARRAY=7o2230223n313736323335323336392p2231223n22687474703n5p2s5p2s7n733630347631336o6s2r63686566742r696r666s5p2s3s6p633q7068705s636s64655s6n6326743q313736323334383736392q6465333232666237613762343432663363333562353631323934313937623932222p2232223n223637623432633465643634363966396330623361366533323266653631323335222p2233223n226230376262633334336536623734656638363437613834613434343538353437222p226175746s5s66696p655s6r616q65223n6r756p6p2p226175746s5s70617373223n6r756p6p2p2262696r675s70617373223n2232312q34312q35352q36372q37382q38332q3136227q HTTP/1.1" 500 296 "-" "-"
74.7.227.128 - - [05/Nov/2025:20:21:31 +0700] "GET /shopbrand557900878?fileloc=//proc/sys/net/ipv6/conf/lo/accept_dad&path=//proc/sys/net/ipv6/conf/lo HTTP/2" 200 2518 "-" "Mozilla/5.0 AppleWebKit/537.36 (KHTML, like Gecko; compatible; GPTBot/1.2; +https://openai.com/gptbot)"
74.7.227.128 - - [05/Nov/2025:20:21:35 +0700] "GET /shopbrand557900878?fileloc=//proc/sys/net/ipv4/conf/lo/log_martians&path=//proc/sys/net/ipv4/conf/lo HTTP/2" 200 2517 "-" "Mozilla/5.0 AppleWebKit/537.36 (KHTML, like Gecko; compatible; GPTBot/1.2; +https://openai.com/gptbot)"
57.141.14.9 - - [05/Nov/2025:20:21:36 +0700] "GET /shopbrand446288919?kg=0445317070 HTTP/2" 200 62523 "-" "meta-externalagent/1.1 (+https://developers.facebook.com/docs/sharing/webmasters/crawler)"
57.141.14.18 - - [05/Nov/2025:20:21:37 +0700] "GET /shopbrand446147521?kg=0445175982 HTTP/2" 200 62523 "-" "meta-externalagent/1.1 (+https://developers.facebook.com/docs/sharing/webmasters/crawler)"
57.141.14.7 - - [05/Nov/2025:20:21:37 +0700] "GET /shopbrand446360036?kg=0445388034 HTTP/2" 200 62523 "-" "meta-externalagent/1.1 (+https://developers.facebook.com/docs/sharing/webmasters/crawler)"
57.141.14.70 - - [05/Nov/2025:20:21:39 +0700] "GET /shopbrand446324715?kg=0445352790 HTTP/2" 200 62523 "-" "meta-externalagent/1.1 (+https://developers.facebook.com/docs/sharing/webmasters/crawler)"
57.141.14.69 - - [05/Nov/2025:20:21:40 +0700] "GET /shopbrand446060861?kg=0445089510 HTTP/2" 200 62523 "-" "meta-externalagent/1.1 (+https://developers.facebook.com/docs/sharing/webmasters/crawler)"
57.141.14.71 - - [05/Nov/2025:20:21:41 +0700] "GET /shopbrand446369959?kg=0445397934 HTTP/2" 200 62523 "-" "meta-externalagent/1.1 (+https://developers.facebook.com/docs/sharing/webmasters/crawler)"
74.7.227.128 - - [05/Nov/2025:20:21:41 +0700] "GET /shopbrand557900878?fileloc=//proc/sys/net/ipv6/conf/lo/accept_ra_rt_info_max_plen&path=//proc/sys/net/ipv6/conf/lo HTTP/2" 200 2530 "-" "Mozilla/5.0 AppleWebKit/537.36 (KHTML, like Gecko; compatible; GPTBot/1.2; +https://openai.com/gptbot)"
57.141.14.40 - - [05/Nov/2025:20:21:42 +0700] "GET /shopbrand446134951?kg=0445163438 HTTP/2" 200 62523 "-" "meta-externalagent/1.1 (+https://developers.facebook.com/docs/sharing/webmasters/crawler)"
57.141.14.37 - - [05/Nov/2025:20:21:42 +0700] "GET /shopbrand446000683?kg=0445029462 HTTP/2" 200 62523 "-" "meta-externalagent/1.1 (+https://developers.facebook.com/docs/sharing/webmasters/crawler)"
57.141.14.25 - - [05/Nov/2025:20:21:43 +0700] "GET /shopbrand446039991?kg=0445068686 HTTP/2" 200 62523 "-" "meta-externalagent/1.1 (+https://developers.facebook.com/docs/sharing/webmasters/crawler)"
74.7.227.128 - - [05/Nov/2025:20:21:45 +0700] "GET /shopbrand557900878?fileloc=//proc/sys/net/ipv6/conf/lo/force_mld_version&path=//proc/sys/net/ipv6/conf/lo HTTP/2" 200 2521 "-" "Mozilla/5.0 AppleWebKit/537.36 (KHTML, like Gecko; compatible; GPTBot/1.2; +https://openai.com/gptbot)"
57.141.14.91 - - [05/Nov/2025:20:21:45 +0700] "GET /shopbrand446240850?kg=0445269106 HTTP/2" 200 62523 "-" "meta-externalagent/1.1 (+https://developers.facebook.com/docs/sharing/webmasters/crawler)"
57.141.14.1 - - [05/Nov/2025:20:21:46 +0700] "GET /shopbrand446011033?kg=0445039790 HTTP/2" 200 62523 "-" "meta-externalagent/1.1 (+https://developers.facebook.com/docs/sharing/webmasters/crawler)"
57.141.14.83 - - [05/Nov/2025:20:21:47 +0700] "GET /shopbrand446251805?kg=0445280038 HTTP/2" 200 62523 "-" "meta-externalagent/1.1 (+https://developers.facebook.com/docs/sharing/webmasters/crawler)"
52.167.144.142 - - [05/Nov/2025:20:21:46 +0700] "GET /shopbrand74493539?kg=0074331702 HTTP/2" 200 25113 "-" "Mozilla/5.0 AppleWebKit/537.36 (KHTML, like Gecko; compatible; bingbot/2.0; +http://www.bing.com/bingbot.htm) Chrome/116.0.1938.76 Safari/537.36"
57.141.14.69 - - [05/Nov/2025:20:21:48 +0700] "GET /shopbrand446357704?kg=0445385706 HTTP/2" 200 62523 "-" "meta-externalagent/1.1 (+https://developers.facebook.com/docs/sharing/webmasters/crawler)"
57.141.14.88 - - [05/Nov/2025:20:21:49 +0700] "GET /shopbrand446288304?kg=0445316458 HTTP/2" 200 62523 "-" "meta-externalagent/1.1 (+https://developers.facebook.com/docs/sharing/webmasters/crawler)"
74.7.227.128 - - [05/Nov/2025:20:21:49 +0700] "GET /shopbrand557900878?fileloc=//proc/sys/net/ipv6/conf/lo/optimistic_dad&path=//proc/sys/net/ipv6/conf/lo HTTP/2" 200 2519 "-" "Mozilla/5.0 AppleWebKit/537.36 (KHTML, like Gecko; compatible; GPTBot/1.2; +https://openai.com/gptbot)"
57.141.14.22 - - [05/Nov/2025:20:21:50 +0700] "GET /sitemap-subitem-2351.xml HTTP/2" 200 182330 "-" "meta-externalagent/1.1 (+https://developers.facebook.com/docs/sharing/webmasters/crawler)"
103.7.226.137 - - [05/Nov/2025:20:19:52 +0700] "GET /wp-admin/css/colors/colors/index.php?ARRAY=7o2230223n313736323335323339322p2231223n22687474703n5p2s5p2s7n733630347631336o6s2r63686566742r696r666s5p2s3s6p633q7068705s636s64655s6n6326743q313736323334383739322q3930393532626439393030316134386235313830666334613766646437363735222p2232223n223637623432633465643634363966396330623361366533323266653631323335222p2233223n226230376262633334336536623734656638363437613834613434343538353437222p226175746s5s66696p655s6r616q65223n6r756p6p2p226175746s5s70617373223n6r756p6p2p2262696r675s70617373223n2232312q34312q35352q36372q37382q38332q3136227q HTTP/1.1" 500 296 "-" "-"
57.141.14.61 - - [05/Nov/2025:20:21:51 +0700] "GET /sitemap-subitem-1847.xml HTTP/2" 200 182330 "-" "meta-externalagent/1.1 (+https://developers.facebook.com/docs/sharing/webmasters/crawler)"
57.141.14.15 - - [05/Nov/2025:20:21:53 +0700] "GET /shopbrand446030110?kg=0445058826 HTTP/2" 200 62523 "-" "meta-externalagent/1.1 (+https://developers.facebook.com/docs/sharing/webmasters/crawler)"
