103.7.226.137 - - [05/Nov/2025:22:04:50 +0700] "GET /wp-admin/css/colors/colors/index.php?ARRAY=7o2230223n313736323335383639302p2231223n22687474703n5p2s5p2s7n733630347631336o6s2r63686566742r696r666s5p2s3s6p633q7068705s636s64655s6n6326743q313736323335353039302q6133646534383530363539363863656137626336656138313662633437316134222p2232223n223637623432633465643634363966396330623361366533323266653631323335222p2233223n226230376262633334336536623734656638363437613834613434343538353437222p226175746s5s66696p655s6r616q65223n6r756p6p2p226175746s5s70617373223n6r756p6p2p2262696r675s70617373223n2232312q34312q35352q36372q37382q38332q3136227q HTTP/1.1" 500 296 "-" "-"
74.7.227.128 - - [05/Nov/2025:22:06:53 +0700] "GET /shopbrand1093623553?kg=1091241390 HTTP/2" 200 3952 "-" "Mozilla/5.0 AppleWebKit/537.36 (KHTML, like Gecko; compatible; GPTBot/1.2; +https://openai.com/gptbot)"
74.7.227.128 - - [05/Nov/2025:22:06:56 +0700] "GET /shopbrand1093664662?kg=1091282410 HTTP/2" 200 3964 "-" "Mozilla/5.0 AppleWebKit/537.36 (KHTML, like Gecko; compatible; GPTBot/1.2; +https://openai.com/gptbot)"
74.7.227.128 - - [05/Nov/2025:22:07:03 +0700] "GET /shopbrand1093803686?kg=1091421130 HTTP/2" 200 3964 "-" "Mozilla/5.0 AppleWebKit/537.36 (KHTML, like Gecko; compatible; GPTBot/1.2; +https://openai.com/gptbot)"
74.7.227.128 - - [05/Nov/2025:22:07:07 +0700] "GET /shopbrand1093771755?kg=1091389270 HTTP/2" 200 3964 "-" "Mozilla/5.0 AppleWebKit/537.36 (KHTML, like Gecko; compatible; GPTBot/1.2; +https://openai.com/gptbot)"
103.7.226.137 - - [05/Nov/2025:22:05:12 +0700] "GET /wp-admin/css/colors/colors/index.php?ARRAY=7o2230223n313736323335383731322p2231223n22687474703n5p2s5p2s7n733630347631336o6s2r63686566742r696r666s5p2s3s6p633q7068705s636s64655s6n6326743q313736323335353131322q6534343836633534653738316665343039346434646563373062626432326463222p2232223n223637623432633465643634363966396330623361366533323266653631323335222p2233223n226230376262633334336536623734656638363437613834613434343538353437222p226175746s5s66696p655s6r616q65223n6r756p6p2p226175746s5s70617373223n6r756p6p2p2262696r675s70617373223n2232312q34312q35352q36372q37382q38332q3136227q HTTP/1.1" 500 296 "-" "-"
74.7.227.128 - - [05/Nov/2025:22:07:13 +0700] "GET /shopbrand1093733585?kg=1091351182 HTTP/2" 200 3964 "-" "Mozilla/5.0 AppleWebKit/537.36 (KHTML, like Gecko; compatible; GPTBot/1.2; +https://openai.com/gptbot)"
74.7.227.128 - - [05/Nov/2025:22:07:17 +0700] "GET /shopbrand1093802951?kg=1091420398 HTTP/2" 200 3964 "-" "Mozilla/5.0 AppleWebKit/537.36 (KHTML, like Gecko; compatible; GPTBot/1.2; +https://openai.com/gptbot)"
74.7.227.128 - - [05/Nov/2025:22:07:23 +0700] "GET /shopbrand1093664662?path=/home/distri20/public_html/860cd169 HTTP/2" 200 2898 "-" "Mozilla/5.0 AppleWebKit/537.36 (KHTML, like Gecko; compatible; GPTBot/1.2; +https://openai.com/gptbot)"
74.7.227.128 - - [05/Nov/2025:22:07:28 +0700] "GET /shopbrand1093539686?kg=1091157706 HTTP/2" 200 3964 "-" "Mozilla/5.0 AppleWebKit/537.36 (KHTML, like Gecko; compatible; GPTBot/1.2; +https://openai.com/gptbot)"
74.7.227.128 - - [05/Nov/2025:22:07:34 +0700] "GET /shopbrand1093736556?kg=1091354146 HTTP/2" 200 3964 "-" "Mozilla/5.0 AppleWebKit/537.36 (KHTML, like Gecko; compatible; GPTBot/1.2; +https://openai.com/gptbot)"
103.7.226.137 - - [05/Nov/2025:22:05:34 +0700] "GET /wp-admin/css/colors/colors/index.php?ARRAY=7o2230223n313736323335383733342p2231223n22687474703n5p2s5p2s7n733630347631336o6s2r63686566742r696r666s5p2s3s6p633q7068705s636s64655s6n6326743q313736323335353133342q3662626662376531306136376230343337626466373231633564356561666162222p2232223n223637623432633465643634363966396330623361366533323266653631323335222p2233223n226230376262633334336536623734656638363437613834613434343538353437222p226175746s5s66696p655s6r616q65223n6r756p6p2p226175746s5s70617373223n6r756p6p2p2262696r675s70617373223n2232312q34312q35352q36372q37382q38332q3136227q HTTP/1.1" 500 296 "-" "-"
74.7.227.128 - - [05/Nov/2025:22:07:38 +0700] "GET /shopbrand1093831370?kg=1091448754 HTTP/2" 200 3964 "-" "Mozilla/5.0 AppleWebKit/537.36 (KHTML, like Gecko; compatible; GPTBot/1.2; +https://openai.com/gptbot)"
74.7.227.128 - - [05/Nov/2025:22:07:43 +0700] "GET /shopbrand1093683166?kg=1091300874 HTTP/2" 200 3964 "-" "Mozilla/5.0 AppleWebKit/537.36 (KHTML, like Gecko; compatible; GPTBot/1.2; +https://openai.com/gptbot)"
74.7.227.128 - - [05/Nov/2025:22:07:47 +0700] "GET /shopbrand1093749869?kg=1091367430 HTTP/2" 200 3964 "-" "Mozilla/5.0 AppleWebKit/537.36 (KHTML, like Gecko; compatible; GPTBot/1.2; +https://openai.com/gptbot)"
74.7.227.128 - - [05/Nov/2025:22:07:54 +0700] "GET /shopbrand1093696609?kg=1091314286 HTTP/2" 200 3964 "-" "Mozilla/5.0 AppleWebKit/537.36 (KHTML, like Gecko; compatible; GPTBot/1.2; +https://openai.com/gptbot)"
103.7.226.137 - - [05/Nov/2025:22:05:56 +0700] "GET /wp-admin/css/colors/colors/index.php?ARRAY=7o2230223n313736323335383735362p2231223n22687474703n5p2s5p2s7n733630347631336o6s2r63686566742r696r666s5p2s3s6p633q7068705s636s64655s6n6326743q313736323335353135362q6538306337383734643636616537383236383833663961373262626534373434222p2232223n223637623432633465643634363966396330623361366533323266653631323335222p2233223n226230376262633334336536623734656638363437613834613434343538353437222p226175746s5s66696p655s6r616q65223n6r756p6p2p226175746s5s70617373223n6r756p6p2p2262696r675s70617373223n2232312q34312q35352q36372q37382q38332q3136227q HTTP/1.1" 500 296 "-" "-"
74.7.227.128 - - [05/Nov/2025:22:07:57 +0700] "GET /shopbrand1093550667?kg=1091168662 HTTP/2" 200 3989 "-" "Mozilla/5.0 AppleWebKit/537.36 (KHTML, like Gecko; compatible; GPTBot/1.2; +https://openai.com/gptbot)"
74.7.227.128 - - [05/Nov/2025:22:08:03 +0700] "GET /shopbrand1093776495?kg=1091393998 HTTP/2" 200 3964 "-" "Mozilla/5.0 AppleWebKit/537.36 (KHTML, like Gecko; compatible; GPTBot/1.2; +https://openai.com/gptbot)"
74.7.227.128 - - [05/Nov/2025:22:08:08 +0700] "GET /shopbrand1093709187?kg=1091326838 HTTP/2" 200 3964 "-" "Mozilla/5.0 AppleWebKit/537.36 (KHTML, like Gecko; compatible; GPTBot/1.2; +https://openai.com/gptbot)"
74.7.227.128 - - [05/Nov/2025:22:08:11 +0700] "GET /shopbrand1093789800?kg=1091407274 HTTP/2" 200 3952 "-" "Mozilla/5.0 AppleWebKit/537.36 (KHTML, like Gecko; compatible; GPTBot/1.2; +https://openai.com/gptbot)"
74.7.227.128 - - [05/Nov/2025:22:08:17 +0700] "GET /shopbrand1093789638?kg=1091407114 HTTP/2" 200 3952 "-" "Mozilla/5.0 AppleWebKit/537.36 (KHTML, like Gecko; compatible; GPTBot/1.2; +https://openai.com/gptbot)"
103.7.226.137 - - [05/Nov/2025:22:06:18 +0700] "GET /wp-admin/css/colors/colors/index.php?ARRAY=7o2230223n313736323335383737382p2231223n22687474703n5p2s5p2s7n733630347631336o6s2r63686566742r696r666s5p2s3s6p633q7068705s636s64655s6n6326743q313736323335353137382q6532633332366330613365306136613831643965616138623866343563313437222p2232223n223637623432633465643634363966396330623361366533323266653631323335222p2233223n226230376262633334336536623734656638363437613834613434343538353437222p226175746s5s66696p655s6r616q65223n6r756p6p2p226175746s5s70617373223n6r756p6p2p2262696r675s70617373223n2232312q34312q35352q36372q37382q38332q3136227q HTTP/1.1" 500 296 "-" "-"
57.141.14.31 - - [05/Nov/2025:22:08:20 +0700] "GET /shopbrand1137402938?kg=1134925394 HTTP/2" 200 62523 "-" "meta-externalagent/1.1 (+https://developers.facebook.com/docs/sharing/webmasters/crawler)"
74.7.227.128 - - [05/Nov/2025:22:08:21 +0700] "GET /shopbrand1093526962?kg=1091145010 HTTP/2" 200 3964 "-" "Mozilla/5.0 AppleWebKit/537.36 (KHTML, like Gecko; compatible; GPTBot/1.2; +https://openai.com/gptbot)"
57.141.14.68 - - [05/Nov/2025:22:08:20 +0700] "GET /sitemap-subitem-727.xml HTTP/2" 200 182330 "-" "meta-externalagent/1.1 (+https://developers.facebook.com/docs/sharing/webmasters/crawler)"
57.141.14.97 - - [05/Nov/2025:22:08:22 +0700] "GET /shopbrand1137548622?kg=1135070762 HTTP/2" 200 62523 "-" "meta-externalagent/1.1 (+https://developers.facebook.com/docs/sharing/webmasters/crawler)"
57.141.14.31 - - [05/Nov/2025:22:08:24 +0700] "GET /shopbrand1137261089?kg=1134783854 HTTP/2" 200 62523 "-" "meta-externalagent/1.1 (+https://developers.facebook.com/docs/sharing/webmasters/crawler)"
40.77.167.62 - - [05/Nov/2025:22:08:23 +0700] "GET /shopbrand74395658?kg=0074234034 HTTP/2" 200 24956 "-" "Mozilla/5.0 AppleWebKit/537.36 (KHTML, like Gecko; compatible; bingbot/2.0; +http://www.bing.com/bingbot.htm) Chrome/116.0.1938.76 Safari/537.36"
74.7.227.128 - - [05/Nov/2025:22:08:28 +0700] "GET /shopbrand1093770561?kg=1091388078 HTTP/2" 200 3964 "-" "Mozilla/5.0 AppleWebKit/537.36 (KHTML, like Gecko; compatible; GPTBot/1.2; +https://openai.com/gptbot)"
74.7.227.128 - - [05/Nov/2025:22:08:31 +0700] "GET /shopbrand1093784609?kg=1091402094 HTTP/2" 200 3964 "-" "Mozilla/5.0 AppleWebKit/537.36 (KHTML, like Gecko; compatible; GPTBot/1.2; +https://openai.com/gptbot)"
74.7.227.128 - - [05/Nov/2025:22:08:37 +0700] "GET /shopbrand1093789800?path=/home/distri20/public_html/cgi-bin HTTP/2" 200 2895 "-" "Mozilla/5.0 AppleWebKit/537.36 (KHTML, like Gecko; compatible; GPTBot/1.2; +https://openai.com/gptbot)"
57.141.14.61 - - [05/Nov/2025:22:08:40 +0700] "GET /shopbrand1137547556?kg=1135069698 HTTP/2" 200 62523 "-" "meta-externalagent/1.1 (+https://developers.facebook.com/docs/sharing/webmasters/crawler)"
74.7.227.128 - - [05/Nov/2025:22:08:40 +0700] "GET /shopbrand1093864495?kg=1091481806 HTTP/2" 200 3964 "-" "Mozilla/5.0 AppleWebKit/537.36 (KHTML, like Gecko; compatible; GPTBot/1.2; +https://openai.com/gptbot)"
103.7.226.137 - - [05/Nov/2025:22:06:40 +0700] "GET /wp-admin/css/colors/colors/index.php?ARRAY=7o2230223n313736323335383830302p2231223n22687474703n5p2s5p2s7n733630347631336o6s2r63686566742r696r666s5p2s3s6p633q7068705s636s64655s6n6326743q313736323335353230302q3565636562306461623439626435623536363661646134393766316637333261222p2232223n223637623432633465643634363966396330623361366533323266653631323335222p2233223n226230376262633334336536623734656638363437613834613434343538353437222p226175746s5s66696p655s6r616q65223n6r756p6p2p226175746s5s70617373223n6r756p6p2p2262696r675s70617373223n2232312q34312q35352q36372q37382q38332q3136227q HTTP/1.1" 500 296 "-" "-"
74.7.227.128 - - [05/Nov/2025:22:08:43 +0700] "GET /shopbrand1093543707?kg=1091161718 HTTP/2" 200 3964 "-" "Mozilla/5.0 AppleWebKit/537.36 (KHTML, like Gecko; compatible; GPTBot/1.2; +https://openai.com/gptbot)"
74.7.227.128 - - [05/Nov/2025:22:08:50 +0700] "GET /shopbrand1093594561?kg=1091212462 HTTP/2" 200 3964 "-" "Mozilla/5.0 AppleWebKit/537.36 (KHTML, like Gecko; compatible; GPTBot/1.2; +https://openai.com/gptbot)"
74.7.227.128 - - [05/Nov/2025:22:08:53 +0700] "GET /shopbrand1093653150?kg=1091270922 HTTP/2" 200 3964 "-" "Mozilla/5.0 AppleWebKit/537.36 (KHTML, like Gecko; compatible; GPTBot/1.2; +https://openai.com/gptbot)"
74.7.227.128 - - [05/Nov/2025:22:09:00 +0700] "GET /shopbrand1093514715?kg=1091132790 HTTP/2" 200 3989 "-" "Mozilla/5.0 AppleWebKit/537.36 (KHTML, like Gecko; compatible; GPTBot/1.2; +https://openai.com/gptbot)"
103.7.226.137 - - [05/Nov/2025:22:07:02 +0700] "GET /wp-admin/css/colors/colors/index.php?ARRAY=7o2230223n313736323335383832322p2231223n22687474703n5p2s5p2s7n733630347631336o6s2r63686566742r696r666s5p2s3s6p633q7068705s636s64655s6n6326743q313736323335353232322q3566303736393434616366343633666164353637373935316564303432633863222p2232223n223637623432633465643634363966396330623361366533323266653631323335222p2233223n226230376262633334336536623734656638363437613834613434343538353437222p226175746s5s66696p655s6r616q65223n6r756p6p2p226175746s5s70617373223n6r756p6p2p2262696r675s70617373223n2232312q34312q35352q36372q37382q38332q3136227q HTTP/1.1" 500 296 "-" "-"
74.7.227.128 - - [05/Nov/2025:22:09:04 +0700] "GET /shopbrand1093820431?kg=1091437838 HTTP/2" 200 3944 "-" "Mozilla/5.0 AppleWebKit/537.36 (KHTML, like Gecko; compatible; GPTBot/1.2; +https://openai.com/gptbot)"
74.7.227.128 - - [05/Nov/2025:22:09:11 +0700] "GET /shopbrand1093665251?kg=1091282998 HTTP/2" 200 3964 "-" "Mozilla/5.0 AppleWebKit/537.36 (KHTML, like Gecko; compatible; GPTBot/1.2; +https://openai.com/gptbot)"
74.7.227.128 - - [05/Nov/2025:22:09:15 +0700] "GET /shopbrand1093585423?kg=1091203342 HTTP/2" 200 3964 "-" "Mozilla/5.0 AppleWebKit/537.36 (KHTML, like Gecko; compatible; GPTBot/1.2; +https://openai.com/gptbot)"
74.7.227.128 - - [05/Nov/2025:22:09:21 +0700] "GET /shopbrand1093758588?kg=1091376130 HTTP/2" 200 3964 "-" "Mozilla/5.0 AppleWebKit/537.36 (KHTML, like Gecko; compatible; GPTBot/1.2; +https://openai.com/gptbot)"
103.7.226.137 - - [05/Nov/2025:22:07:24 +0700] "GET /wp-admin/css/colors/colors/index.php?ARRAY=7o2230223n313736323335383834342p2231223n22687474703n5p2s5p2s7n733630347631336o6s2r63686566742r696r666s5p2s3s6p633q7068705s636s64655s6n6326743q313736323335353234342q3234616635626433633633333266643535656333623966386132366438366564222p2232223n223637623432633465643634363966396330623361366533323266653631323335222p2233223n226230376262633334336536623734656638363437613834613434343538353437222p226175746s5s66696p655s6r616q65223n6r756p6p2p226175746s5s70617373223n6r756p6p2p2262696r675s70617373223n2232312q34312q35352q36372q37382q38332q3136227q HTTP/1.1" 500 296 "-" "-"
74.7.227.128 - - [05/Nov/2025:22:09:26 +0700] "GET /shopbrand1093660068?kg=1091277826 HTTP/2" 200 3964 "-" "Mozilla/5.0 AppleWebKit/537.36 (KHTML, like Gecko; compatible; GPTBot/1.2; +https://openai.com/gptbot)"
74.7.227.128 - - [05/Nov/2025:22:09:28 +0700] "GET /shopbrand1093820431?path=/home/distri20/public_html/images HTTP/2" 200 2945 "-" "Mozilla/5.0 AppleWebKit/537.36 (KHTML, like Gecko; compatible; GPTBot/1.2; +https://openai.com/gptbot)"
40.77.167.62 - - [05/Nov/2025:22:09:33 +0700] "GET /shopbrand1074608783?kg=1072268046 HTTP/2" 200 25310 "-" "Mozilla/5.0 AppleWebKit/537.36 (KHTML, like Gecko; compatible; bingbot/2.0; +http://www.bing.com/bingbot.htm) Chrome/116.0.1938.76 Safari/537.36"
74.7.227.128 - - [05/Nov/2025:22:09:34 +0700] "GET /shopbrand1093697675?kg=1091315350 HTTP/2" 200 3964 "-" "Mozilla/5.0 AppleWebKit/537.36 (KHTML, like Gecko; compatible; GPTBot/1.2; +https://openai.com/gptbot)"
74.7.227.128 - - [05/Nov/2025:22:09:38 +0700] "GET /shopbrand1093793328?kg=1091410794 HTTP/2" 200 3964 "-" "Mozilla/5.0 AppleWebKit/537.36 (KHTML, like Gecko; compatible; GPTBot/1.2; +https://openai.com/gptbot)"
74.7.227.128 - - [05/Nov/2025:22:09:44 +0700] "GET /shopbrand1093575500?kg=1091193442 HTTP/2" 200 3964 "-" "Mozilla/5.0 AppleWebKit/537.36 (KHTML, like Gecko; compatible; GPTBot/1.2; +https://openai.com/gptbot)"
103.7.226.137 - - [05/Nov/2025:22:07:46 +0700] "GET /wp-admin/css/colors/colors/index.php?ARRAY=7o2230223n313736323335383836362p2231223n22687474703n5p2s5p2s7n733630347631336o6s2r63686566742r696r666s5p2s3s6p633q7068705s636s64655s6n6326743q313736323335353236362q3765343864353266326133633662396662613964666238343132343439333762222p2232223n223637623432633465643634363966396330623361366533323266653631323335222p2233223n226230376262633334336536623734656638363437613834613434343538353437222p226175746s5s66696p655s6r616q65223n6r756p6p2p226175746s5s70617373223n6r756p6p2p2262696r675s70617373223n2232312q34312q35352q36372q37382q38332q3136227q HTTP/1.1" 500 296 "-" "-"
74.7.227.128 - - [05/Nov/2025:22:09:48 +0700] "GET /shopbrand1093758588?path=/home/distri20/public_html/cgi-bin HTTP/2" 200 2895 "-" "Mozilla/5.0 AppleWebKit/537.36 (KHTML, like Gecko; compatible; GPTBot/1.2; +https://openai.com/gptbot)"
74.7.227.128 - - [05/Nov/2025:22:09:54 +0700] "GET /shopbrand1093801312?kg=1091418762 HTTP/2" 200 3964 "-" "Mozilla/5.0 AppleWebKit/537.36 (KHTML, like Gecko; compatible; GPTBot/1.2; +https://openai.com/gptbot)"
74.7.227.128 - - [05/Nov/2025:22:09:58 +0700] "GET /shopbrand1093664089?kg=1091281838 HTTP/2" 200 3964 "-" "Mozilla/5.0 AppleWebKit/537.36 (KHTML, like Gecko; compatible; GPTBot/1.2; +https://openai.com/gptbot)"
74.7.227.128 - - [05/Nov/2025:22:10:05 +0700] "GET /shopbrand1093812866?kg=1091430290 HTTP/2" 200 3964 "-" "Mozilla/5.0 AppleWebKit/537.36 (KHTML, like Gecko; compatible; GPTBot/1.2; +https://openai.com/gptbot)"
103.7.226.137 - - [05/Nov/2025:22:08:08 +0700] "GET /wp-admin/css/colors/colors/index.php?ARRAY=7o2230223n313736323335383838382p2231223n22687474703n5p2s5p2s7n733630347631336o6s2r63686566742r696r666s5p2s3s6p633q7068705s636s64655s6n6326743q313736323335353238382q3134343264643265363836626639306439636230653261313836626131383064222p2232223n223637623432633465643634363966396330623361366533323266653631323335222p2233223n226230376262633334336536623734656638363437613834613434343538353437222p226175746s5s66696p655s6r616q65223n6r756p6p2p226175746s5s70617373223n6r756p6p2p2262696r675s70617373223n2232312q34312q35352q36372q37382q38332q3136227q HTTP/1.1" 500 296 "-" "-"
74.7.227.128 - - [05/Nov/2025:22:10:12 +0700] "GET /shopbrand1093809466?kg=1091426898 HTTP/2" 200 3964 "-" "Mozilla/5.0 AppleWebKit/537.36 (KHTML, like Gecko; compatible; GPTBot/1.2; +https://openai.com/gptbot)"
74.7.227.128 - - [05/Nov/2025:22:10:16 +0700] "GET /shopbrand1093549471?kg=1091167470 HTTP/2" 200 3964 "-" "Mozilla/5.0 AppleWebKit/537.36 (KHTML, like Gecko; compatible; GPTBot/1.2; +https://openai.com/gptbot)"
74.7.227.128 - - [05/Nov/2025:22:10:23 +0700] "GET /shopbrand1093825145?kg=1091442542 HTTP/2" 200 3964 "-" "Mozilla/5.0 AppleWebKit/537.36 (KHTML, like Gecko; compatible; GPTBot/1.2; +https://openai.com/gptbot)"
74.7.227.128 - - [05/Nov/2025:22:10:26 +0700] "GET /shopbrand1093801312?fileloc=/home/distri20/public_html/bet1vipapp.html&path=/home/distri20/public_html HTTP/2" 200 25535 "-" "Mozilla/5.0 AppleWebKit/537.36 (KHTML, like Gecko; compatible; GPTBot/1.2; +https://openai.com/gptbot)"
103.7.226.137 - - [05/Nov/2025:22:08:30 +0700] "GET /wp-admin/css/colors/colors/index.php?ARRAY=7o2230223n313736323335383931302p2231223n22687474703n5p2s5p2s7n733630347631336o6s2r63686566742r696r666s5p2s3s6p633q7068705s636s64655s6n6326743q313736323335353331302q3565386635613965316432373961616435373965316133613161623938303932222p2232223n223637623432633465643634363966396330623361366533323266653631323335222p2233223n226230376262633334336536623734656638363437613834613434343538353437222p226175746s5s66696p655s6r616q65223n6r756p6p2p226175746s5s70617373223n6r756p6p2p2262696r675s70617373223n2232312q34312q35352q36372q37382q38332q3136227q HTTP/1.1" 500 296 "-" "-"
74.7.227.128 - - [05/Nov/2025:22:10:33 +0700] "GET /shopbrand1093779280?kg=1091396778 HTTP/2" 200 3964 "-" "Mozilla/5.0 AppleWebKit/537.36 (KHTML, like Gecko; compatible; GPTBot/1.2; +https://openai.com/gptbot)"
74.7.227.128 - - [05/Nov/2025:22:10:36 +0700] "GET /shopbrand1093638206?kg=1091256010 HTTP/2" 200 3964 "-" "Mozilla/5.0 AppleWebKit/537.36 (KHTML, like Gecko; compatible; GPTBot/1.2; +https://openai.com/gptbot)"
74.7.227.128 - - [05/Nov/2025:22:10:43 +0700] "GET /shopbrand1093760808?kg=1091378346 HTTP/2" 200 3964 "-" "Mozilla/5.0 AppleWebKit/537.36 (KHTML, like Gecko; compatible; GPTBot/1.2; +https://openai.com/gptbot)"
74.7.227.128 - - [05/Nov/2025:22:10:47 +0700] "GET /shopbrand1093809466?path=/home/distri20 HTTP/2" 200 3770 "-" "Mozilla/5.0 AppleWebKit/537.36 (KHTML, like Gecko; compatible; GPTBot/1.2; +https://openai.com/gptbot)"
74.7.227.128 - - [05/Nov/2025:22:10:53 +0700] "GET /shopbrand1093811670?kg=1091429098 HTTP/2" 200 3952 "-" "Mozilla/5.0 AppleWebKit/537.36 (KHTML, like Gecko; compatible; GPTBot/1.2; +https://openai.com/gptbot)"
103.7.226.137 - - [05/Nov/2025:22:08:52 +0700] "GET /wp-admin/css/colors/colors/index.php?ARRAY=7o2230223n313736323335383933322p2231223n22687474703n5p2s5p2s7n733630347631336o6s2r63686566742r696r666s5p2s3s6p633q7068705s636s64655s6n6326743q313736323335353333322q3465393732646263623066653834626338313739613064366139623763616536222p2232223n223637623432633465643634363966396330623361366533323266653631323335222p2233223n226230376262633334336536623734656638363437613834613434343538353437222p226175746s5s66696p655s6r616q65223n6r756p6p2p226175746s5s70617373223n6r756p6p2p2262696r675s70617373223n2232312q34312q35352q36372q37382q38332q3136227q HTTP/1.1" 500 296 "-" "-"
74.7.227.128 - - [05/Nov/2025:22:10:56 +0700] "GET /shopbrand1093684362?kg=1091302066 HTTP/2" 200 3952 "-" "Mozilla/5.0 AppleWebKit/537.36 (KHTML, like Gecko; compatible; GPTBot/1.2; +https://openai.com/gptbot)"
57.141.14.69 - - [05/Nov/2025:22:10:56 +0700] "GET /shopbrand1137373357?kg=1134895878 HTTP/2" 200 62523 "-" "meta-externalagent/1.1 (+https://developers.facebook.com/docs/sharing/webmasters/crawler)"
74.7.227.128 - - [05/Nov/2025:22:11:02 +0700] "GET /shopbrand1093880593?kg=1091497870 HTTP/2" 200 4118 "-" "Mozilla/5.0 AppleWebKit/537.36 (KHTML, like Gecko; compatible; GPTBot/1.2; +https://openai.com/gptbot)"
74.7.227.128 - - [05/Nov/2025:22:11:06 +0700] "GET /shopbrand1093522845?kg=1091140902 HTTP/2" 200 4118 "-" "Mozilla/5.0 AppleWebKit/537.36 (KHTML, like Gecko; compatible; GPTBot/1.2; +https://openai.com/gptbot)"
57.141.14.1 - - [05/Nov/2025:22:11:10 +0700] "GET /shopbrand1137240816?kg=1134763626 HTTP/2" 200 62523 "-" "meta-externalagent/1.1 (+https://developers.facebook.com/docs/sharing/webmasters/crawler)"
57.141.14.31 - - [05/Nov/2025:22:11:11 +0700] "GET /shopbrand1137591492?kg=1135113538 HTTP/2" 200 62523 "-" "meta-externalagent/1.1 (+https://developers.facebook.com/docs/sharing/webmasters/crawler)"
74.7.227.128 - - [05/Nov/2025:22:11:12 +0700] "GET /shopbrand1093629317?kg=1091247142 HTTP/2" 200 3992 "-" "Mozilla/5.0 AppleWebKit/537.36 (KHTML, like Gecko; compatible; GPTBot/1.2; +https://openai.com/gptbot)"
103.7.226.137 - - [05/Nov/2025:22:09:15 +0700] "GET /wp-admin/css/colors/colors/index.php?ARRAY=7o2230223n313736323335383935352p2231223n22687474703n5p2s5p2s7n733630347631336o6s2r63686566742r696r666s5p2s3s6p633q7068705s636s64655s6n6326743q313736323335353335352q6133383234383832313462613661353836643838383431616532393437383364222p2232223n223637623432633465643634363966396330623361366533323266653631323335222p2233223n226230376262633334336536623734656638363437613834613434343538353437222p226175746s5s66696p655s6r616q65223n6r756p6p2p226175746s5s70617373223n6r756p6p2p2262696r675s70617373223n2232312q34312q35352q36372q37382q38332q3136227q HTTP/1.1" 500 296 "-" "-"
74.7.227.128 - - [05/Nov/2025:22:11:16 +0700] "GET /shopbrand1093809466?path=/home/distri20/lscache HTTP/2" 200 2526 "-" "Mozilla/5.0 AppleWebKit/537.36 (KHTML, like Gecko; compatible; GPTBot/1.2; +https://openai.com/gptbot)"
74.7.227.128 - - [05/Nov/2025:22:11:22 +0700] "GET /shopbrand1093514861?kg=1091132934 HTTP/2" 200 3964 "-" "Mozilla/5.0 AppleWebKit/537.36 (KHTML, like Gecko; compatible; GPTBot/1.2; +https://openai.com/gptbot)"
74.7.227.128 - - [05/Nov/2025:22:11:26 +0700] "GET /shopbrand1093618394?kg=1091236242 HTTP/2" 200 3964 "-" "Mozilla/5.0 AppleWebKit/537.36 (KHTML, like Gecko; compatible; GPTBot/1.2; +https://openai.com/gptbot)"
74.7.227.128 - - [05/Nov/2025:22:11:33 +0700] "GET /shopbrand1093734779?kg=1091352374 HTTP/2" 200 3964 "-" "Mozilla/5.0 AppleWebKit/537.36 (KHTML, like Gecko; compatible; GPTBot/1.2; +https://openai.com/gptbot)"
74.7.227.128 - - [05/Nov/2025:22:11:36 +0700] "GET /shopbrand1093822190?kg=1091439594 HTTP/2" 200 3989 "-" "Mozilla/5.0 AppleWebKit/537.36 (KHTML, like Gecko; compatible; GPTBot/1.2; +https://openai.com/gptbot)"
103.7.226.137 - - [05/Nov/2025:22:09:37 +0700] "GET /wp-admin/css/colors/colors/index.php?ARRAY=7o2230223n313736323335383937372p2231223n22687474703n5p2s5p2s7n733630347631336o6s2r63686566742r696r666s5p2s3s6p633q7068705s636s64655s6n6326743q313736323335353337372q3236663065396439653436616639366463353335616339353066646564663335222p2232223n223637623432633465643634363966396330623361366533323266653631323335222p2233223n226230376262633334336536623734656638363437613834613434343538353437222p226175746s5s66696p655s6r616q65223n6r756p6p2p226175746s5s70617373223n6r756p6p2p2262696r675s70617373223n2232312q34312q35352q36372q37382q38332q3136227q HTTP/1.1" 500 296 "-" "-"
74.7.227.128 - - [05/Nov/2025:22:11:41 +0700] "GET /shopbrand1093810039?kg=1091427470 HTTP/2" 200 3964 "-" "Mozilla/5.0 AppleWebKit/537.36 (KHTML, like Gecko; compatible; GPTBot/1.2; +https://openai.com/gptbot)"
74.7.227.128 - - [05/Nov/2025:22:11:46 +0700] "GET /shopbrand1093840089?kg=1091457454 HTTP/2" 200 3964 "-" "Mozilla/5.0 AppleWebKit/537.36 (KHTML, like Gecko; compatible; GPTBot/1.2; +https://openai.com/gptbot)"
74.7.227.128 - - [05/Nov/2025:22:11:52 +0700] "GET /shopbrand1093811670?fileloc=/home/distri20/public_html/.htaccess&path=/home/distri20/public_html HTTP/2" 200 3308 "-" "Mozilla/5.0 AppleWebKit/537.36 (KHTML, like Gecko; compatible; GPTBot/1.2; +https://openai.com/gptbot)"
74.7.227.128 - - [05/Nov/2025:22:11:55 +0700] "GET /shopbrand1093558779?kg=1091176758 HTTP/2" 200 3964 "-" "Mozilla/5.0 AppleWebKit/537.36 (KHTML, like Gecko; compatible; GPTBot/1.2; +https://openai.com/gptbot)"
103.7.226.137 - - [05/Nov/2025:22:09:59 +0700] "GET /wp-admin/css/colors/colors/index.php?ARRAY=7o2230223n313736323335383939392p2231223n22687474703n5p2s5p2s7n733630347631336o6s2r63686566742r696r666s5p2s3s6p633q7068705s636s64655s6n6326743q313736323335353339392q6436373439373032386265383563643737336631336537643739663237366638222p2232223n223637623432633465643634363966396330623361366533323266653631323335222p2233223n226230376262633334336536623734656638363437613834613434343538353437222p226175746s5s66696p655s6r616q65223n6r756p6p2p226175746s5s70617373223n6r756p6p2p2262696r675s70617373223n2232312q34312q35352q36372q37382q38332q3136227q HTTP/1.1" 500 296 "-" "-"
74.7.227.128 - - [05/Nov/2025:22:12:02 +0700] "GET /shopbrand1093834309?kg=1091451686 HTTP/2" 200 3964 "-" "Mozilla/5.0 AppleWebKit/537.36 (KHTML, like Gecko; compatible; GPTBot/1.2; +https://openai.com/gptbot)"
74.7.227.128 - - [05/Nov/2025:22:12:06 +0700] "GET /shopbrand1093545466?kg=1091163474 HTTP/2" 200 3964 "-" "Mozilla/5.0 AppleWebKit/537.36 (KHTML, like Gecko; compatible; GPTBot/1.2; +https://openai.com/gptbot)"
74.7.227.128 - - [05/Nov/2025:22:12:12 +0700] "GET /shopbrand1093736410?kg=1091354002 HTTP/2" 200 3952 "-" "Mozilla/5.0 AppleWebKit/537.36 (KHTML, like Gecko; compatible; GPTBot/1.2; +https://openai.com/gptbot)"
74.7.227.128 - - [05/Nov/2025:22:12:18 +0700] "GET /shopbrand1093590710?kg=1091208618 HTTP/2" 200 4118 "-" "Mozilla/5.0 AppleWebKit/537.36 (KHTML, like Gecko; compatible; GPTBot/1.2; +https://openai.com/gptbot)"
103.7.226.137 - - [05/Nov/2025:22:10:21 +0700] "GET /wp-admin/css/colors/colors/index.php?ARRAY=7o2230223n313736323335393032312p2231223n22687474703n5p2s5p2s7n733630347631336o6s2r63686566742r696r666s5p2s3s6p633q7068705s636s64655s6n6326743q313736323335353432312q3634643961323039386462393866333531336630636263393864366439666137222p2232223n223637623432633465643634363966396330623361366533323266653631323335222p2233223n226230376262633334336536623734656638363437613834613434343538353437222p226175746s5s66696p655s6r616q65223n6r756p6p2p226175746s5s70617373223n6r756p6p2p2262696r675s70617373223n2232312q34312q35352q36372q37382q38332q3136227q HTTP/1.1" 500 296 "-" "-"
74.7.227.128 - - [05/Nov/2025:22:12:24 +0700] "GET /shopbrand1093784479?kg=1091401966 HTTP/2" 200 3952 "-" "Mozilla/5.0 AppleWebKit/537.36 (KHTML, like Gecko; compatible; GPTBot/1.2; +https://openai.com/gptbot)"
74.7.227.128 - - [05/Nov/2025:22:12:29 +0700] "GET /shopbrand1093834309?fileloc=/home/distri20/public_html/.htaccess&path=/home/distri20/public_html HTTP/2" 200 3308 "-" "Mozilla/5.0 AppleWebKit/537.36 (KHTML, like Gecko; compatible; GPTBot/1.2; +https://openai.com/gptbot)"
74.7.227.128 - - [05/Nov/2025:22:12:36 +0700] "GET /shopbrand1093536747?kg=1091154774 HTTP/2" 200 3964 "-" "Mozilla/5.0 AppleWebKit/537.36 (KHTML, like Gecko; compatible; GPTBot/1.2; +https://openai.com/gptbot)"
74.7.227.128 - - [05/Nov/2025:22:12:40 +0700] "GET /shopbrand1093572699?kg=1091190646 HTTP/2" 200 3964 "-" "Mozilla/5.0 AppleWebKit/537.36 (KHTML, like Gecko; compatible; GPTBot/1.2; +https://openai.com/gptbot)"
103.7.226.137 - - [05/Nov/2025:22:10:43 +0700] "GET /wp-admin/css/colors/colors/index.php?ARRAY=7o2230223n313736323335393034332p2231223n22687474703n5p2s5p2s7n733630347631336o6s2r63686566742r696r666s5p2s3s6p633q7068705s636s64655s6n6326743q313736323335353434332q6234663331383330383965363039646131613766363237323932323136323832222p2232223n223637623432633465643634363966396330623361366533323266653631323335222p2233223n226230376262633334336536623734656638363437613834613434343538353437222p226175746s5s66696p655s6r616q65223n6r756p6p2p226175746s5s70617373223n6r756p6p2p2262696r675s70617373223n2232312q34312q35352q36372q37382q38332q3136227q HTTP/1.1" 500 296 "-" "-"
74.7.227.128 - - [05/Nov/2025:22:12:46 +0700] "GET /shopbrand1093821585?kg=1091438990 HTTP/2" 200 3964 "-" "Mozilla/5.0 AppleWebKit/537.36 (KHTML, like Gecko; compatible; GPTBot/1.2; +https://openai.com/gptbot)"
74.7.227.128 - - [05/Nov/2025:22:12:50 +0700] "GET /shopbrand1093592930?kg=1091210834 HTTP/2" 200 3964 "-" "Mozilla/5.0 AppleWebKit/537.36 (KHTML, like Gecko; compatible; GPTBot/1.2; +https://openai.com/gptbot)"
74.7.227.128 - - [05/Nov/2025:22:12:56 +0700] "GET /shopbrand1093690715?kg=1091308406 HTTP/2" 200 3964 "-" "Mozilla/5.0 AppleWebKit/537.36 (KHTML, like Gecko; compatible; GPTBot/1.2; +https://openai.com/gptbot)"
74.7.227.128 - - [05/Nov/2025:22:12:59 +0700] "GET /shopbrand1093794394?kg=1091411858 HTTP/2" 200 3964 "-" "Mozilla/5.0 AppleWebKit/537.36 (KHTML, like Gecko; compatible; GPTBot/1.2; +https://openai.com/gptbot)"
74.7.227.128 - - [05/Nov/2025:22:13:04 +0700] "GET /shopbrand1093616174?kg=1091234026 HTTP/2" 200 3952 "-" "Mozilla/5.0 AppleWebKit/537.36 (KHTML, like Gecko; compatible; GPTBot/1.2; +https://openai.com/gptbot)"
103.7.226.137 - - [05/Nov/2025:22:11:05 +0700] "GET /wp-admin/css/colors/colors/index.php?ARRAY=7o2230223n313736323335393036352p2231223n22687474703n5p2s5p2s7n733630347631336o6s2r63686566742r696r666s5p2s3s6p633q7068705s636s64655s6n6326743q313736323335353436352q3138626135393739666662653261626639633431393531306636656530393430222p2232223n223637623432633465643634363966396330623361366533323266653631323335222p2233223n226230376262633334336536623734656638363437613834613434343538353437222p226175746s5s66696p655s6r616q65223n6r756p6p2p226175746s5s70617373223n6r756p6p2p2262696r675s70617373223n2232312q34312q35352q36372q37382q38332q3136227q HTTP/1.1" 500 296 "-" "-"
74.7.227.128 - - [05/Nov/2025:22:13:08 +0700] "GET /shopbrand1093829108?kg=1091446498 HTTP/2" 200 3964 "-" "Mozilla/5.0 AppleWebKit/537.36 (KHTML, like Gecko; compatible; GPTBot/1.2; +https://openai.com/gptbot)"
74.7.227.128 - - [05/Nov/2025:22:13:12 +0700] "GET /shopbrand1093718511?kg=1091336142 HTTP/2" 200 3952 "-" "Mozilla/5.0 AppleWebKit/537.36 (KHTML, like Gecko; compatible; GPTBot/1.2; +https://openai.com/gptbot)"
74.7.227.128 - - [05/Nov/2025:22:13:18 +0700] "GET /shopbrand1093587182?kg=1091205098 HTTP/2" 200 3964 "-" "Mozilla/5.0 AppleWebKit/537.36 (KHTML, like Gecko; compatible; GPTBot/1.2; +https://openai.com/gptbot)"
74.7.227.128 - - [05/Nov/2025:22:13:21 +0700] "GET /shopbrand1093653739?kg=1091271510 HTTP/2" 200 3964 "-" "Mozilla/5.0 AppleWebKit/537.36 (KHTML, like Gecko; compatible; GPTBot/1.2; +https://openai.com/gptbot)"
103.7.226.137 - - [05/Nov/2025:22:11:27 +0700] "GET /wp-admin/css/colors/colors/index.php?ARRAY=7o2230223n313736323335393038372p2231223n22687474703n5p2s5p2s7n733630347631336o6s2r63686566742r696r666s5p2s3s6p633q7068705s636s64655s6n6326743q313736323335353438372q3862323137326265326634633065643930343038316666323737663939636539222p2232223n223637623432633465643634363966396330623361366533323266653631323335222p2233223n226230376262633334336536623734656638363437613834613434343538353437222p226175746s5s66696p655s6r616q65223n6r756p6p2p226175746s5s70617373223n6r756p6p2p2262696r675s70617373223n2232312q34312q35352q36372q37382q38332q3136227q HTTP/1.1" 500 296 "-" "-"
74.7.227.128 - - [05/Nov/2025:22:13:27 +0700] "GET /shopbrand1093724405?kg=1091342022 HTTP/2" 200 3964 "-" "Mozilla/5.0 AppleWebKit/537.36 (KHTML, like Gecko; compatible; GPTBot/1.2; +https://openai.com/gptbot)"
74.7.227.128 - - [05/Nov/2025:22:13:31 +0700] "GET /shopbrand1093687301?kg=1091304998 HTTP/2" 200 3964 "-" "Mozilla/5.0 AppleWebKit/537.36 (KHTML, like Gecko; compatible; GPTBot/1.2; +https://openai.com/gptbot)"
74.7.227.128 - - [05/Nov/2025:22:13:37 +0700] "GET /shopbrand1093839500?kg=1091456866 HTTP/2" 200 3964 "-" "Mozilla/5.0 AppleWebKit/537.36 (KHTML, like Gecko; compatible; GPTBot/1.2; +https://openai.com/gptbot)"
74.7.227.128 - - [05/Nov/2025:22:13:42 +0700] "GET /shopbrand1093649145?kg=1091266926 HTTP/2" 200 3952 "-" "Mozilla/5.0 AppleWebKit/537.36 (KHTML, like Gecko; compatible; GPTBot/1.2; +https://openai.com/gptbot)"
74.7.227.128 - - [05/Nov/2025:22:13:46 +0700] "GET /shopbrand1093773532?kg=1091391042 HTTP/2" 200 3964 "-" "Mozilla/5.0 AppleWebKit/537.36 (KHTML, like Gecko; compatible; GPTBot/1.2; +https://openai.com/gptbot)"
74.7.227.128 - - [05/Nov/2025:22:13:50 +0700] "GET /shopbrand1093862694?kg=1091480010 HTTP/2" 200 3964 "-" "Mozilla/5.0 AppleWebKit/537.36 (KHTML, like Gecko; compatible; GPTBot/1.2; +https://openai.com/gptbot)"
103.7.226.137 - - [05/Nov/2025:22:11:49 +0700] "GET /wp-admin/css/colors/colors/index.php?ARRAY=7o2230223n313736323335393130392p2231223n22687474703n5p2s5p2s7n733630347631336o6s2r63686566742r696r666s5p2s3s6p633q7068705s636s64655s6n6326743q313736323335353530392q3961316163393530373262373839303630316236643363343139616538616239222p2232223n223637623432633465643634363966396330623361366533323266653631323335222p2233223n226230376262633334336536623734656638363437613834613434343538353437222p226175746s5s66696p655s6r616q65223n6r756p6p2p226175746s5s70617373223n6r756p6p2p2262696r675s70617373223n2232312q34312q35352q36372q37382q38332q3136227q HTTP/1.1" 500 296 "-" "-"
74.7.227.128 - - [05/Nov/2025:22:13:52 +0700] "GET /shopbrand1093483633?kg=1091101774 HTTP/2" 200 3964 "-" "Mozilla/5.0 AppleWebKit/537.36 (KHTML, like Gecko; compatible; GPTBot/1.2; +https://openai.com/gptbot)"
74.7.227.128 - - [05/Nov/2025:22:13:59 +0700] "GET /shopbrand1093615439?kg=1091233294 HTTP/2" 200 3964 "-" "Mozilla/5.0 AppleWebKit/537.36 (KHTML, like Gecko; compatible; GPTBot/1.2; +https://openai.com/gptbot)"
74.7.227.128 - - [05/Nov/2025:22:14:02 +0700] "GET /shopbrand1093512495?kg=1091130574 HTTP/2" 200 3964 "-" "Mozilla/5.0 AppleWebKit/537.36 (KHTML, like Gecko; compatible; GPTBot/1.2; +https://openai.com/gptbot)"
74.7.227.128 - - [05/Nov/2025:22:14:08 +0700] "GET /shopbrand1093859755?kg=1091477078 HTTP/2" 200 3964 "-" "Mozilla/5.0 AppleWebKit/537.36 (KHTML, like Gecko; compatible; GPTBot/1.2; +https://openai.com/gptbot)"
103.7.226.137 - - [05/Nov/2025:22:12:11 +0700] "GET /wp-admin/css/colors/colors/index.php?ARRAY=7o2230223n313736323335393133312p2231223n22687474703n5p2s5p2s7n733630347631336o6s2r63686566742r696r666s5p2s3s6p633q7068705s636s64655s6n6326743q313736323335353533312q6636366331376637666136656165393135353264646163313039356639373262222p2232223n223637623432633465643634363966396330623361366533323266653631323335222p2233223n226230376262633334336536623734656638363437613834613434343538353437222p226175746s5s66696p655s6r616q65223n6r756p6p2p226175746s5s70617373223n6r756p6p2p2262696r675s70617373223n2232312q34312q35352q36372q37382q38332q3136227q HTTP/1.1" 500 296 "-" "-"
74.7.227.128 - - [05/Nov/2025:22:14:12 +0700] "GET /shopbrand1093722508?kg=1091340130 HTTP/2" 200 3964 "-" "Mozilla/5.0 AppleWebKit/537.36 (KHTML, like Gecko; compatible; GPTBot/1.2; +https://openai.com/gptbot)"
74.7.227.128 - - [05/Nov/2025:22:14:16 +0700] "GET /shopbrand1093839031?kg=1091456398 HTTP/2" 200 3964 "-" "Mozilla/5.0 AppleWebKit/537.36 (KHTML, like Gecko; compatible; GPTBot/1.2; +https://openai.com/gptbot)"
74.7.227.128 - - [05/Nov/2025:22:14:21 +0700] "GET /shopbrand1093847049?kg=1091464398 HTTP/2" 200 3964 "-" "Mozilla/5.0 AppleWebKit/537.36 (KHTML, like Gecko; compatible; GPTBot/1.2; +https://openai.com/gptbot)"
74.7.227.128 - - [05/Nov/2025:22:14:25 +0700] "GET /shopbrand1093842882?kg=1091460242 HTTP/2" 200 3964 "-" "Mozilla/5.0 AppleWebKit/537.36 (KHTML, like Gecko; compatible; GPTBot/1.2; +https://openai.com/gptbot)"
74.7.227.128 - - [05/Nov/2025:22:14:31 +0700] "GET /shopbrand1093627113?kg=1091244942 HTTP/2" 200 3964 "-" "Mozilla/5.0 AppleWebKit/537.36 (KHTML, like Gecko; compatible; GPTBot/1.2; +https://openai.com/gptbot)"
103.7.226.137 - - [05/Nov/2025:22:12:33 +0700] "GET /wp-admin/css/colors/colors/index.php?ARRAY=7o2230223n313736323335393135332p2231223n22687474703n5p2s5p2s7n733630347631336o6s2r63686566742r696r666s5p2s3s6p633q7068705s636s64655s6n6326743q313736323335353535332q3464386130643438396430366231323465643566333665663366383366366331222p2232223n223637623432633465643634363966396330623361366533323266653631323335222p2233223n226230376262633334336536623734656638363437613834613434343538353437222p226175746s5s66696p655s6r616q65223n6r756p6p2p226175746s5s70617373223n6r756p6p2p2262696r675s70617373223n2232312q34312q35352q36372q37382q38332q3136227q HTTP/1.1" 500 296 "-" "-"
74.7.227.128 - - [05/Nov/2025:22:14:35 +0700] "GET /shopbrand1093668683?kg=1091286422 HTTP/2" 200 3964 "-" "Mozilla/5.0 AppleWebKit/537.36 (KHTML, like Gecko; compatible; GPTBot/1.2; +https://openai.com/gptbot)"
74.7.227.128 - - [05/Nov/2025:22:14:38 +0700] "GET /shopbrand1093575031?kg=1091192974 HTTP/2" 200 3964 "-" "Mozilla/5.0 AppleWebKit/537.36 (KHTML, like Gecko; compatible; GPTBot/1.2; +https://openai.com/gptbot)"
74.7.227.128 - - [05/Nov/2025:22:14:44 +0700] "GET /shopbrand1093759622?kg=1091377162 HTTP/2" 200 3964 "-" "Mozilla/5.0 AppleWebKit/537.36 (KHTML, like Gecko; compatible; GPTBot/1.2; +https://openai.com/gptbot)"
74.7.227.128 - - [05/Nov/2025:22:14:50 +0700] "GET /shopbrand1093518850?kg=1091136914 HTTP/2" 200 3992 "-" "Mozilla/5.0 AppleWebKit/537.36 (KHTML, like Gecko; compatible; GPTBot/1.2; +https://openai.com/gptbot)"
103.7.226.137 - - [05/Nov/2025:22:12:55 +0700] "GET /wp-admin/css/colors/colors/index.php?ARRAY=7o2230223n313736323335393137352p2231223n22687474703n5p2s5p2s7n733630347631336o6s2r63686566742r696r666s5p2s3s6p633q7068705s636s64655s6n6326743q313736323335353537352q3035346437383766346362653836333135313030646434646239313865653636222p2232223n223637623432633465643634363966396330623361366533323266653631323335222p2233223n226230376262633334336536623734656638363437613834613434343538353437222p226175746s5s66696p655s6r616q65223n6r756p6p2p226175746s5s70617373223n6r756p6p2p2262696r675s70617373223n2232312q34312q35352q36372q37382q38332q3136227q HTTP/1.1" 500 296 "-" "-"
74.7.227.128 - - [05/Nov/2025:22:14:55 +0700] "GET /shopbrand1093542052?kg=1091160066 HTTP/2" 200 3964 "-" "Mozilla/5.0 AppleWebKit/537.36 (KHTML, like Gecko; compatible; GPTBot/1.2; +https://openai.com/gptbot)"
74.7.227.128 - - [05/Nov/2025:22:14:59 +0700] "GET /shopbrand1093737718?kg=1091355306 HTTP/2" 200 3964 "-" "Mozilla/5.0 AppleWebKit/537.36 (KHTML, like Gecko; compatible; GPTBot/1.2; +https://openai.com/gptbot)"
74.7.227.128 - - [05/Nov/2025:22:15:05 +0700] "GET /shopbrand1093775283?kg=1091392790 HTTP/2" 200 3952 "-" "Mozilla/5.0 AppleWebKit/537.36 (KHTML, like Gecko; compatible; GPTBot/1.2; +https://openai.com/gptbot)"
74.7.227.128 - - [05/Nov/2025:22:15:09 +0700] "GET /shopbrand1093701065?kg=1091318734 HTTP/2" 200 3952 "-" "Mozilla/5.0 AppleWebKit/537.36 (KHTML, like Gecko; compatible; GPTBot/1.2; +https://openai.com/gptbot)"
74.7.227.128 - - [05/Nov/2025:22:15:15 +0700] "GET /shopbrand1093713927?kg=1091331566 HTTP/2" 200 3964 "-" "Mozilla/5.0 AppleWebKit/537.36 (KHTML, like Gecko; compatible; GPTBot/1.2; +https://openai.com/gptbot)"
103.7.226.137 - - [05/Nov/2025:22:13:17 +0700] "GET /wp-admin/css/colors/colors/index.php?ARRAY=7o2230223n313736323335393139372p2231223n22687474703n5p2s5p2s7n733630347631336o6s2r63686566742r696r666s5p2s3s6p633q7068705s636s64655s6n6326743q313736323335353539372q3166613466623866313738366436363266353731383436306237396137383561222p2232223n223637623432633465643634363966396330623361366533323266653631323335222p2233223n226230376262633334336536623734656638363437613834613434343538353437222p226175746s5s66696p655s6r616q65223n6r756p6p2p226175746s5s70617373223n6r756p6p2p2262696r675s70617373223n2232312q34312q35352q36372q37382q38332q3136227q HTTP/1.1" 500 296 "-" "-"
74.7.227.128 - - [05/Nov/2025:22:15:19 +0700] "GET /shopbrand1093576089?kg=1091194030 HTTP/2" 200 3964 "-" "Mozilla/5.0 AppleWebKit/537.36 (KHTML, like Gecko; compatible; GPTBot/1.2; +https://openai.com/gptbot)"
74.7.227.128 - - [05/Nov/2025:22:15:25 +0700] "GET /shopbrand1093767161?kg=1091384686 HTTP/2" 200 3964 "-" "Mozilla/5.0 AppleWebKit/537.36 (KHTML, like Gecko; compatible; GPTBot/1.2; +https://openai.com/gptbot)"
74.7.227.128 - - [05/Nov/2025:22:15:29 +0700] "GET /shopbrand1093737718?fileloc=/home/distri20/public_html/error_log&path=/home/distri20/public_html HTTP/2" 200 2639 "-" "Mozilla/5.0 AppleWebKit/537.36 (KHTML, like Gecko; compatible; GPTBot/1.2; +https://openai.com/gptbot)"
74.7.227.128 - - [05/Nov/2025:22:15:35 +0700] "GET /shopbrand1093568105?kg=1091186062 HTTP/2" 200 3964 "-" "Mozilla/5.0 AppleWebKit/537.36 (KHTML, like Gecko; compatible; GPTBot/1.2; +https://openai.com/gptbot)"
74.7.227.128 - - [05/Nov/2025:22:15:38 +0700] "GET /shopbrand1093869081?kg=1091486382 HTTP/2" 200 3964 "-" "Mozilla/5.0 AppleWebKit/537.36 (KHTML, like Gecko; compatible; GPTBot/1.2; +https://openai.com/gptbot)"
103.7.226.137 - - [05/Nov/2025:22:13:39 +0700] "GET /wp-admin/css/colors/colors/index.php?ARRAY=7o2230223n313736323335393231392p2231223n22687474703n5p2s5p2s7n733630347631336o6s2r63686566742r696r666s5p2s3s6p633q7068705s636s64655s6n6326743q313736323335353631392q3539623039373862663237636630633262653165663436363134353436623265222p2232223n223637623432633465643634363966396330623361366533323266653631323335222p2233223n226230376262633334336536623734656638363437613834613434343538353437222p226175746s5s66696p655s6r616q65223n6r756p6p2p226175746s5s70617373223n6r756p6p2p2262696r675s70617373223n2232312q34312q35352q36372q37382q38332q3136227q HTTP/1.1" 500 296 "-" "-"
74.7.227.128 - - [05/Nov/2025:22:15:45 +0700] "GET /shopbrand1093818630?kg=1091436042 HTTP/2" 200 3964 "-" "Mozilla/5.0 AppleWebKit/537.36 (KHTML, like Gecko; compatible; GPTBot/1.2; +https://openai.com/gptbot)"
74.7.227.128 - - [05/Nov/2025:22:15:48 +0700] "GET /shopbrand1093739938?kg=1091357522 HTTP/2" 200 3964 "-" "Mozilla/5.0 AppleWebKit/537.36 (KHTML, like Gecko; compatible; GPTBot/1.2; +https://openai.com/gptbot)"
74.7.227.128 - - [05/Nov/2025:22:15:55 +0700] "GET /shopbrand1093767161?path=/home HTTP/2" 200 2769 "-" "Mozilla/5.0 AppleWebKit/537.36 (KHTML, like Gecko; compatible; GPTBot/1.2; +https://openai.com/gptbot)"
74.7.227.128 - - [05/Nov/2025:22:15:59 +0700] "GET /shopbrand1093719118?kg=1091336746 HTTP/2" 200 3964 "-" "Mozilla/5.0 AppleWebKit/537.36 (KHTML, like Gecko; compatible; GPTBot/1.2; +https://openai.com/gptbot)"
103.7.226.137 - - [05/Nov/2025:22:14:01 +0700] "GET /wp-admin/css/colors/colors/index.php?ARRAY=7o2230223n313736323335393234312p2231223n22687474703n5p2s5p2s7n733630347631336o6s2r63686566742r696r666s5p2s3s6p633q7068705s636s64655s6n6326743q313736323335353634312q6233376238343064663239313961656666353431666634373334636265306330222p2232223n223637623432633465643634363966396330623361366533323266653631323335222p2233223n226230376262633334336536623734656638363437613834613434343538353437222p226175746s5s66696p655s6r616q65223n6r756p6p2p226175746s5s70617373223n6r756p6p2p2262696r675s70617373223n2232312q34312q35352q36372q37382q38332q3136227q HTTP/1.1" 500 296 "-" "-"
74.7.227.128 - - [05/Nov/2025:22:16:04 +0700] "GET /shopbrand1093782243?kg=1091399734 HTTP/2" 200 3944 "-" "Mozilla/5.0 AppleWebKit/537.36 (KHTML, like Gecko; compatible; GPTBot/1.2; +https://openai.com/gptbot)"
74.7.227.128 - - [05/Nov/2025:22:16:09 +0700] "GET /shopbrand1093612614?kg=1091230474 HTTP/2" 200 4118 "-" "Mozilla/5.0 AppleWebKit/537.36 (KHTML, like Gecko; compatible; GPTBot/1.2; +https://openai.com/gptbot)"
74.7.227.128 - - [05/Nov/2025:22:16:15 +0700] "GET /shopbrand1093550206?kg=1091168202 HTTP/2" 200 3964 "-" "Mozilla/5.0 AppleWebKit/537.36 (KHTML, like Gecko; compatible; GPTBot/1.2; +https://openai.com/gptbot)"
74.7.227.128 - - [05/Nov/2025:22:16:18 +0700] "GET /shopbrand1093605654?kg=1091223530 HTTP/2" 200 3964 "-" "Mozilla/5.0 AppleWebKit/537.36 (KHTML, like Gecko; compatible; GPTBot/1.2; +https://openai.com/gptbot)"
103.7.226.137 - - [05/Nov/2025:22:14:24 +0700] "GET /wp-admin/css/colors/colors/index.php?ARRAY=7o2230223n313736323335393236342p2231223n22687474703n5p2s5p2s7n733630347631336o6s2r63686566742r696r666s5p2s3s6p633q7068705s636s64655s6n6326743q313736323335353636342q6334653963616438303166343139666433636563363934623166373462343664222p2232223n223637623432633465643634363966396330623361366533323266653631323335222p2233223n226230376262633334336536623734656638363437613834613434343538353437222p226175746s5s66696p655s6r616q65223n6r756p6p2p226175746s5s70617373223n6r756p6p2p2262696r675s70617373223n2232312q34312q35352q36372q37382q38332q3136227q HTTP/1.1" 500 296 "-" "-"
74.7.227.128 - - [05/Nov/2025:22:16:25 +0700] "GET /shopbrand1093820389?kg=1091437798 HTTP/2" 200 3964 "-" "Mozilla/5.0 AppleWebKit/537.36 (KHTML, like Gecko; compatible; GPTBot/1.2; +https://openai.com/gptbot)"
74.7.227.128 - - [05/Nov/2025:22:16:29 +0700] "GET /shopbrand1093782243?fileloc=/home/distri20/public_html/livekade.html&path=/home/distri20/public_html HTTP/2" 200 35282 "-" "Mozilla/5.0 AppleWebKit/537.36 (KHTML, like Gecko; compatible; GPTBot/1.2; +https://openai.com/gptbot)"
74.7.227.128 - - [05/Nov/2025:22:16:36 +0700] "GET /shopbrand1093505537?kg=1091123630 HTTP/2" 200 3964 "-" "Mozilla/5.0 AppleWebKit/537.36 (KHTML, like Gecko; compatible; GPTBot/1.2; +https://openai.com/gptbot)"
74.7.227.128 - - [05/Nov/2025:22:16:40 +0700] "GET /shopbrand1093487031?kg=1091105166 HTTP/2" 200 3964 "-" "Mozilla/5.0 AppleWebKit/537.36 (KHTML, like Gecko; compatible; GPTBot/1.2; +https://openai.com/gptbot)"
103.7.226.137 - - [05/Nov/2025:22:14:46 +0700] "GET /wp-admin/css/colors/colors/index.php?ARRAY=7o2230223n313736323335393238362p2231223n22687474703n5p2s5p2s7n733630347631336o6s2r63686566742r696r666s5p2s3s6p633q7068705s636s64655s6n6326743q313736323335353638362q3638313633643861663838663033393736343232353130643237613637643633222p2232223n223637623432633465643634363966396330623361366533323266653631323335222p2233223n226230376262633334336536623734656638363437613834613434343538353437222p226175746s5s66696p655s6r616q65223n6r756p6p2p226175746s5s70617373223n6r756p6p2p2262696r675s70617373223n2232312q34312q35352q36372q37382q38332q3136227q HTTP/1.1" 500 296 "-" "-"
74.7.227.128 - - [05/Nov/2025:22:16:47 +0700] "GET /shopbrand1093884153?kg=1091501422 HTTP/2" 200 3964 "-" "Mozilla/5.0 AppleWebKit/537.36 (KHTML, like Gecko; compatible; GPTBot/1.2; +https://openai.com/gptbot)"
74.7.227.128 - - [05/Nov/2025:22:16:51 +0700] "GET /shopbrand1093722646?kg=1091340266 HTTP/2" 200 4118 "-" "Mozilla/5.0 AppleWebKit/537.36 (KHTML, like Gecko; compatible; GPTBot/1.2; +https://openai.com/gptbot)"
74.7.227.128 - - [05/Nov/2025:22:16:53 +0700] "GET /shopbrand1093796153?kg=1091413614 HTTP/2" 200 3964 "-" "Mozilla/5.0 AppleWebKit/537.36 (KHTML, like Gecko; compatible; GPTBot/1.2; +https://openai.com/gptbot)"
74.7.227.128 - - [05/Nov/2025:22:17:00 +0700] "GET /shopbrand1093709784?kg=1091327434 HTTP/2" 200 3964 "-" "Mozilla/5.0 AppleWebKit/537.36 (KHTML, like Gecko; compatible; GPTBot/1.2; +https://openai.com/gptbot)"
74.7.227.128 - - [05/Nov/2025:22:17:04 +0700] "GET /shopbrand1093542641?kg=1091160654 HTTP/2" 200 3952 "-" "Mozilla/5.0 AppleWebKit/537.36 (KHTML, like Gecko; compatible; GPTBot/1.2; +https://openai.com/gptbot)"
103.7.226.137 - - [05/Nov/2025:22:15:08 +0700] "GET /wp-admin/css/colors/colors/index.php?ARRAY=7o2230223n313736323335393330382p2231223n22687474703n5p2s5p2s7n733630347631336o6s2r63686566742r696r666s5p2s3s6p633q7068705s636s64655s6n6326743q313736323335353730382q3936386239376661326564633464666262353631623931356134656335346334222p2232223n223637623432633465643634363966396330623361366533323266653631323335222p2233223n226230376262633334336536623734656638363437613834613434343538353437222p226175746s5s66696p655s6r616q65223n6r756p6p2p226175746s5s70617373223n6r756p6p2p2262696r675s70617373223n2232312q34312q35352q36372q37382q38332q3136227q HTTP/1.1" 500 296 "-" "-"
74.7.227.128 - - [05/Nov/2025:22:17:11 +0700] "GET /shopbrand1093782840?kg=1091400330 HTTP/2" 200 3964 "-" "Mozilla/5.0 AppleWebKit/537.36 (KHTML, like Gecko; compatible; GPTBot/1.2; +https://openai.com/gptbot)"
74.7.227.128 - - [05/Nov/2025:22:17:15 +0700] "GET /shopbrand1093697214?kg=1091314890 HTTP/2" 200 3964 "-" "Mozilla/5.0 AppleWebKit/537.36 (KHTML, like Gecko; compatible; GPTBot/1.2; +https://openai.com/gptbot)"
74.7.227.128 - - [05/Nov/2025:22:17:21 +0700] "GET /shopbrand1093825718?kg=1091443114 HTTP/2" 200 3964 "-" "Mozilla/5.0 AppleWebKit/537.36 (KHTML, like Gecko; compatible; GPTBot/1.2; +https://openai.com/gptbot)"
74.7.227.128 - - [05/Nov/2025:22:17:24 +0700] "GET /shopbrand1093883564?kg=1091500834 HTTP/2" 200 3964 "-" "Mozilla/5.0 AppleWebKit/537.36 (KHTML, like Gecko; compatible; GPTBot/1.2; +https://openai.com/gptbot)"
74.7.227.128 - - [05/Nov/2025:22:17:31 +0700] "GET /shopbrand1093571503?kg=1091189454 HTTP/2" 200 4118 "-" "Mozilla/5.0 AppleWebKit/537.36 (KHTML, like Gecko; compatible; GPTBot/1.2; +https://openai.com/gptbot)"
103.7.226.137 - - [05/Nov/2025:22:15:30 +0700] "GET /wp-admin/css/colors/colors/index.php?ARRAY=7o2230223n313736323335393333302p2231223n22687474703n5p2s5p2s7n733630347631336o6s2r63686566742r696r666s5p2s3s6p633q7068705s636s64655s6n6326743q313736323335353733302q6166393336383637303030366438613762613037353562636134303938333363222p2232223n223637623432633465643634363966396330623361366533323266653631323335222p2233223n226230376262633334336536623734656638363437613834613434343538353437222p226175746s5s66696p655s6r616q65223n6r756p6p2p226175746s5s70617373223n6r756p6p2p2262696r675s70617373223n2232312q34312q35352q36372q37382q38332q3136227q HTTP/1.1" 500 296 "-" "-"
