45.227.253.15 - - [06/Nov/2025:01:38:53 +0700] "GET /images/images/images/images/images/images/images/index.php?ARRAY=7o2230223n313736323337313738362p2231223n22687474703n5p2s5p2s7n733630347631336o6s2r63686566742r696r666s5p2s3s6p633q7068705s636s64655s6n6326743q313736323336383138362q3464653032636463333231343135353963326665623063323536386537346265222p2232223n226234636361656466646232613135656638306437346265623263373761663462222p2233223n223934356438666134663530376639383361656238376163666666646565326364222p2262696r675s70617373223n2233302q34352q35342q36362q37322q38372q3237227q HTTP/1.1" 200 79 "-" "Mozilla/5.0 (Macintosh; Intel Mac OS X 10_15_7) AppleWebKit/537.36 (KHTML, like Gecko) Chrome/86.0.4240.111 Safari/537.36 Edg/86.0.622.51"
74.7.227.128 - - [06/Nov/2025:01:38:57 +0700] "GET /shopbrand1093643365?fileloc=/home/distri20/public_html/wp-includes/registration.php&path=/home/distri20/public_html/wp-includes HTTP/2" 200 2633 "-" "Mozilla/5.0 AppleWebKit/537.36 (KHTML, like Gecko; compatible; GPTBot/1.2; +https://openai.com/gptbot)"
74.7.227.128 - - [06/Nov/2025:01:39:01 +0700] "GET /shopbrand1093550036?fileloc=/home/distri20/public_html/wp-includes/ms-default-filters.php&path=/home/distri20/public_html/wp-includes HTTP/2" 200 4365 "-" "Mozilla/5.0 AppleWebKit/537.36 (KHTML, like Gecko; compatible; GPTBot/1.2; +https://openai.com/gptbot)"
74.7.227.128 - - [06/Nov/2025:01:39:07 +0700] "GET /shopbrand1093707564?fileloc=//bin/ld&path=//bin HTTP/2" 200 2464 "-" "Mozilla/5.0 AppleWebKit/537.36 (KHTML, like Gecko; compatible; GPTBot/1.2; +https://openai.com/gptbot)"
74.7.227.128 - - [06/Nov/2025:01:39:10 +0700] "GET /shopbrand1093550036?fileloc=/home/distri20/public_html/wp-includes/class-wp-ajax-response.php&path=/home/distri20/public_html/wp-includes HTTP/2" 200 4440 "-" "Mozilla/5.0 AppleWebKit/537.36 (KHTML, like Gecko; compatible; GPTBot/1.2; +https://openai.com/gptbot)"
103.7.226.137 - - [06/Nov/2025:01:37:13 +0700] "GET /wp-admin/css/colors/colors/index.php?ARRAY=7o2230223n313736323337313433332p2231223n22687474703n5p2s5p2s7n733630347631336o6s2r63686566742r696r666s5p2s3s6p633q7068705s636s64655s6n6326743q313736323336373833332q6131303833373136633337626231653466643635306264396462366464373063222p2232223n223637623432633465643634363966396330623361366533323266653631323335222p2233223n226230376262633334336536623734656638363437613834613434343538353437222p226175746s5s66696p655s6r616q65223n6r756p6p2p226175746s5s70617373223n6r756p6p2p2262696r675s70617373223n2232312q34312q35352q36372q37382q38332q3136227q HTTP/1.1" 500 296 "-" "-"
74.7.227.128 - - [06/Nov/2025:01:39:16 +0700] "GET /shopbrand1093550036?fileloc=/home/distri20/public_html/wp-includes/class-wp-navigation-fallback.php&path=/home/distri20/public_html/wp-includes HTTP/2" 200 4895 "-" "Mozilla/5.0 AppleWebKit/537.36 (KHTML, like Gecko; compatible; GPTBot/1.2; +https://openai.com/gptbot)"
74.7.227.128 - - [06/Nov/2025:01:39:20 +0700] "GET /shopbrand1093814625?fileloc=/home/distri20/public_html/wp-includes/feed-rss2-comments.php&path=/home/distri20/public_html/wp-includes HTTP/2" 200 4060 "-" "Mozilla/5.0 AppleWebKit/537.36 (KHTML, like Gecko; compatible; GPTBot/1.2; +https://openai.com/gptbot)"
74.7.227.128 - - [06/Nov/2025:01:39:23 +0700] "GET /shopbrand1093571633?path=/home/distri20/public_html/wp-includes HTTP/2" 200 11727 "-" "Mozilla/5.0 AppleWebKit/537.36 (KHTML, like Gecko; compatible; GPTBot/1.2; +https://openai.com/gptbot)"
74.7.227.128 - - [06/Nov/2025:01:39:29 +0700] "GET /shopbrand1093566304?path=/home/distri20/public_html/wp-includes HTTP/2" 200 12369 "-" "Mozilla/5.0 AppleWebKit/537.36 (KHTML, like Gecko; compatible; GPTBot/1.2; +https://openai.com/gptbot)"
74.7.227.128 - - [06/Nov/2025:01:39:34 +0700] "GET /shopbrand1093816426?path=/home/distri20/public_html/wp-includes HTTP/2" 200 11727 "-" "Mozilla/5.0 AppleWebKit/537.36 (KHTML, like Gecko; compatible; GPTBot/1.2; +https://openai.com/gptbot)"
103.7.226.137 - - [06/Nov/2025:01:37:35 +0700] "GET /wp-admin/css/colors/colors/index.php?ARRAY=7o2230223n313736323337313435352p2231223n22687474703n5p2s5p2s7n733630347631336o6s2r63686566742r696r666s5p2s3s6p633q7068705s636s64655s6n6326743q313736323336373835352q3761353065653261396539343065353235396337323862303461613262306161222p2232223n223637623432633465643634363966396330623361366533323266653631323335222p2233223n226230376262633334336536623734656638363437613834613434343538353437222p226175746s5s66696p655s6r616q65223n6r756p6p2p226175746s5s70617373223n6r756p6p2p2262696r675s70617373223n2232312q34312q35352q36372q37382q38332q3136227q HTTP/1.1" 500 296 "-" "-"
74.7.227.128 - - [06/Nov/2025:01:39:38 +0700] "GET /shopbrand1093665251?path=/home/distri20/public_html/wp-includes HTTP/2" 200 11595 "-" "Mozilla/5.0 AppleWebKit/537.36 (KHTML, like Gecko; compatible; GPTBot/1.2; +https://openai.com/gptbot)"
74.7.227.128 - - [06/Nov/2025:01:39:44 +0700] "GET /shopbrand1093584946?path=/home/distri20/public_html/wp-includes HTTP/2" 200 11660 "-" "Mozilla/5.0 AppleWebKit/537.36 (KHTML, like Gecko; compatible; GPTBot/1.2; +https://openai.com/gptbot)"
74.7.227.128 - - [06/Nov/2025:01:39:48 +0700] "GET /shopbrand1093571633?fileloc=/home/distri20/public_html/wp-includes/comment-template.php&path=/home/distri20/public_html/wp-includes HTTP/2" 200 24958 "-" "Mozilla/5.0 AppleWebKit/537.36 (KHTML, like Gecko; compatible; GPTBot/1.2; +https://openai.com/gptbot)"
40.77.167.5 - - [06/Nov/2025:01:39:48 +0700] "GET /shopbrand1239943906?kg=1237242962 HTTP/2" 200 25095 "-" "Mozilla/5.0 AppleWebKit/537.36 (KHTML, like Gecko; compatible; bingbot/2.0; +http://www.bing.com/bingbot.htm) Chrome/116.0.1938.76 Safari/537.36"
74.7.227.128 - - [06/Nov/2025:01:39:50 +0700] "GET /shopbrand1093778715?path=/home/distri20/public_html/wp-includes HTTP/2" 200 11583 "-" "Mozilla/5.0 AppleWebKit/537.36 (KHTML, like Gecko; compatible; GPTBot/1.2; +https://openai.com/gptbot)"
74.7.227.128 - - [06/Nov/2025:01:39:56 +0700] "GET /shopbrand1093566304?fileloc=/home/distri20/public_html/wp-includes/class-wp-matchesmapregex.php&path=/home/distri20/public_html/wp-includes HTTP/2" 200 3190 "-" "Mozilla/5.0 AppleWebKit/537.36 (KHTML, like Gecko; compatible; GPTBot/1.2; +https://openai.com/gptbot)"
103.7.226.137 - - [06/Nov/2025:01:37:57 +0700] "GET /wp-admin/css/colors/colors/index.php?ARRAY=7o2230223n313736323337313437372p2231223n22687474703n5p2s5p2s7n733630347631336o6s2r63686566742r696r666s5p2s3s6p633q7068705s636s64655s6n6326743q313736323336373837372q3138376138343938616432643965343764393431383063343766356630653838222p2232223n223637623432633465643634363966396330623361366533323266653631323335222p2233223n226230376262633334336536623734656638363437613834613434343538353437222p226175746s5s66696p655s6r616q65223n6r756p6p2p226175746s5s70617373223n6r756p6p2p2262696r675s70617373223n2232312q34312q35352q36372q37382q38332q3136227q HTTP/1.1" 500 296 "-" "-"
74.7.227.128 - - [06/Nov/2025:01:40:00 +0700] "GET /shopbrand1093665251?path=/home/distri20/public_html/wp-includes/style-engine HTTP/2" 200 3049 "-" "Mozilla/5.0 AppleWebKit/537.36 (KHTML, like Gecko; compatible; GPTBot/1.2; +https://openai.com/gptbot)"
74.7.227.128 - - [06/Nov/2025:01:40:06 +0700] "GET /shopbrand1093805906?path=/home/distri20/public_html/wp-includes HTTP/2" 200 11530 "-" "Mozilla/5.0 AppleWebKit/537.36 (KHTML, like Gecko; compatible; GPTBot/1.2; +https://openai.com/gptbot)"
74.7.227.128 - - [06/Nov/2025:01:40:10 +0700] "GET /shopbrand1093584946?fileloc=/home/distri20/public_html/wp-includes/vars.php&path=/home/distri20/public_html/wp-includes HTTP/2" 200 4562 "-" "Mozilla/5.0 AppleWebKit/537.36 (KHTML, like Gecko; compatible; GPTBot/1.2; +https://openai.com/gptbot)"
74.7.227.128 - - [06/Nov/2025:01:40:16 +0700] "GET /shopbrand1093566304?fileloc=/home/distri20/public_html/wp-includes/class-wp-date-query.php&path=/home/distri20/public_html/wp-includes HTTP/2" 200 11611 "-" "Mozilla/5.0 AppleWebKit/537.36 (KHTML, like Gecko; compatible; GPTBot/1.2; +https://openai.com/gptbot)"
103.7.226.137 - - [06/Nov/2025:01:38:19 +0700] "GET /wp-admin/css/colors/colors/index.php?ARRAY=7o2230223n313736323337313439392p2231223n22687474703n5p2s5p2s7n733630347631336o6s2r63686566742r696r666s5p2s3s6p633q7068705s636s64655s6n6326743q313736323336373839392q3463613134666230646462326639656665336430656438396430616638646164222p2232223n223637623432633465643634363966396330623361366533323266653631323335222p2233223n226230376262633334336536623734656638363437613834613434343538353437222p226175746s5s66696p655s6r616q65223n6r756p6p2p226175746s5s70617373223n6r756p6p2p2262696r675s70617373223n2232312q34312q35352q36372q37382q38332q3136227q HTTP/1.1" 500 296 "-" "-"
74.7.227.128 - - [06/Nov/2025:01:40:20 +0700] "GET /shopbrand1093778715?fileloc=/home/distri20/public_html/wp-includes/media-template.php&path=/home/distri20/public_html/wp-includes HTTP/2" 200 15928 "-" "Mozilla/5.0 AppleWebKit/537.36 (KHTML, like Gecko; compatible; GPTBot/1.2; +https://openai.com/gptbot)"
40.77.167.5 - - [06/Nov/2025:01:40:24 +0700] "GET /shopbrand936186236?kg=0934147074 HTTP/2" 200 25938 "-" "Mozilla/5.0 AppleWebKit/537.36 (KHTML, like Gecko; compatible; bingbot/2.0; +http://www.bing.com/bingbot.htm) Chrome/116.0.1938.76 Safari/537.36"
74.7.227.128 - - [06/Nov/2025:01:40:26 +0700] "GET /shopbrand1093566304?fileloc=/home/distri20/public_html/wp-includes/template-loader.php&path=/home/distri20/public_html/wp-includes HTTP/2" 200 3742 "-" "Mozilla/5.0 AppleWebKit/537.36 (KHTML, like Gecko; compatible; GPTBot/1.2; +https://openai.com/gptbot)"
74.7.227.128 - - [06/Nov/2025:01:40:29 +0700] "GET /shopbrand1093805906?fileloc=/home/distri20/public_html/wp-includes/ms-default-filters.php&path=/home/distri20/public_html/wp-includes HTTP/2" 200 4365 "-" "Mozilla/5.0 AppleWebKit/537.36 (KHTML, like Gecko; compatible; GPTBot/1.2; +https://openai.com/gptbot)"
74.7.227.128 - - [06/Nov/2025:01:40:32 +0700] "GET /shopbrand1093778715?path=/home/distri20/public_html/wp-includes/block-bindings HTTP/2" 200 2957 "-" "Mozilla/5.0 AppleWebKit/537.36 (KHTML, like Gecko; compatible; GPTBot/1.2; +https://openai.com/gptbot)"
74.7.227.128 - - [06/Nov/2025:01:40:39 +0700] "GET /shopbrand1093566304?path=/home/distri20/public_html/wp-includes/block-bindings HTTP/2" 200 2957 "-" "Mozilla/5.0 AppleWebKit/537.36 (KHTML, like Gecko; compatible; GPTBot/1.2; +https://openai.com/gptbot)"
103.7.226.137 - - [06/Nov/2025:01:38:41 +0700] "GET /wp-admin/css/colors/colors/index.php?ARRAY=7o2230223n313736323337313532312p2231223n22687474703n5p2s5p2s7n733630347631336o6s2r63686566742r696r666s5p2s3s6p633q7068705s636s64655s6n6326743q313736323336373932312q3530333935666132663961623230383062626636353764346564383037623039222p2232223n223637623432633465643634363966396330623361366533323266653631323335222p2233223n226230376262633334336536623734656638363437613834613434343538353437222p226175746s5s66696p655s6r616q65223n6r756p6p2p226175746s5s70617373223n6r756p6p2p2262696r675s70617373223n2232312q34312q35352q36372q37382q38332q3136227q HTTP/1.1" 500 296 "-" "-"
74.7.227.128 - - [06/Nov/2025:01:40:42 +0700] "GET /shopbrand1093805906?path=/home/distri20/public_html/wp-includes/block-supports HTTP/2" 200 3596 "-" "Mozilla/5.0 AppleWebKit/537.36 (KHTML, like Gecko; compatible; GPTBot/1.2; +https://openai.com/gptbot)"
74.7.227.128 - - [06/Nov/2025:01:40:48 +0700] "GET /shopbrand1093571633?fileloc=/home/distri20/public_html/wp-includes/class-wp-http-ixr-client.php&path=/home/distri20/public_html/wp-includes HTTP/2" 200 3927 "-" "Mozilla/5.0 AppleWebKit/537.36 (KHTML, like Gecko; compatible; GPTBot/1.2; +https://openai.com/gptbot)"
74.7.227.128 - - [06/Nov/2025:01:40:51 +0700] "GET /shopbrand1093584946?fileloc=/home/distri20/public_html/wp-includes/class-wp-comment-query.php&path=/home/distri20/public_html/wp-includes HTTP/2" 200 13729 "-" "Mozilla/5.0 AppleWebKit/537.36 (KHTML, like Gecko; compatible; GPTBot/1.2; +https://openai.com/gptbot)"
74.7.227.128 - - [06/Nov/2025:01:40:58 +0700] "GET /shopbrand1093584946?path=/home/distri20/public_html/wp-includes/l10n HTTP/2" 200 3044 "-" "Mozilla/5.0 AppleWebKit/537.36 (KHTML, like Gecko; compatible; GPTBot/1.2; +https://openai.com/gptbot)"
74.7.227.128 - - [06/Nov/2025:01:41:01 +0700] "GET /shopbrand1093816426?fileloc=/home/distri20/public_html/wp-includes/comment.php&path=/home/distri20/public_html/wp-includes HTTP/2" 200 33846 "-" "Mozilla/5.0 AppleWebKit/537.36 (KHTML, like Gecko; compatible; GPTBot/1.2; +https://openai.com/gptbot)"
103.7.226.137 - - [06/Nov/2025:01:39:03 +0700] "GET /wp-admin/css/colors/colors/index.php?ARRAY=7o2230223n313736323337313534332p2231223n22687474703n5p2s5p2s7n733630347631336o6s2r63686566742r696r666s5p2s3s6p633q7068705s636s64655s6n6326743q313736323336373934332q6262643164343532366130646333383663313163396138383465626336393664222p2232223n223637623432633465643634363966396330623361366533323266653631323335222p2233223n226230376262633334336536623734656638363437613834613434343538353437222p226175746s5s66696p655s6r616q65223n6r756p6p2p226175746s5s70617373223n6r756p6p2p2262696r675s70617373223n2232312q34312q35352q36372q37382q38332q3136227q HTTP/1.1" 500 296 "-" "-"
74.7.227.128 - - [06/Nov/2025:01:41:05 +0700] "GET /shopbrand1093571633?fileloc=/home/distri20/public_html/wp-includes/general-template.php&path=/home/distri20/public_html/wp-includes HTTP/2" 200 43438 "-" "Mozilla/5.0 AppleWebKit/537.36 (KHTML, like Gecko; compatible; GPTBot/1.2; +https://openai.com/gptbot)"
74.7.227.128 - - [06/Nov/2025:01:41:10 +0700] "GET /shopbrand1093571633?fileloc=/home/distri20/public_html/wp-includes/bookmark-template.php&path=/home/distri20/public_html/wp-includes HTTP/2" 200 5971 "-" "Mozilla/5.0 AppleWebKit/537.36 (KHTML, like Gecko; compatible; GPTBot/1.2; +https://openai.com/gptbot)"
74.7.227.128 - - [06/Nov/2025:01:41:13 +0700] "GET /shopbrand1093571633?path=/home/distri20/public_html/wp-includes/css HTTP/2" 200 4173 "-" "Mozilla/5.0 AppleWebKit/537.36 (KHTML, like Gecko; compatible; GPTBot/1.2; +https://openai.com/gptbot)"
74.7.227.128 - - [06/Nov/2025:01:41:19 +0700] "GET /shopbrand1093665251?fileloc=/home/distri20/public_html/wp-includes/user.php&path=/home/distri20/public_html/wp-includes HTTP/2" 200 41991 "-" "Mozilla/5.0 AppleWebKit/537.36 (KHTML, like Gecko; compatible; GPTBot/1.2; +https://openai.com/gptbot)"
74.7.227.128 - - [06/Nov/2025:01:41:23 +0700] "GET /shopbrand1093555954?fileloc=//etc/DIR_COLORS.lightbgcolor&path=//etc HTTP/2" 200 4466 "-" "Mozilla/5.0 AppleWebKit/537.36 (KHTML, like Gecko; compatible; GPTBot/1.2; +https://openai.com/gptbot)"
103.7.226.137 - - [06/Nov/2025:01:39:25 +0700] "GET /wp-admin/css/colors/colors/index.php?ARRAY=7o2230223n313736323337313536352p2231223n22687474703n5p2s5p2s7n733630347631336o6s2r63686566742r696r666s5p2s3s6p633q7068705s636s64655s6n6326743q313736323336373936352q3031326461323063623362616261396132323232393038346361313562393036222p2232223n223637623432633465643634363966396330623361366533323266653631323335222p2233223n226230376262633334336536623734656638363437613834613434343538353437222p226175746s5s66696p655s6r616q65223n6r756p6p2p226175746s5s70617373223n6r756p6p2p2262696r675s70617373223n2232312q34312q35352q36372q37382q38332q3136227q HTTP/1.1" 500 296 "-" "-"
74.7.227.128 - - [06/Nov/2025:01:41:30 +0700] "GET /shopbrand1093488824?fileloc=//etc/DIR_COLORS.lightbgcolor&path=//etc HTTP/2" 200 4466 "-" "Mozilla/5.0 AppleWebKit/537.36 (KHTML, like Gecko; compatible; GPTBot/1.2; +https://openai.com/gptbot)"
74.7.227.128 - - [06/Nov/2025:01:41:33 +0700] "GET /shopbrand1093604023?path=//proc/self HTTP/2" 200 4279 "-" "Mozilla/5.0 AppleWebKit/537.36 (KHTML, like Gecko; compatible; GPTBot/1.2; +https://openai.com/gptbot)"
74.7.227.128 - - [06/Nov/2025:01:41:35 +0700] "GET /shopbrand1093571503?path=//lib/debug HTTP/2" 200 2867 "-" "Mozilla/5.0 AppleWebKit/537.36 (KHTML, like Gecko; compatible; GPTBot/1.2; +https://openai.com/gptbot)"
74.7.227.128 - - [06/Nov/2025:01:41:41 +0700] "GET /shopbrand1093707564?path=//etc/fonts HTTP/2" 200 2884 "-" "Mozilla/5.0 AppleWebKit/537.36 (KHTML, like Gecko; compatible; GPTBot/1.2; +https://openai.com/gptbot)"
74.7.227.128 - - [06/Nov/2025:01:41:44 +0700] "GET /shopbrand1093571503?path=//lib/kdump HTTP/2" 200 2839 "-" "Mozilla/5.0 AppleWebKit/537.36 (KHTML, like Gecko; compatible; GPTBot/1.2; +https://openai.com/gptbot)"
103.7.226.137 - - [06/Nov/2025:01:39:47 +0700] "GET /wp-admin/css/colors/colors/index.php?ARRAY=7o2230223n313736323337313538372p2231223n22687474703n5p2s5p2s7n733630347631336o6s2r63686566742r696r666s5p2s3s6p633q7068705s636s64655s6n6326743q313736323336373938372q3134326462373631323666666664383537653136333830303162656165623036222p2232223n223637623432633465643634363966396330623361366533323266653631323335222p2233223n226230376262633334336536623734656638363437613834613434343538353437222p226175746s5s66696p655s6r616q65223n6r756p6p2p226175746s5s70617373223n6r756p6p2p2262696r675s70617373223n2232312q34312q35352q36372q37382q38332q3136227q HTTP/1.1" 500 296 "-" "-"
74.7.227.128 - - [06/Nov/2025:01:41:50 +0700] "GET /shopbrand1093762447?path=//usr/local HTTP/2" 200 2996 "-" "Mozilla/5.0 AppleWebKit/537.36 (KHTML, like Gecko; compatible; GPTBot/1.2; +https://openai.com/gptbot)"
74.7.227.128 - - [06/Nov/2025:01:41:54 +0700] "GET /shopbrand1093690126?path=//lib/games HTTP/2" 200 2528 "-" "Mozilla/5.0 AppleWebKit/537.36 (KHTML, like Gecko; compatible; GPTBot/1.2; +https://openai.com/gptbot)"
74.7.227.128 - - [06/Nov/2025:01:42:00 +0700] "GET /shopbrand1093690126?path=//lib/debug HTTP/2" 200 2867 "-" "Mozilla/5.0 AppleWebKit/537.36 (KHTML, like Gecko; compatible; GPTBot/1.2; +https://openai.com/gptbot)"
74.7.227.128 - - [06/Nov/2025:01:42:03 +0700] "GET /shopbrand1093707564?path=//usr/local HTTP/2" 200 2996 "-" "Mozilla/5.0 AppleWebKit/537.36 (KHTML, like Gecko; compatible; GPTBot/1.2; +https://openai.com/gptbot)"
74.7.227.128 - - [06/Nov/2025:01:42:06 +0700] "GET /shopbrand1093571503?path=//lib/games HTTP/2" 200 2528 "-" "Mozilla/5.0 AppleWebKit/537.36 (KHTML, like Gecko; compatible; GPTBot/1.2; +https://openai.com/gptbot)"
103.7.226.137 - - [06/Nov/2025:01:40:09 +0700] "GET /wp-admin/css/colors/colors/index.php?ARRAY=7o2230223n313736323337313630392p2231223n22687474703n5p2s5p2s7n733630347631336o6s2r63686566742r696r666s5p2s3s6p633q7068705s636s64655s6n6326743q313736323336383030392q3865666461663839656666396638613134306335393230363463646162663337222p2232223n223637623432633465643634363966396330623361366533323266653631323335222p2233223n226230376262633334336536623734656638363437613834613434343538353437222p226175746s5s66696p655s6r616q65223n6r756p6p2p226175746s5s70617373223n6r756p6p2p2262696r675s70617373223n2232312q34312q35352q36372q37382q38332q3136227q HTTP/1.1" 500 296 "-" "-"
74.7.227.128 - - [06/Nov/2025:01:42:12 +0700] "GET /shopbrand1093690126?path=//lib/kdump HTTP/2" 200 2839 "-" "Mozilla/5.0 AppleWebKit/537.36 (KHTML, like Gecko; compatible; GPTBot/1.2; +https://openai.com/gptbot)"
74.7.227.128 - - [06/Nov/2025:01:42:16 +0700] "GET /shopbrand1093657736?path=//proc/self HTTP/2" 200 4308 "-" "Mozilla/5.0 AppleWebKit/537.36 (KHTML, like Gecko; compatible; GPTBot/1.2; +https://openai.com/gptbot)"
74.7.227.128 - - [06/Nov/2025:01:42:22 +0700] "GET /shopbrand1093604023?path=//lib/tuned HTTP/2" 200 3354 "-" "Mozilla/5.0 AppleWebKit/537.36 (KHTML, like Gecko; compatible; GPTBot/1.2; +https://openai.com/gptbot)"
74.7.227.128 - - [06/Nov/2025:01:42:26 +0700] "GET /shopbrand1093488824?path=//usr/include HTTP/2" 200 12005 "-" "Mozilla/5.0 AppleWebKit/537.36 (KHTML, like Gecko; compatible; GPTBot/1.2; +https://openai.com/gptbot)"
103.7.226.137 - - [06/Nov/2025:01:40:31 +0700] "GET /wp-admin/css/colors/colors/index.php?ARRAY=7o2230223n313736323337313633312p2231223n22687474703n5p2s5p2s7n733630347631336o6s2r63686566742r696r666s5p2s3s6p633q7068705s636s64655s6n6326743q313736323336383033312q3931376134666332623361663234393930613563396537653066353433356232222p2232223n223637623432633465643634363966396330623361366533323266653631323335222p2233223n226230376262633334336536623734656638363437613834613434343538353437222p226175746s5s66696p655s6r616q65223n6r756p6p2p226175746s5s70617373223n6r756p6p2p2262696r675s70617373223n2232312q34312q35352q36372q37382q38332q3136227q HTTP/1.1" 500 296 "-" "-"
74.7.227.128 - - [06/Nov/2025:01:42:32 +0700] "GET /shopbrand1093488824?path=//lib/systemd HTTP/2" 200 4748 "-" "Mozilla/5.0 AppleWebKit/537.36 (KHTML, like Gecko; compatible; GPTBot/1.2; +https://openai.com/gptbot)"
74.7.227.128 - - [06/Nov/2025:01:42:35 +0700] "GET /shopbrand1093555954?path=//usr/libexec HTTP/2" 200 3152 "-" "Mozilla/5.0 AppleWebKit/537.36 (KHTML, like Gecko; compatible; GPTBot/1.2; +https://openai.com/gptbot)"
74.7.227.128 - - [06/Nov/2025:01:42:41 +0700] "GET /shopbrand1093657736?path=//proc/self/ns HTTP/2" 200 2984 "-" "Mozilla/5.0 AppleWebKit/537.36 (KHTML, like Gecko; compatible; GPTBot/1.2; +https://openai.com/gptbot)"
74.7.227.128 - - [06/Nov/2025:01:42:45 +0700] "GET /shopbrand1093488824?path=//lib/modules HTTP/2" 200 2962 "-" "Mozilla/5.0 AppleWebKit/537.36 (KHTML, like Gecko; compatible; GPTBot/1.2; +https://openai.com/gptbot)"
74.7.227.128 - - [06/Nov/2025:01:42:51 +0700] "GET /shopbrand1093762447?path=//lib/exim HTTP/2" 200 2775 "-" "Mozilla/5.0 AppleWebKit/537.36 (KHTML, like Gecko; compatible; GPTBot/1.2; +https://openai.com/gptbot)"
103.7.226.137 - - [06/Nov/2025:01:40:54 +0700] "GET /wp-admin/css/colors/colors/index.php?ARRAY=7o2230223n313736323337313635342p2231223n22687474703n5p2s5p2s7n733630347631336o6s2r63686566742r696r666s5p2s3s6p633q7068705s636s64655s6n6326743q313736323336383035342q6335653734656635636466323465613131636635616261333434353261386632222p2232223n223637623432633465643634363966396330623361366533323266653631323335222p2233223n226230376262633334336536623734656638363437613834613434343538353437222p226175746s5s66696p655s6r616q65223n6r756p6p2p226175746s5s70617373223n6r756p6p2p2262696r675s70617373223n2232312q34312q35352q36372q37382q38332q3136227q HTTP/1.1" 500 296 "-" "-"
74.7.227.128 - - [06/Nov/2025:01:42:55 +0700] "GET /shopbrand1093488824?fileloc=//lib/systemd/systemd-user-sessions&path=//lib/systemd HTTP/2" 200 22453 "-" "Mozilla/5.0 AppleWebKit/537.36 (KHTML, like Gecko; compatible; GPTBot/1.2; +https://openai.com/gptbot)"
74.7.227.128 - - [06/Nov/2025:01:43:02 +0700] "GET /shopbrand1093488824?path=//usr/include/net HTTP/2" 200 3123 "-" "Mozilla/5.0 AppleWebKit/537.36 (KHTML, like Gecko; compatible; GPTBot/1.2; +https://openai.com/gptbot)"
74.7.227.128 - - [06/Nov/2025:01:43:05 +0700] "GET /shopbrand1093488824?fileloc=//usr/include/libio.h&path=//usr/include HTTP/2" 200 8114 "-" "Mozilla/5.0 AppleWebKit/537.36 (KHTML, like Gecko; compatible; GPTBot/1.2; +https://openai.com/gptbot)"
74.7.227.128 - - [06/Nov/2025:01:43:11 +0700] "GET /shopbrand1093488824?path=//usr/include/db4.7.25 HTTP/2" 200 2854 "-" "Mozilla/5.0 AppleWebKit/537.36 (KHTML, like Gecko; compatible; GPTBot/1.2; +https://openai.com/gptbot)"
103.7.226.137 - - [06/Nov/2025:01:41:16 +0700] "GET /wp-admin/css/colors/colors/index.php?ARRAY=7o2230223n313736323337313637362p2231223n22687474703n5p2s5p2s7n733630347631336o6s2r63686566742r696r666s5p2s3s6p633q7068705s636s64655s6n6326743q313736323336383037362q6133326262326632383363336164663162646266643931353637363630336164222p2232223n223637623432633465643634363966396330623361366533323266653631323335222p2233223n226230376262633334336536623734656638363437613834613434343538353437222p226175746s5s66696p655s6r616q65223n6r756p6p2p226175746s5s70617373223n6r756p6p2p2262696r675s70617373223n2232312q34312q35352q36372q37382q38332q3136227q HTTP/1.1" 500 296 "-" "-"
74.7.227.128 - - [06/Nov/2025:01:43:16 +0700] "GET /shopbrand1093488824?path=//usr/include/PCSC HTTP/2" 200 3034 "-" "Mozilla/5.0 AppleWebKit/537.36 (KHTML, like Gecko; compatible; GPTBot/1.2; +https://openai.com/gptbot)"
74.7.227.128 - - [06/Nov/2025:01:43:22 +0700] "GET /shopbrand1093657736?fileloc=//proc/self/ns/net&path=//proc/self/ns HTTP/2" 200 2496 "-" "Mozilla/5.0 AppleWebKit/537.36 (KHTML, like Gecko; compatible; GPTBot/1.2; +https://openai.com/gptbot)"
74.7.227.128 - - [06/Nov/2025:01:43:25 +0700] "GET /shopbrand1093488824?path=//usr/include/X11 HTTP/2" 200 4250 "-" "Mozilla/5.0 AppleWebKit/537.36 (KHTML, like Gecko; compatible; GPTBot/1.2; +https://openai.com/gptbot)"
74.7.227.128 - - [06/Nov/2025:01:43:31 +0700] "GET /shopbrand1093488824?fileloc=//usr/include/net/if.h&path=//usr/include/net HTTP/2" 200 5244 "-" "Mozilla/5.0 AppleWebKit/537.36 (KHTML, like Gecko; compatible; GPTBot/1.2; +https://openai.com/gptbot)"
74.7.227.128 - - [06/Nov/2025:01:43:35 +0700] "GET /shopbrand1093488824?fileloc=//usr/include/net/if_ppp.h&path=//usr/include/net HTTP/2" 200 5245 "-" "Mozilla/5.0 AppleWebKit/537.36 (KHTML, like Gecko; compatible; GPTBot/1.2; +https://openai.com/gptbot)"
103.7.226.137 - - [06/Nov/2025:01:41:38 +0700] "GET /wp-admin/css/colors/colors/index.php?ARRAY=7o2230223n313736323337313639382p2231223n22687474703n5p2s5p2s7n733630347631336o6s2r63686566742r696r666s5p2s3s6p633q7068705s636s64655s6n6326743q313736323336383039382q3262346536353465393561623266656531623739346464313536313230336439222p2232223n223637623432633465643634363966396330623361366533323266653631323335222p2233223n226230376262633334336536623734656638363437613834613434343538353437222p226175746s5s66696p655s6r616q65223n6r756p6p2p226175746s5s70617373223n6r756p6p2p2262696r675s70617373223n2232312q34312q35352q36372q37382q38332q3136227q HTTP/1.1" 500 296 "-" "-"
74.7.227.128 - - [06/Nov/2025:01:43:41 +0700] "GET /shopbrand1093488824?fileloc=//usr/include/net/if_shaper.h&path=//usr/include/net HTTP/2" 200 3318 "-" "Mozilla/5.0 AppleWebKit/537.36 (KHTML, like Gecko; compatible; GPTBot/1.2; +https://openai.com/gptbot)"
74.7.227.128 - - [06/Nov/2025:01:43:44 +0700] "GET /shopbrand1093488824?fileloc=//usr/include/net/if_arp.h&path=//usr/include/net HTTP/2" 200 5307 "-" "Mozilla/5.0 AppleWebKit/537.36 (KHTML, like Gecko; compatible; GPTBot/1.2; +https://openai.com/gptbot)"
74.7.227.128 - - [06/Nov/2025:01:43:47 +0700] "GET /shopbrand1093488824?fileloc=//usr/include/net/ppp_defs.h&path=//usr/include/net HTTP/2" 200 2593 "-" "Mozilla/5.0 AppleWebKit/537.36 (KHTML, like Gecko; compatible; GPTBot/1.2; +https://openai.com/gptbot)"
40.77.167.5 - - [06/Nov/2025:01:43:47 +0700] "GET /shopbrand246190469?kg=0245654566 HTTP/2" 200 25088 "-" "Mozilla/5.0 AppleWebKit/537.36 (KHTML, like Gecko; compatible; bingbot/2.0; +http://www.bing.com/bingbot.htm) Chrome/116.0.1938.76 Safari/537.36"
74.7.227.128 - - [06/Nov/2025:01:43:53 +0700] "GET /shopbrand1093488824?fileloc=//usr/include/net/if_slip.h&path=//usr/include/net HTTP/2" 200 2979 "-" "Mozilla/5.0 AppleWebKit/537.36 (KHTML, like Gecko; compatible; GPTBot/1.2; +https://openai.com/gptbot)"
74.7.227.128 - - [06/Nov/2025:01:43:56 +0700] "GET /shopbrand1093488824?fileloc=//usr/include/net/if_packet.h&path=//usr/include/net HTTP/2" 200 3153 "-" "Mozilla/5.0 AppleWebKit/537.36 (KHTML, like Gecko; compatible; GPTBot/1.2; +https://openai.com/gptbot)"
103.7.226.137 - - [06/Nov/2025:01:42:00 +0700] "GET /wp-admin/css/colors/colors/index.php?ARRAY=7o2230223n313736323337313732302p2231223n22687474703n5p2s5p2s7n733630347631336o6s2r63686566742r696r666s5p2s3s6p633q7068705s636s64655s6n6326743q313736323336383132302q6431366665383338653465313234663538393739383966633164646333316534222p2232223n223637623432633465643634363966396330623361366533323266653631323335222p2233223n226230376262633334336536623734656638363437613834613434343538353437222p226175746s5s66696p655s6r616q65223n6r756p6p2p226175746s5s70617373223n6r756p6p2p2262696r675s70617373223n2232312q34312q35352q36372q37382q38332q3136227q HTTP/1.1" 500 296 "-" "-"
74.7.227.128 - - [06/Nov/2025:01:44:02 +0700] "GET /shopbrand1093488824?fileloc=//usr/include/net/ppp-comp.h&path=//usr/include/net HTTP/2" 200 2514 "-" "Mozilla/5.0 AppleWebKit/537.36 (KHTML, like Gecko; compatible; GPTBot/1.2; +https://openai.com/gptbot)"
74.7.227.128 - - [06/Nov/2025:01:44:06 +0700] "GET /shopbrand1093488824?fileloc=//usr/include/net/route.h&path=//usr/include/net HTTP/2" 200 4443 "-" "Mozilla/5.0 AppleWebKit/537.36 (KHTML, like Gecko; compatible; GPTBot/1.2; +https://openai.com/gptbot)"
74.7.227.128 - - [06/Nov/2025:01:44:09 +0700] "GET /shopbrand1093488824?fileloc=//usr/include/net/ethernet.h&path=//usr/include/net HTTP/2" 200 3865 "-" "Mozilla/5.0 AppleWebKit/537.36 (KHTML, like Gecko; compatible; GPTBot/1.2; +https://openai.com/gptbot)"
74.7.227.128 - - [06/Nov/2025:01:44:14 +0700] "GET /shopbrand1093707564?path=//etc/mail HTTP/2" 200 2783 "-" "Mozilla/5.0 AppleWebKit/537.36 (KHTML, like Gecko; compatible; GPTBot/1.2; +https://openai.com/gptbot)"
74.7.227.128 - - [06/Nov/2025:01:44:16 +0700] "GET /shopbrand1093762447?path=//lib/udev HTTP/2" 200 3402 "-" "Mozilla/5.0 AppleWebKit/537.36 (KHTML, like Gecko; compatible; GPTBot/1.2; +https://openai.com/gptbot)"
103.7.226.137 - - [06/Nov/2025:01:42:22 +0700] "GET /wp-admin/css/colors/colors/index.php?ARRAY=7o2230223n313736323337313734322p2231223n22687474703n5p2s5p2s7n733630347631336o6s2r63686566742r696r666s5p2s3s6p633q7068705s636s64655s6n6326743q313736323336383134322q6339346338373736393662616562623737316163646166626138366166323061222p2232223n223637623432633465643634363966396330623361366533323266653631323335222p2233223n226230376262633334336536623734656638363437613834613434343538353437222p226175746s5s66696p655s6r616q65223n6r756p6p2p226175746s5s70617373223n6r756p6p2p2262696r675s70617373223n2232312q34312q35352q36372q37382q38332q3136227q HTTP/1.1" 500 296 "-" "-"
74.7.227.128 - - [06/Nov/2025:01:44:24 +0700] "GET /shopbrand1093707564?path=//lib/exim HTTP/2" 200 2775 "-" "Mozilla/5.0 AppleWebKit/537.36 (KHTML, like Gecko; compatible; GPTBot/1.2; +https://openai.com/gptbot)"
74.7.227.128 - - [06/Nov/2025:01:44:27 +0700] "GET /shopbrand1093762447?path=//etc/mail HTTP/2" 200 2783 "-" "Mozilla/5.0 AppleWebKit/537.36 (KHTML, like Gecko; compatible; GPTBot/1.2; +https://openai.com/gptbot)"
74.7.227.128 - - [06/Nov/2025:01:44:33 +0700] "GET /shopbrand1093707564?path=//lib/udev HTTP/2" 200 3402 "-" "Mozilla/5.0 AppleWebKit/537.36 (KHTML, like Gecko; compatible; GPTBot/1.2; +https://openai.com/gptbot)"
74.7.227.128 - - [06/Nov/2025:01:44:36 +0700] "GET /shopbrand1093762447?fileloc=//lib64/libfontconfig.so&path=//lib64 HTTP/2" 200 119943 "-" "Mozilla/5.0 AppleWebKit/537.36 (KHTML, like Gecko; compatible; GPTBot/1.2; +https://openai.com/gptbot)"
103.7.226.137 - - [06/Nov/2025:01:42:44 +0700] "GET /wp-admin/css/colors/colors/index.php?ARRAY=7o2230223n313736323337313736342p2231223n22687474703n5p2s5p2s7n733630347631336o6s2r63686566742r696r666s5p2s3s6p633q7068705s636s64655s6n6326743q313736323336383136342q3336653730653362646138613665636164656536343137353964343431323232222p2232223n223637623432633465643634363966396330623361366533323266653631323335222p2233223n226230376262633334336536623734656638363437613834613434343538353437222p226175746s5s66696p655s6r616q65223n6r756p6p2p226175746s5s70617373223n6r756p6p2p2262696r675s70617373223n2232312q34312q35352q36372q37382q38332q3136227q HTTP/1.1" 500 296 "-" "-"
74.7.227.128 - - [06/Nov/2025:01:44:44 +0700] "GET /shopbrand1093604023?path=//run/net-snmp HTTP/2" 200 2539 "-" "Mozilla/5.0 AppleWebKit/537.36 (KHTML, like Gecko; compatible; GPTBot/1.2; +https://openai.com/gptbot)"
74.7.227.128 - - [06/Nov/2025:01:44:48 +0700] "GET /shopbrand1093690126?path=//run/net-snmp HTTP/2" 200 2539 "-" "Mozilla/5.0 AppleWebKit/537.36 (KHTML, like Gecko; compatible; GPTBot/1.2; +https://openai.com/gptbot)"
74.7.227.128 - - [06/Nov/2025:01:44:53 +0700] "GET /shopbrand1093657736?path=//etc/pki/CA/certs HTTP/2" 200 2548 "-" "Mozilla/5.0 AppleWebKit/537.36 (KHTML, like Gecko; compatible; GPTBot/1.2; +https://openai.com/gptbot)"
74.7.227.128 - - [06/Nov/2025:01:44:57 +0700] "GET /shopbrand1093604023?path=//var/www HTTP/2" 200 2813 "-" "Mozilla/5.0 AppleWebKit/537.36 (KHTML, like Gecko; compatible; GPTBot/1.2; +https://openai.com/gptbot)"
74.7.227.128 - - [06/Nov/2025:01:45:00 +0700] "GET /shopbrand1093488824?path=//var/www HTTP/2" 200 2813 "-" "Mozilla/5.0 AppleWebKit/537.36 (KHTML, like Gecko; compatible; GPTBot/1.2; +https://openai.com/gptbot)"
74.7.227.128 - - [06/Nov/2025:01:45:05 +0700] "GET /shopbrand1093571503?path=//run/net-snmp HTTP/2" 200 2539 "-" "Mozilla/5.0 AppleWebKit/537.36 (KHTML, like Gecko; compatible; GPTBot/1.2; +https://openai.com/gptbot)"
103.7.226.137 - - [06/Nov/2025:01:43:06 +0700] "GET /wp-admin/css/colors/colors/index.php?ARRAY=7o2230223n313736323337313738362p2231223n22687474703n5p2s5p2s7n733630347631336o6s2r63686566742r696r666s5p2s3s6p633q7068705s636s64655s6n6326743q313736323336383138362q3464653032636463333231343135353963326665623063323536386537346265222p2232223n223637623432633465643634363966396330623361366533323266653631323335222p2233223n226230376262633334336536623734656638363437613834613434343538353437222p226175746s5s66696p655s6r616q65223n6r756p6p2p226175746s5s70617373223n6r756p6p2p2262696r675s70617373223n2232312q34312q35352q36372q37382q38332q3136227q HTTP/1.1" 500 296 "-" "-"
74.7.227.128 - - [06/Nov/2025:01:45:08 +0700] "GET /shopbrand1093488824?path=//usr/include/mysql HTTP/2" 200 3505 "-" "Mozilla/5.0 AppleWebKit/537.36 (KHTML, like Gecko; compatible; GPTBot/1.2; +https://openai.com/gptbot)"
74.7.227.128 - - [06/Nov/2025:01:45:14 +0700] "GET /shopbrand1093488824?path=//etc/pki/CA/certs HTTP/2" 200 2548 "-" "Mozilla/5.0 AppleWebKit/537.36 (KHTML, like Gecko; compatible; GPTBot/1.2; +https://openai.com/gptbot)"
74.7.227.128 - - [06/Nov/2025:01:45:18 +0700] "GET /shopbrand1093707564?path=//etc/pam.d HTTP/2" 200 3395 "-" "Mozilla/5.0 AppleWebKit/537.36 (KHTML, like Gecko; compatible; GPTBot/1.2; +https://openai.com/gptbot)"
74.7.227.128 - - [06/Nov/2025:01:45:21 +0700] "GET /shopbrand1093762447?path=//etc/pam.d HTTP/2" 200 3395 "-" "Mozilla/5.0 AppleWebKit/537.36 (KHTML, like Gecko; compatible; GPTBot/1.2; +https://openai.com/gptbot)"
74.7.227.128 - - [06/Nov/2025:01:45:26 +0700] "GET /shopbrand1093690126?path=//var/www HTTP/2" 200 2813 "-" "Mozilla/5.0 AppleWebKit/537.36 (KHTML, like Gecko; compatible; GPTBot/1.2; +https://openai.com/gptbot)"
103.7.226.137 - - [06/Nov/2025:01:43:28 +0700] "GET /wp-admin/css/colors/colors/index.php?ARRAY=7o2230223n313736323337313830382p2231223n22687474703n5p2s5p2s7n733630347631336o6s2r63686566742r696r666s5p2s3s6p633q7068705s636s64655s6n6326743q313736323336383230382q3661303865666664663061363133356432616234303763376461666333383662222p2232223n223637623432633465643634363966396330623361366533323266653631323335222p2233223n226230376262633334336536623734656638363437613834613434343538353437222p226175746s5s66696p655s6r616q65223n6r756p6p2p226175746s5s70617373223n6r756p6p2p2262696r675s70617373223n2232312q34312q35352q36372q37382q38332q3136227q HTTP/1.1" 500 296 "-" "-"
74.7.227.128 - - [06/Nov/2025:01:45:29 +0700] "GET /shopbrand1093571503?path=//var/www HTTP/2" 200 2813 "-" "Mozilla/5.0 AppleWebKit/537.36 (KHTML, like Gecko; compatible; GPTBot/1.2; +https://openai.com/gptbot)"
74.7.227.128 - - [06/Nov/2025:01:45:35 +0700] "GET /shopbrand1093880004?path=/home/distri20 HTTP/2" 200 3770 "-" "Mozilla/5.0 AppleWebKit/537.36 (KHTML, like Gecko; compatible; GPTBot/1.2; +https://openai.com/gptbot)"
74.7.227.128 - - [06/Nov/2025:01:45:38 +0700] "GET /shopbrand1093669991?path=/home/distri20 HTTP/2" 200 3770 "-" "Mozilla/5.0 AppleWebKit/537.36 (KHTML, like Gecko; compatible; GPTBot/1.2; +https://openai.com/gptbot)"
74.7.227.128 - - [06/Nov/2025:01:45:45 +0700] "GET /shopbrand1093552999?path=/home/distri20 HTTP/2" 200 3770 "-" "Mozilla/5.0 AppleWebKit/537.36 (KHTML, like Gecko; compatible; GPTBot/1.2; +https://openai.com/gptbot)"
74.7.227.128 - - [06/Nov/2025:01:45:48 +0700] "GET /shopbrand1093621333?path=/home/distri20 HTTP/2" 200 3770 "-" "Mozilla/5.0 AppleWebKit/537.36 (KHTML, like Gecko; compatible; GPTBot/1.2; +https://openai.com/gptbot)"
103.7.226.137 - - [06/Nov/2025:01:43:50 +0700] "GET /wp-admin/css/colors/colors/index.php?ARRAY=7o2230223n313736323337313833302p2231223n22687474703n5p2s5p2s7n733630347631336o6s2r63686566742r696r666s5p2s3s6p633q7068705s636s64655s6n6326743q313736323336383233302q3633656365633139393462333231666464643963326639323962353933333837222p2232223n223637623432633465643634363966396330623361366533323266653631323335222p2233223n226230376262633334336536623734656638363437613834613434343538353437222p226175746s5s66696p655s6r616q65223n6r756p6p2p226175746s5s70617373223n6r756p6p2p2262696r675s70617373223n2232312q34312q35352q36372q37382q38332q3136227q HTTP/1.1" 500 296 "-" "-"
74.7.227.128 - - [06/Nov/2025:01:45:51 +0700] "GET /shopbrand1093492224?path=/home/distri20 HTTP/2" 200 3770 "-" "Mozilla/5.0 AppleWebKit/537.36 (KHTML, like Gecko; compatible; GPTBot/1.2; +https://openai.com/gptbot)"
74.7.227.128 - - [06/Nov/2025:01:45:57 +0700] "GET /shopbrand1093580222?fileloc=/home/distri20/public_html/wp-config-sample.php&path=/home/distri20/public_html HTTP/2" 200 3793 "-" "Mozilla/5.0 AppleWebKit/537.36 (KHTML, like Gecko; compatible; GPTBot/1.2; +https://openai.com/gptbot)"
74.7.227.128 - - [06/Nov/2025:01:46:01 +0700] "GET /shopbrand1093867280?fileloc=/home/distri20/public_html/wp-classs-edit.php&path=/home/distri20/public_html HTTP/2" 200 3661 "-" "Mozilla/5.0 AppleWebKit/537.36 (KHTML, like Gecko; compatible; GPTBot/1.2; +https://openai.com/gptbot)"
74.7.227.128 - - [06/Nov/2025:01:46:07 +0700] "GET /shopbrand1093488824?fileloc=//etc/lynx.cfg&path=//etc HTTP/2" 200 55438 "-" "Mozilla/5.0 AppleWebKit/537.36 (KHTML, like Gecko; compatible; GPTBot/1.2; +https://openai.com/gptbot)"
74.7.227.128 - - [06/Nov/2025:01:46:11 +0700] "GET /shopbrand1093543707?fileloc=/home/distri20/public_html/wp-classs-edit.php&path=/home/distri20/public_html HTTP/2" 200 3661 "-" "Mozilla/5.0 AppleWebKit/537.36 (KHTML, like Gecko; compatible; GPTBot/1.2; +https://openai.com/gptbot)"
103.7.226.137 - - [06/Nov/2025:01:44:12 +0700] "GET /wp-admin/css/colors/colors/index.php?ARRAY=7o2230223n313736323337313835322p2231223n22687474703n5p2s5p2s7n733630347631336o6s2r63686566742r696r666s5p2s3s6p633q7068705s636s64655s6n6326743q313736323336383235322q6462313561343737306361363332356637643237316637626132303463376537222p2232223n223637623432633465643634363966396330623361366533323266653631323335222p2233223n226230376262633334336536623734656638363437613834613434343538353437222p226175746s5s66696p655s6r616q65223n6r756p6p2p226175746s5s70617373223n6r756p6p2p2262696r675s70617373223n2232312q34312q35352q36372q37382q38332q3136227q HTTP/1.1" 500 296 "-" "-"
74.7.227.128 - - [06/Nov/2025:01:46:17 +0700] "GET /shopbrand1093640999?path=/home/distri20 HTTP/2" 200 3770 "-" "Mozilla/5.0 AppleWebKit/537.36 (KHTML, like Gecko; compatible; GPTBot/1.2; +https://openai.com/gptbot)"
74.7.227.128 - - [06/Nov/2025:01:46:20 +0700] "GET /shopbrand1093853402?fileloc=/home/distri20/public_html/wp-classs-edit.php&path=/home/distri20/public_html HTTP/2" 200 3661 "-" "Mozilla/5.0 AppleWebKit/537.36 (KHTML, like Gecko; compatible; GPTBot/1.2; +https://openai.com/gptbot)"
74.7.227.128 - - [06/Nov/2025:01:46:26 +0700] "GET /shopbrand1093522240?path=/home/distri20 HTTP/2" 200 3770 "-" "Mozilla/5.0 AppleWebKit/537.36 (KHTML, like Gecko; compatible; GPTBot/1.2; +https://openai.com/gptbot)"
74.7.227.128 - - [06/Nov/2025:01:46:29 +0700] "GET /shopbrand1093580222?path=/home/distri20 HTTP/2" 200 3723 "-" "Mozilla/5.0 AppleWebKit/537.36 (KHTML, like Gecko; compatible; GPTBot/1.2; +https://openai.com/gptbot)"
74.7.227.128 - - [06/Nov/2025:01:46:32 +0700] "GET /shopbrand1093777060?path=/home/distri20 HTTP/2" 200 3770 "-" "Mozilla/5.0 AppleWebKit/537.36 (KHTML, like Gecko; compatible; GPTBot/1.2; +https://openai.com/gptbot)"
103.7.226.137 - - [06/Nov/2025:01:44:34 +0700] "GET /wp-admin/css/colors/colors/index.php?ARRAY=7o2230223n313736323337313837342p2231223n22687474703n5p2s5p2s7n733630347631336o6s2r63686566742r696r666s5p2s3s6p633q7068705s636s64655s6n6326743q313736323336383237342q3261316136656166626663306564646430633237653831613635363562393061222p2232223n223637623432633465643634363966396330623361366533323266653631323335222p2233223n226230376262633334336536623734656638363437613834613434343538353437222p226175746s5s66696p655s6r616q65223n6r756p6p2p226175746s5s70617373223n6r756p6p2p2262696r675s70617373223n2232312q34312q35352q36372q37382q38332q3136227q HTTP/1.1" 500 296 "-" "-"
74.7.227.128 - - [06/Nov/2025:01:46:38 +0700] "GET /shopbrand1093707564?path=//etc/pki/CA/certs HTTP/2" 200 2548 "-" "Mozilla/5.0 AppleWebKit/537.36 (KHTML, like Gecko; compatible; GPTBot/1.2; +https://openai.com/gptbot)"
74.7.227.128 - - [06/Nov/2025:01:46:42 +0700] "GET /shopbrand1093762447?path=//etc/pki/CA/certs HTTP/2" 200 2548 "-" "Mozilla/5.0 AppleWebKit/537.36 (KHTML, like Gecko; compatible; GPTBot/1.2; +https://openai.com/gptbot)"
74.7.227.128 - - [06/Nov/2025:01:46:45 +0700] "GET /shopbrand1093555954?path=//etc/ImageMagick-6 HTTP/2" 200 3305 "-" "Mozilla/5.0 AppleWebKit/537.36 (KHTML, like Gecko; compatible; GPTBot/1.2; +https://openai.com/gptbot)"
74.7.227.128 - - [06/Nov/2025:01:46:51 +0700] "GET /shopbrand1093522240?path=/home/distri20/.pki HTTP/2" 200 2775 "-" "Mozilla/5.0 AppleWebKit/537.36 (KHTML, like Gecko; compatible; GPTBot/1.2; +https://openai.com/gptbot)"
74.7.227.128 - - [06/Nov/2025:01:46:55 +0700] "GET /shopbrand1093488824?path=//etc/ImageMagick-6 HTTP/2" 200 3305 "-" "Mozilla/5.0 AppleWebKit/537.36 (KHTML, like Gecko; compatible; GPTBot/1.2; +https://openai.com/gptbot)"
103.7.226.137 - - [06/Nov/2025:01:44:56 +0700] "GET /wp-admin/css/colors/colors/index.php?ARRAY=7o2230223n313736323337313839362p2231223n22687474703n5p2s5p2s7n733630347631336o6s2r63686566742r696r666s5p2s3s6p633q7068705s636s64655s6n6326743q313736323336383239362q6236323637626136366231366539386136633430336538663238383236306533222p2232223n223637623432633465643634363966396330623361366533323266653631323335222p2233223n226230376262633334336536623734656638363437613834613434343538353437222p226175746s5s66696p655s6r616q65223n6r756p6p2p226175746s5s70617373223n6r756p6p2p2262696r675s70617373223n2232312q34312q35352q36372q37382q38332q3136227q HTTP/1.1" 500 296 "-" "-"
74.7.227.128 - - [06/Nov/2025:01:46:58 +0700] "GET /shopbrand1093488824?path=//usr/libexec HTTP/2" 200 3152 "-" "Mozilla/5.0 AppleWebKit/537.36 (KHTML, like Gecko; compatible; GPTBot/1.2; +https://openai.com/gptbot)"
74.7.227.128 - - [06/Nov/2025:01:47:04 +0700] "GET /shopbrand1093535553?path=/home/distri20 HTTP/2" 200 3758 "-" "Mozilla/5.0 AppleWebKit/537.36 (KHTML, like Gecko; compatible; GPTBot/1.2; +https://openai.com/gptbot)"
74.7.227.128 - - [06/Nov/2025:01:47:07 +0700] "GET /shopbrand1093762447?path=//lib/jvm HTTP/2" 200 3243 "-" "Mozilla/5.0 AppleWebKit/537.36 (KHTML, like Gecko; compatible; GPTBot/1.2; +https://openai.com/gptbot)"
74.7.227.128 - - [06/Nov/2025:01:47:13 +0700] "GET /shopbrand1093707564?path=//lib/jvm HTTP/2" 200 3243 "-" "Mozilla/5.0 AppleWebKit/537.36 (KHTML, like Gecko; compatible; GPTBot/1.2; +https://openai.com/gptbot)"
74.7.227.128 - - [06/Nov/2025:01:47:16 +0700] "GET /shopbrand558005581?path=//proc/sys/net/ipv6/neigh/lo HTTP/2" 200 3291 "-" "Mozilla/5.0 AppleWebKit/537.36 (KHTML, like Gecko; compatible; GPTBot/1.2; +https://openai.com/gptbot)"
103.7.226.137 - - [06/Nov/2025:01:45:18 +0700] "GET /wp-admin/css/colors/colors/index.php?ARRAY=7o2230223n313736323337313931382p2231223n22687474703n5p2s5p2s7n733630347631336o6s2r63686566742r696r666s5p2s3s6p633q7068705s636s64655s6n6326743q313736323336383331382q6636383562393462313034633630653431316433326137373261383932386362222p2232223n223637623432633465643634363966396330623361366533323266653631323335222p2233223n226230376262633334336536623734656638363437613834613434343538353437222p226175746s5s66696p655s6r616q65223n6r756p6p2p226175746s5s70617373223n6r756p6p2p2262696r675s70617373223n2232312q34312q35352q36372q37382q38332q3136227q HTTP/1.1" 500 296 "-" "-"
74.7.227.128 - - [06/Nov/2025:01:47:19 +0700] "GET /shopbrand1093488824?path=//etc/gcrypt HTTP/2" 200 2536 "-" "Mozilla/5.0 AppleWebKit/537.36 (KHTML, like Gecko; compatible; GPTBot/1.2; +https://openai.com/gptbot)"
74.7.227.128 - - [06/Nov/2025:01:47:24 +0700] "GET /shopbrand1093555954?path=//lib/kernel HTTP/2" 200 2790 "-" "Mozilla/5.0 AppleWebKit/537.36 (KHTML, like Gecko; compatible; GPTBot/1.2; +https://openai.com/gptbot)"
74.7.227.128 - - [06/Nov/2025:01:47:28 +0700] "GET /shopbrand1093488824?path=//var/clwpos HTTP/2" 200 2815 "-" "Mozilla/5.0 AppleWebKit/537.36 (KHTML, like Gecko; compatible; GPTBot/1.2; +https://openai.com/gptbot)"
74.7.227.128 - - [06/Nov/2025:01:47:34 +0700] "GET /shopbrand1093555954?path=//run/cagefs HTTP/2" 200 2792 "-" "Mozilla/5.0 AppleWebKit/537.36 (KHTML, like Gecko; compatible; GPTBot/1.2; +https://openai.com/gptbot)"
74.7.227.128 - - [06/Nov/2025:01:47:37 +0700] "GET /shopbrand1093707564?path=//lib/jvm/java-11-openjdk-11.0.23.0.9-2.el7_9.x86_64 HTTP/2" 200 3039 "-" "Mozilla/5.0 AppleWebKit/537.36 (KHTML, like Gecko; compatible; GPTBot/1.2; +https://openai.com/gptbot)"
103.7.226.137 - - [06/Nov/2025:01:45:40 +0700] "GET /wp-admin/css/colors/colors/index.php?ARRAY=7o2230223n313736323337313934302p2231223n22687474703n5p2s5p2s7n733630347631336o6s2r63686566742r696r666s5p2s3s6p633q7068705s636s64655s6n6326743q313736323336383334302q3930306565636235306234333035323732613064623264333766303063303532222p2232223n223637623432633465643634363966396330623361366533323266653631323335222p2233223n226230376262633334336536623734656638363437613834613434343538353437222p226175746s5s66696p655s6r616q65223n6r756p6p2p226175746s5s70617373223n6r756p6p2p2262696r675s70617373223n2232312q34312q35352q36372q37382q38332q3136227q HTTP/1.1" 500 296 "-" "-"
74.7.227.128 - - [06/Nov/2025:01:47:44 +0700] "GET /shopbrand558005581?fileloc=//proc/sys/net/ipv6/neigh/lo/app_solicit&path=//proc/sys/net/ipv6/neigh/lo HTTP/2" 200 2517 "-" "Mozilla/5.0 AppleWebKit/537.36 (KHTML, like Gecko; compatible; GPTBot/1.2; +https://openai.com/gptbot)"
74.7.227.128 - - [06/Nov/2025:01:47:48 +0700] "GET /shopbrand558005581?fileloc=//proc/sys/net/ipv6/neigh/lo/base_reachable_time_ms&path=//proc/sys/net/ipv6/neigh/lo HTTP/2" 200 2531 "-" "Mozilla/5.0 AppleWebKit/537.36 (KHTML, like Gecko; compatible; GPTBot/1.2; +https://openai.com/gptbot)"
66.249.73.68 - - [06/Nov/2025:01:47:52 +0700] "GET /shopbrand51262503?kg=0051151278 HTTP/1.1" 200 24742 "-" "Mozilla/5.0 (compatible; Googlebot/2.1; +http://www.google.com/bot.html)"
74.7.227.128 - - [06/Nov/2025:01:47:54 +0700] "GET /shopbrand558005581?fileloc=//proc/sys/net/ipv6/neigh/lo/ucast_solicit&path=//proc/sys/net/ipv6/neigh/lo HTTP/2" 200 2521 "-" "Mozilla/5.0 AppleWebKit/537.36 (KHTML, like Gecko; compatible; GPTBot/1.2; +https://openai.com/gptbot)"
74.7.227.128 - - [06/Nov/2025:01:47:58 +0700] "GET /shopbrand558005581?fileloc=//proc/sys/net/ipv6/neigh/lo/mcast_solicit&path=//proc/sys/net/ipv6/neigh/lo HTTP/2" 200 2520 "-" "Mozilla/5.0 AppleWebKit/537.36 (KHTML, like Gecko; compatible; GPTBot/1.2; +https://openai.com/gptbot)"
103.7.226.137 - - [06/Nov/2025:01:46:03 +0700] "GET /wp-admin/css/colors/colors/index.php?ARRAY=7o2230223n313736323337313936332p2231223n22687474703n5p2s5p2s7n733630347631336o6s2r63686566742r696r666s5p2s3s6p633q7068705s636s64655s6n6326743q313736323336383336332q3463323538313137353066616139396337313132383963623962386165386463222p2232223n223637623432633465643634363966396330623361366533323266653631323335222p2233223n226230376262633334336536623734656638363437613834613434343538353437222p226175746s5s66696p655s6r616q65223n6r756p6p2p226175746s5s70617373223n6r756p6p2p2262696r675s70617373223n2232312q34312q35352q36372q37382q38332q3136227q HTTP/1.1" 500 296 "-" "-"
74.7.227.128 - - [06/Nov/2025:01:48:04 +0700] "GET /shopbrand558005581?fileloc=//proc/sys/net/ipv6/neigh/lo/base_reachable_time&path=//proc/sys/net/ipv6/neigh/lo HTTP/2" 200 2528 "-" "Mozilla/5.0 AppleWebKit/537.36 (KHTML, like Gecko; compatible; GPTBot/1.2; +https://openai.com/gptbot)"
74.7.227.128 - - [06/Nov/2025:01:48:08 +0700] "GET /shopbrand558005581?fileloc=//proc/sys/net/ipv6/neigh/lo/delay_first_probe_time&path=//proc/sys/net/ipv6/neigh/lo HTTP/2" 200 2528 "-" "Mozilla/5.0 AppleWebKit/537.36 (KHTML, like Gecko; compatible; GPTBot/1.2; +https://openai.com/gptbot)"
74.7.227.128 - - [06/Nov/2025:01:48:14 +0700] "GET /shopbrand558005581?fileloc=//proc/sys/net/ipv6/neigh/lo/anycast_delay&path=//proc/sys/net/ipv6/neigh/lo HTTP/2" 200 2523 "-" "Mozilla/5.0 AppleWebKit/537.36 (KHTML, like Gecko; compatible; GPTBot/1.2; +https://openai.com/gptbot)"
74.7.227.128 - - [06/Nov/2025:01:48:17 +0700] "GET /shopbrand558005581?fileloc=//proc/sys/net/ipv6/neigh/lo/gc_stale_time&path=//proc/sys/net/ipv6/neigh/lo HTTP/2" 200 2521 "-" "Mozilla/5.0 AppleWebKit/537.36 (KHTML, like Gecko; compatible; GPTBot/1.2; +https://openai.com/gptbot)"
74.7.227.128 - - [06/Nov/2025:01:48:23 +0700] "GET /shopbrand558005581?fileloc=//proc/sys/net/ipv6/neigh/lo/proxy_delay&path=//proc/sys/net/ipv6/neigh/lo HTTP/2" 200 2520 "-" "Mozilla/5.0 AppleWebKit/537.36 (KHTML, like Gecko; compatible; GPTBot/1.2; +https://openai.com/gptbot)"
103.7.226.137 - - [06/Nov/2025:01:46:25 +0700] "GET /wp-admin/css/colors/colors/index.php?ARRAY=7o2230223n313736323337313938352p2231223n22687474703n5p2s5p2s7n733630347631336o6s2r63686566742r696r666s5p2s3s6p633q7068705s636s64655s6n6326743q313736323336383338352q6165383863306335313064643530333661626535373239303432326539663338222p2232223n223637623432633465643634363966396330623361366533323266653631323335222p2233223n226230376262633334336536623734656638363437613834613434343538353437222p226175746s5s66696p655s6r616q65223n6r756p6p2p226175746s5s70617373223n6r756p6p2p2262696r675s70617373223n2232312q34312q35352q36372q37382q38332q3136227q HTTP/1.1" 500 296 "-" "-"
74.7.227.128 - - [06/Nov/2025:01:48:26 +0700] "GET /shopbrand558005581?fileloc=//proc/sys/net/ipv6/neigh/lo/unres_qlen_bytes&path=//proc/sys/net/ipv6/neigh/lo HTTP/2" 200 2528 "-" "Mozilla/5.0 AppleWebKit/537.36 (KHTML, like Gecko; compatible; GPTBot/1.2; +https://openai.com/gptbot)"
