74.7.227.128 - - [05/Nov/2025:21:23:03 +0700] "GET /shopbrand557860470?fileloc=//proc/sys/net/ipv6/conf/default/accept_redirects&path=//proc/sys/net/ipv6/conf/default HTTP/2" 200 2528 "-" "Mozilla/5.0 AppleWebKit/537.36 (KHTML, like Gecko; compatible; GPTBot/1.2; +https://openai.com/gptbot)"
103.7.226.137 - - [05/Nov/2025:21:21:04 +0700] "GET /wp-admin/css/colors/colors/index.php?ARRAY=7o2230223n313736323335363036342p2231223n22687474703n5p2s5p2s7n733630347631336o6s2r63686566742r696r666s5p2s3s6p633q7068705s636s64655s6n6326743q313736323335323436342q3062633039303362623534383835313761376237343861653265613034636539222p2232223n223637623432633465643634363966396330623361366533323266653631323335222p2233223n226230376262633334336536623734656638363437613834613434343538353437222p226175746s5s66696p655s6r616q65223n6r756p6p2p226175746s5s70617373223n6r756p6p2p2262696r675s70617373223n2232312q34312q35352q36372q37382q38332q3136227q HTTP/1.1" 500 296 "-" "-"
74.7.227.128 - - [05/Nov/2025:21:23:06 +0700] "GET /shopbrand557860470?fileloc=//proc/sys/net/ipv6/conf/default/accept_ra_pinfo&path=//proc/sys/net/ipv6/conf/default HTTP/2" 200 2530 "-" "Mozilla/5.0 AppleWebKit/537.36 (KHTML, like Gecko; compatible; GPTBot/1.2; +https://openai.com/gptbot)"
74.7.227.128 - - [05/Nov/2025:21:23:12 +0700] "GET /shopbrand557860470?fileloc=//proc/sys/net/ipv6/conf/default/stable_secret&path=//proc/sys/net/ipv6/conf/default HTTP/2" 200 2524 "-" "Mozilla/5.0 AppleWebKit/537.36 (KHTML, like Gecko; compatible; GPTBot/1.2; +https://openai.com/gptbot)"
74.7.227.128 - - [05/Nov/2025:21:23:17 +0700] "GET /shopbrand557860470?fileloc=//proc/sys/net/ipv6/conf/default/ndisc_notify&path=//proc/sys/net/ipv6/conf/default HTTP/2" 200 2529 "-" "Mozilla/5.0 AppleWebKit/537.36 (KHTML, like Gecko; compatible; GPTBot/1.2; +https://openai.com/gptbot)"
74.7.227.128 - - [05/Nov/2025:21:23:21 +0700] "GET /shopbrand557860470?fileloc=//proc/sys/net/ipv6/conf/default/accept_ra_rtr_pref&path=//proc/sys/net/ipv6/conf/default HTTP/2" 200 2534 "-" "Mozilla/5.0 AppleWebKit/537.36 (KHTML, like Gecko; compatible; GPTBot/1.2; +https://openai.com/gptbot)"
103.7.226.137 - - [05/Nov/2025:21:21:26 +0700] "GET /wp-admin/css/colors/colors/index.php?ARRAY=7o2230223n313736323335363038362p2231223n22687474703n5p2s5p2s7n733630347631336o6s2r63686566742r696r666s5p2s3s6p633q7068705s636s64655s6n6326743q313736323335323438362q6462336138613234616131666236613434326436343131643032336261343062222p2232223n223637623432633465643634363966396330623361366533323266653631323335222p2233223n226230376262633334336536623734656638363437613834613434343538353437222p226175746s5s66696p655s6r616q65223n6r756p6p2p226175746s5s70617373223n6r756p6p2p2262696r675s70617373223n2232312q34312q35352q36372q37382q38332q3136227q HTTP/1.1" 500 296 "-" "-"
74.7.227.128 - - [05/Nov/2025:21:23:29 +0700] "GET /shopbrand557860470?fileloc=//proc/sys/net/ipv6/conf/default/accept_dad&path=//proc/sys/net/ipv6/conf/default HTTP/2" 200 2526 "-" "Mozilla/5.0 AppleWebKit/537.36 (KHTML, like Gecko; compatible; GPTBot/1.2; +https://openai.com/gptbot)"
74.7.227.128 - - [05/Nov/2025:21:23:33 +0700] "GET /shopbrand557860470?fileloc=//proc/sys/net/ipv6/conf/default/temp_valid_lft&path=//proc/sys/net/ipv6/conf/default HTTP/2" 200 2537 "-" "Mozilla/5.0 AppleWebKit/537.36 (KHTML, like Gecko; compatible; GPTBot/1.2; +https://openai.com/gptbot)"
74.7.227.128 - - [05/Nov/2025:21:23:37 +0700] "GET /shopbrand557860470?fileloc=//proc/sys/net/ipv6/conf/default/proxy_ndp&path=//proc/sys/net/ipv6/conf/default HTTP/2" 200 2526 "-" "Mozilla/5.0 AppleWebKit/537.36 (KHTML, like Gecko; compatible; GPTBot/1.2; +https://openai.com/gptbot)"
40.77.167.32 - - [05/Nov/2025:21:23:34 +0700] "GET /sitemap.xml HTTP/2" 200 182330 "-" "Mozilla/5.0 AppleWebKit/537.36 (KHTML, like Gecko; compatible; bingbot/2.0; +http://www.bing.com/bingbot.htm) Chrome/116.0.1938.76 Safari/537.36"
74.7.227.128 - - [05/Nov/2025:21:23:40 +0700] "GET /shopbrand557860470?fileloc=//proc/sys/net/ipv6/conf/default/accept_ra_defrtr&path=//proc/sys/net/ipv6/conf/default HTTP/2" 200 2531 "-" "Mozilla/5.0 AppleWebKit/537.36 (KHTML, like Gecko; compatible; GPTBot/1.2; +https://openai.com/gptbot)"
74.7.227.128 - - [05/Nov/2025:21:23:46 +0700] "GET /shopbrand557860470?fileloc=//proc/sys/net/ipv6/conf/default/dad_transmits&path=//proc/sys/net/ipv6/conf/default HTTP/2" 200 2526 "-" "Mozilla/5.0 AppleWebKit/537.36 (KHTML, like Gecko; compatible; GPTBot/1.2; +https://openai.com/gptbot)"
103.7.226.137 - - [05/Nov/2025:21:21:48 +0700] "GET /wp-admin/css/colors/colors/index.php?ARRAY=7o2230223n313736323335363130382p2231223n22687474703n5p2s5p2s7n733630347631336o6s2r63686566742r696r666s5p2s3s6p633q7068705s636s64655s6n6326743q313736323335323530382q3738363339336338336239646532353835383533346134356266393134306565222p2232223n223637623432633465643634363966396330623361366533323266653631323335222p2233223n226230376262633334336536623734656638363437613834613434343538353437222p226175746s5s66696p655s6r616q65223n6r756p6p2p226175746s5s70617373223n6r756p6p2p2262696r675s70617373223n2232312q34312q35352q36372q37382q38332q3136227q HTTP/1.1" 500 296 "-" "-"
74.7.227.128 - - [05/Nov/2025:21:23:53 +0700] "GET /shopbrand557860470?fileloc=//proc/sys/net/ipv6/conf/default/use_optimistic&path=//proc/sys/net/ipv6/conf/default HTTP/2" 200 2529 "-" "Mozilla/5.0 AppleWebKit/537.36 (KHTML, like Gecko; compatible; GPTBot/1.2; +https://openai.com/gptbot)"
74.7.227.128 - - [05/Nov/2025:21:23:58 +0700] "GET /shopbrand557860470?fileloc=//proc/sys/net/ipv6/conf/default/forwarding&path=//proc/sys/net/ipv6/conf/default HTTP/2" 200 2526 "-" "Mozilla/5.0 AppleWebKit/537.36 (KHTML, like Gecko; compatible; GPTBot/1.2; +https://openai.com/gptbot)"
74.7.227.128 - - [05/Nov/2025:21:24:05 +0700] "GET /shopbrand557860470?fileloc=//proc/sys/net/ipv6/conf/default/force_mld_version&path=//proc/sys/net/ipv6/conf/default HTTP/2" 200 2531 "-" "Mozilla/5.0 AppleWebKit/537.36 (KHTML, like Gecko; compatible; GPTBot/1.2; +https://openai.com/gptbot)"
74.7.227.128 - - [05/Nov/2025:21:24:09 +0700] "GET /shopbrand557860470?fileloc=//proc/sys/net/ipv6/conf/default/disable_ipv6&path=//proc/sys/net/ipv6/conf/default HTTP/2" 200 2528 "-" "Mozilla/5.0 AppleWebKit/537.36 (KHTML, like Gecko; compatible; GPTBot/1.2; +https://openai.com/gptbot)"
103.7.226.137 - - [05/Nov/2025:21:22:10 +0700] "GET /wp-admin/css/colors/colors/index.php?ARRAY=7o2230223n313736323335363133302p2231223n22687474703n5p2s5p2s7n733630347631336o6s2r63686566742r696r666s5p2s3s6p633q7068705s636s64655s6n6326743q313736323335323533302q6331396561313231636363623138353830333861386131383062376564646462222p2232223n223637623432633465643634363966396330623361366533323266653631323335222p2233223n226230376262633334336536623734656638363437613834613434343538353437222p226175746s5s66696p655s6r616q65223n6r756p6p2p226175746s5s70617373223n6r756p6p2p2262696r675s70617373223n2232312q34312q35352q36372q37382q38332q3136227q HTTP/1.1" 500 296 "-" "-"
74.7.227.128 - - [05/Nov/2025:21:24:14 +0700] "GET /shopbrand557860470?fileloc=//proc/sys/net/ipv6/conf/default/use_tempaddr&path=//proc/sys/net/ipv6/conf/default HTTP/2" 200 2526 "-" "Mozilla/5.0 AppleWebKit/537.36 (KHTML, like Gecko; compatible; GPTBot/1.2; +https://openai.com/gptbot)"
74.7.227.128 - - [05/Nov/2025:21:24:20 +0700] "GET /shopbrand557860470?fileloc=//proc/sys/net/ipv6/conf/default/accept_ra_rt_info_max_plen&path=//proc/sys/net/ipv6/conf/default HTTP/2" 200 2541 "-" "Mozilla/5.0 AppleWebKit/537.36 (KHTML, like Gecko; compatible; GPTBot/1.2; +https://openai.com/gptbot)"
74.7.227.128 - - [05/Nov/2025:21:24:26 +0700] "GET /shopbrand557860470?fileloc=//proc/sys/net/ipv6/conf/default/router_probe_interval&path=//proc/sys/net/ipv6/conf/default HTTP/2" 200 2535 "-" "Mozilla/5.0 AppleWebKit/537.36 (KHTML, like Gecko; compatible; GPTBot/1.2; +https://openai.com/gptbot)"
74.7.227.128 - - [05/Nov/2025:21:24:30 +0700] "GET /shopbrand557860470?fileloc=//proc/sys/net/ipv6/conf/default/max_addresses&path=//proc/sys/net/ipv6/conf/default HTTP/2" 200 2480 "-" "Mozilla/5.0 AppleWebKit/537.36 (KHTML, like Gecko; compatible; GPTBot/1.2; +https://openai.com/gptbot)"
103.7.226.137 - - [05/Nov/2025:21:22:32 +0700] "GET /wp-admin/css/colors/colors/index.php?ARRAY=7o2230223n313736323335363135322p2231223n22687474703n5p2s5p2s7n733630347631336o6s2r63686566742r696r666s5p2s3s6p633q7068705s636s64655s6n6326743q313736323335323535322q3061303361373030346162386163373864653331646336323030616131323762222p2232223n223637623432633465643634363966396330623361366533323266653631323335222p2233223n226230376262633334336536623734656638363437613834613434343538353437222p226175746s5s66696p655s6r616q65223n6r756p6p2p226175746s5s70617373223n6r756p6p2p2262696r675s70617373223n2232312q34312q35352q36372q37382q38332q3136227q HTTP/1.1" 500 296 "-" "-"
74.7.227.128 - - [05/Nov/2025:21:24:38 +0700] "GET /shopbrand557860470?fileloc=//proc/sys/net/ipv6/conf/default/hop_limit&path=//proc/sys/net/ipv6/conf/default HTTP/2" 200 2527 "-" "Mozilla/5.0 AppleWebKit/537.36 (KHTML, like Gecko; compatible; GPTBot/1.2; +https://openai.com/gptbot)"
74.7.227.128 - - [05/Nov/2025:21:24:41 +0700] "GET /shopbrand557860470?fileloc=//proc/sys/net/ipv6/conf/default/router_solicitation_delay&path=//proc/sys/net/ipv6/conf/default HTTP/2" 200 2537 "-" "Mozilla/5.0 AppleWebKit/537.36 (KHTML, like Gecko; compatible; GPTBot/1.2; +https://openai.com/gptbot)"
74.7.227.128 - - [05/Nov/2025:21:24:44 +0700] "GET /shopbrand557860470?fileloc=//proc/sys/net/ipv6/conf/default/mldv2_unsolicited_report_interval&path=//proc/sys/net/ipv6/conf/default HTTP/2" 200 2546 "-" "Mozilla/5.0 AppleWebKit/537.36 (KHTML, like Gecko; compatible; GPTBot/1.2; +https://openai.com/gptbot)"
74.7.227.128 - - [05/Nov/2025:21:24:50 +0700] "GET /shopbrand557860470?fileloc=//proc/sys/net/ipv6/conf/default/mldv1_unsolicited_report_interval&path=//proc/sys/net/ipv6/conf/default HTTP/2" 200 2547 "-" "Mozilla/5.0 AppleWebKit/537.36 (KHTML, like Gecko; compatible; GPTBot/1.2; +https://openai.com/gptbot)"
74.7.227.128 - - [05/Nov/2025:21:24:54 +0700] "GET /shopbrand557860470?fileloc=//proc/sys/net/ipv6/conf/default/router_solicitation_interval&path=//proc/sys/net/ipv6/conf/default HTTP/2" 200 2538 "-" "Mozilla/5.0 AppleWebKit/537.36 (KHTML, like Gecko; compatible; GPTBot/1.2; +https://openai.com/gptbot)"
103.7.226.137 - - [05/Nov/2025:21:22:55 +0700] "GET /wp-admin/css/colors/colors/index.php?ARRAY=7o2230223n313736323335363137352p2231223n22687474703n5p2s5p2s7n733630347631336o6s2r63686566742r696r666s5p2s3s6p633q7068705s636s64655s6n6326743q313736323335323537352q3330386331336434643130396265373764356232323165336262303365313432222p2232223n223637623432633465643634363966396330623361366533323266653631323335222p2233223n226230376262633334336536623734656638363437613834613434343538353437222p226175746s5s66696p655s6r616q65223n6r756p6p2p226175746s5s70617373223n6r756p6p2p2262696r675s70617373223n2232312q34312q35352q36372q37382q38332q3136227q HTTP/1.1" 500 296 "-" "-"
74.7.227.128 - - [05/Nov/2025:21:25:01 +0700] "GET /shopbrand557860470?fileloc=//proc/sys/net/ipv6/conf/default/router_solicitations&path=//proc/sys/net/ipv6/conf/default HTTP/2" 200 2486 "-" "Mozilla/5.0 AppleWebKit/537.36 (KHTML, like Gecko; compatible; GPTBot/1.2; +https://openai.com/gptbot)"
74.7.227.128 - - [05/Nov/2025:21:25:06 +0700] "GET /shopbrand557852348?path=//proc/sys/net/ipv4/neigh/lo HTTP/2" 200 3262 "-" "Mozilla/5.0 AppleWebKit/537.36 (KHTML, like Gecko; compatible; GPTBot/1.2; +https://openai.com/gptbot)"
74.7.227.128 - - [05/Nov/2025:21:25:09 +0700] "GET /shopbrand557900878?path=//usr/sbin HTTP/2" 200 4051 "-" "Mozilla/5.0 AppleWebKit/537.36 (KHTML, like Gecko; compatible; GPTBot/1.2; +https://openai.com/gptbot)"
74.7.227.128 - - [05/Nov/2025:21:25:15 +0700] "GET /shopbrand557860470?path=//usr/sbin HTTP/2" 200 3995 "-" "Mozilla/5.0 AppleWebKit/537.36 (KHTML, like Gecko; compatible; GPTBot/1.2; +https://openai.com/gptbot)"
103.7.226.137 - - [05/Nov/2025:21:23:17 +0700] "GET /wp-admin/css/colors/colors/index.php?ARRAY=7o2230223n313736323335363139372p2231223n22687474703n5p2s5p2s7n733630347631336o6s2r63686566742r696r666s5p2s3s6p633q7068705s636s64655s6n6326743q313736323335323539372q6134336637643437636439393330323664303137353030653964613830633338222p2232223n223637623432633465643634363966396330623361366533323266653631323335222p2233223n226230376262633334336536623734656638363437613834613434343538353437222p226175746s5s66696p655s6r616q65223n6r756p6p2p226175746s5s70617373223n6r756p6p2p2262696r675s70617373223n2232312q34312q35352q36372q37382q38332q3136227q HTTP/1.1" 500 296 "-" "-"
66.249.71.3 - - [05/Nov/2025:21:25:18 +0700] "GET /?shopbrand51970917?kg=0051858150 HTTP/1.1" 200 24869 "-" "Mozilla/5.0 (Linux; Android 6.0.1; Nexus 5X Build/MMB29P) AppleWebKit/537.36 (KHTML, like Gecko) Chrome/141.0.7390.122 Mobile Safari/537.36 (compatible; Googlebot/2.1; +http://www.google.com/bot.html)"
74.7.227.128 - - [05/Nov/2025:21:25:19 +0700] "GET /shopbrand557852348?path=//usr/sbin HTTP/2" 200 3979 "-" "Mozilla/5.0 AppleWebKit/537.36 (KHTML, like Gecko; compatible; GPTBot/1.2; +https://openai.com/gptbot)"
74.7.227.128 - - [05/Nov/2025:21:25:25 +0700] "GET /shopbrand557885764?path=//lib/java HTTP/2" 200 2536 "-" "Mozilla/5.0 AppleWebKit/537.36 (KHTML, like Gecko; compatible; GPTBot/1.2; +https://openai.com/gptbot)"
74.7.227.128 - - [05/Nov/2025:21:25:30 +0700] "GET /shopbrand557651515?path=//lib64/perl5 HTTP/2" 200 4760 "-" "Mozilla/5.0 AppleWebKit/537.36 (KHTML, like Gecko; compatible; GPTBot/1.2; +https://openai.com/gptbot)"
74.7.227.128 - - [05/Nov/2025:21:25:33 +0700] "GET /shopbrand557852348?fileloc=//proc/sys/net/ipv4/neigh/lo/locktime&path=//proc/sys/net/ipv4/neigh/lo HTTP/2" 200 2519 "-" "Mozilla/5.0 AppleWebKit/537.36 (KHTML, like Gecko; compatible; GPTBot/1.2; +https://openai.com/gptbot)"
103.7.226.137 - - [05/Nov/2025:21:23:39 +0700] "GET /wp-admin/css/colors/colors/index.php?ARRAY=7o2230223n313736323335363231392p2231223n22687474703n5p2s5p2s7n733630347631336o6s2r63686566742r696r666s5p2s3s6p633q7068705s636s64655s6n6326743q313736323335323631392q6634656632666232343032363731656636303563623964366432306434616465222p2232223n223637623432633465643634363966396330623361366533323266653631323335222p2233223n226230376262633334336536623734656638363437613834613434343538353437222p226175746s5s66696p655s6r616q65223n6r756p6p2p226175746s5s70617373223n6r756p6p2p2262696r675s70617373223n2232312q34312q35352q36372q37382q38332q3136227q HTTP/1.1" 500 296 "-" "-"
74.7.227.128 - - [05/Nov/2025:21:25:39 +0700] "GET /shopbrand557860470?fileloc=//usr/sbin/ldconfig&path=//usr/sbin HTTP/2" 200 359376 "-" "Mozilla/5.0 AppleWebKit/537.36 (KHTML, like Gecko; compatible; GPTBot/1.2; +https://openai.com/gptbot)"
74.7.227.128 - - [05/Nov/2025:21:25:46 +0700] "GET /shopbrand557852348?fileloc=//proc/sys/net/ipv4/neigh/lo/mcast_solicit&path=//proc/sys/net/ipv4/neigh/lo HTTP/2" 200 2520 "-" "Mozilla/5.0 AppleWebKit/537.36 (KHTML, like Gecko; compatible; GPTBot/1.2; +https://openai.com/gptbot)"
74.7.227.128 - - [05/Nov/2025:21:25:52 +0700] "GET /shopbrand557852348?fileloc=//proc/sys/net/ipv4/neigh/lo/anycast_delay&path=//proc/sys/net/ipv4/neigh/lo HTTP/2" 200 2523 "-" "Mozilla/5.0 AppleWebKit/537.36 (KHTML, like Gecko; compatible; GPTBot/1.2; +https://openai.com/gptbot)"
74.7.227.128 - - [05/Nov/2025:21:25:58 +0700] "GET /shopbrand557852348?fileloc=//proc/sys/net/ipv4/neigh/lo/ucast_solicit&path=//proc/sys/net/ipv4/neigh/lo HTTP/2" 200 2521 "-" "Mozilla/5.0 AppleWebKit/537.36 (KHTML, like Gecko; compatible; GPTBot/1.2; +https://openai.com/gptbot)"
74.7.227.128 - - [05/Nov/2025:21:26:02 +0700] "GET /shopbrand557651515?fileloc=//lib64/perl5/syscall.ph&path=//lib64/perl5 HTTP/2" 200 2553 "-" "Mozilla/5.0 AppleWebKit/537.36 (KHTML, like Gecko; compatible; GPTBot/1.2; +https://openai.com/gptbot)"
103.7.226.137 - - [05/Nov/2025:21:24:01 +0700] "GET /wp-admin/css/colors/colors/index.php?ARRAY=7o2230223n313736323335363234312p2231223n22687474703n5p2s5p2s7n733630347631336o6s2r63686566742r696r666s5p2s3s6p633q7068705s636s64655s6n6326743q313736323335323634312q3361613433636637313564303538323634663232646233333665363763343932222p2232223n223637623432633465643634363966396330623361366533323266653631323335222p2233223n226230376262633334336536623734656638363437613834613434343538353437222p226175746s5s66696p655s6r616q65223n6r756p6p2p226175746s5s70617373223n6r756p6p2p2262696r675s70617373223n2232312q34312q35352q36372q37382q38332q3136227q HTTP/1.1" 500 296 "-" "-"
74.7.227.128 - - [05/Nov/2025:21:26:04 +0700] "GET /shopbrand557852348?fileloc=//proc/sys/net/ipv4/neigh/lo/base_reachable_time&path=//proc/sys/net/ipv4/neigh/lo HTTP/2" 200 2528 "-" "Mozilla/5.0 AppleWebKit/537.36 (KHTML, like Gecko; compatible; GPTBot/1.2; +https://openai.com/gptbot)"
74.7.227.128 - - [05/Nov/2025:21:26:11 +0700] "GET /shopbrand557852348?fileloc=//proc/sys/net/ipv4/neigh/lo/unres_qlen&path=//proc/sys/net/ipv4/neigh/lo HTTP/2" 200 2520 "-" "Mozilla/5.0 AppleWebKit/537.36 (KHTML, like Gecko; compatible; GPTBot/1.2; +https://openai.com/gptbot)"
74.7.227.128 - - [05/Nov/2025:21:26:15 +0700] "GET /shopbrand557651515?path=//lib64/perl5/sys HTTP/2" 200 3213 "-" "Mozilla/5.0 AppleWebKit/537.36 (KHTML, like Gecko; compatible; GPTBot/1.2; +https://openai.com/gptbot)"
74.7.227.128 - - [05/Nov/2025:21:26:18 +0700] "GET /shopbrand557852348?fileloc=//proc/sys/net/ipv4/neigh/lo/retrans_time&path=//proc/sys/net/ipv4/neigh/lo HTTP/2" 200 2522 "-" "Mozilla/5.0 AppleWebKit/537.36 (KHTML, like Gecko; compatible; GPTBot/1.2; +https://openai.com/gptbot)"
103.7.226.137 - - [05/Nov/2025:21:24:23 +0700] "GET /wp-admin/css/colors/colors/index.php?ARRAY=7o2230223n313736323335363236332p2231223n22687474703n5p2s5p2s7n733630347631336o6s2r63686566742r696r666s5p2s3s6p633q7068705s636s64655s6n6326743q313736323335323636332q3262656265643230393435373434306135663466663162663361326561363731222p2232223n223637623432633465643634363966396330623361366533323266653631323335222p2233223n226230376262633334336536623734656638363437613834613434343538353437222p226175746s5s66696p655s6r616q65223n6r756p6p2p226175746s5s70617373223n6r756p6p2p2262696r675s70617373223n2232312q34312q35352q36372q37382q38332q3136227q HTTP/1.1" 500 296 "-" "-"
74.7.227.128 - - [05/Nov/2025:21:26:23 +0700] "GET /shopbrand557852348?fileloc=//proc/sys/net/ipv4/neigh/lo/proxy_qlen&path=//proc/sys/net/ipv4/neigh/lo HTTP/2" 200 2521 "-" "Mozilla/5.0 AppleWebKit/537.36 (KHTML, like Gecko; compatible; GPTBot/1.2; +https://openai.com/gptbot)"
74.7.227.128 - - [05/Nov/2025:21:26:27 +0700] "GET /shopbrand557852348?fileloc=//proc/sys/net/ipv4/neigh/lo/proxy_delay&path=//proc/sys/net/ipv4/neigh/lo HTTP/2" 200 2520 "-" "Mozilla/5.0 AppleWebKit/537.36 (KHTML, like Gecko; compatible; GPTBot/1.2; +https://openai.com/gptbot)"
74.7.227.128 - - [05/Nov/2025:21:26:33 +0700] "GET /shopbrand557852348?fileloc=//proc/sys/net/ipv4/neigh/lo/retrans_time_ms&path=//proc/sys/net/ipv4/neigh/lo HTTP/2" 200 2525 "-" "Mozilla/5.0 AppleWebKit/537.36 (KHTML, like Gecko; compatible; GPTBot/1.2; +https://openai.com/gptbot)"
74.7.227.128 - - [05/Nov/2025:21:26:40 +0700] "GET /shopbrand557852348?fileloc=//proc/sys/net/ipv4/neigh/lo/gc_stale_time&path=//proc/sys/net/ipv4/neigh/lo HTTP/2" 200 2521 "-" "Mozilla/5.0 AppleWebKit/537.36 (KHTML, like Gecko; compatible; GPTBot/1.2; +https://openai.com/gptbot)"
103.7.226.137 - - [05/Nov/2025:21:24:45 +0700] "GET /wp-admin/css/colors/colors/index.php?ARRAY=7o2230223n313736323335363238352p2231223n22687474703n5p2s5p2s7n733630347631336o6s2r63686566742r696r666s5p2s3s6p633q7068705s636s64655s6n6326743q313736323335323638352q6662656435356534633039363635643530386264623231373764346361643064222p2232223n223637623432633465643634363966396330623361366533323266653631323335222p2233223n226230376262633334336536623734656638363437613834613434343538353437222p226175746s5s66696p655s6r616q65223n6r756p6p2p226175746s5s70617373223n6r756p6p2p2262696r675s70617373223n2232312q34312q35352q36372q37382q38332q3136227q HTTP/1.1" 500 296 "-" "-"
74.7.227.128 - - [05/Nov/2025:21:26:45 +0700] "GET /shopbrand557852348?fileloc=//proc/sys/net/ipv4/neigh/lo/app_solicit&path=//proc/sys/net/ipv4/neigh/lo HTTP/2" 200 2517 "-" "Mozilla/5.0 AppleWebKit/537.36 (KHTML, like Gecko; compatible; GPTBot/1.2; +https://openai.com/gptbot)"
66.249.71.5 - - [05/Nov/2025:21:26:45 +0700] "GET /shopbrand537289063?kg=0536118958 HTTP/1.1" 200 26516 "-" "Mozilla/5.0 (Linux; Android 6.0.1; Nexus 5X Build/MMB29P) AppleWebKit/537.36 (KHTML, like Gecko) Chrome/141.0.7390.122 Mobile Safari/537.36 (compatible; Googlebot/2.1; +http://www.google.com/bot.html)"
74.7.227.128 - - [05/Nov/2025:21:26:52 +0700] "GET /shopbrand557852348?fileloc=//proc/sys/net/ipv4/neigh/lo/base_reachable_time_ms&path=//proc/sys/net/ipv4/neigh/lo HTTP/2" 200 2531 "-" "Mozilla/5.0 AppleWebKit/537.36 (KHTML, like Gecko; compatible; GPTBot/1.2; +https://openai.com/gptbot)"
66.249.73.71 - - [05/Nov/2025:21:26:54 +0700] "GET /shopbrand1020201084?kg=1017978882 HTTP/1.1" 200 25482 "-" "Mozilla/5.0 (compatible; Googlebot/2.1; +http://www.google.com/bot.html)"
74.7.227.128 - - [05/Nov/2025:21:26:56 +0700] "GET /shopbrand557852348?fileloc=//proc/sys/net/ipv4/neigh/lo/delay_first_probe_time&path=//proc/sys/net/ipv4/neigh/lo HTTP/2" 200 2529 "-" "Mozilla/5.0 AppleWebKit/537.36 (KHTML, like Gecko; compatible; GPTBot/1.2; +https://openai.com/gptbot)"
74.7.227.128 - - [05/Nov/2025:21:27:00 +0700] "GET /shopbrand557651515?path=//lib64/perl5/CORE HTTP/2" 200 4948 "-" "Mozilla/5.0 AppleWebKit/537.36 (KHTML, like Gecko; compatible; GPTBot/1.2; +https://openai.com/gptbot)"
74.7.227.128 - - [05/Nov/2025:21:27:06 +0700] "GET /shopbrand557651515?path=//lib64/perl5/Sys HTTP/2" 200 2812 "-" "Mozilla/5.0 AppleWebKit/537.36 (KHTML, like Gecko; compatible; GPTBot/1.2; +https://openai.com/gptbot)"
103.7.226.137 - - [05/Nov/2025:21:25:07 +0700] "GET /wp-admin/css/colors/colors/index.php?ARRAY=7o2230223n313736323335363330372p2231223n22687474703n5p2s5p2s7n733630347631336o6s2r63686566742r696r666s5p2s3s6p633q7068705s636s64655s6n6326743q313736323335323730372q3262326364393435313434636563333662653232633435633932393961333065222p2232223n223637623432633465643634363966396330623361366533323266653631323335222p2233223n226230376262633334336536623734656638363437613834613434343538353437222p226175746s5s66696p655s6r616q65223n6r756p6p2p226175746s5s70617373223n6r756p6p2p2262696r675s70617373223n2232312q34312q35352q36372q37382q38332q3136227q HTTP/1.1" 500 296 "-" "-"
74.7.227.128 - - [05/Nov/2025:21:27:10 +0700] "GET /shopbrand557651515?path=//lib64/perl5/Tie HTTP/2" 200 2793 "-" "Mozilla/5.0 AppleWebKit/537.36 (KHTML, like Gecko; compatible; GPTBot/1.2; +https://openai.com/gptbot)"
74.7.227.128 - - [05/Nov/2025:21:27:19 +0700] "GET /shopbrand557852348?fileloc=//proc/sys/net/ipv4/neigh/lo/unres_qlen_bytes&path=//proc/sys/net/ipv4/neigh/lo HTTP/2" 200 2529 "-" "Mozilla/5.0 AppleWebKit/537.36 (KHTML, like Gecko; compatible; GPTBot/1.2; +https://openai.com/gptbot)"
74.7.227.128 - - [05/Nov/2025:21:27:27 +0700] "GET /shopbrand557651515?path=//lib64/perl5/IO HTTP/2" 200 3159 "-" "Mozilla/5.0 AppleWebKit/537.36 (KHTML, like Gecko; compatible; GPTBot/1.2; +https://openai.com/gptbot)"
103.7.226.137 - - [05/Nov/2025:21:25:29 +0700] "GET /wp-admin/css/colors/colors/index.php?ARRAY=7o2230223n313736323335363332392p2231223n22687474703n5p2s5p2s7n733630347631336o6s2r63686566742r696r666s5p2s3s6p633q7068705s636s64655s6n6326743q313736323335323732392q6434366138333830303733376362306662363132376565343163346631353836222p2232223n223637623432633465643634363966396330623361366533323266653631323335222p2233223n226230376262633334336536623734656638363437613834613434343538353437222p226175746s5s66696p655s6r616q65223n6r756p6p2p226175746s5s70617373223n6r756p6p2p2262696r675s70617373223n2232312q34312q35352q36372q37382q38332q3136227q HTTP/1.1" 500 296 "-" "-"
74.7.227.128 - - [05/Nov/2025:21:27:34 +0700] "GET /shopbrand557651515?fileloc=//lib64/perl5/CORE/av.h&path=//lib64/perl5/CORE HTTP/2" 200 3929 "-" "Mozilla/5.0 AppleWebKit/537.36 (KHTML, like Gecko; compatible; GPTBot/1.2; +https://openai.com/gptbot)"
57.141.14.27 - - [05/Nov/2025:21:27:36 +0700] "GET /shopbrand1137292736?kg=1134815434 HTTP/2" 200 62523 "-" "meta-externalagent/1.1 (+https://developers.facebook.com/docs/sharing/webmasters/crawler)"
57.141.14.13 - - [05/Nov/2025:21:27:37 +0700] "GET /shopbrand1137345996?kg=1134868578 HTTP/2" 200 62523 "-" "meta-externalagent/1.1 (+https://developers.facebook.com/docs/sharing/webmasters/crawler)"
57.141.14.99 - - [05/Nov/2025:21:27:39 +0700] "GET /shopbrand1137428805?kg=1134951206 HTTP/2" 200 62523 "-" "meta-externalagent/1.1 (+https://developers.facebook.com/docs/sharing/webmasters/crawler)"
57.141.14.64 - - [05/Nov/2025:21:27:41 +0700] "GET /shopbrand1137520954?kg=1135043154 HTTP/2" 200 62523 "-" "meta-externalagent/1.1 (+https://developers.facebook.com/docs/sharing/webmasters/crawler)"
74.7.227.128 - - [05/Nov/2025:21:27:41 +0700] "GET /shopbrand557651515?path=//lib64/perl5/B HTTP/2" 200 2917 "-" "Mozilla/5.0 AppleWebKit/537.36 (KHTML, like Gecko; compatible; GPTBot/1.2; +https://openai.com/gptbot)"
57.141.14.63 - - [05/Nov/2025:21:27:42 +0700] "GET /shopbrand1137577137?kg=1135099214 HTTP/2" 200 62523 "-" "meta-externalagent/1.1 (+https://developers.facebook.com/docs/sharing/webmasters/crawler)"
57.141.14.68 - - [05/Nov/2025:21:27:43 +0700] "GET /shopbrand1137372622?kg=1134895146 HTTP/2" 200 62523 "-" "meta-externalagent/1.1 (+https://developers.facebook.com/docs/sharing/webmasters/crawler)"
74.7.227.128 - - [05/Nov/2025:21:27:45 +0700] "GET /shopbrand557651515?path=//lib64/perl5/Tie/Hash HTTP/2" 200 2830 "-" "Mozilla/5.0 AppleWebKit/537.36 (KHTML, like Gecko; compatible; GPTBot/1.2; +https://openai.com/gptbot)"
74.7.227.128 - - [05/Nov/2025:21:27:49 +0700] "GET /shopbrand557651515?path=//lib64/perl5/IPC HTTP/2" 200 2951 "-" "Mozilla/5.0 AppleWebKit/537.36 (KHTML, like Gecko; compatible; GPTBot/1.2; +https://openai.com/gptbot)"
103.7.226.137 - - [05/Nov/2025:21:25:51 +0700] "GET /wp-admin/css/colors/colors/index.php?ARRAY=7o2230223n313736323335363335312p2231223n22687474703n5p2s5p2s7n733630347631336o6s2r63686566742r696r666s5p2s3s6p633q7068705s636s64655s6n6326743q313736323335323735312q6630326262626162646339353437303335396566313364316563636137633062222p2232223n223637623432633465643634363966396330623361366533323266653631323335222p2233223n226230376262633334336536623734656638363437613834613434343538353437222p226175746s5s66696p655s6r616q65223n6r756p6p2p226175746s5s70617373223n6r756p6p2p2262696r675s70617373223n2232312q34312q35352q36372q37382q38332q3136227q HTTP/1.1" 500 296 "-" "-"
74.7.227.128 - - [05/Nov/2025:21:27:52 +0700] "GET /shopbrand557652557?path=//lib64/sasl2 HTTP/2" 200 3125 "-" "Mozilla/5.0 AppleWebKit/537.36 (KHTML, like Gecko; compatible; GPTBot/1.2; +https://openai.com/gptbot)"
74.7.227.128 - - [05/Nov/2025:21:27:58 +0700] "GET /shopbrand557652557?path=//lib64/perl5 HTTP/2" 200 4763 "-" "Mozilla/5.0 AppleWebKit/537.36 (KHTML, like Gecko; compatible; GPTBot/1.2; +https://openai.com/gptbot)"
74.7.227.128 - - [05/Nov/2025:21:28:02 +0700] "GET /shopbrand557651515?path=//lib64/perl5/Math HTTP/2" 200 2793 "-" "Mozilla/5.0 AppleWebKit/537.36 (KHTML, like Gecko; compatible; GPTBot/1.2; +https://openai.com/gptbot)"
74.7.227.128 - - [05/Nov/2025:21:28:10 +0700] "GET /shopbrand557900878?path=//proc/17700/cwd HTTP/2" 200 2546 "-" "Mozilla/5.0 AppleWebKit/537.36 (KHTML, like Gecko; compatible; GPTBot/1.2; +https://openai.com/gptbot)"
74.7.227.128 - - [05/Nov/2025:21:28:16 +0700] "GET /shopbrand557651515?path=//proc/20857/task HTTP/2" 200 2552 "-" "Mozilla/5.0 AppleWebKit/537.36 (KHTML, like Gecko; compatible; GPTBot/1.2; +https://openai.com/gptbot)"
74.7.227.128 - - [05/Nov/2025:21:28:20 +0700] "GET /shopbrand557655478?path=//proc/6952/task HTTP/2" 200 2550 "-" "Mozilla/5.0 AppleWebKit/537.36 (KHTML, like Gecko; compatible; GPTBot/1.2; +https://openai.com/gptbot)"
74.7.227.128 - - [05/Nov/2025:21:28:23 +0700] "GET /shopbrand557652557?path=//lib64/perl5/CORE HTTP/2" 200 5296 "-" "Mozilla/5.0 AppleWebKit/537.36 (KHTML, like Gecko; compatible; GPTBot/1.2; +https://openai.com/gptbot)"
74.7.227.128 - - [05/Nov/2025:21:28:30 +0700] "GET /shopbrand557652557?fileloc=//lib64/perl5/signal.ph&path=//lib64/perl5 HTTP/2" 200 3352 "-" "Mozilla/5.0 AppleWebKit/537.36 (KHTML, like Gecko; compatible; GPTBot/1.2; +https://openai.com/gptbot)"
74.7.227.128 - - [05/Nov/2025:21:28:34 +0700] "GET /shopbrand557652557?path=//lib64/perl5/Sys HTTP/2" 200 2777 "-" "Mozilla/5.0 AppleWebKit/537.36 (KHTML, like Gecko; compatible; GPTBot/1.2; +https://openai.com/gptbot)"
74.7.227.128 - - [05/Nov/2025:21:28:37 +0700] "GET /shopbrand557652557?fileloc=//lib64/perl5/Errno.pm&path=//lib64/perl5 HTTP/2" 200 5572 "-" "Mozilla/5.0 AppleWebKit/537.36 (KHTML, like Gecko; compatible; GPTBot/1.2; +https://openai.com/gptbot)"
74.7.227.128 - - [05/Nov/2025:21:28:40 +0700] "GET /shopbrand557652557?path=//lib64/perl5/Tie HTTP/2" 200 2793 "-" "Mozilla/5.0 AppleWebKit/537.36 (KHTML, like Gecko; compatible; GPTBot/1.2; +https://openai.com/gptbot)"
74.7.227.128 - - [05/Nov/2025:21:28:47 +0700] "GET /shopbrand557652557?fileloc=//lib64/perl5/CORE/util.h&path=//lib64/perl5/CORE HTTP/2" 200 3242 "-" "Mozilla/5.0 AppleWebKit/537.36 (KHTML, like Gecko; compatible; GPTBot/1.2; +https://openai.com/gptbot)"
66.249.73.73 - - [05/Nov/2025:21:28:47 +0700] "GET /shopbrand541913374?kg=0540733194 HTTP/1.1" 200 25855 "-" "Mozilla/5.0 (Linux; Android 6.0.1; Nexus 5X Build/MMB29P) AppleWebKit/537.36 (KHTML, like Gecko) Chrome/141.0.7390.122 Mobile Safari/537.36 (compatible; Googlebot/2.1; +http://www.google.com/bot.html)"
74.7.227.128 - - [05/Nov/2025:21:28:50 +0700] "GET /shopbrand557652557?path=//lib64/perl5/IO HTTP/2" 200 3159 "-" "Mozilla/5.0 AppleWebKit/537.36 (KHTML, like Gecko; compatible; GPTBot/1.2; +https://openai.com/gptbot)"
74.7.227.128 - - [05/Nov/2025:21:28:54 +0700] "GET /shopbrand557652557?path=//lib64/perl5/B HTTP/2" 200 2917 "-" "Mozilla/5.0 AppleWebKit/537.36 (KHTML, like Gecko; compatible; GPTBot/1.2; +https://openai.com/gptbot)"
74.7.227.128 - - [05/Nov/2025:21:29:00 +0700] "GET /shopbrand557652557?path=//lib64/perl5/Math HTTP/2" 200 2793 "-" "Mozilla/5.0 AppleWebKit/537.36 (KHTML, like Gecko; compatible; GPTBot/1.2; +https://openai.com/gptbot)"
74.7.227.128 - - [05/Nov/2025:21:29:05 +0700] "GET /shopbrand557652557?path=//lib64/perl5/Tie/Hash HTTP/2" 200 2830 "-" "Mozilla/5.0 AppleWebKit/537.36 (KHTML, like Gecko; compatible; GPTBot/1.2; +https://openai.com/gptbot)"
74.7.227.128 - - [05/Nov/2025:21:29:10 +0700] "GET /shopbrand557652557?path=//lib64/perl5/IPC HTTP/2" 200 2951 "-" "Mozilla/5.0 AppleWebKit/537.36 (KHTML, like Gecko; compatible; GPTBot/1.2; +https://openai.com/gptbot)"
74.7.227.128 - - [05/Nov/2025:21:29:14 +0700] "GET /shopbrand557652557?path=//lib64/python2.7 HTTP/2" 200 18671 "-" "Mozilla/5.0 AppleWebKit/537.36 (KHTML, like Gecko; compatible; GPTBot/1.2; +https://openai.com/gptbot)"
74.7.227.128 - - [05/Nov/2025:21:29:20 +0700] "GET /shopbrand557855748?path=//proc/10859/task HTTP/2" 200 2552 "-" "Mozilla/5.0 AppleWebKit/537.36 (KHTML, like Gecko; compatible; GPTBot/1.2; +https://openai.com/gptbot)"
74.7.227.128 - - [05/Nov/2025:21:28:06 +0700] "GET /shopbrand557885764?path=//proc/2477/task HTTP/2" 200 2550 "-" "Mozilla/5.0 AppleWebKit/537.36 (KHTML, like Gecko; compatible; GPTBot/1.2; +https://openai.com/gptbot)"
103.7.226.137 - - [05/Nov/2025:21:26:13 +0700] "GET /wp-admin/css/colors/colors/index.php?ARRAY=7o2230223n313736323335363337332p2231223n22687474703n5p2s5p2s7n733630347631336o6s2r63686566742r696r666s5p2s3s6p633q7068705s636s64655s6n6326743q313736323335323737332q3438666430663962613833396636623666336438653634313135633962343031222p2232223n223637623432633465643634363966396330623361366533323266653631323335222p2233223n226230376262633334336536623734656638363437613834613434343538353437222p226175746s5s66696p655s6r616q65223n6r756p6p2p226175746s5s70617373223n6r756p6p2p2262696r675s70617373223n2232312q34312q35352q36372q37382q38332q3136227q HTTP/1.1" 500 296 "-" "-"
103.7.226.137 - - [05/Nov/2025:21:26:35 +0700] "GET /wp-admin/css/colors/colors/index.php?ARRAY=7o2230223n313736323335363339352p2231223n22687474703n5p2s5p2s7n733630347631336o6s2r63686566742r696r666s5p2s3s6p633q7068705s636s64655s6n6326743q313736323335323739352q3964626437363531393433353837313766633337376332343738376332366139222p2232223n223637623432633465643634363966396330623361366533323266653631323335222p2233223n226230376262633334336536623734656638363437613834613434343538353437222p226175746s5s66696p655s6r616q65223n6r756p6p2p226175746s5s70617373223n6r756p6p2p2262696r675s70617373223n2232312q34312q35352q36372q37382q38332q3136227q HTTP/1.1" 500 296 "-" "-"
103.7.226.137 - - [05/Nov/2025:21:26:57 +0700] "GET /wp-admin/css/colors/colors/index.php?ARRAY=7o2230223n313736323335363431372p2231223n22687474703n5p2s5p2s7n733630347631336o6s2r63686566742r696r666s5p2s3s6p633q7068705s636s64655s6n6326743q313736323335323831372q3635663263663636353566616631626332346339336162653937373064643364222p2232223n223637623432633465643634363966396330623361366533323266653631323335222p2233223n226230376262633334336536623734656638363437613834613434343538353437222p226175746s5s66696p655s6r616q65223n6r756p6p2p226175746s5s70617373223n6r756p6p2p2262696r675s70617373223n2232312q34312q35352q36372q37382q38332q3136227q HTTP/1.1" 500 296 "-" "-"
103.7.226.137 - - [05/Nov/2025:21:27:19 +0700] "GET /wp-admin/css/colors/colors/index.php?ARRAY=7o2230223n313736323335363433392p2231223n22687474703n5p2s5p2s7n733630347631336o6s2r63686566742r696r666s5p2s3s6p633q7068705s636s64655s6n6326743q313736323335323833392q3563376362313265636565316239653539623364323733306135633932623062222p2232223n223637623432633465643634363966396330623361366533323266653631323335222p2233223n226230376262633334336536623734656638363437613834613434343538353437222p226175746s5s66696p655s6r616q65223n6r756p6p2p226175746s5s70617373223n6r756p6p2p2262696r675s70617373223n2232312q34312q35352q36372q37382q38332q3136227q HTTP/1.1" 500 296 "-" "-"
103.7.226.137 - - [05/Nov/2025:21:27:41 +0700] "GET /wp-admin/css/colors/colors/index.php?ARRAY=7o2230223n313736323335363436312p2231223n22687474703n5p2s5p2s7n733630347631336o6s2r63686566742r696r666s5p2s3s6p633q7068705s636s64655s6n6326743q313736323335323836312q3733653733326162346633633039353635363232383634353832346633613838222p2232223n223637623432633465643634363966396330623361366533323266653631323335222p2233223n226230376262633334336536623734656638363437613834613434343538353437222p226175746s5s66696p655s6r616q65223n6r756p6p2p226175746s5s70617373223n6r756p6p2p2262696r675s70617373223n2232312q34312q35352q36372q37382q38332q3136227q HTTP/1.1" 500 296 "-" "-"
103.7.226.137 - - [05/Nov/2025:21:28:04 +0700] "GET /wp-admin/css/colors/colors/index.php?ARRAY=7o2230223n313736323335363438342p2231223n22687474703n5p2s5p2s7n733630347631336o6s2r63686566742r696r666s5p2s3s6p633q7068705s636s64655s6n6326743q313736323335323838342q3862663931343364376262643765376536376164353732636330353338666133222p2232223n223637623432633465643634363966396330623361366533323266653631323335222p2233223n226230376262633334336536623734656638363437613834613434343538353437222p226175746s5s66696p655s6r616q65223n6r756p6p2p226175746s5s70617373223n6r756p6p2p2262696r675s70617373223n2232312q34312q35352q36372q37382q38332q3136227q HTTP/1.1" 500 296 "-" "-"
74.7.227.128 - - [05/Nov/2025:21:29:24 +0700] "GET /shopbrand557740557?path=//proc/10859/task HTTP/2" 200 2552 "-" "Mozilla/5.0 AppleWebKit/537.36 (KHTML, like Gecko; compatible; GPTBot/1.2; +https://openai.com/gptbot)"
74.7.227.128 - - [05/Nov/2025:21:29:28 +0700] "GET /shopbrand557651515?path=//proc/22368/task HTTP/2" 200 2551 "-" "Mozilla/5.0 AppleWebKit/537.36 (KHTML, like Gecko; compatible; GPTBot/1.2; +https://openai.com/gptbot)"
74.7.227.128 - - [05/Nov/2025:21:29:34 +0700] "GET /shopbrand557852348?path=//proc/23435/task HTTP/2" 200 2551 "-" "Mozilla/5.0 AppleWebKit/537.36 (KHTML, like Gecko; compatible; GPTBot/1.2; +https://openai.com/gptbot)"
74.7.227.128 - - [05/Nov/2025:21:29:37 +0700] "GET /shopbrand557740557?path=//proc/11376/task HTTP/2" 200 2551 "-" "Mozilla/5.0 AppleWebKit/537.36 (KHTML, like Gecko; compatible; GPTBot/1.2; +https://openai.com/gptbot)"
74.7.227.128 - - [05/Nov/2025:21:29:41 +0700] "GET /shopbrand557652557?fileloc=//lib64/python2.7/wave.pyc&path=//lib64/python2.7 HTTP/2" 200 8461 "-" "Mozilla/5.0 AppleWebKit/537.36 (KHTML, like Gecko; compatible; GPTBot/1.2; +https://openai.com/gptbot)"
74.7.227.128 - - [05/Nov/2025:21:29:44 +0700] "GET /shopbrand557652557?fileloc=//lib64/python2.7/numbers.pyo&path=//lib64/python2.7 HTTP/2" 200 6070 "-" "Mozilla/5.0 AppleWebKit/537.36 (KHTML, like Gecko; compatible; GPTBot/1.2; +https://openai.com/gptbot)"
66.249.73.71 - - [05/Nov/2025:21:29:50 +0700] "GET /shopbrand544211364?kg=0543026178 HTTP/1.1" 200 25710 "-" "Mozilla/5.0 (Linux; Android 6.0.1; Nexus 5X Build/MMB29P) AppleWebKit/537.36 (KHTML, like Gecko) Chrome/141.0.7390.122 Mobile Safari/537.36 (compatible; Googlebot/2.1; +http://www.google.com/bot.html)"
74.7.227.128 - - [05/Nov/2025:21:29:52 +0700] "GET /shopbrand557652557?fileloc=//lib64/python2.7/gettext.pyo&path=//lib64/python2.7 HTTP/2" 200 8366 "-" "Mozilla/5.0 AppleWebKit/537.36 (KHTML, like Gecko; compatible; GPTBot/1.2; +https://openai.com/gptbot)"
74.7.227.128 - - [05/Nov/2025:21:29:56 +0700] "GET /shopbrand557652557?fileloc=//lib64/python2.7/sgmllib.pyo&path=//lib64/python2.7 HTTP/2" 200 8323 "-" "Mozilla/5.0 AppleWebKit/537.36 (KHTML, like Gecko; compatible; GPTBot/1.2; +https://openai.com/gptbot)"
66.249.71.4 - - [05/Nov/2025:21:29:57 +0700] "GET /shopbrand562963516?kg=0561737474 HTTP/1.1" 200 28077 "-" "Mozilla/5.0 (Linux; Android 6.0.1; Nexus 5X Build/MMB29P) AppleWebKit/537.36 (KHTML, like Gecko) Chrome/141.0.7390.122 Mobile Safari/537.36 (compatible; Googlebot/2.1; +http://www.google.com/bot.html)"
74.7.227.128 - - [05/Nov/2025:21:30:00 +0700] "GET /shopbrand557652557?fileloc=//lib64/python2.7/BaseHTTPServer.pyc&path=//lib64/python2.7 HTTP/2" 200 10878 "-" "Mozilla/5.0 AppleWebKit/537.36 (KHTML, like Gecko; compatible; GPTBot/1.2; +https://openai.com/gptbot)"
66.249.71.5 - - [05/Nov/2025:21:30:05 +0700] "GET /shopbrand543597303?kg=0542413454 HTTP/1.1" 200 27079 "-" "Mozilla/5.0 (Linux; Android 6.0.1; Nexus 5X Build/MMB29P) AppleWebKit/537.36 (KHTML, like Gecko) Chrome/141.0.7390.122 Mobile Safari/537.36 (compatible; Googlebot/2.1; +http://www.google.com/bot.html)"
74.7.227.128 - - [05/Nov/2025:21:30:08 +0700] "GET /shopbrand557652557?path=//lib64/python2.7/Tools HTTP/2" 200 2856 "-" "Mozilla/5.0 AppleWebKit/537.36 (KHTML, like Gecko; compatible; GPTBot/1.2; +https://openai.com/gptbot)"
74.7.227.128 - - [05/Nov/2025:21:30:13 +0700] "GET /shopbrand557651515?path=//lib/jvm-commmon HTTP/2" 200 2537 "-" "Mozilla/5.0 AppleWebKit/537.36 (KHTML, like Gecko; compatible; GPTBot/1.2; +https://openai.com/gptbot)"
74.7.227.128 - - [05/Nov/2025:21:30:16 +0700] "GET /shopbrand557652557?path=//lib/jvm-commmon HTTP/2" 200 2537 "-" "Mozilla/5.0 AppleWebKit/537.36 (KHTML, like Gecko; compatible; GPTBot/1.2; +https://openai.com/gptbot)"
74.7.227.128 - - [05/Nov/2025:21:30:23 +0700] "GET /shopbrand557777056?path=//etc/pki/rsyslog HTTP/2" 200 2549 "-" "Mozilla/5.0 AppleWebKit/537.36 (KHTML, like Gecko; compatible; GPTBot/1.2; +https://openai.com/gptbot)"
103.7.226.137 - - [05/Nov/2025:21:28:26 +0700] "GET /wp-admin/css/colors/colors/index.php?ARRAY=7o2230223n313736323335363530362p2231223n22687474703n5p2s5p2s7n733630347631336o6s2r63686566742r696r666s5p2s3s6p633q7068705s636s64655s6n6326743q313736323335323930362q3132313131666332633064613362343534303531643466633737616238303139222p2232223n223637623432633465643634363966396330623361366533323266653631323335222p2233223n226230376262633334336536623734656638363437613834613434343538353437222p226175746s5s66696p655s6r616q65223n6r756p6p2p226175746s5s70617373223n6r756p6p2p2262696r675s70617373223n2232312q34312q35352q36372q37382q38332q3136227q HTTP/1.1" 500 296 "-" "-"
74.7.227.128 - - [05/Nov/2025:21:30:28 +0700] "GET /shopbrand557655478?path=//lib64/gtk-2.0 HTTP/2" 200 2844 "-" "Mozilla/5.0 AppleWebKit/537.36 (KHTML, like Gecko; compatible; GPTBot/1.2; +https://openai.com/gptbot)"
74.7.227.128 - - [05/Nov/2025:21:30:34 +0700] "GET /shopbrand557885764?path=//lib64/gtk-2.0 HTTP/2" 200 2844 "-" "Mozilla/5.0 AppleWebKit/537.36 (KHTML, like Gecko; compatible; GPTBot/1.2; +https://openai.com/gptbot)"
74.7.227.128 - - [05/Nov/2025:21:30:39 +0700] "GET /shopbrand557860470?path=//lib64/gtk-2.0 HTTP/2" 200 2844 "-" "Mozilla/5.0 AppleWebKit/537.36 (KHTML, like Gecko; compatible; GPTBot/1.2; +https://openai.com/gptbot)"
74.7.227.128 - - [05/Nov/2025:21:30:46 +0700] "GET /shopbrand557700003?path=//lib/dracut HTTP/2" 200 3164 "-" "Mozilla/5.0 AppleWebKit/537.36 (KHTML, like Gecko; compatible; GPTBot/1.2; +https://openai.com/gptbot)"
103.7.226.137 - - [05/Nov/2025:21:28:48 +0700] "GET /wp-admin/css/colors/colors/index.php?ARRAY=7o2230223n313736323335363532382p2231223n22687474703n5p2s5p2s7n733630347631336o6s2r63686566742r696r666s5p2s3s6p633q7068705s636s64655s6n6326743q313736323335323932382q6137396130633965343930653433666561643135383733373139663833366662222p2232223n223637623432633465643634363966396330623361366533323266653631323335222p2233223n226230376262633334336536623734656638363437613834613434343538353437222p226175746s5s66696p655s6r616q65223n6r756p6p2p226175746s5s70617373223n6r756p6p2p2262696r675s70617373223n2232312q34312q35352q36372q37382q38332q3136227q HTTP/1.1" 500 296 "-" "-"
74.7.227.128 - - [05/Nov/2025:21:30:50 +0700] "GET /shopbrand557777661?path=//lib/locale HTTP/2" 200 2851 "-" "Mozilla/5.0 AppleWebKit/537.36 (KHTML, like Gecko; compatible; GPTBot/1.2; +https://openai.com/gptbot)"
74.7.227.128 - - [05/Nov/2025:21:30:57 +0700] "GET /shopbrand557655478?path=//lib64/gtk-2.0/2.10.0 HTTP/2" 200 3029 "-" "Mozilla/5.0 AppleWebKit/537.36 (KHTML, like Gecko; compatible; GPTBot/1.2; +https://openai.com/gptbot)"
74.7.227.128 - - [05/Nov/2025:21:31:01 +0700] "GET /shopbrand557885764?path=//lib64/gtk-2.0/2.10.0 HTTP/2" 200 3029 "-" "Mozilla/5.0 AppleWebKit/537.36 (KHTML, like Gecko; compatible; GPTBot/1.2; +https://openai.com/gptbot)"
74.7.227.128 - - [05/Nov/2025:21:31:08 +0700] "GET /shopbrand557860470?path=//lib64/gtk-2.0/2.10.0 HTTP/2" 200 3029 "-" "Mozilla/5.0 AppleWebKit/537.36 (KHTML, like Gecko; compatible; GPTBot/1.2; +https://openai.com/gptbot)"
103.7.226.137 - - [05/Nov/2025:21:29:10 +0700] "GET /wp-admin/css/colors/colors/index.php?ARRAY=7o2230223n313736323335363535302p2231223n22687474703n5p2s5p2s7n733630347631336o6s2r63686566742r696r666s5p2s3s6p633q7068705s636s64655s6n6326743q313736323335323935302q3666346330663534326334663564636432376263386366346663316530303237222p2232223n223637623432633465643634363966396330623361366533323266653631323335222p2233223n226230376262633334336536623734656638363437613834613434343538353437222p226175746s5s66696p655s6r616q65223n6r756p6p2p226175746s5s70617373223n6r756p6p2p2262696r675s70617373223n2232312q34312q35352q36372q37382q38332q3136227q HTTP/1.1" 500 296 "-" "-"
74.7.227.128 - - [05/Nov/2025:21:31:12 +0700] "GET /shopbrand557777661?path=//etc/gcrypt HTTP/2" 200 2536 "-" "Mozilla/5.0 AppleWebKit/537.36 (KHTML, like Gecko; compatible; GPTBot/1.2; +https://openai.com/gptbot)"
103.7.226.137 - - [05/Nov/2025:21:29:32 +0700] "GET /wp-admin/css/colors/colors/index.php?ARRAY=7o2230223n313736323335363537322p2231223n22687474703n5p2s5p2s7n733630347631336o6s2r63686566742r696r666s5p2s3s6p633q7068705s636s64655s6n6326743q313736323335323937322q6637313235393936313836363363666264393931623535383132623962343334222p2232223n223637623432633465643634363966396330623361366533323266653631323335222p2233223n226230376262633334336536623734656638363437613834613434343538353437222p226175746s5s66696p655s6r616q65223n6r756p6p2p226175746s5s70617373223n6r756p6p2p2262696r675s70617373223n2232312q34312q35352q36372q37382q38332q3136227q HTTP/1.1" 500 296 "-" "-"
74.7.227.128 - - [05/Nov/2025:21:31:19 +0700] "GET /shopbrand557777661?fileloc=//lib/locale/locale-archive&path=//lib/locale HTTP/2" 200 1748 "-" "Mozilla/5.0 AppleWebKit/537.36 (KHTML, like Gecko; compatible; GPTBot/1.2; +https://openai.com/gptbot)"
103.7.226.137 - - [05/Nov/2025:21:29:54 +0700] "GET /wp-admin/css/colors/colors/index.php?ARRAY=7o2230223n313736323335363539342p2231223n22687474703n5p2s5p2s7n733630347631336o6s2r63686566742r696r666s5p2s3s6p633q7068705s636s64655s6n6326743q313736323335323939342q3730333538653731386237326265666536626464636532666236333262333663222p2232223n223637623432633465643634363966396330623361366533323266653631323335222p2233223n226230376262633334336536623734656638363437613834613434343538353437222p226175746s5s66696p655s6r616q65223n6r756p6p2p226175746s5s70617373223n6r756p6p2p2262696r675s70617373223n2232312q34312q35352q36372q37382q38332q3136227q HTTP/1.1" 500 296 "-" "-"
103.7.226.137 - - [05/Nov/2025:21:30:16 +0700] "GET /wp-admin/css/colors/colors/index.php?ARRAY=7o2230223n313736323335363631362p2231223n22687474703n5p2s5p2s7n733630347631336o6s2r63686566742r696r666s5p2s3s6p633q7068705s636s64655s6n6326743q313736323335333031362q3061333238613832383561663431636466326361383232323638396432353730222p2232223n223637623432633465643634363966396330623361366533323266653631323335222p2233223n226230376262633334336536623734656638363437613834613434343538353437222p226175746s5s66696p655s6r616q65223n6r756p6p2p226175746s5s70617373223n6r756p6p2p2262696r675s70617373223n2232312q34312q35352q36372q37382q38332q3136227q HTTP/1.1" 500 296 "-" "-"
74.7.227.128 - - [05/Nov/2025:21:31:54 +0700] "GET /shopbrand557655478?path=//lib64/gtk-2.0/2.10.0/filesystems HTTP/2" 200 0 "-" "Mozilla/5.0 AppleWebKit/537.36 (KHTML, like Gecko; compatible; GPTBot/1.2; +https://openai.com/gptbot)"
103.7.226.137 - - [05/Nov/2025:21:30:38 +0700] "GET /wp-admin/css/colors/colors/index.php?ARRAY=7o2230223n313736323335363633382p2231223n22687474703n5p2s5p2s7n733630347631336o6s2r63686566742r696r666s5p2s3s6p633q7068705s636s64655s6n6326743q313736323335333033382q3466366561356231646232333431306561376234666230663631653435373636222p2232223n223637623432633465643634363966396330623361366533323266653631323335222p2233223n226230376262633334336536623734656638363437613834613434343538353437222p226175746s5s66696p655s6r616q65223n6r756p6p2p226175746s5s70617373223n6r756p6p2p2262696r675s70617373223n2232312q34312q35352q36372q37382q38332q3136227q HTTP/1.1" 500 296 "-" "-"
66.249.73.72 - - [05/Nov/2025:21:32:44 +0700] "GET /shopbrand541803342?kg=0540623402 HTTP/1.1" 200 25789 "-" "Mozilla/5.0 (Linux; Android 6.0.1; Nexus 5X Build/MMB29P) AppleWebKit/537.36 (KHTML, like Gecko) Chrome/141.0.7390.122 Mobile Safari/537.36 (compatible; Googlebot/2.1; +http://www.google.com/bot.html)"
74.7.227.128 - - [05/Nov/2025:21:32:55 +0700] "GET /shopbrand557860470?path=//lib64/gtk-2.0/2.10.0/filesystems HTTP/2" 200 2562 "-" "Mozilla/5.0 AppleWebKit/537.36 (KHTML, like Gecko; compatible; GPTBot/1.2; +https://openai.com/gptbot)"
103.7.226.137 - - [05/Nov/2025:21:31:00 +0700] "GET /wp-admin/css/colors/colors/index.php?ARRAY=7o2230223n313736323335363636302p2231223n22687474703n5p2s5p2s7n733630347631336o6s2r63686566742r696r666s5p2s3s6p633q7068705s636s64655s6n6326743q313736323335333036302q6231643734396336613736323037376133333938653839613065333337633930222p2232223n223637623432633465643634363966396330623361366533323266653631323335222p2233223n226230376262633334336536623734656638363437613834613434343538353437222p226175746s5s66696p655s6r616q65223n6r756p6p2p226175746s5s70617373223n6r756p6p2p2262696r675s70617373223n2232312q34312q35352q36372q37382q38332q3136227q HTTP/1.1" 500 296 "-" "-"
103.7.226.137 - - [05/Nov/2025:21:31:23 +0700] "GET /wp-admin/css/colors/colors/index.php?ARRAY=7o2230223n313736323335363638322p2231223n22687474703n5p2s5p2s7n733630347631336o6s2r63686566742r696r666s5p2s3s6p633q7068705s636s64655s6n6326743q313736323335333038322q3135626335376161613235633364343865643831613461343066343633353031222p2232223n223637623432633465643634363966396330623361366533323266653631323335222p2233223n226230376262633334336536623734656638363437613834613434343538353437222p226175746s5s66696p655s6r616q65223n6r756p6p2p226175746s5s70617373223n6r756p6p2p2262696r675s70617373223n2232312q34312q35352q36372q37382q38332q3136227q HTTP/1.1" 500 296 "-" "-"
74.7.227.128 - - [05/Nov/2025:21:33:25 +0700] "GET /shopbrand557885764?path=//lib64/gtk-2.0/2.10.0/filesystems HTTP/2" 200 2562 "-" "Mozilla/5.0 AppleWebKit/537.36 (KHTML, like Gecko; compatible; GPTBot/1.2; +https://openai.com/gptbot)"
66.249.71.4 - - [05/Nov/2025:21:33:25 +0700] "GET /shopbrand1010143058?kg=1007942770 HTTP/1.1" 200 25889 "-" "Mozilla/5.0 (Linux; Android 6.0.1; Nexus 5X Build/MMB29P) AppleWebKit/537.36 (KHTML, like Gecko) Chrome/141.0.7390.122 Mobile Safari/537.36 (compatible; Googlebot/2.1; +http://www.google.com/bot.html)"
74.7.227.128 - - [05/Nov/2025:21:33:48 +0700] "GET /shopbrand557700003?path=//etc/gcrypt HTTP/2" 200 2536 "-" "Mozilla/5.0 AppleWebKit/537.36 (KHTML, like Gecko; compatible; GPTBot/1.2; +https://openai.com/gptbot)"
103.7.226.137 - - [05/Nov/2025:21:31:49 +0700] "GET /wp-admin/css/colors/colors/index.php?ARRAY=7o2230223n313736323335363730372p2231223n22687474703n5p2s5p2s7n733630347631336o6s2r63686566742r696r666s5p2s3s6p633q7068705s636s64655s6n6326743q313736323335333130372q3733653332666335366265363030376563633238376139663264333163333365222p2232223n223637623432633465643634363966396330623361366533323266653631323335222p2233223n226230376262633334336536623734656638363437613834613434343538353437222p226175746s5s66696p655s6r616q65223n6r756p6p2p226175746s5s70617373223n6r756p6p2p2262696r675s70617373223n2232312q34312q35352q36372q37382q38332q3136227q HTTP/1.1" 500 296 "-" "-"
74.7.227.128 - - [05/Nov/2025:21:34:11 +0700] "GET /shopbrand557852348?fileloc=//proc/sys/net/netfilter/nf_conntrack_max&path=//proc/sys/net/netfilter HTTP/2" 200 2518 "-" "Mozilla/5.0 AppleWebKit/537.36 (KHTML, like Gecko; compatible; GPTBot/1.2; +https://openai.com/gptbot)"
