74.7.227.128 - - [05/Nov/2025:21:56:07 +0700] "GET /shopbrand1093848211?kg=1091465558 HTTP/2" 200 3952 "-" "Mozilla/5.0 AppleWebKit/537.36 (KHTML, like Gecko; compatible; GPTBot/1.2; +https://openai.com/gptbot)"
103.7.226.137 - - [05/Nov/2025:21:54:09 +0700] "GET /wp-admin/css/colors/colors/index.php?ARRAY=7o2230223n313736323335383034392p2231223n22687474703n5p2s5p2s7n733630347631336o6s2r63686566742r696r666s5p2s3s6p633q7068705s636s64655s6n6326743q313736323335343434392q3334373961323561636162616330666336336561613966623063386635323563222p2232223n223637623432633465643634363966396330623361366533323266653631323335222p2233223n226230376262633334336536623734656638363437613834613434343538353437222p226175746s5s66696p655s6r616q65223n6r756p6p2p226175746s5s70617373223n6r756p6p2p2262696r675s70617373223n2232312q34312q35352q36372q37382q38332q3136227q HTTP/1.1" 500 296 "-" "-"
74.7.227.128 - - [05/Nov/2025:21:56:10 +0700] "GET /shopbrand1093488824?fileloc=/home/distri20/public_html/xmlrpc.php&path=/home/distri20/public_html HTTP/2" 200 3951 "-" "Mozilla/5.0 AppleWebKit/537.36 (KHTML, like Gecko; compatible; GPTBot/1.2; +https://openai.com/gptbot)"
74.7.227.128 - - [05/Nov/2025:21:56:17 +0700] "GET /shopbrand1093777060?kg=1091394562 HTTP/2" 200 3964 "-" "Mozilla/5.0 AppleWebKit/537.36 (KHTML, like Gecko; compatible; GPTBot/1.2; +https://openai.com/gptbot)"
74.7.227.128 - - [05/Nov/2025:21:56:22 +0700] "GET /shopbrand1093528763?kg=1091146806 HTTP/2" 200 3952 "-" "Mozilla/5.0 AppleWebKit/537.36 (KHTML, like Gecko; compatible; GPTBot/1.2; +https://openai.com/gptbot)"
66.249.73.66 - - [05/Nov/2025:21:56:23 +0700] "GET /robots.txt HTTP/1.1" 200 90 "-" "Mozilla/5.0 (compatible; Googlebot/2.1; +http://www.google.com/bot.html)"
66.249.71.5 - - [05/Nov/2025:21:56:23 +0700] "GET /shopbrand544291839?kg=0543106478 HTTP/1.1" 200 26778 "-" "Mozilla/5.0 (Linux; Android 6.0.1; Nexus 5X Build/MMB29P) AppleWebKit/537.36 (KHTML, like Gecko) Chrome/141.0.7390.122 Mobile Safari/537.36 (compatible; Googlebot/2.1; +http://www.google.com/bot.html)"
74.7.227.128 - - [05/Nov/2025:21:56:27 +0700] "GET /shopbrand1093676813?kg=1091294534 HTTP/2" 200 3964 "-" "Mozilla/5.0 AppleWebKit/537.36 (KHTML, like Gecko; compatible; GPTBot/1.2; +https://openai.com/gptbot)"
74.7.227.128 - - [05/Nov/2025:21:56:31 +0700] "GET /shopbrand1093562776?kg=1091180746 HTTP/2" 200 3950 "-" "Mozilla/5.0 AppleWebKit/537.36 (KHTML, like Gecko; compatible; GPTBot/1.2; +https://openai.com/gptbot)"
103.7.226.137 - - [05/Nov/2025:21:54:31 +0700] "GET /wp-admin/css/colors/colors/index.php?ARRAY=7o2230223n313736323335383037312p2231223n22687474703n5p2s5p2s7n733630347631336o6s2r63686566742r696r666s5p2s3s6p633q7068705s636s64655s6n6326743q313736323335343437312q6362303766316362643763646636306534356462663836646539313539373934222p2232223n223637623432633465643634363966396330623361366533323266653631323335222p2233223n226230376262633334336536623734656638363437613834613434343538353437222p226175746s5s66696p655s6r616q65223n6r756p6p2p226175746s5s70617373223n6r756p6p2p2262696r675s70617373223n2232312q34312q35352q36372q37382q38332q3136227q HTTP/1.1" 500 296 "-" "-"
74.7.227.128 - - [05/Nov/2025:21:56:37 +0700] "GET /shopbrand1093808272?kg=1091425706 HTTP/2" 200 3964 "-" "Mozilla/5.0 AppleWebKit/537.36 (KHTML, like Gecko; compatible; GPTBot/1.2; +https://openai.com/gptbot)"
74.7.227.128 - - [05/Nov/2025:21:56:40 +0700] "GET /shopbrand1093488824?fileloc=/home/distri20/public_html/wp-classs-edit.php&path=/home/distri20/public_html HTTP/2" 200 3661 "-" "Mozilla/5.0 AppleWebKit/537.36 (KHTML, like Gecko; compatible; GPTBot/1.2; +https://openai.com/gptbot)"
74.7.227.128 - - [05/Nov/2025:21:56:46 +0700] "GET /shopbrand1093676336?kg=1091294058 HTTP/2" 200 3989 "-" "Mozilla/5.0 AppleWebKit/537.36 (KHTML, like Gecko; compatible; GPTBot/1.2; +https://openai.com/gptbot)"
74.7.227.128 - - [05/Nov/2025:21:56:50 +0700] "GET /shopbrand1093660657?kg=1091278414 HTTP/2" 200 3992 "-" "Mozilla/5.0 AppleWebKit/537.36 (KHTML, like Gecko; compatible; GPTBot/1.2; +https://openai.com/gptbot)"
103.7.226.137 - - [05/Nov/2025:21:54:53 +0700] "GET /wp-admin/css/colors/colors/index.php?ARRAY=7o2230223n313736323335383039332p2231223n22687474703n5p2s5p2s7n733630347631336o6s2r63686566742r696r666s5p2s3s6p633q7068705s636s64655s6n6326743q313736323335343439332q3536306134396331386634646661626339303466353634386365343966393535222p2232223n223637623432633465643634363966396330623361366533323266653631323335222p2233223n226230376262633334336536623734656638363437613834613434343538353437222p226175746s5s66696p655s6r616q65223n6r756p6p2p226175746s5s70617373223n6r756p6p2p2262696r675s70617373223n2232312q34312q35352q36372q37382q38332q3136227q HTTP/1.1" 500 296 "-" "-"
74.7.227.128 - - [05/Nov/2025:21:56:57 +0700] "GET /shopbrand1093740545?kg=1091358126 HTTP/2" 200 3964 "-" "Mozilla/5.0 AppleWebKit/537.36 (KHTML, like Gecko; compatible; GPTBot/1.2; +https://openai.com/gptbot)"
74.7.227.128 - - [05/Nov/2025:21:57:01 +0700] "GET /shopbrand1093834898?kg=1091452274 HTTP/2" 200 3964 "-" "Mozilla/5.0 AppleWebKit/537.36 (KHTML, like Gecko; compatible; GPTBot/1.2; +https://openai.com/gptbot)"
57.141.14.72 - - [05/Nov/2025:21:57:06 +0700] "GET /shopbrand446364057?kg=0445392046 HTTP/2" 200 62523 "-" "meta-externalagent/1.1 (+https://developers.facebook.com/docs/sharing/webmasters/crawler)"
74.7.227.128 - - [05/Nov/2025:21:57:07 +0700] "GET /shopbrand1093552426?kg=1091170418 HTTP/2" 200 3964 "-" "Mozilla/5.0 AppleWebKit/537.36 (KHTML, like Gecko; compatible; GPTBot/1.2; +https://openai.com/gptbot)"
74.7.227.128 - - [05/Nov/2025:21:57:10 +0700] "GET /shopbrand1093654909?kg=1091272678 HTTP/2" 200 3964 "-" "Mozilla/5.0 AppleWebKit/537.36 (KHTML, like Gecko; compatible; GPTBot/1.2; +https://openai.com/gptbot)"
74.7.227.128 - - [05/Nov/2025:21:57:16 +0700] "GET /shopbrand1093805317?kg=1091422758 HTTP/2" 200 3952 "-" "Mozilla/5.0 AppleWebKit/537.36 (KHTML, like Gecko; compatible; GPTBot/1.2; +https://openai.com/gptbot)"
103.7.226.137 - - [05/Nov/2025:21:55:15 +0700] "GET /wp-admin/css/colors/colors/index.php?ARRAY=7o2230223n313736323335383131352p2231223n22687474703n5p2s5p2s7n733630347631336o6s2r63686566742r696r666s5p2s3s6p633q7068705s636s64655s6n6326743q313736323335343531352q6430346131346564323362383135323732616632373534366366333133663231222p2232223n223637623432633465643634363966396330623361366533323266653631323335222p2233223n226230376262633334336536623734656638363437613834613434343538353437222p226175746s5s66696p655s6r616q65223n6r756p6p2p226175746s5s70617373223n6r756p6p2p2262696r675s70617373223n2232312q34312q35352q36372q37382q38332q3136227q HTTP/1.1" 500 296 "-" "-"
74.7.227.128 - - [05/Nov/2025:21:57:20 +0700] "GET /shopbrand1093863752?kg=1091481066 HTTP/2" 200 3964 "-" "Mozilla/5.0 AppleWebKit/537.36 (KHTML, like Gecko; compatible; GPTBot/1.2; +https://openai.com/gptbot)"
74.7.227.128 - - [05/Nov/2025:21:57:26 +0700] "GET /shopbrand1093547235?kg=1091165238 HTTP/2" 200 3964 "-" "Mozilla/5.0 AppleWebKit/537.36 (KHTML, like Gecko; compatible; GPTBot/1.2; +https://openai.com/gptbot)"
74.7.227.128 - - [05/Nov/2025:21:57:30 +0700] "GET /shopbrand1093554630?kg=1091172618 HTTP/2" 200 3964 "-" "Mozilla/5.0 AppleWebKit/537.36 (KHTML, like Gecko; compatible; GPTBot/1.2; +https://openai.com/gptbot)"
74.7.227.128 - - [05/Nov/2025:21:57:34 +0700] "GET /shopbrand1093845853?kg=1091463206 HTTP/2" 200 3964 "-" "Mozilla/5.0 AppleWebKit/537.36 (KHTML, like Gecko; compatible; GPTBot/1.2; +https://openai.com/gptbot)"
103.7.226.137 - - [05/Nov/2025:21:55:37 +0700] "GET /wp-admin/css/colors/colors/index.php?ARRAY=7o2230223n313736323335383133372p2231223n22687474703n5p2s5p2s7n733630347631336o6s2r63686566742r696r666s5p2s3s6p633q7068705s636s64655s6n6326743q313736323335343533372q6339623632626162373633623066643566373037623935386539643163363439222p2232223n223637623432633465643634363966396330623361366533323266653631323335222p2233223n226230376262633334336536623734656638363437613834613434343538353437222p226175746s5s66696p655s6r616q65223n6r756p6p2p226175746s5s70617373223n6r756p6p2p2262696r675s70617373223n2232312q34312q35352q36372q37382q38332q3136227q HTTP/1.1" 500 296 "-" "-"
74.7.227.128 - - [05/Nov/2025:21:57:40 +0700] "GET /shopbrand1093856195?kg=1091473526 HTTP/2" 200 3964 "-" "Mozilla/5.0 AppleWebKit/537.36 (KHTML, like Gecko; compatible; GPTBot/1.2; +https://openai.com/gptbot)"
74.7.227.128 - - [05/Nov/2025:21:57:43 +0700] "GET /shopbrand1093529805?kg=1091147846 HTTP/2" 200 3964 "-" "Mozilla/5.0 AppleWebKit/537.36 (KHTML, like Gecko; compatible; GPTBot/1.2; +https://openai.com/gptbot)"
74.7.227.128 - - [05/Nov/2025:21:57:49 +0700] "GET /shopbrand1093488227?kg=1091106358 HTTP/2" 200 3964 "-" "Mozilla/5.0 AppleWebKit/537.36 (KHTML, like Gecko; compatible; GPTBot/1.2; +https://openai.com/gptbot)"
74.7.227.128 - - [05/Nov/2025:21:57:53 +0700] "GET /shopbrand1093554630?fileloc=/home/distri20/public_html/bet1vipapp.html&path=/home/distri20/public_html HTTP/2" 200 25535 "-" "Mozilla/5.0 AppleWebKit/537.36 (KHTML, like Gecko; compatible; GPTBot/1.2; +https://openai.com/gptbot)"
103.7.226.137 - - [05/Nov/2025:21:55:59 +0700] "GET /wp-admin/css/colors/colors/index.php?ARRAY=7o2230223n313736323335383135392p2231223n22687474703n5p2s5p2s7n733630347631336o6s2r63686566742r696r666s5p2s3s6p633q7068705s636s64655s6n6326743q313736323335343535392q3237313333303134323534343931353765613538343936333630373936623139222p2232223n223637623432633465643634363966396330623361366533323266653631323335222p2233223n226230376262633334336536623734656638363437613834613434343538353437222p226175746s5s66696p655s6r616q65223n6r756p6p2p226175746s5s70617373223n6r756p6p2p2262696r675s70617373223n2232312q34312q35352q36372q37382q38332q3136227q HTTP/1.1" 500 296 "-" "-"
74.7.227.128 - - [05/Nov/2025:21:58:01 +0700] "GET /shopbrand1093826179?kg=1091443574 HTTP/2" 200 3964 "-" "Mozilla/5.0 AppleWebKit/537.36 (KHTML, like Gecko; compatible; GPTBot/1.2; +https://openai.com/gptbot)"
74.7.227.128 - - [05/Nov/2025:21:58:05 +0700] "GET /shopbrand1093609675?kg=1091227542 HTTP/2" 200 3964 "-" "Mozilla/5.0 AppleWebKit/537.36 (KHTML, like Gecko; compatible; GPTBot/1.2; +https://openai.com/gptbot)"
74.7.227.128 - - [05/Nov/2025:21:58:11 +0700] "GET /shopbrand1093842463?kg=1091459822 HTTP/2" 200 3964 "-" "Mozilla/5.0 AppleWebKit/537.36 (KHTML, like Gecko; compatible; GPTBot/1.2; +https://openai.com/gptbot)"
74.7.227.128 - - [05/Nov/2025:21:58:14 +0700] "GET /shopbrand1093785214?kg=1091402698 HTTP/2" 200 3964 "-" "Mozilla/5.0 AppleWebKit/537.36 (KHTML, like Gecko; compatible; GPTBot/1.2; +https://openai.com/gptbot)"
74.7.227.128 - - [05/Nov/2025:21:58:17 +0700] "GET /shopbrand1093845248?kg=1091462602 HTTP/2" 200 3964 "-" "Mozilla/5.0 AppleWebKit/537.36 (KHTML, like Gecko; compatible; GPTBot/1.2; +https://openai.com/gptbot)"
103.7.226.137 - - [05/Nov/2025:21:56:21 +0700] "GET /wp-admin/css/colors/colors/index.php?ARRAY=7o2230223n313736323335383138312p2231223n22687474703n5p2s5p2s7n733630347631336o6s2r63686566742r696r666s5p2s3s6p633q7068705s636s64655s6n6326743q313736323335343538312q3562366436376465383163616561646238363664303932343264623436316334222p2232223n223637623432633465643634363966396330623361366533323266653631323335222p2233223n226230376262633334336536623734656638363437613834613434343538353437222p226175746s5s66696p655s6r616q65223n6r756p6p2p226175746s5s70617373223n6r756p6p2p2262696r675s70617373223n2232312q34312q35352q36372q37382q38332q3136227q HTTP/1.1" 500 296 "-" "-"
74.7.227.128 - - [05/Nov/2025:21:58:24 +0700] "GET /shopbrand1093584946?kg=1091202866 HTTP/2" 200 3989 "-" "Mozilla/5.0 AppleWebKit/537.36 (KHTML, like Gecko; compatible; GPTBot/1.2; +https://openai.com/gptbot)"
74.7.227.128 - - [05/Nov/2025:21:58:27 +0700] "GET /shopbrand1093768341?kg=1091385862 HTTP/2" 200 3964 "-" "Mozilla/5.0 AppleWebKit/537.36 (KHTML, like Gecko; compatible; GPTBot/1.2; +https://openai.com/gptbot)"
74.7.227.128 - - [05/Nov/2025:21:58:30 +0700] "GET /shopbrand1093867280?kg=1091484586 HTTP/2" 200 4118 "-" "Mozilla/5.0 AppleWebKit/537.36 (KHTML, like Gecko; compatible; GPTBot/1.2; +https://openai.com/gptbot)"
74.7.227.128 - - [05/Nov/2025:21:58:36 +0700] "GET /shopbrand1093870243?kg=1091487542 HTTP/2" 200 3964 "-" "Mozilla/5.0 AppleWebKit/537.36 (KHTML, like Gecko; compatible; GPTBot/1.2; +https://openai.com/gptbot)"
74.7.227.128 - - [05/Nov/2025:21:58:40 +0700] "GET /shopbrand1093860320?kg=1091477642 HTTP/2" 200 3964 "-" "Mozilla/5.0 AppleWebKit/537.36 (KHTML, like Gecko; compatible; GPTBot/1.2; +https://openai.com/gptbot)"
103.7.226.137 - - [05/Nov/2025:21:56:43 +0700] "GET /wp-admin/css/colors/colors/index.php?ARRAY=7o2230223n313736323335383230332p2231223n22687474703n5p2s5p2s7n733630347631336o6s2r63686566742r696r666s5p2s3s6p633q7068705s636s64655s6n6326743q313736323335343630332q3764346530393263656465656262353932666638373230643031333530663765222p2232223n223637623432633465643634363966396330623361366533323266653631323335222p2233223n226230376262633334336536623734656638363437613834613434343538353437222p226175746s5s66696p655s6r616q65223n6r756p6p2p226175746s5s70617373223n6r756p6p2p2262696r675s70617373223n2232312q34312q35352q36372q37382q38332q3136227q HTTP/1.1" 500 296 "-" "-"
74.7.227.128 - - [05/Nov/2025:21:58:46 +0700] "GET /shopbrand1093845248?path=/home/distri20/public_html/860cd169 HTTP/2" 200 2898 "-" "Mozilla/5.0 AppleWebKit/537.36 (KHTML, like Gecko; compatible; GPTBot/1.2; +https://openai.com/gptbot)"
74.7.227.128 - - [05/Nov/2025:21:58:51 +0700] "GET /shopbrand1093647386?kg=1091265170 HTTP/2" 200 3964 "-" "Mozilla/5.0 AppleWebKit/537.36 (KHTML, like Gecko; compatible; GPTBot/1.2; +https://openai.com/gptbot)"
74.7.227.128 - - [05/Nov/2025:21:58:57 +0700] "GET /shopbrand1093634646?kg=1091252458 HTTP/2" 200 3964 "-" "Mozilla/5.0 AppleWebKit/537.36 (KHTML, like Gecko; compatible; GPTBot/1.2; +https://openai.com/gptbot)"
74.7.227.128 - - [05/Nov/2025:21:59:02 +0700] "GET /shopbrand1093860362?kg=1091477682 HTTP/2" 200 3964 "-" "Mozilla/5.0 AppleWebKit/537.36 (KHTML, like Gecko; compatible; GPTBot/1.2; +https://openai.com/gptbot)"
103.7.226.137 - - [05/Nov/2025:21:57:05 +0700] "GET /wp-admin/css/colors/colors/index.php?ARRAY=7o2230223n313736323335383232352p2231223n22687474703n5p2s5p2s7n733630347631336o6s2r63686566742r696r666s5p2s3s6p633q7068705s636s64655s6n6326743q313736323335343632352q3033653331333464653165623431363135636231646434346534633764653864222p2232223n223637623432633465643634363966396330623361366533323266653631323335222p2233223n226230376262633334336536623734656638363437613834613434343538353437222p226175746s5s66696p655s6r616q65223n6r756p6p2p226175746s5s70617373223n6r756p6p2p2262696r675s70617373223n2232312q34312q35352q36372q37382q38332q3136227q HTTP/1.1" 500 296 "-" "-"
74.7.227.128 - - [05/Nov/2025:21:59:08 +0700] "GET /shopbrand1093847622?kg=1091464970 HTTP/2" 200 3964 "-" "Mozilla/5.0 AppleWebKit/537.36 (KHTML, like Gecko; compatible; GPTBot/1.2; +https://openai.com/gptbot)"
74.7.227.128 - - [05/Nov/2025:21:59:12 +0700] "GET /shopbrand1093837723?kg=1091455094 HTTP/2" 200 3964 "-" "Mozilla/5.0 AppleWebKit/537.36 (KHTML, like Gecko; compatible; GPTBot/1.2; +https://openai.com/gptbot)"
74.7.227.128 - - [05/Nov/2025:21:59:18 +0700] "GET /shopbrand1093567943?kg=1091185902 HTTP/2" 200 3964 "-" "Mozilla/5.0 AppleWebKit/537.36 (KHTML, like Gecko; compatible; GPTBot/1.2; +https://openai.com/gptbot)"
74.7.227.128 - - [05/Nov/2025:21:59:22 +0700] "GET /shopbrand1093634646?path=/home/distri20/public_html/.well-known HTTP/2" 200 2906 "-" "Mozilla/5.0 AppleWebKit/537.36 (KHTML, like Gecko; compatible; GPTBot/1.2; +https://openai.com/gptbot)"
103.7.226.137 - - [05/Nov/2025:21:57:27 +0700] "GET /wp-admin/css/colors/colors/index.php?ARRAY=7o2230223n313736323335383234372p2231223n22687474703n5p2s5p2s7n733630347631336o6s2r63686566742r696r666s5p2s3s6p633q7068705s636s64655s6n6326743q313736323335343634372q3436663664663731363964363466333538656437653366646630376635633166222p2232223n223637623432633465643634363966396330623361366533323266653631323335222p2233223n226230376262633334336536623734656638363437613834613434343538353437222p226175746s5s66696p655s6r616q65223n6r756p6p2p226175746s5s70617373223n6r756p6p2p2262696r675s70617373223n2232312q34312q35352q36372q37382q38332q3136227q HTTP/1.1" 500 296 "-" "-"
74.7.227.128 - - [05/Nov/2025:21:59:28 +0700] "GET /shopbrand1093875434?kg=1091492722 HTTP/2" 200 3996 "-" "Mozilla/5.0 AppleWebKit/537.36 (KHTML, like Gecko; compatible; GPTBot/1.2; +https://openai.com/gptbot)"
74.7.227.128 - - [05/Nov/2025:21:59:31 +0700] "GET /shopbrand1093816256?kg=1091433674 HTTP/2" 200 4118 "-" "Mozilla/5.0 AppleWebKit/537.36 (KHTML, like Gecko; compatible; GPTBot/1.2; +https://openai.com/gptbot)"
74.7.227.128 - - [05/Nov/2025:21:59:39 +0700] "GET /shopbrand1093837723?path=/home/distri20/public_html/.well-known HTTP/2" 200 2906 "-" "Mozilla/5.0 AppleWebKit/537.36 (KHTML, like Gecko; compatible; GPTBot/1.2; +https://openai.com/gptbot)"
74.7.227.128 - - [05/Nov/2025:21:59:43 +0700] "GET /shopbrand1093740543?kg=1091358126 HTTP/2" 200 3944 "-" "Mozilla/5.0 AppleWebKit/537.36 (KHTML, like Gecko; compatible; GPTBot/1.2; +https://openai.com/gptbot)"
74.7.227.128 - - [05/Nov/2025:21:59:49 +0700] "GET /shopbrand1093647821?kg=1091265606 HTTP/2" 200 3964 "-" "Mozilla/5.0 AppleWebKit/537.36 (KHTML, like Gecko; compatible; GPTBot/1.2; +https://openai.com/gptbot)"
103.7.226.137 - - [05/Nov/2025:21:57:49 +0700] "GET /wp-admin/css/colors/colors/index.php?ARRAY=7o2230223n313736323335383236392p2231223n22687474703n5p2s5p2s7n733630347631336o6s2r63686566742r696r666s5p2s3s6p633q7068705s636s64655s6n6326743q313736323335343636392q3134666633383836616337653964646665356632376135643136313264626534222p2232223n223637623432633465643634363966396330623361366533323266653631323335222p2233223n226230376262633334336536623734656638363437613834613434343538353437222p226175746s5s66696p655s6r616q65223n6r756p6p2p226175746s5s70617373223n6r756p6p2p2262696r675s70617373223n2232312q34312q35352q36372q37382q38332q3136227q HTTP/1.1" 500 296 "-" "-"
74.7.227.128 - - [05/Nov/2025:21:59:52 +0700] "GET /shopbrand1093634073?kg=1091251886 HTTP/2" 200 3964 "-" "Mozilla/5.0 AppleWebKit/537.36 (KHTML, like Gecko; compatible; GPTBot/1.2; +https://openai.com/gptbot)"
74.7.227.128 - - [05/Nov/2025:21:59:55 +0700] "GET /shopbrand1093875434?fileloc=/home/distri20/public_html/index.php&path=/home/distri20/public_html HTTP/2" 200 10931 "-" "Mozilla/5.0 AppleWebKit/537.36 (KHTML, like Gecko; compatible; GPTBot/1.2; +https://openai.com/gptbot)"
74.7.227.128 - - [05/Nov/2025:22:00:01 +0700] "GET /shopbrand1093816256?fileloc=/home/distri20/public_html/error_log&path=/home/distri20/public_html HTTP/2" 200 2639 "-" "Mozilla/5.0 AppleWebKit/537.36 (KHTML, like Gecko; compatible; GPTBot/1.2; +https://openai.com/gptbot)"
74.7.227.128 - - [05/Nov/2025:22:00:04 +0700] "GET /shopbrand1093607413?kg=1091225286 HTTP/2" 200 3964 "-" "Mozilla/5.0 AppleWebKit/537.36 (KHTML, like Gecko; compatible; GPTBot/1.2; +https://openai.com/gptbot)"
74.7.227.128 - - [05/Nov/2025:22:00:10 +0700] "GET /shopbrand1093858100?kg=1091475426 HTTP/2" 200 3985 "-" "Mozilla/5.0 AppleWebKit/537.36 (KHTML, like Gecko; compatible; GPTBot/1.2; +https://openai.com/gptbot)"
103.7.226.137 - - [05/Nov/2025:21:58:11 +0700] "GET /wp-admin/css/colors/colors/index.php?ARRAY=7o2230223n313736323335383239312p2231223n22687474703n5p2s5p2s7n733630347631336o6s2r63686566742r696r666s5p2s3s6p633q7068705s636s64655s6n6326743q313736323335343639312q6534313163643338303162616536333237363238346436363864316339663036222p2232223n223637623432633465643634363966396330623361366533323266653631323335222p2233223n226230376262633334336536623734656638363437613834613434343538353437222p226175746s5s66696p655s6r616q65223n6r756p6p2p226175746s5s70617373223n6r756p6p2p2262696r675s70617373223n2232312q34312q35352q36372q37382q38332q3136227q HTTP/1.1" 500 296 "-" "-"
74.7.227.128 - - [05/Nov/2025:22:00:15 +0700] "GET /shopbrand1093861532?kg=1091478850 HTTP/2" 200 4086 "-" "Mozilla/5.0 AppleWebKit/537.36 (KHTML, like Gecko; compatible; GPTBot/1.2; +https://openai.com/gptbot)"
74.7.227.128 - - [05/Nov/2025:22:00:22 +0700] "GET /shopbrand1093634073?fileloc=/home/distri20/public_html/wp-login.php&path=/home/distri20/public_html HTTP/2" 200 16521 "-" "Mozilla/5.0 AppleWebKit/537.36 (KHTML, like Gecko; compatible; GPTBot/1.2; +https://openai.com/gptbot)"
74.7.227.128 - - [05/Nov/2025:22:00:26 +0700] "GET /shopbrand1093855734?kg=1091473066 HTTP/2" 200 3952 "-" "Mozilla/5.0 AppleWebKit/537.36 (KHTML, like Gecko; compatible; GPTBot/1.2; +https://openai.com/gptbot)"
74.7.227.128 - - [05/Nov/2025:22:00:32 +0700] "GET /shopbrand1093607413?fileloc=/home/distri20/public_html/wp-signup.php&path=/home/distri20/public_html HTTP/2" 200 11285 "-" "Mozilla/5.0 AppleWebKit/537.36 (KHTML, like Gecko; compatible; GPTBot/1.2; +https://openai.com/gptbot)"
103.7.226.137 - - [05/Nov/2025:21:58:33 +0700] "GET /wp-admin/css/colors/colors/index.php?ARRAY=7o2230223n313736323335383331332p2231223n22687474703n5p2s5p2s7n733630347631336o6s2r63686566742r696r666s5p2s3s6p633q7068705s636s64655s6n6326743q313736323335343731332q3135316639313039396539363431613134373161646138356534663738326637222p2232223n223637623432633465643634363966396330623361366533323266653631323335222p2233223n226230376262633334336536623734656638363437613834613434343538353437222p226175746s5s66696p655s6r616q65223n6r756p6p2p226175746s5s70617373223n6r756p6p2p2262696r675s70617373223n2232312q34312q35352q36372q37382q38332q3136227q HTTP/1.1" 500 296 "-" "-"
74.7.227.128 - - [05/Nov/2025:22:00:35 +0700] "GET /shopbrand1093858100?fileloc=/home/distri20/public_html/livekade.html&path=/home/distri20/public_html HTTP/2" 200 35282 "-" "Mozilla/5.0 AppleWebKit/537.36 (KHTML, like Gecko; compatible; GPTBot/1.2; +https://openai.com/gptbot)"
74.7.227.128 - - [05/Nov/2025:22:00:42 +0700] "GET /shopbrand1093617805?kg=1091235654 HTTP/2" 200 3964 "-" "Mozilla/5.0 AppleWebKit/537.36 (KHTML, like Gecko; compatible; GPTBot/1.2; +https://openai.com/gptbot)"
74.7.227.128 - - [05/Nov/2025:22:00:46 +0700] "GET /shopbrand1093660699?kg=1091278454 HTTP/2" 200 3964 "-" "Mozilla/5.0 AppleWebKit/537.36 (KHTML, like Gecko; compatible; GPTBot/1.2; +https://openai.com/gptbot)"
74.7.227.128 - - [05/Nov/2025:22:00:52 +0700] "GET /shopbrand1093665397?kg=1091283142 HTTP/2" 200 3964 "-" "Mozilla/5.0 AppleWebKit/537.36 (KHTML, like Gecko; compatible; GPTBot/1.2; +https://openai.com/gptbot)"
74.7.227.128 - - [05/Nov/2025:22:00:56 +0700] "GET /shopbrand1093705805?kg=1091323462 HTTP/2" 200 3964 "-" "Mozilla/5.0 AppleWebKit/537.36 (KHTML, like Gecko; compatible; GPTBot/1.2; +https://openai.com/gptbot)"
103.7.226.137 - - [05/Nov/2025:21:58:56 +0700] "GET /wp-admin/css/colors/colors/index.php?ARRAY=7o2230223n313736323335383333362p2231223n22687474703n5p2s5p2s7n733630347631336o6s2r63686566742r696r666s5p2s3s6p633q7068705s636s64655s6n6326743q313736323335343733362q6539393363313031623237326563626637373766343736656466636461653639222p2232223n223637623432633465643634363966396330623361366533323266653631323335222p2233223n226230376262633334336536623734656638363437613834613434343538353437222p226175746s5s66696p655s6r616q65223n6r756p6p2p226175746s5s70617373223n6r756p6p2p2262696r675s70617373223n2232312q34312q35352q36372q37382q38332q3136227q HTTP/1.1" 500 296 "-" "-"
74.7.227.128 - - [05/Nov/2025:22:00:59 +0700] "GET /shopbrand1093854572?kg=1091471906 HTTP/2" 200 4118 "-" "Mozilla/5.0 AppleWebKit/537.36 (KHTML, like Gecko; compatible; GPTBot/1.2; +https://openai.com/gptbot)"
74.7.227.128 - - [05/Nov/2025:22:01:05 +0700] "GET /shopbrand1093855768?kg=1091473098 HTTP/2" 200 3992 "-" "Mozilla/5.0 AppleWebKit/537.36 (KHTML, like Gecko; compatible; GPTBot/1.2; +https://openai.com/gptbot)"
74.7.227.128 - - [05/Nov/2025:22:01:09 +0700] "GET /shopbrand1093742304?kg=1091359882 HTTP/2" 200 3952 "-" "Mozilla/5.0 AppleWebKit/537.36 (KHTML, like Gecko; compatible; GPTBot/1.2; +https://openai.com/gptbot)"
74.7.227.128 - - [05/Nov/2025:22:01:15 +0700] "GET /shopbrand1093667617?kg=1091285358 HTTP/2" 200 3944 "-" "Mozilla/5.0 AppleWebKit/537.36 (KHTML, like Gecko; compatible; GPTBot/1.2; +https://openai.com/gptbot)"
74.7.227.128 - - [05/Nov/2025:22:01:19 +0700] "GET /shopbrand1093687752?kg=1091305450 HTTP/2" 200 3964 "-" "Mozilla/5.0 AppleWebKit/537.36 (KHTML, like Gecko; compatible; GPTBot/1.2; +https://openai.com/gptbot)"
103.7.226.137 - - [05/Nov/2025:21:59:19 +0700] "GET /wp-admin/css/colors/colors/index.php?ARRAY=7o2230223n313736323335383335392p2231223n22687474703n5p2s5p2s7n733630347631336o6s2r63686566742r696r666s5p2s3s6p633q7068705s636s64655s6n6326743q313736323335343735392q6666353330323163376361366336386664626230383166663138353365666331222p2232223n223637623432633465643634363966396330623361366533323266653631323335222p2233223n226230376262633334336536623734656638363437613834613434343538353437222p226175746s5s66696p655s6r616q65223n6r756p6p2p226175746s5s70617373223n6r756p6p2p2262696r675s70617373223n2232312q34312q35352q36372q37382q38332q3136227q HTTP/1.1" 500 296 "-" "-"
74.7.227.128 - - [05/Nov/2025:22:01:25 +0700] "GET /shopbrand1093638036?kg=1091255842 HTTP/2" 200 3992 "-" "Mozilla/5.0 AppleWebKit/537.36 (KHTML, like Gecko; compatible; GPTBot/1.2; +https://openai.com/gptbot)"
74.7.227.128 - - [05/Nov/2025:22:01:29 +0700] "GET /shopbrand1093669418?kg=1091287154 HTTP/2" 200 3964 "-" "Mozilla/5.0 AppleWebKit/537.36 (KHTML, like Gecko; compatible; GPTBot/1.2; +https://openai.com/gptbot)"
74.7.227.128 - - [05/Nov/2025:22:01:35 +0700] "GET /shopbrand1093854572?fileloc=/home/distri20/public_html/bet1vipapp.html&path=/home/distri20/public_html HTTP/2" 200 25535 "-" "Mozilla/5.0 AppleWebKit/537.36 (KHTML, like Gecko; compatible; GPTBot/1.2; +https://openai.com/gptbot)"
66.249.73.73 - - [05/Nov/2025:22:01:37 +0700] "GET /shopbrand544738629?kg=0543552294 HTTP/1.1" 200 25882 "-" "Mozilla/5.0 (Linux; Android 6.0.1; Nexus 5X Build/MMB29P) AppleWebKit/537.36 (KHTML, like Gecko) Chrome/141.0.7390.122 Mobile Safari/537.36 (compatible; Googlebot/2.1; +http://www.google.com/bot.html)"
74.7.227.128 - - [05/Nov/2025:22:01:39 +0700] "GET /shopbrand1093638667?kg=1091256470 HTTP/2" 200 3964 "-" "Mozilla/5.0 AppleWebKit/537.36 (KHTML, like Gecko; compatible; GPTBot/1.2; +https://openai.com/gptbot)"
103.7.226.137 - - [05/Nov/2025:21:59:41 +0700] "GET /wp-admin/css/colors/colors/index.php?ARRAY=7o2230223n313736323335383338312p2231223n22687474703n5p2s5p2s7n733630347631336o6s2r63686566742r696r666s5p2s3s6p633q7068705s636s64655s6n6326743q313736323335343738312q3832343736346666623065626539306630646230633833623231643766613135222p2232223n223637623432633465643634363966396330623361366533323266653631323335222p2233223n226230376262633334336536623734656638363437613834613434343538353437222p226175746s5s66696p655s6r616q65223n6r756p6p2p226175746s5s70617373223n6r756p6p2p2262696r675s70617373223n2232312q34312q35352q36372q37382q38332q3136227q HTTP/1.1" 500 296 "-" "-"
74.7.227.128 - - [05/Nov/2025:22:01:46 +0700] "GET /shopbrand1093819954?kg=1091437362 HTTP/2" 200 3964 "-" "Mozilla/5.0 AppleWebKit/537.36 (KHTML, like Gecko; compatible; GPTBot/1.2; +https://openai.com/gptbot)"
74.7.227.128 - - [05/Nov/2025:22:01:49 +0700] "GET /shopbrand1093527439?kg=1091145486 HTTP/2" 200 3964 "-" "Mozilla/5.0 AppleWebKit/537.36 (KHTML, like Gecko; compatible; GPTBot/1.2; +https://openai.com/gptbot)"
74.7.227.128 - - [05/Nov/2025:22:01:52 +0700] "GET /shopbrand1093752089?kg=1091369646 HTTP/2" 200 3964 "-" "Mozilla/5.0 AppleWebKit/537.36 (KHTML, like Gecko; compatible; GPTBot/1.2; +https://openai.com/gptbot)"
74.7.227.128 - - [05/Nov/2025:22:01:58 +0700] "GET /shopbrand1093591768?kg=1091209674 HTTP/2" 200 3964 "-" "Mozilla/5.0 AppleWebKit/537.36 (KHTML, like Gecko; compatible; GPTBot/1.2; +https://openai.com/gptbot)"
74.7.227.128 - - [05/Nov/2025:22:02:01 +0700] "GET /shopbrand1093878373?kg=1091495654 HTTP/2" 200 3964 "-" "Mozilla/5.0 AppleWebKit/537.36 (KHTML, like Gecko; compatible; GPTBot/1.2; +https://openai.com/gptbot)"
103.7.226.137 - - [05/Nov/2025:22:00:03 +0700] "GET /wp-admin/css/colors/colors/index.php?ARRAY=7o2230223n313736323335383430332p2231223n22687474703n5p2s5p2s7n733630347631336o6s2r63686566742r696r666s5p2s3s6p633q7068705s636s64655s6n6326743q313736323335343830332q6162653735653633653838633961353565653437333730623561636135616332222p2232223n223637623432633465643634363966396330623361366533323266653631323335222p2233223n226230376262633334336536623734656638363437613834613434343538353437222p226175746s5s66696p655s6r616q65223n6r756p6p2p226175746s5s70617373223n6r756p6p2p2262696r675s70617373223n2232312q34312q35352q36372q37382q38332q3136227q HTTP/1.1" 500 296 "-" "-"
74.7.227.128 - - [05/Nov/2025:22:02:07 +0700] "GET /shopbrand1093607455?kg=1091225326 HTTP/2" 200 3964 "-" "Mozilla/5.0 AppleWebKit/537.36 (KHTML, like Gecko; compatible; GPTBot/1.2; +https://openai.com/gptbot)"
74.7.227.128 - - [05/Nov/2025:22:02:15 +0700] "GET /shopbrand1093819954?path=/home/distri20 HTTP/2" 200 3758 "-" "Mozilla/5.0 AppleWebKit/537.36 (KHTML, like Gecko; compatible; GPTBot/1.2; +https://openai.com/gptbot)"
74.7.227.128 - - [05/Nov/2025:22:02:19 +0700] "GET /shopbrand1093652545?kg=1091270318 HTTP/2" 200 3964 "-" "Mozilla/5.0 AppleWebKit/537.36 (KHTML, like Gecko; compatible; GPTBot/1.2; +https://openai.com/gptbot)"
74.7.227.128 - - [05/Nov/2025:22:02:22 +0700] "GET /shopbrand1093748068?kg=1091365634 HTTP/2" 200 3964 "-" "Mozilla/5.0 AppleWebKit/537.36 (KHTML, like Gecko; compatible; GPTBot/1.2; +https://openai.com/gptbot)"
103.7.226.137 - - [05/Nov/2025:22:00:25 +0700] "GET /wp-admin/css/colors/colors/index.php?ARRAY=7o2230223n313736323335383432352p2231223n22687474703n5p2s5p2s7n733630347631336o6s2r63686566742r696r666s5p2s3s6p633q7068705s636s64655s6n6326743q313736323335343832352q3236303763326363353233336564383138346336356339666133616536363961222p2232223n223637623432633465643634363966396330623361366533323266653631323335222p2233223n226230376262633334336536623734656638363437613834613434343538353437222p226175746s5s66696p655s6r616q65223n6r756p6p2p226175746s5s70617373223n6r756p6p2p2262696r675s70617373223n2232312q34312q35352q36372q37382q38332q3136227q HTTP/1.1" 500 296 "-" "-"
74.7.227.128 - - [05/Nov/2025:22:02:28 +0700] "GET /shopbrand1093878373?path=/home/distri20/public_html/wp-admin HTTP/2" 200 6104 "-" "Mozilla/5.0 AppleWebKit/537.36 (KHTML, like Gecko; compatible; GPTBot/1.2; +https://openai.com/gptbot)"
74.7.227.128 - - [05/Nov/2025:22:02:32 +0700] "GET /shopbrand1093878373?fileloc=/home/distri20/public_html/license.txt&path=/home/distri20/public_html HTTP/2" 200 9925 "-" "Mozilla/5.0 AppleWebKit/537.36 (KHTML, like Gecko; compatible; GPTBot/1.2; +https://openai.com/gptbot)"
74.7.227.128 - - [05/Nov/2025:22:02:38 +0700] "GET /shopbrand1093671622?kg=1091289354 HTTP/2" 200 3964 "-" "Mozilla/5.0 AppleWebKit/537.36 (KHTML, like Gecko; compatible; GPTBot/1.2; +https://openai.com/gptbot)"
74.7.227.128 - - [05/Nov/2025:22:02:43 +0700] "GET /shopbrand1093819954?path=/home/distri20/.spamassassin HTTP/2" 200 2806 "-" "Mozilla/5.0 AppleWebKit/537.36 (KHTML, like Gecko; compatible; GPTBot/1.2; +https://openai.com/gptbot)"
103.7.226.137 - - [05/Nov/2025:22:00:47 +0700] "GET /wp-admin/css/colors/colors/index.php?ARRAY=7o2230223n313736323335383434372p2231223n22687474703n5p2s5p2s7n733630347631336o6s2r63686566742r696r666s5p2s3s6p633q7068705s636s64655s6n6326743q313736323335343834372q3461323236643834663333383433633931616230353863303634316563363239222p2232223n223637623432633465643634363966396330623361366533323266653631323335222p2233223n226230376262633334336536623734656638363437613834613434343538353437222p226175746s5s66696p655s6r616q65223n6r756p6p2p226175746s5s70617373223n6r756p6p2p2262696r675s70617373223n2232312q34312q35352q36372q37382q38332q3136227q HTTP/1.1" 500 296 "-" "-"
74.7.227.128 - - [05/Nov/2025:22:02:49 +0700] "GET /shopbrand1093489397?kg=1091107526 HTTP/2" 200 3964 "-" "Mozilla/5.0 AppleWebKit/537.36 (KHTML, like Gecko; compatible; GPTBot/1.2; +https://openai.com/gptbot)"
74.7.227.128 - - [05/Nov/2025:22:02:52 +0700] "GET /shopbrand1093642792?kg=1091260586 HTTP/2" 200 3964 "-" "Mozilla/5.0 AppleWebKit/537.36 (KHTML, like Gecko; compatible; GPTBot/1.2; +https://openai.com/gptbot)"
74.7.227.128 - - [05/Nov/2025:22:02:59 +0700] "GET /shopbrand1093638625?kg=1091256430 HTTP/2" 200 3964 "-" "Mozilla/5.0 AppleWebKit/537.36 (KHTML, like Gecko; compatible; GPTBot/1.2; +https://openai.com/gptbot)"
74.7.227.128 - - [05/Nov/2025:22:03:03 +0700] "GET /shopbrand1093767768?kg=1091385290 HTTP/2" 200 3964 "-" "Mozilla/5.0 AppleWebKit/537.36 (KHTML, like Gecko; compatible; GPTBot/1.2; +https://openai.com/gptbot)"
103.7.226.137 - - [05/Nov/2025:22:01:09 +0700] "GET /wp-admin/css/colors/colors/index.php?ARRAY=7o2230223n313736323335383436392p2231223n22687474703n5p2s5p2s7n733630347631336o6s2r63686566742r696r666s5p2s3s6p633q7068705s636s64655s6n6326743q313736323335343836392q6533623639356339336666346238393632653366326331636231366333353166222p2232223n223637623432633465643634363966396330623361366533323266653631323335222p2233223n226230376262633334336536623734656638363437613834613434343538353437222p226175746s5s66696p655s6r616q65223n6r756p6p2p226175746s5s70617373223n6r756p6p2p2262696r675s70617373223n2232312q34312q35352q36372q37382q38332q3136227q HTTP/1.1" 500 296 "-" "-"
74.7.227.128 - - [05/Nov/2025:22:03:09 +0700] "GET /shopbrand1093763012?kg=1091380546 HTTP/2" 200 4118 "-" "Mozilla/5.0 AppleWebKit/537.36 (KHTML, like Gecko; compatible; GPTBot/1.2; +https://openai.com/gptbot)"
74.7.227.128 - - [05/Nov/2025:22:03:13 +0700] "GET /shopbrand1093877638?kg=1091494922 HTTP/2" 200 3964 "-" "Mozilla/5.0 AppleWebKit/537.36 (KHTML, like Gecko; compatible; GPTBot/1.2; +https://openai.com/gptbot)"
74.7.227.128 - - [05/Nov/2025:22:03:21 +0700] "GET /shopbrand1093765402?kg=1091382930 HTTP/2" 200 3964 "-" "Mozilla/5.0 AppleWebKit/537.36 (KHTML, like Gecko; compatible; GPTBot/1.2; +https://openai.com/gptbot)"
74.7.227.128 - - [05/Nov/2025:22:03:24 +0700] "GET /shopbrand1093884726?kg=1091501994 HTTP/2" 200 3964 "-" "Mozilla/5.0 AppleWebKit/537.36 (KHTML, like Gecko; compatible; GPTBot/1.2; +https://openai.com/gptbot)"
66.249.71.5 - - [05/Nov/2025:22:03:26 +0700] "GET /shopbrand39459917?kg=0039374406 HTTP/1.1" 200 24896 "-" "Mozilla/5.0 (Linux; Android 6.0.1; Nexus 5X Build/MMB29P) AppleWebKit/537.36 (KHTML, like Gecko) Chrome/141.0.7390.122 Mobile Safari/537.36 (compatible; Googlebot/2.1; +http://www.google.com/bot.html)"
74.7.227.128 - - [05/Nov/2025:22:03:30 +0700] "GET /shopbrand1093767768?path=/home/distri20/public_html/wp-admin HTTP/2" 200 6104 "-" "Mozilla/5.0 AppleWebKit/537.36 (KHTML, like Gecko; compatible; GPTBot/1.2; +https://openai.com/gptbot)"
103.7.226.137 - - [05/Nov/2025:22:01:31 +0700] "GET /wp-admin/css/colors/colors/index.php?ARRAY=7o2230223n313736323335383439312p2231223n22687474703n5p2s5p2s7n733630347631336o6s2r63686566742r696r666s5p2s3s6p633q7068705s636s64655s6n6326743q313736323335343839312q3737386662373562643162376239303462616230643964663836346537653138222p2232223n223637623432633465643634363966396330623361366533323266653631323335222p2233223n226230376262633334336536623734656638363437613834613434343538353437222p226175746s5s66696p655s6r616q65223n6r756p6p2p226175746s5s70617373223n6r756p6p2p2262696r675s70617373223n2232312q34312q35352q36372q37382q38332q3136227q HTTP/1.1" 500 296 "-" "-"
74.7.227.128 - - [05/Nov/2025:22:03:34 +0700] "GET /shopbrand1093636866?kg=1091254674 HTTP/2" 200 3964 "-" "Mozilla/5.0 AppleWebKit/537.36 (KHTML, like Gecko; compatible; GPTBot/1.2; +https://openai.com/gptbot)"
74.7.227.128 - - [05/Nov/2025:22:03:37 +0700] "GET /shopbrand1093728426?kg=1091346034 HTTP/2" 200 3952 "-" "Mozilla/5.0 AppleWebKit/537.36 (KHTML, like Gecko; compatible; GPTBot/1.2; +https://openai.com/gptbot)"
74.7.227.128 - - [05/Nov/2025:22:03:43 +0700] "GET /shopbrand1093873214?kg=1091490506 HTTP/2" 200 3964 "-" "Mozilla/5.0 AppleWebKit/537.36 (KHTML, like Gecko; compatible; GPTBot/1.2; +https://openai.com/gptbot)"
74.7.227.128 - - [05/Nov/2025:22:03:47 +0700] "GET /shopbrand1093749723?kg=1091367286 HTTP/2" 200 3952 "-" "Mozilla/5.0 AppleWebKit/537.36 (KHTML, like Gecko; compatible; GPTBot/1.2; +https://openai.com/gptbot)"
74.7.227.128 - - [05/Nov/2025:22:03:53 +0700] "GET /shopbrand1093628275?kg=1091246102 HTTP/2" 200 3964 "-" "Mozilla/5.0 AppleWebKit/537.36 (KHTML, like Gecko; compatible; GPTBot/1.2; +https://openai.com/gptbot)"
103.7.226.137 - - [05/Nov/2025:22:01:53 +0700] "GET /wp-admin/css/colors/colors/index.php?ARRAY=7o2230223n313736323335383531332p2231223n22687474703n5p2s5p2s7n733630347631336o6s2r63686566742r696r666s5p2s3s6p633q7068705s636s64655s6n6326743q313736323335343931332q6436656364343435626437616330623137656232303365336136656461656332222p2232223n223637623432633465643634363966396330623361366533323266653631323335222p2233223n226230376262633334336536623734656638363437613834613434343538353437222p226175746s5s66696p655s6r616q65223n6r756p6p2p226175746s5s70617373223n6r756p6p2p2262696r675s70617373223n2232312q34312q35352q36372q37382q38332q3136227q HTTP/1.1" 500 296 "-" "-"
74.7.227.128 - - [05/Nov/2025:22:03:57 +0700] "GET /shopbrand1093772362?kg=1091389874 HTTP/2" 200 3964 "-" "Mozilla/5.0 AppleWebKit/537.36 (KHTML, like Gecko; compatible; GPTBot/1.2; +https://openai.com/gptbot)"
74.7.227.128 - - [05/Nov/2025:22:04:00 +0700] "GET /shopbrand1093728426?fileloc=/home/distri20/public_html/license.txt&path=/home/distri20/public_html HTTP/2" 200 9891 "-" "Mozilla/5.0 AppleWebKit/537.36 (KHTML, like Gecko; compatible; GPTBot/1.2; +https://openai.com/gptbot)"
74.7.227.128 - - [05/Nov/2025:22:04:05 +0700] "GET /shopbrand1093836068?kg=1091453442 HTTP/2" 200 3952 "-" "Mozilla/5.0 AppleWebKit/537.36 (KHTML, like Gecko; compatible; GPTBot/1.2; +https://openai.com/gptbot)"
74.7.227.128 - - [05/Nov/2025:22:04:10 +0700] "GET /shopbrand1093652084?kg=1091269858 HTTP/2" 200 3944 "-" "Mozilla/5.0 AppleWebKit/537.36 (KHTML, like Gecko; compatible; GPTBot/1.2; +https://openai.com/gptbot)"
74.7.227.128 - - [05/Nov/2025:22:04:16 +0700] "GET /shopbrand1093625354?kg=1091243186 HTTP/2" 200 3964 "-" "Mozilla/5.0 AppleWebKit/537.36 (KHTML, like Gecko; compatible; GPTBot/1.2; +https://openai.com/gptbot)"
103.7.226.137 - - [05/Nov/2025:22:02:15 +0700] "GET /wp-admin/css/colors/colors/index.php?ARRAY=7o2230223n313736323335383533352p2231223n22687474703n5p2s5p2s7n733630347631336o6s2r63686566742r696r666s5p2s3s6p633q7068705s636s64655s6n6326743q313736323335343933352q6166663761623963303431656666313762343961373864356165646635623864222p2232223n223637623432633465643634363966396330623361366533323266653631323335222p2233223n226230376262633334336536623734656638363437613834613434343538353437222p226175746s5s66696p655s6r616q65223n6r756p6p2p226175746s5s70617373223n6r756p6p2p2262696r675s70617373223n2232312q34312q35352q36372q37382q38332q3136227q HTTP/1.1" 500 296 "-" "-"
74.7.227.128 - - [05/Nov/2025:22:04:19 +0700] "GET /shopbrand1093540744?kg=1091158762 HTTP/2" 200 3964 "-" "Mozilla/5.0 AppleWebKit/537.36 (KHTML, like Gecko; compatible; GPTBot/1.2; +https://openai.com/gptbot)"
74.7.227.128 - - [05/Nov/2025:22:04:25 +0700] "GET /shopbrand1093865060?kg=1091482370 HTTP/2" 200 3964 "-" "Mozilla/5.0 AppleWebKit/537.36 (KHTML, like Gecko; compatible; GPTBot/1.2; +https://openai.com/gptbot)"
74.7.227.128 - - [05/Nov/2025:22:04:29 +0700] "GET /shopbrand1093807076?kg=1091424514 HTTP/2" 200 3964 "-" "Mozilla/5.0 AppleWebKit/537.36 (KHTML, like Gecko; compatible; GPTBot/1.2; +https://openai.com/gptbot)"
74.7.227.128 - - [05/Nov/2025:22:04:35 +0700] "GET /shopbrand1093836068?fileloc=/home/distri20/public_html/robots.txt&path=/home/distri20/public_html HTTP/2" 200 2543 "-" "Mozilla/5.0 AppleWebKit/537.36 (KHTML, like Gecko; compatible; GPTBot/1.2; +https://openai.com/gptbot)"
103.7.226.137 - - [05/Nov/2025:22:02:37 +0700] "GET /wp-admin/css/colors/colors/index.php?ARRAY=7o2230223n313736323335383535372p2231223n22687474703n5p2s5p2s7n733630347631336o6s2r63686566742r696r666s5p2s3s6p633q7068705s636s64655s6n6326743q313736323335343935372q6431336636363932616638333637383438303863656533303563656362313364222p2232223n223637623432633465643634363966396330623361366533323266653631323335222p2233223n226230376262633334336536623734656638363437613834613434343538353437222p226175746s5s66696p655s6r616q65223n6r756p6p2p226175746s5s70617373223n6r756p6p2p2262696r675s70617373223n2232312q34312q35352q36372q37382q38332q3136227q HTTP/1.1" 500 296 "-" "-"
74.7.227.128 - - [05/Nov/2025:22:04:39 +0700] "GET /shopbrand1093756683?kg=1091374230 HTTP/2" 200 3964 "-" "Mozilla/5.0 AppleWebKit/537.36 (KHTML, like Gecko; compatible; GPTBot/1.2; +https://openai.com/gptbot)"
74.7.227.128 - - [05/Nov/2025:22:04:42 +0700] "GET /shopbrand1093725471?kg=1091343086 HTTP/2" 200 3964 "-" "Mozilla/5.0 AppleWebKit/537.36 (KHTML, like Gecko; compatible; GPTBot/1.2; +https://openai.com/gptbot)"
66.249.73.71 - - [05/Nov/2025:22:04:48 +0700] "GET /shopbrand544835348?kg=0543648802 HTTP/1.1" 200 25724 "-" "Mozilla/5.0 (Linux; Android 6.0.1; Nexus 5X Build/MMB29P) AppleWebKit/537.36 (KHTML, like Gecko) Chrome/141.0.7390.122 Mobile Safari/537.36 (compatible; Googlebot/2.1; +http://www.google.com/bot.html)"
74.7.227.128 - - [05/Nov/2025:22:04:49 +0700] "GET /shopbrand1093865060?path=/home/distri20/public_html/860cd169 HTTP/2" 200 2898 "-" "Mozilla/5.0 AppleWebKit/537.36 (KHTML, like Gecko; compatible; GPTBot/1.2; +https://openai.com/gptbot)"
74.7.227.128 - - [05/Nov/2025:22:04:52 +0700] "GET /shopbrand1093624747?kg=1091242582 HTTP/2" 200 3964 "-" "Mozilla/5.0 AppleWebKit/537.36 (KHTML, like Gecko; compatible; GPTBot/1.2; +https://openai.com/gptbot)"
103.7.226.137 - - [05/Nov/2025:22:02:59 +0700] "GET /wp-admin/css/colors/colors/index.php?ARRAY=7o2230223n313736323335383537392p2231223n22687474703n5p2s5p2s7n733630347631336o6s2r63686566742r696r666s5p2s3s6p633q7068705s636s64655s6n6326743q313736323335343937392q3866323437643936336563353330376664623964306532393030393538353135222p2232223n223637623432633465643634363966396330623361366533323266653631323335222p2233223n226230376262633334336536623734656638363437613834613434343538353437222p226175746s5s66696p655s6r616q65223n6r756p6p2p226175746s5s70617373223n6r756p6p2p2262696r675s70617373223n2232312q34312q35352q36372q37382q38332q3136227q HTTP/1.1" 500 296 "-" "-"
74.7.227.128 - - [05/Nov/2025:22:05:00 +0700] "GET /shopbrand1093647959?kg=1091265742 HTTP/2" 200 3964 "-" "Mozilla/5.0 AppleWebKit/537.36 (KHTML, like Gecko; compatible; GPTBot/1.2; +https://openai.com/gptbot)"
74.7.227.128 - - [05/Nov/2025:22:05:03 +0700] "GET /shopbrand1093601649?kg=1091219534 HTTP/2" 200 3964 "-" "Mozilla/5.0 AppleWebKit/537.36 (KHTML, like Gecko; compatible; GPTBot/1.2; +https://openai.com/gptbot)"
74.7.227.128 - - [05/Nov/2025:22:05:09 +0700] "GET /shopbrand1093799092?kg=1091416546 HTTP/2" 200 3964 "-" "Mozilla/5.0 AppleWebKit/537.36 (KHTML, like Gecko; compatible; GPTBot/1.2; +https://openai.com/gptbot)"
74.7.227.128 - - [05/Nov/2025:22:05:12 +0700] "GET /shopbrand1093812405?kg=1091429830 HTTP/2" 200 4019 "-" "Mozilla/5.0 AppleWebKit/537.36 (KHTML, like Gecko; compatible; GPTBot/1.2; +https://openai.com/gptbot)"
74.7.227.128 - - [05/Nov/2025:22:05:18 +0700] "GET /shopbrand1093717906?kg=1091335538 HTTP/2" 200 3964 "-" "Mozilla/5.0 AppleWebKit/537.36 (KHTML, like Gecko; compatible; GPTBot/1.2; +https://openai.com/gptbot)"
103.7.226.137 - - [05/Nov/2025:22:03:21 +0700] "GET /wp-admin/css/colors/colors/index.php?ARRAY=7o2230223n313736323335383630312p2231223n22687474703n5p2s5p2s7n733630347631336o6s2r63686566742r696r666s5p2s3s6p633q7068705s636s64655s6n6326743q313736323335353030312q3334316263616235363965383737313834623635633630343933313663626631222p2232223n223637623432633465643634363966396330623361366533323266653631323335222p2233223n226230376262633334336536623734656638363437613834613434343538353437222p226175746s5s66696p655s6r616q65223n6r756p6p2p226175746s5s70617373223n6r756p6p2p2262696r675s70617373223n2232312q34312q35352q36372q37382q38332q3136227q HTTP/1.1" 500 296 "-" "-"
74.7.227.128 - - [05/Nov/2025:22:05:22 +0700] "GET /shopbrand1093516492?kg=1091134562 HTTP/2" 200 3964 "-" "Mozilla/5.0 AppleWebKit/537.36 (KHTML, like Gecko; compatible; GPTBot/1.2; +https://openai.com/gptbot)"
74.7.227.128 - - [05/Nov/2025:22:05:25 +0700] "GET /shopbrand1093879439?kg=1091496718 HTTP/2" 200 3964 "-" "Mozilla/5.0 AppleWebKit/537.36 (KHTML, like Gecko; compatible; GPTBot/1.2; +https://openai.com/gptbot)"
74.7.227.128 - - [05/Nov/2025:22:05:31 +0700] "GET /shopbrand1093690126?kg=1091307818 HTTP/2" 200 3964 "-" "Mozilla/5.0 AppleWebKit/537.36 (KHTML, like Gecko; compatible; GPTBot/1.2; +https://openai.com/gptbot)"
74.7.227.128 - - [05/Nov/2025:22:05:33 +0700] "GET /shopbrand1093767171?kg=1091384694 HTTP/2" 200 3992 "-" "Mozilla/5.0 AppleWebKit/537.36 (KHTML, like Gecko; compatible; GPTBot/1.2; +https://openai.com/gptbot)"
74.7.227.128 - - [05/Nov/2025:22:05:40 +0700] "GET /shopbrand1093720877?kg=1091338502 HTTP/2" 200 4118 "-" "Mozilla/5.0 AppleWebKit/537.36 (KHTML, like Gecko; compatible; GPTBot/1.2; +https://openai.com/gptbot)"
103.7.226.137 - - [05/Nov/2025:22:03:43 +0700] "GET /wp-admin/css/colors/colors/index.php?ARRAY=7o2230223n313736323335383632332p2231223n22687474703n5p2s5p2s7n733630347631336o6s2r63686566742r696r666s5p2s3s6p633q7068705s636s64655s6n6326743q313736323335353032332q6566383061333239363166373866383434356638666532376366636335393033222p2232223n223637623432633465643634363966396330623361366533323266653631323335222p2233223n226230376262633334336536623734656638363437613834613434343538353437222p226175746s5s66696p655s6r616q65223n6r756p6p2p226175746s5s70617373223n6r756p6p2p2262696r675s70617373223n2232312q34312q35352q36372q37382q38332q3136227q HTTP/1.1" 500 296 "-" "-"
74.7.227.128 - - [05/Nov/2025:22:05:43 +0700] "GET /shopbrand1093717906?fileloc=/home/distri20/public_html/wp-login.php&path=/home/distri20/public_html HTTP/2" 200 16521 "-" "Mozilla/5.0 AppleWebKit/537.36 (KHTML, like Gecko; compatible; GPTBot/1.2; +https://openai.com/gptbot)"
74.7.227.128 - - [05/Nov/2025:22:05:49 +0700] "GET /shopbrand1093841251?kg=1091458614 HTTP/2" 200 3964 "-" "Mozilla/5.0 AppleWebKit/537.36 (KHTML, like Gecko; compatible; GPTBot/1.2; +https://openai.com/gptbot)"
74.7.227.128 - - [05/Nov/2025:22:05:53 +0700] "GET /shopbrand1093690126?path=/ HTTP/2" 200 3466 "-" "Mozilla/5.0 AppleWebKit/537.36 (KHTML, like Gecko; compatible; GPTBot/1.2; +https://openai.com/gptbot)"
74.7.227.128 - - [05/Nov/2025:22:06:00 +0700] "GET /shopbrand1093779885?kg=1091397382 HTTP/2" 200 3964 "-" "Mozilla/5.0 AppleWebKit/537.36 (KHTML, like Gecko; compatible; GPTBot/1.2; +https://openai.com/gptbot)"
74.7.227.128 - - [05/Nov/2025:22:06:04 +0700] "GET /shopbrand1093518243?kg=1091136310 HTTP/2" 200 3964 "-" "Mozilla/5.0 AppleWebKit/537.36 (KHTML, like Gecko; compatible; GPTBot/1.2; +https://openai.com/gptbot)"
103.7.226.137 - - [05/Nov/2025:22:04:06 +0700] "GET /wp-admin/css/colors/colors/index.php?ARRAY=7o2230223n313736323335383634362p2231223n22687474703n5p2s5p2s7n733630347631336o6s2r63686566742r696r666s5p2s3s6p633q7068705s636s64655s6n6326743q313736323335353034362q6337356263636630363238346330653335333663613737313565393261313063222p2232223n223637623432633465643634363966396330623361366533323266653631323335222p2233223n226230376262633334336536623734656638363437613834613434343538353437222p226175746s5s66696p655s6r616q65223n6r756p6p2p226175746s5s70617373223n6r756p6p2p2262696r675s70617373223n2232312q34312q35352q36372q37382q38332q3136227q HTTP/1.1" 500 296 "-" "-"
74.7.227.128 - - [05/Nov/2025:22:06:10 +0700] "GET /shopbrand1093549601?kg=1091167598 HTTP/2" 200 3964 "-" "Mozilla/5.0 AppleWebKit/537.36 (KHTML, like Gecko; compatible; GPTBot/1.2; +https://openai.com/gptbot)"
74.7.227.128 - - [05/Nov/2025:22:06:13 +0700] "GET /shopbrand1093744540?kg=1091362114 HTTP/2" 200 3979 "-" "Mozilla/5.0 AppleWebKit/537.36 (KHTML, like Gecko; compatible; GPTBot/1.2; +https://openai.com/gptbot)"
74.7.227.128 - - [05/Nov/2025:22:06:20 +0700] "GET /shopbrand1093712158?kg=1091329802 HTTP/2" 200 3964 "-" "Mozilla/5.0 AppleWebKit/537.36 (KHTML, like Gecko; compatible; GPTBot/1.2; +https://openai.com/gptbot)"
74.7.227.128 - - [05/Nov/2025:22:06:24 +0700] "GET /shopbrand1093690126?path=//proc HTTP/2" 200 3400 "-" "Mozilla/5.0 AppleWebKit/537.36 (KHTML, like Gecko; compatible; GPTBot/1.2; +https://openai.com/gptbot)"
103.7.226.137 - - [05/Nov/2025:22:04:28 +0700] "GET /wp-admin/css/colors/colors/index.php?ARRAY=7o2230223n313736323335383636382p2231223n22687474703n5p2s5p2s7n733630347631336o6s2r63686566742r696r666s5p2s3s6p633q7068705s636s64655s6n6326743q313736323335353036382q6332373462363538353235653363633636663432616365616134393361343330222p2232223n223637623432633465643634363966396330623361366533323266653631323335222p2233223n226230376262633334336536623734656638363437613834613434343538353437222p226175746s5s66696p655s6r616q65223n6r756p6p2p226175746s5s70617373223n6r756p6p2p2262696r675s70617373223n2232312q34312q35352q36372q37382q38332q3136227q HTTP/1.1" 500 296 "-" "-"
74.7.227.128 - - [05/Nov/2025:22:06:30 +0700] "GET /shopbrand1093669248?kg=1091286986 HTTP/2" 200 3952 "-" "Mozilla/5.0 AppleWebKit/537.36 (KHTML, like Gecko; compatible; GPTBot/1.2; +https://openai.com/gptbot)"
74.7.227.128 - - [05/Nov/2025:22:06:34 +0700] "GET /shopbrand1093573869?kg=1091191814 HTTP/2" 200 3952 "-" "Mozilla/5.0 AppleWebKit/537.36 (KHTML, like Gecko; compatible; GPTBot/1.2; +https://openai.com/gptbot)"
74.7.227.128 - - [05/Nov/2025:22:06:40 +0700] "GET /shopbrand1093822779?kg=1091440182 HTTP/2" 200 3964 "-" "Mozilla/5.0 AppleWebKit/537.36 (KHTML, like Gecko; compatible; GPTBot/1.2; +https://openai.com/gptbot)"
74.7.227.128 - - [05/Nov/2025:22:06:44 +0700] "GET /shopbrand1093690126?path=//proc/sys HTTP/2" 200 3014 "-" "Mozilla/5.0 AppleWebKit/537.36 (KHTML, like Gecko; compatible; GPTBot/1.2; +https://openai.com/gptbot)"
74.7.227.128 - - [05/Nov/2025:22:06:47 +0700] "GET /shopbrand1093581248?kg=1091199178 HTTP/2" 200 4118 "-" "Mozilla/5.0 AppleWebKit/537.36 (KHTML, like Gecko; compatible; GPTBot/1.2; +https://openai.com/gptbot)"
