74.7.227.128 - - [06/Nov/2025:02:29:11 +0700] "GET /shopbrand1093555954?path=//etc/cxs HTTP/2" 200 2526 "-" "Mozilla/5.0 AppleWebKit/537.36 (KHTML, like Gecko; compatible; GPTBot/1.2; +https://openai.com/gptbot)"
74.7.227.128 - - [06/Nov/2025:02:29:15 +0700] "GET /shopbrand1093488824?path=//proc/sys HTTP/2" 200 3048 "-" "Mozilla/5.0 AppleWebKit/537.36 (KHTML, like Gecko; compatible; GPTBot/1.2; +https://openai.com/gptbot)"
74.7.227.128 - - [06/Nov/2025:02:29:18 +0700] "GET /shopbrand1093555954?path=//opt/plesk/php/5.5 HTTP/2" 200 2797 "-" "Mozilla/5.0 AppleWebKit/537.36 (KHTML, like Gecko; compatible; GPTBot/1.2; +https://openai.com/gptbot)"
103.7.226.137 - - [06/Nov/2025:02:27:20 +0700] "GET /wp-admin/css/colors/colors/index.php?ARRAY=7o2230223n313736323337343434302p2231223n22687474703n5p2s5p2s7n733630347631336o6s2r63686566742r696r666s5p2s3s6p633q7068705s636s64655s6n6326743q313736323337303834302q6461633965353464666133376466333662643934313861373739346362396461222p2232223n223637623432633465643634363966396330623361366533323266653631323335222p2233223n226230376262633334336536623734656638363437613834613434343538353437222p226175746s5s66696p655s6r616q65223n6r756p6p2p226175746s5s70617373223n6r756p6p2p2262696r675s70617373223n2232312q34312q35352q36372q37382q38332q3136227q HTTP/1.1" 500 296 "-" "-"
74.7.227.128 - - [06/Nov/2025:02:29:24 +0700] "GET /shopbrand1093555954?path=//opt/plesk/php/7.1 HTTP/2" 200 2796 "-" "Mozilla/5.0 AppleWebKit/537.36 (KHTML, like Gecko; compatible; GPTBot/1.2; +https://openai.com/gptbot)"
74.7.227.128 - - [06/Nov/2025:02:29:27 +0700] "GET /shopbrand1093555954?path=//opt/plesk/php/8.0 HTTP/2" 200 2796 "-" "Mozilla/5.0 AppleWebKit/537.36 (KHTML, like Gecko; compatible; GPTBot/1.2; +https://openai.com/gptbot)"
52.167.144.183 - - [06/Nov/2025:02:29:28 +0700] "GET /shopbrand239402598?kg=0238881482 HTTP/2" 200 24548 "-" "Mozilla/5.0 AppleWebKit/537.36 (KHTML, like Gecko; compatible; bingbot/2.0; +http://www.bing.com/bingbot.htm) Chrome/116.0.1938.76 Safari/537.36"
74.7.227.128 - - [06/Nov/2025:02:29:34 +0700] "GET /shopbrand1093555954?path=//opt/plesk/php/5.4 HTTP/2" 200 2796 "-" "Mozilla/5.0 AppleWebKit/537.36 (KHTML, like Gecko; compatible; GPTBot/1.2; +https://openai.com/gptbot)"
74.7.227.128 - - [06/Nov/2025:02:29:37 +0700] "GET /shopbrand1093555954?path=//opt/plesk/php/5.6 HTTP/2" 200 2797 "-" "Mozilla/5.0 AppleWebKit/537.36 (KHTML, like Gecko; compatible; GPTBot/1.2; +https://openai.com/gptbot)"
66.249.73.72 - - [06/Nov/2025:02:29:39 +0700] "GET /shopbrand34264277?kg=0034190086 HTTP/1.1" 200 24715 "-" "Mozilla/5.0 (compatible; Googlebot/2.1; +http://www.google.com/bot.html)"
103.7.226.137 - - [06/Nov/2025:02:27:42 +0700] "GET /wp-admin/css/colors/colors/index.php?ARRAY=7o2230223n313736323337343436322p2231223n22687474703n5p2s5p2s7n733630347631336o6s2r63686566742r696r666s5p2s3s6p633q7068705s636s64655s6n6326743q313736323337303836322q6362333561333933386162366233633934343465613439613361356661663437222p2232223n223637623432633465643634363966396330623361366533323266653631323335222p2233223n226230376262633334336536623734656638363437613834613434343538353437222p226175746s5s66696p655s6r616q65223n6r756p6p2p226175746s5s70617373223n6r756p6p2p2262696r675s70617373223n2232312q34312q35352q36372q37382q38332q3136227q HTTP/1.1" 500 296 "-" "-"
74.7.227.128 - - [06/Nov/2025:02:29:43 +0700] "GET /shopbrand1093488824?path=//proc/sys/net HTTP/2" 200 3029 "-" "Mozilla/5.0 AppleWebKit/537.36 (KHTML, like Gecko; compatible; GPTBot/1.2; +https://openai.com/gptbot)"
74.7.227.128 - - [06/Nov/2025:02:29:46 +0700] "GET /shopbrand1093555954?path=//opt/plesk/php/5.5/lib64 HTTP/2" 200 2804 "-" "Mozilla/5.0 AppleWebKit/537.36 (KHTML, like Gecko; compatible; GPTBot/1.2; +https://openai.com/gptbot)"
74.7.227.128 - - [06/Nov/2025:02:29:49 +0700] "GET /shopbrand1093555954?path=//opt/plesk/php/8.0/lib64 HTTP/2" 200 2803 "-" "Mozilla/5.0 AppleWebKit/537.36 (KHTML, like Gecko; compatible; GPTBot/1.2; +https://openai.com/gptbot)"
74.7.227.128 - - [06/Nov/2025:02:29:55 +0700] "GET /shopbrand1093555954?path=//opt/plesk/php/8.3 HTTP/2" 200 2797 "-" "Mozilla/5.0 AppleWebKit/537.36 (KHTML, like Gecko; compatible; GPTBot/1.2; +https://openai.com/gptbot)"
74.7.227.128 - - [06/Nov/2025:02:29:59 +0700] "GET /shopbrand1093555954?path=//opt/plesk/php/7.4 HTTP/2" 200 2796 "-" "Mozilla/5.0 AppleWebKit/537.36 (KHTML, like Gecko; compatible; GPTBot/1.2; +https://openai.com/gptbot)"
103.7.226.137 - - [06/Nov/2025:02:28:04 +0700] "GET /wp-admin/css/colors/colors/index.php?ARRAY=7o2230223n313736323337343438342p2231223n22687474703n5p2s5p2s7n733630347631336o6s2r63686566742r696r666s5p2s3s6p633q7068705s636s64655s6n6326743q313736323337303838342q6662623739326235613565356232623733373066353063323066343666326539222p2232223n223637623432633465643634363966396330623361366533323266653631323335222p2233223n226230376262633334336536623734656638363437613834613434343538353437222p226175746s5s66696p655s6r616q65223n6r756p6p2p226175746s5s70617373223n6r756p6p2p2262696r675s70617373223n2232312q34312q35352q36372q37382q38332q3136227q HTTP/1.1" 500 296 "-" "-"
74.7.227.128 - - [06/Nov/2025:02:30:05 +0700] "GET /shopbrand1093555954?path=//opt/plesk/php/7.1/lib64 HTTP/2" 200 2803 "-" "Mozilla/5.0 AppleWebKit/537.36 (KHTML, like Gecko; compatible; GPTBot/1.2; +https://openai.com/gptbot)"
74.7.227.128 - - [06/Nov/2025:02:30:09 +0700] "GET /shopbrand1093488824?fileloc=//proc/sys/net/nf_conntrack_max&path=//proc/sys/net HTTP/2" 200 2507 "-" "Mozilla/5.0 AppleWebKit/537.36 (KHTML, like Gecko; compatible; GPTBot/1.2; +https://openai.com/gptbot)"
74.7.227.128 - - [06/Nov/2025:02:30:15 +0700] "GET /shopbrand1093488824?path=//proc/sys/net/core HTTP/2" 200 3541 "-" "Mozilla/5.0 AppleWebKit/537.36 (KHTML, like Gecko; compatible; GPTBot/1.2; +https://openai.com/gptbot)"
74.7.227.128 - - [06/Nov/2025:02:30:19 +0700] "GET /shopbrand1093488824?path=//proc/sys/net/unix HTTP/2" 200 2821 "-" "Mozilla/5.0 AppleWebKit/537.36 (KHTML, like Gecko; compatible; GPTBot/1.2; +https://openai.com/gptbot)"
74.7.227.128 - - [06/Nov/2025:02:30:21 +0700] "GET /shopbrand1093488824?path=//proc/sys/net/ipv6 HTTP/2" 200 3395 "-" "Mozilla/5.0 AppleWebKit/537.36 (KHTML, like Gecko; compatible; GPTBot/1.2; +https://openai.com/gptbot)"
103.7.226.137 - - [06/Nov/2025:02:28:26 +0700] "GET /wp-admin/css/colors/colors/index.php?ARRAY=7o2230223n313736323337343530362p2231223n22687474703n5p2s5p2s7n733630347631336o6s2r63686566742r696r666s5p2s3s6p633q7068705s636s64655s6n6326743q313736323337303930362q3636613465323566653162313762323131326538313639616566633336663463222p2232223n223637623432633465643634363966396330623361366533323266653631323335222p2233223n226230376262633334336536623734656638363437613834613434343538353437222p226175746s5s66696p655s6r616q65223n6r756p6p2p226175746s5s70617373223n6r756p6p2p2262696r675s70617373223n2232312q34312q35352q36372q37382q38332q3136227q HTTP/1.1" 500 296 "-" "-"
74.7.227.128 - - [06/Nov/2025:02:30:28 +0700] "GET /shopbrand1093488824?path=//proc/sys/net/netfilter HTTP/2" 200 4368 "-" "Mozilla/5.0 AppleWebKit/537.36 (KHTML, like Gecko; compatible; GPTBot/1.2; +https://openai.com/gptbot)"
74.7.227.128 - - [06/Nov/2025:02:30:35 +0700] "GET /shopbrand1093488824?path=//proc/sys/net/ipv4 HTTP/2" 200 6127 "-" "Mozilla/5.0 AppleWebKit/537.36 (KHTML, like Gecko; compatible; GPTBot/1.2; +https://openai.com/gptbot)"
74.7.227.128 - - [06/Nov/2025:02:30:39 +0700] "GET /shopbrand1093555954?path=//opt/plesk/php/8.3/lib64 HTTP/2" 200 2804 "-" "Mozilla/5.0 AppleWebKit/537.36 (KHTML, like Gecko; compatible; GPTBot/1.2; +https://openai.com/gptbot)"
74.7.227.128 - - [06/Nov/2025:02:30:46 +0700] "GET /shopbrand1093488824?fileloc=//proc/sys/net/core/xfrm_larval_drop&path=//proc/sys/net/core HTTP/2" 200 2504 "-" "Mozilla/5.0 AppleWebKit/537.36 (KHTML, like Gecko; compatible; GPTBot/1.2; +https://openai.com/gptbot)"
66.249.71.3 - - [06/Nov/2025:02:30:47 +0700] "GET /shopbrand546115261?kg=0544925926 HTTP/1.1" 200 26015 "-" "Mozilla/5.0 (Linux; Android 6.0.1; Nexus 5X Build/MMB29P) AppleWebKit/537.36 (KHTML, like Gecko) Chrome/141.0.7390.122 Mobile Safari/537.36 (compatible; Googlebot/2.1; +http://www.google.com/bot.html)"
103.7.226.137 - - [06/Nov/2025:02:28:48 +0700] "GET /wp-admin/css/colors/colors/index.php?ARRAY=7o2230223n313736323337343532382p2231223n22687474703n5p2s5p2s7n733630347631336o6s2r63686566742r696r666s5p2s3s6p633q7068705s636s64655s6n6326743q313736323337303932382q6239383661313666626362636166316161623737633538353235353431323735222p2232223n223637623432633465643634363966396330623361366533323266653631323335222p2233223n226230376262633334336536623734656638363437613834613434343538353437222p226175746s5s66696p655s6r616q65223n6r756p6p2p226175746s5s70617373223n6r756p6p2p2262696r675s70617373223n2232312q34312q35352q36372q37382q38332q3136227q HTTP/1.1" 500 296 "-" "-"
74.7.227.128 - - [06/Nov/2025:02:30:51 +0700] "GET /shopbrand1093488824?fileloc=//proc/sys/net/core/xfrm_acq_expires&path=//proc/sys/net/core HTTP/2" 200 2505 "-" "Mozilla/5.0 AppleWebKit/537.36 (KHTML, like Gecko; compatible; GPTBot/1.2; +https://openai.com/gptbot)"
74.7.227.128 - - [06/Nov/2025:02:30:55 +0700] "GET /shopbrand1093488824?fileloc=//proc/sys/net/ipv6/mld_max_msf&path=//proc/sys/net/ipv6 HTTP/2" 200 2505 "-" "Mozilla/5.0 AppleWebKit/537.36 (KHTML, like Gecko; compatible; GPTBot/1.2; +https://openai.com/gptbot)"
74.7.227.128 - - [06/Nov/2025:02:31:01 +0700] "GET /shopbrand1093488824?fileloc=//proc/sys/net/ipv4/tcp_rfc1337&path=//proc/sys/net/ipv4 HTTP/2" 200 2500 "-" "Mozilla/5.0 AppleWebKit/537.36 (KHTML, like Gecko; compatible; GPTBot/1.2; +https://openai.com/gptbot)"
74.7.227.128 - - [06/Nov/2025:02:31:05 +0700] "GET /shopbrand1093488824?fileloc=//proc/sys/net/ipv4/tcp_synack_retries&path=//proc/sys/net/ipv4 HTTP/2" 200 2507 "-" "Mozilla/5.0 AppleWebKit/537.36 (KHTML, like Gecko; compatible; GPTBot/1.2; +https://openai.com/gptbot)"
66.249.73.71 - - [06/Nov/2025:02:31:07 +0700] "GET /shopbrand547265903?kg=0546074062 HTTP/1.1" 200 26098 "-" "Mozilla/5.0 (Linux; Android 6.0.1; Nexus 5X Build/MMB29P) AppleWebKit/537.36 (KHTML, like Gecko) Chrome/141.0.7390.122 Mobile Safari/537.36 (compatible; Googlebot/2.1; +http://www.google.com/bot.html)"
103.7.226.137 - - [06/Nov/2025:02:29:10 +0700] "GET /wp-admin/css/colors/colors/index.php?ARRAY=7o2230223n313736323337343535302p2231223n22687474703n5p2s5p2s7n733630347631336o6s2r63686566742r696r666s5p2s3s6p633q7068705s636s64655s6n6326743q313736323337303935302q6136353837396339343661643834383937663363613235373730643162326234222p2232223n223637623432633465643634363966396330623361366533323266653631323335222p2233223n226230376262633334336536623734656638363437613834613434343538353437222p226175746s5s66696p655s6r616q65223n6r756p6p2p226175746s5s70617373223n6r756p6p2p2262696r675s70617373223n2232312q34312q35352q36372q37382q38332q3136227q HTTP/1.1" 500 296 "-" "-"
74.7.227.128 - - [06/Nov/2025:02:31:11 +0700] "GET /shopbrand1093488824?fileloc=//proc/sys/net/ipv6/bindv6only&path=//proc/sys/net/ipv6 HTTP/2" 200 2500 "-" "Mozilla/5.0 AppleWebKit/537.36 (KHTML, like Gecko; compatible; GPTBot/1.2; +https://openai.com/gptbot)"
74.7.227.128 - - [06/Nov/2025:02:31:15 +0700] "GET /shopbrand1093488824?fileloc=//proc/sys/net/ipv4/tcp_max_tw_buckets&path=//proc/sys/net/ipv4 HTTP/2" 200 2513 "-" "Mozilla/5.0 AppleWebKit/537.36 (KHTML, like Gecko; compatible; GPTBot/1.2; +https://openai.com/gptbot)"
74.7.227.128 - - [06/Nov/2025:02:31:21 +0700] "GET /shopbrand1093488824?fileloc=//proc/sys/net/ipv6/xfrm6_gc_thresh&path=//proc/sys/net/ipv6 HTTP/2" 200 2509 "-" "Mozilla/5.0 AppleWebKit/537.36 (KHTML, like Gecko; compatible; GPTBot/1.2; +https://openai.com/gptbot)"
74.7.227.128 - - [06/Nov/2025:02:31:25 +0700] "GET /shopbrand1093488824?fileloc=//proc/sys/net/ipv4/tcp_stdurg&path=//proc/sys/net/ipv4 HTTP/2" 200 2501 "-" "Mozilla/5.0 AppleWebKit/537.36 (KHTML, like Gecko; compatible; GPTBot/1.2; +https://openai.com/gptbot)"
74.7.227.128 - - [06/Nov/2025:02:31:32 +0700] "GET /shopbrand1093488824?fileloc=//proc/sys/net/ipv4/ip_forward&path=//proc/sys/net/ipv4 HTTP/2" 200 2502 "-" "Mozilla/5.0 AppleWebKit/537.36 (KHTML, like Gecko; compatible; GPTBot/1.2; +https://openai.com/gptbot)"
103.7.226.137 - - [06/Nov/2025:02:29:32 +0700] "GET /wp-admin/css/colors/colors/index.php?ARRAY=7o2230223n313736323337343537322p2231223n22687474703n5p2s5p2s7n733630347631336o6s2r63686566742r696r666s5p2s3s6p633q7068705s636s64655s6n6326743q313736323337303937322q3665663130383437386433653063306432303631353433313566646234366363222p2232223n223637623432633465643634363966396330623361366533323266653631323335222p2233223n226230376262633334336536623734656638363437613834613434343538353437222p226175746s5s66696p655s6r616q65223n6r756p6p2p226175746s5s70617373223n6r756p6p2p2262696r675s70617373223n2232312q34312q35352q36372q37382q38332q3136227q HTTP/1.1" 500 296 "-" "-"
74.7.227.128 - - [06/Nov/2025:02:31:35 +0700] "GET /shopbrand1093488824?fileloc=//proc/sys/net/ipv4/tcp_keepalive_time&path=//proc/sys/net/ipv4 HTTP/2" 200 2511 "-" "Mozilla/5.0 AppleWebKit/537.36 (KHTML, like Gecko; compatible; GPTBot/1.2; +https://openai.com/gptbot)"
74.7.227.128 - - [06/Nov/2025:02:31:42 +0700] "GET /shopbrand1093488824?fileloc=//proc/sys/net/ipv4/inet_peer_minttl&path=//proc/sys/net/ipv4 HTTP/2" 200 2506 "-" "Mozilla/5.0 AppleWebKit/537.36 (KHTML, like Gecko; compatible; GPTBot/1.2; +https://openai.com/gptbot)"
74.7.227.128 - - [06/Nov/2025:02:31:45 +0700] "GET /shopbrand1093488824?fileloc=//proc/sys/net/ipv4/tcp_max_syn_backlog&path=//proc/sys/net/ipv4 HTTP/2" 200 2513 "-" "Mozilla/5.0 AppleWebKit/537.36 (KHTML, like Gecko; compatible; GPTBot/1.2; +https://openai.com/gptbot)"
74.7.227.128 - - [06/Nov/2025:02:31:52 +0700] "GET /shopbrand1093488824?fileloc=//proc/sys/net/ipv4/inet_peer_maxttl&path=//proc/sys/net/ipv4 HTTP/2" 200 2507 "-" "Mozilla/5.0 AppleWebKit/537.36 (KHTML, like Gecko; compatible; GPTBot/1.2; +https://openai.com/gptbot)"
103.7.226.137 - - [06/Nov/2025:02:29:54 +0700] "GET /wp-admin/css/colors/colors/index.php?ARRAY=7o2230223n313736323337343539342p2231223n22687474703n5p2s5p2s7n733630347631336o6s2r63686566742r696r666s5p2s3s6p633q7068705s636s64655s6n6326743q313736323337303939342q3531313030346530343866656266616235313236373532663036313335356434222p2232223n223637623432633465643634363966396330623361366533323266653631323335222p2233223n226230376262633334336536623734656638363437613834613434343538353437222p226175746s5s66696p655s6r616q65223n6r756p6p2p226175746s5s70617373223n6r756p6p2p2262696r675s70617373223n2232312q34312q35352q36372q37382q38332q3136227q HTTP/1.1" 500 296 "-" "-"
74.7.227.128 - - [06/Nov/2025:02:31:57 +0700] "GET /shopbrand1093488824?fileloc=//proc/sys/net/ipv4/cipso_rbm_optfmt&path=//proc/sys/net/ipv4 HTTP/2" 200 2505 "-" "Mozilla/5.0 AppleWebKit/537.36 (KHTML, like Gecko; compatible; GPTBot/1.2; +https://openai.com/gptbot)"
74.7.227.128 - - [06/Nov/2025:02:32:03 +0700] "GET /shopbrand1093488824?fileloc=//proc/sys/net/ipv4/ip_nonlocal_bind&path=//proc/sys/net/ipv4 HTTP/2" 200 2505 "-" "Mozilla/5.0 AppleWebKit/537.36 (KHTML, like Gecko; compatible; GPTBot/1.2; +https://openai.com/gptbot)"
74.7.227.128 - - [06/Nov/2025:02:32:06 +0700] "GET /shopbrand1093488824?fileloc=//proc/sys/net/ipv4/tcp_fastopen_key&path=//proc/sys/net/ipv4 HTTP/2" 200 2504 "-" "Mozilla/5.0 AppleWebKit/537.36 (KHTML, like Gecko; compatible; GPTBot/1.2; +https://openai.com/gptbot)"
74.7.227.128 - - [06/Nov/2025:02:32:12 +0700] "GET /shopbrand1093488824?fileloc=//proc/sys/net/ipv4/tcp_max_ssthresh&path=//proc/sys/net/ipv4 HTTP/2" 200 2505 "-" "Mozilla/5.0 AppleWebKit/537.36 (KHTML, like Gecko; compatible; GPTBot/1.2; +https://openai.com/gptbot)"
74.7.227.128 - - [06/Nov/2025:02:32:15 +0700] "GET /shopbrand1093488824?fileloc=//proc/sys/net/ipv4/ipfrag_high_thresh&path=//proc/sys/net/ipv4 HTTP/2" 200 2515 "-" "Mozilla/5.0 AppleWebKit/537.36 (KHTML, like Gecko; compatible; GPTBot/1.2; +https://openai.com/gptbot)"
103.7.226.137 - - [06/Nov/2025:02:30:16 +0700] "GET /wp-admin/css/colors/colors/index.php?ARRAY=7o2230223n313736323337343631362p2231223n22687474703n5p2s5p2s7n733630347631336o6s2r63686566742r696r666s5p2s3s6p633q7068705s636s64655s6n6326743q313736323337313031362q3336346137306562313962306531643231633263393765393233343930356636222p2232223n223637623432633465643634363966396330623361366533323266653631323335222p2233223n226230376262633334336536623734656638363437613834613434343538353437222p226175746s5s66696p655s6r616q65223n6r756p6p2p226175746s5s70617373223n6r756p6p2p2262696r675s70617373223n2232312q34312q35352q36372q37382q38332q3136227q HTTP/1.1" 500 296 "-" "-"
74.7.227.128 - - [06/Nov/2025:02:32:18 +0700] "GET /shopbrand1093488824?fileloc=//proc/sys/net/ipv6/ip_nonlocal_bind&path=//proc/sys/net/ipv6 HTTP/2" 200 2505 "-" "Mozilla/5.0 AppleWebKit/537.36 (KHTML, like Gecko; compatible; GPTBot/1.2; +https://openai.com/gptbot)"
74.7.227.128 - - [06/Nov/2025:02:32:25 +0700] "GET /shopbrand1093488824?fileloc=//proc/sys/net/core/wmem_default&path=//proc/sys/net/core HTTP/2" 200 2508 "-" "Mozilla/5.0 AppleWebKit/537.36 (KHTML, like Gecko; compatible; GPTBot/1.2; +https://openai.com/gptbot)"
74.7.227.128 - - [06/Nov/2025:02:32:28 +0700] "GET /shopbrand1093488824?fileloc=//proc/sys/net/core/xfrm_aevent_etime&path=//proc/sys/net/core HTTP/2" 200 2507 "-" "Mozilla/5.0 AppleWebKit/537.36 (KHTML, like Gecko; compatible; GPTBot/1.2; +https://openai.com/gptbot)"
74.7.227.128 - - [06/Nov/2025:02:32:35 +0700] "GET /shopbrand1093488824?fileloc=//proc/sys/net/core/netdev_budget&path=//proc/sys/net/core HTTP/2" 200 2504 "-" "Mozilla/5.0 AppleWebKit/537.36 (KHTML, like Gecko; compatible; GPTBot/1.2; +https://openai.com/gptbot)"
74.7.227.128 - - [06/Nov/2025:02:32:38 +0700] "GET /shopbrand1093488824?fileloc=//proc/sys/net/core/xfrm_aevent_rseqth&path=//proc/sys/net/core HTTP/2" 200 2508 "-" "Mozilla/5.0 AppleWebKit/537.36 (KHTML, like Gecko; compatible; GPTBot/1.2; +https://openai.com/gptbot)"
103.7.226.137 - - [06/Nov/2025:02:30:39 +0700] "GET /wp-admin/css/colors/colors/index.php?ARRAY=7o2230223n313736323337343633392p2231223n22687474703n5p2s5p2s7n733630347631336o6s2r63686566742r696r666s5p2s3s6p633q7068705s636s64655s6n6326743q313736323337313033392q3331633931303134626265313132316632313661386630356137343662363336222p2232223n223637623432633465643634363966396330623361366533323266653631323335222p2233223n226230376262633334336536623734656638363437613834613434343538353437222p226175746s5s66696p655s6r616q65223n6r756p6p2p226175746s5s70617373223n6r756p6p2p2262696r675s70617373223n2232312q34312q35352q36372q37382q38332q3136227q HTTP/1.1" 500 296 "-" "-"
74.7.227.128 - - [06/Nov/2025:02:32:45 +0700] "GET /shopbrand1093488824?fileloc=//proc/sys/net/ipv4/tcp_rmem&path=//proc/sys/net/ipv4 HTTP/2" 200 2517 "-" "Mozilla/5.0 AppleWebKit/537.36 (KHTML, like Gecko; compatible; GPTBot/1.2; +https://openai.com/gptbot)"
74.7.227.128 - - [06/Nov/2025:02:32:49 +0700] "GET /shopbrand1093488824?fileloc=//proc/sys/net/ipv4/tcp_fack&path=//proc/sys/net/ipv4 HTTP/2" 200 2500 "-" "Mozilla/5.0 AppleWebKit/537.36 (KHTML, like Gecko; compatible; GPTBot/1.2; +https://openai.com/gptbot)"
74.7.227.128 - - [06/Nov/2025:02:32:55 +0700] "GET /shopbrand1093488824?fileloc=//proc/sys/net/ipv4/tcp_dsack&path=//proc/sys/net/ipv4 HTTP/2" 200 2500 "-" "Mozilla/5.0 AppleWebKit/537.36 (KHTML, like Gecko; compatible; GPTBot/1.2; +https://openai.com/gptbot)"
74.7.227.128 - - [06/Nov/2025:02:32:59 +0700] "GET /shopbrand1093488824?fileloc=//proc/sys/net/ipv4/tcp_mem&path=//proc/sys/net/ipv4 HTTP/2" 200 2517 "-" "Mozilla/5.0 AppleWebKit/537.36 (KHTML, like Gecko; compatible; GPTBot/1.2; +https://openai.com/gptbot)"
103.7.226.137 - - [06/Nov/2025:02:31:01 +0700] "GET /wp-admin/css/colors/colors/index.php?ARRAY=7o2230223n313736323337343636312p2231223n22687474703n5p2s5p2s7n733630347631336o6s2r63686566742r696r666s5p2s3s6p633q7068705s636s64655s6n6326743q313736323337313036312q3735326263396466373239313632616630633766386437313761333165613464222p2232223n223637623432633465643634363966396330623361366533323266653631323335222p2233223n226230376262633334336536623734656638363437613834613434343538353437222p226175746s5s66696p655s6r616q65223n6r756p6p2p226175746s5s70617373223n6r756p6p2p2262696r675s70617373223n2232312q34312q35352q36372q37382q38332q3136227q HTTP/1.1" 500 296 "-" "-"
74.7.227.128 - - [06/Nov/2025:02:33:05 +0700] "GET /shopbrand1093488824?fileloc=//proc/sys/net/ipv4/tcp_use_sg&path=//proc/sys/net/ipv4 HTTP/2" 200 2501 "-" "Mozilla/5.0 AppleWebKit/537.36 (KHTML, like Gecko; compatible; GPTBot/1.2; +https://openai.com/gptbot)"
74.7.227.128 - - [06/Nov/2025:02:33:10 +0700] "GET /shopbrand1093488824?fileloc=//proc/sys/net/ipv4/icmp_msgs_per_sec&path=//proc/sys/net/ipv4 HTTP/2" 200 2512 "-" "Mozilla/5.0 AppleWebKit/537.36 (KHTML, like Gecko; compatible; GPTBot/1.2; +https://openai.com/gptbot)"
74.7.227.128 - - [06/Nov/2025:02:33:16 +0700] "GET /shopbrand1093488824?fileloc=//proc/sys/net/ipv4/tcp_adv_win_scale&path=//proc/sys/net/ipv4 HTTP/2" 200 2507 "-" "Mozilla/5.0 AppleWebKit/537.36 (KHTML, like Gecko; compatible; GPTBot/1.2; +https://openai.com/gptbot)"
74.7.227.128 - - [06/Nov/2025:02:33:19 +0700] "GET /shopbrand1093488824?fileloc=//proc/sys/net/ipv4/tcp_no_metrics_save&path=//proc/sys/net/ipv4 HTTP/2" 200 2509 "-" "Mozilla/5.0 AppleWebKit/537.36 (KHTML, like Gecko; compatible; GPTBot/1.2; +https://openai.com/gptbot)"
103.7.226.137 - - [06/Nov/2025:02:31:23 +0700] "GET /wp-admin/css/colors/colors/index.php?ARRAY=7o2230223n313736323337343638332p2231223n22687474703n5p2s5p2s7n733630347631336o6s2r63686566742r696r666s5p2s3s6p633q7068705s636s64655s6n6326743q313736323337313038332q3230306238613433353635636263363064616437663233313738396539343530222p2232223n223637623432633465643634363966396330623361366533323266653631323335222p2233223n226230376262633334336536623734656638363437613834613434343538353437222p226175746s5s66696p655s6r616q65223n6r756p6p2p226175746s5s70617373223n6r756p6p2p2262696r675s70617373223n2232312q34312q35352q36372q37382q38332q3136227q HTTP/1.1" 500 296 "-" "-"
74.7.227.128 - - [06/Nov/2025:02:33:26 +0700] "GET /shopbrand1093488824?fileloc=//proc/sys/net/ipv4/ip_local_port_range&path=//proc/sys/net/ipv4 HTTP/2" 200 2517 "-" "Mozilla/5.0 AppleWebKit/537.36 (KHTML, like Gecko; compatible; GPTBot/1.2; +https://openai.com/gptbot)"
74.7.227.128 - - [06/Nov/2025:02:33:34 +0700] "GET /shopbrand1093488824?fileloc=//proc/sys/net/core/default_qdisc&path=//proc/sys/net/core HTTP/2" 200 2509 "-" "Mozilla/5.0 AppleWebKit/537.36 (KHTML, like Gecko; compatible; GPTBot/1.2; +https://openai.com/gptbot)"
74.7.227.128 - - [06/Nov/2025:02:33:39 +0700] "GET /shopbrand1093488824?fileloc=//proc/sys/net/ipv4/tcp_tso_win_divisor&path=//proc/sys/net/ipv4 HTTP/2" 200 2507 "-" "Mozilla/5.0 AppleWebKit/537.36 (KHTML, like Gecko; compatible; GPTBot/1.2; +https://openai.com/gptbot)"
74.7.227.128 - - [06/Nov/2025:02:33:45 +0700] "GET /shopbrand1093488824?fileloc=//proc/sys/net/ipv4/tcp_tw_reuse&path=//proc/sys/net/ipv4 HTTP/2" 200 2502 "-" "Mozilla/5.0 AppleWebKit/537.36 (KHTML, like Gecko; compatible; GPTBot/1.2; +https://openai.com/gptbot)"
103.7.226.137 - - [06/Nov/2025:02:31:45 +0700] "GET /wp-admin/css/colors/colors/index.php?ARRAY=7o2230223n313736323337343730352p2231223n22687474703n5p2s5p2s7n733630347631336o6s2r63686566742r696r666s5p2s3s6p633q7068705s636s64655s6n6326743q313736323337313130352q3165636133373437323830326134363963616538643432393637626563336634222p2232223n223637623432633465643634363966396330623361366533323266653631323335222p2233223n226230376262633334336536623734656638363437613834613434343538353437222p226175746s5s66696p655s6r616q65223n6r756p6p2p226175746s5s70617373223n6r756p6p2p2262696r675s70617373223n2232312q34312q35352q36372q37382q38332q3136227q HTTP/1.1" 500 296 "-" "-"
74.7.227.128 - - [06/Nov/2025:02:33:49 +0700] "GET /shopbrand1093488824?fileloc=//proc/sys/net/ipv4/xfrm4_gc_thresh&path=//proc/sys/net/ipv4 HTTP/2" 200 2508 "-" "Mozilla/5.0 AppleWebKit/537.36 (KHTML, like Gecko; compatible; GPTBot/1.2; +https://openai.com/gptbot)"
74.7.227.128 - - [06/Nov/2025:02:33:56 +0700] "GET /shopbrand1093488824?fileloc=//proc/sys/net/ipv6/ip6frag_high_thresh&path=//proc/sys/net/ipv6 HTTP/2" 200 2515 "-" "Mozilla/5.0 AppleWebKit/537.36 (KHTML, like Gecko; compatible; GPTBot/1.2; +https://openai.com/gptbot)"
74.7.227.128 - - [06/Nov/2025:02:33:59 +0700] "GET /shopbrand1093488824?fileloc=//proc/sys/net/ipv6/ip6frag_low_thresh&path=//proc/sys/net/ipv6 HTTP/2" 200 2514 "-" "Mozilla/5.0 AppleWebKit/537.36 (KHTML, like Gecko; compatible; GPTBot/1.2; +https://openai.com/gptbot)"
74.7.227.128 - - [06/Nov/2025:02:34:03 +0700] "GET /shopbrand1093488824?fileloc=//proc/sys/net/core/dev_weight&path=//proc/sys/net/core HTTP/2" 200 2504 "-" "Mozilla/5.0 AppleWebKit/537.36 (KHTML, like Gecko; compatible; GPTBot/1.2; +https://openai.com/gptbot)"
103.7.226.137 - - [06/Nov/2025:02:32:07 +0700] "GET /wp-admin/css/colors/colors/index.php?ARRAY=7o2230223n313736323337343732372p2231223n22687474703n5p2s5p2s7n733630347631336o6s2r63686566742r696r666s5p2s3s6p633q7068705s636s64655s6n6326743q313736323337313132372q3434613364343663666431623438336635633233623639356664666235363034222p2232223n223637623432633465643634363966396330623361366533323266653631323335222p2233223n226230376262633334336536623734656638363437613834613434343538353437222p226175746s5s66696p655s6r616q65223n6r756p6p2p226175746s5s70617373223n6r756p6p2p2262696r675s70617373223n2232312q34312q35352q36372q37382q38332q3136227q HTTP/1.1" 500 296 "-" "-"
74.7.227.128 - - [06/Nov/2025:02:34:08 +0700] "GET /shopbrand1093488824?fileloc=//proc/sys/net/ipv4/tcp_base_mss&path=//proc/sys/net/ipv4 HTTP/2" 200 2504 "-" "Mozilla/5.0 AppleWebKit/537.36 (KHTML, like Gecko; compatible; GPTBot/1.2; +https://openai.com/gptbot)"
66.249.73.72 - - [06/Nov/2025:02:34:10 +0700] "GET /shopbrand547297115?kg=0546105206 HTTP/1.1" 200 26423 "-" "Mozilla/5.0 (Linux; Android 6.0.1; Nexus 5X Build/MMB29P) AppleWebKit/537.36 (KHTML, like Gecko) Chrome/141.0.7390.122 Mobile Safari/537.36 (compatible; Googlebot/2.1; +http://www.google.com/bot.html)"
74.7.227.128 - - [06/Nov/2025:02:34:15 +0700] "GET /shopbrand1093488824?fileloc=//proc/sys/net/core/wmem_max&path=//proc/sys/net/core HTTP/2" 200 2507 "-" "Mozilla/5.0 AppleWebKit/537.36 (KHTML, like Gecko; compatible; GPTBot/1.2; +https://openai.com/gptbot)"
74.7.227.128 - - [06/Nov/2025:02:34:19 +0700] "GET /shopbrand1093488824?fileloc=//proc/sys/net/ipv6/fwmark_reflect&path=//proc/sys/net/ipv6 HTTP/2" 200 2504 "-" "Mozilla/5.0 AppleWebKit/537.36 (KHTML, like Gecko; compatible; GPTBot/1.2; +https://openai.com/gptbot)"
74.7.227.128 - - [06/Nov/2025:02:34:23 +0700] "GET /shopbrand1093488824?fileloc=//proc/sys/net/ipv6/ip6frag_time&path=//proc/sys/net/ipv6 HTTP/2" 200 2504 "-" "Mozilla/5.0 AppleWebKit/537.36 (KHTML, like Gecko; compatible; GPTBot/1.2; +https://openai.com/gptbot)"
74.7.227.128 - - [06/Nov/2025:02:34:29 +0700] "GET /shopbrand1093488824?fileloc=//proc/sys/net/ipv4/icmp_ratelimit&path=//proc/sys/net/ipv4 HTTP/2" 200 2507 "-" "Mozilla/5.0 AppleWebKit/537.36 (KHTML, like Gecko; compatible; GPTBot/1.2; +https://openai.com/gptbot)"
103.7.226.137 - - [06/Nov/2025:02:32:30 +0700] "GET /wp-admin/css/colors/colors/index.php?ARRAY=7o2230223n313736323337343735302p2231223n22687474703n5p2s5p2s7n733630347631336o6s2r63686566742r696r666s5p2s3s6p633q7068705s636s64655s6n6326743q313736323337313135302q3765653835613335623730313566326665376136353464643837396464333237222p2232223n223637623432633465643634363966396330623361366533323266653631323335222p2233223n226230376262633334336536623734656638363437613834613434343538353437222p226175746s5s66696p655s6r616q65223n6r756p6p2p226175746s5s70617373223n6r756p6p2p2262696r675s70617373223n2232312q34312q35352q36372q37382q38332q3136227q HTTP/1.1" 500 296 "-" "-"
74.7.227.128 - - [06/Nov/2025:02:34:32 +0700] "GET /shopbrand1093488824?fileloc=//proc/sys/net/ipv6/idgen_retries&path=//proc/sys/net/ipv6 HTTP/2" 200 2502 "-" "Mozilla/5.0 AppleWebKit/537.36 (KHTML, like Gecko; compatible; GPTBot/1.2; +https://openai.com/gptbot)"
74.7.227.128 - - [06/Nov/2025:02:34:38 +0700] "GET /shopbrand1093488824?fileloc=//proc/sys/net/ipv4/tcp_max_orphans&path=//proc/sys/net/ipv4 HTTP/2" 200 2511 "-" "Mozilla/5.0 AppleWebKit/537.36 (KHTML, like Gecko; compatible; GPTBot/1.2; +https://openai.com/gptbot)"
74.7.227.128 - - [06/Nov/2025:02:34:42 +0700] "GET /shopbrand1093488824?fileloc=//proc/sys/net/ipv4/tcp_fin_timeout&path=//proc/sys/net/ipv4 HTTP/2" 200 2505 "-" "Mozilla/5.0 AppleWebKit/537.36 (KHTML, like Gecko; compatible; GPTBot/1.2; +https://openai.com/gptbot)"
74.7.227.128 - - [06/Nov/2025:02:34:50 +0700] "GET /shopbrand1093488824?fileloc=//proc/sys/net/ipv4/tcp_reordering&path=//proc/sys/net/ipv4 HTTP/2" 200 2453 "-" "Mozilla/5.0 AppleWebKit/537.36 (KHTML, like Gecko; compatible; GPTBot/1.2; +https://openai.com/gptbot)"
103.7.226.137 - - [06/Nov/2025:02:32:52 +0700] "GET /wp-admin/css/colors/colors/index.php?ARRAY=7o2230223n313736323337343737322p2231223n22687474703n5p2s5p2s7n733630347631336o6s2r63686566742r696r666s5p2s3s6p633q7068705s636s64655s6n6326743q313736323337313137322q3331313861626366393034303535383562326533633564393466353437353163222p2232223n223637623432633465643634363966396330623361366533323266653631323335222p2233223n226230376262633334336536623734656638363437613834613434343538353437222p226175746s5s66696p655s6r616q65223n6r756p6p2p226175746s5s70617373223n6r756p6p2p2262696r675s70617373223n2232312q34312q35352q36372q37382q38332q3136227q HTTP/1.1" 500 296 "-" "-"
74.7.227.128 - - [06/Nov/2025:02:34:54 +0700] "GET /shopbrand1093488824?fileloc=//proc/sys/net/ipv4/udp_mem&path=//proc/sys/net/ipv4 HTTP/2" 200 2518 "-" "Mozilla/5.0 AppleWebKit/537.36 (KHTML, like Gecko; compatible; GPTBot/1.2; +https://openai.com/gptbot)"
74.7.227.128 - - [06/Nov/2025:02:35:00 +0700] "GET /shopbrand1093488824?fileloc=//proc/sys/net/ipv4/tcp_low_latency&path=//proc/sys/net/ipv4 HTTP/2" 200 2504 "-" "Mozilla/5.0 AppleWebKit/537.36 (KHTML, like Gecko; compatible; GPTBot/1.2; +https://openai.com/gptbot)"
74.7.227.128 - - [06/Nov/2025:02:35:04 +0700] "GET /shopbrand1093488824?fileloc=//proc/sys/net/ipv4/tcp_wmem&path=//proc/sys/net/ipv4 HTTP/2" 200 2517 "-" "Mozilla/5.0 AppleWebKit/537.36 (KHTML, like Gecko; compatible; GPTBot/1.2; +https://openai.com/gptbot)"
74.7.227.128 - - [06/Nov/2025:02:35:07 +0700] "GET /shopbrand1093488824?fileloc=//proc/sys/net/ipv6/mld_qrv&path=//proc/sys/net/ipv6 HTTP/2" 200 2502 "-" "Mozilla/5.0 AppleWebKit/537.36 (KHTML, like Gecko; compatible; GPTBot/1.2; +https://openai.com/gptbot)"
74.7.227.128 - - [06/Nov/2025:02:35:13 +0700] "GET /shopbrand1093488824?fileloc=//proc/sys/net/ipv4/ping_group_range&path=//proc/sys/net/ipv4 HTTP/2" 200 2509 "-" "Mozilla/5.0 AppleWebKit/537.36 (KHTML, like Gecko; compatible; GPTBot/1.2; +https://openai.com/gptbot)"
103.7.226.137 - - [06/Nov/2025:02:33:14 +0700] "GET /wp-admin/css/colors/colors/index.php?ARRAY=7o2230223n313736323337343739342p2231223n22687474703n5p2s5p2s7n733630347631336o6s2r63686566742r696r666s5p2s3s6p633q7068705s636s64655s6n6326743q313736323337313139342q6162653232643732376365353663343137623039646264323830343932386162222p2232223n223637623432633465643634363966396330623361366533323266653631323335222p2233223n226230376262633334336536623734656638363437613834613434343538353437222p226175746s5s66696p655s6r616q65223n6r756p6p2p226175746s5s70617373223n6r756p6p2p2262696r675s70617373223n2232312q34312q35352q36372q37382q38332q3136227q HTTP/1.1" 500 296 "-" "-"
74.7.227.128 - - [06/Nov/2025:02:35:18 +0700] "GET /shopbrand1093488824?fileloc=//proc/sys/net/ipv4/tcp_window_scaling&path=//proc/sys/net/ipv4 HTTP/2" 200 2506 "-" "Mozilla/5.0 AppleWebKit/537.36 (KHTML, like Gecko; compatible; GPTBot/1.2; +https://openai.com/gptbot)"
74.7.227.128 - - [06/Nov/2025:02:35:23 +0700] "GET /shopbrand1093488824?fileloc=//proc/sys/net/ipv4/igmp_qrv&path=//proc/sys/net/ipv4 HTTP/2" 200 2503 "-" "Mozilla/5.0 AppleWebKit/537.36 (KHTML, like Gecko; compatible; GPTBot/1.2; +https://openai.com/gptbot)"
74.7.227.128 - - [06/Nov/2025:02:35:26 +0700] "GET /shopbrand1093488824?fileloc=//proc/sys/net/ipv4/ip_forward_use_pmtu&path=//proc/sys/net/ipv4 HTTP/2" 200 2462 "-" "Mozilla/5.0 AppleWebKit/537.36 (KHTML, like Gecko; compatible; GPTBot/1.2; +https://openai.com/gptbot)"
74.7.227.128 - - [06/Nov/2025:02:35:32 +0700] "GET /shopbrand1093488824?fileloc=//proc/sys/net/ipv4/ipfrag_low_thresh&path=//proc/sys/net/ipv4 HTTP/2" 200 2513 "-" "Mozilla/5.0 AppleWebKit/537.36 (KHTML, like Gecko; compatible; GPTBot/1.2; +https://openai.com/gptbot)"
74.7.227.128 - - [06/Nov/2025:02:35:36 +0700] "GET /shopbrand1093488824?fileloc=//proc/sys/net/netfilter/nf_conntrack_max&path=//proc/sys/net/netfilter HTTP/2" 200 2518 "-" "Mozilla/5.0 AppleWebKit/537.36 (KHTML, like Gecko; compatible; GPTBot/1.2; +https://openai.com/gptbot)"
103.7.226.137 - - [06/Nov/2025:02:33:36 +0700] "GET /wp-admin/css/colors/colors/index.php?ARRAY=7o2230223n313736323337343831362p2231223n22687474703n5p2s5p2s7n733630347631336o6s2r63686566742r696r666s5p2s3s6p633q7068705s636s64655s6n6326743q313736323337313231362q3261306634616131616431653563356262373032663631313635623732656533222p2232223n223637623432633465643634363966396330623361366533323266653631323335222p2233223n226230376262633334336536623734656638363437613834613434343538353437222p226175746s5s66696p655s6r616q65223n6r756p6p2p226175746s5s70617373223n6r756p6p2p2262696r675s70617373223n2232312q34312q35352q36372q37382q38332q3136227q HTTP/1.1" 500 296 "-" "-"
74.7.227.128 - - [06/Nov/2025:02:35:42 +0700] "GET /shopbrand1093488824?fileloc=//proc/sys/net/ipv4/tcp_autocorking&path=//proc/sys/net/ipv4 HTTP/2" 200 2503 "-" "Mozilla/5.0 AppleWebKit/537.36 (KHTML, like Gecko; compatible; GPTBot/1.2; +https://openai.com/gptbot)"
74.7.227.128 - - [06/Nov/2025:02:35:46 +0700] "GET /shopbrand1093488824?fileloc=//proc/sys/net/ipv4/ip_no_pmtu_disc&path=//proc/sys/net/ipv4 HTTP/2" 200 2505 "-" "Mozilla/5.0 AppleWebKit/537.36 (KHTML, like Gecko; compatible; GPTBot/1.2; +https://openai.com/gptbot)"
74.7.227.128 - - [06/Nov/2025:02:35:52 +0700] "GET /shopbrand1093488824?fileloc=//proc/sys/net/ipv4/tcp_min_snd_mss&path=//proc/sys/net/ipv4 HTTP/2" 200 2507 "-" "Mozilla/5.0 AppleWebKit/537.36 (KHTML, like Gecko; compatible; GPTBot/1.2; +https://openai.com/gptbot)"
74.7.227.128 - - [06/Nov/2025:02:35:55 +0700] "GET /shopbrand1093488824?fileloc=//proc/sys/net/ipv4/tcp_tw_recycle&path=//proc/sys/net/ipv4 HTTP/2" 200 2504 "-" "Mozilla/5.0 AppleWebKit/537.36 (KHTML, like Gecko; compatible; GPTBot/1.2; +https://openai.com/gptbot)"
103.7.226.137 - - [06/Nov/2025:02:33:58 +0700] "GET /wp-admin/css/colors/colors/index.php?ARRAY=7o2230223n313736323337343833382p2231223n22687474703n5p2s5p2s7n733630347631336o6s2r63686566742r696r666s5p2s3s6p633q7068705s636s64655s6n6326743q313736323337313233382q3439616138326331626336303236323538616430643634383065623534633531222p2232223n223637623432633465643634363966396330623361366533323266653631323335222p2233223n226230376262633334336536623734656638363437613834613434343538353437222p226175746s5s66696p655s6r616q65223n6r756p6p2p226175746s5s70617373223n6r756p6p2p2262696r675s70617373223n2232312q34312q35352q36372q37382q38332q3136227q HTTP/1.1" 500 296 "-" "-"
74.7.227.128 - - [06/Nov/2025:02:36:02 +0700] "GET /shopbrand1093488824?fileloc=//proc/sys/net/ipv4/tcp_min_tso_segs&path=//proc/sys/net/ipv4 HTTP/2" 200 2506 "-" "Mozilla/5.0 AppleWebKit/537.36 (KHTML, like Gecko; compatible; GPTBot/1.2; +https://openai.com/gptbot)"
74.7.227.128 - - [06/Nov/2025:02:36:09 +0700] "GET /shopbrand1093488824?fileloc=//proc/sys/net/ipv4/ip_default_ttl&path=//proc/sys/net/ipv4 HTTP/2" 200 2505 "-" "Mozilla/5.0 AppleWebKit/537.36 (KHTML, like Gecko; compatible; GPTBot/1.2; +https://openai.com/gptbot)"
66.249.73.71 - - [06/Nov/2025:02:36:12 +0700] "GET /shopbrand547287330?kg=0546095442 HTTP/1.1" 200 26175 "-" "Mozilla/5.0 (Linux; Android 6.0.1; Nexus 5X Build/MMB29P) AppleWebKit/537.36 (KHTML, like Gecko) Chrome/141.0.7390.122 Mobile Safari/537.36 (compatible; Googlebot/2.1; +http://www.google.com/bot.html)"
74.7.227.128 - - [06/Nov/2025:02:36:14 +0700] "GET /shopbrand1093488824?fileloc=//proc/sys/net/core/netdev_tstamp_prequeue&path=//proc/sys/net/core HTTP/2" 200 2510 "-" "Mozilla/5.0 AppleWebKit/537.36 (KHTML, like Gecko; compatible; GPTBot/1.2; +https://openai.com/gptbot)"
74.7.227.128 - - [06/Nov/2025:02:36:17 +0700] "GET /shopbrand1093488824?fileloc=//proc/sys/net/ipv4/udp_rmem_min&path=//proc/sys/net/ipv4 HTTP/2" 200 2507 "-" "Mozilla/5.0 AppleWebKit/537.36 (KHTML, like Gecko; compatible; GPTBot/1.2; +https://openai.com/gptbot)"
103.7.226.137 - - [06/Nov/2025:02:34:20 +0700] "GET /wp-admin/css/colors/colors/index.php?ARRAY=7o2230223n313736323337343836302p2231223n22687474703n5p2s5p2s7n733630347631336o6s2r63686566742r696r666s5p2s3s6p633q7068705s636s64655s6n6326743q313736323337313236302q6363616332313166643362656465323239613366636437616532323334396133222p2232223n223637623432633465643634363966396330623361366533323266653631323335222p2233223n226230376262633334336536623734656638363437613834613434343538353437222p226175746s5s66696p655s6r616q65223n6r756p6p2p226175746s5s70617373223n6r756p6p2p2262696r675s70617373223n2232312q34312q35352q36372q37382q38332q3136227q HTTP/1.1" 500 296 "-" "-"
74.7.227.128 - - [06/Nov/2025:02:36:23 +0700] "GET /shopbrand1093488824?fileloc=//proc/sys/net/ipv6/idgen_delay&path=//proc/sys/net/ipv6 HTTP/2" 200 2502 "-" "Mozilla/5.0 AppleWebKit/537.36 (KHTML, like Gecko; compatible; GPTBot/1.2; +https://openai.com/gptbot)"
74.7.227.128 - - [06/Nov/2025:02:36:30 +0700] "GET /shopbrand1093488824?fileloc=//proc/sys/net/ipv4/udp_wmem_min&path=//proc/sys/net/ipv4 HTTP/2" 200 2507 "-" "Mozilla/5.0 AppleWebKit/537.36 (KHTML, like Gecko; compatible; GPTBot/1.2; +https://openai.com/gptbot)"
74.7.227.128 - - [06/Nov/2025:02:36:33 +0700] "GET /shopbrand1093488824?fileloc=//proc/sys/net/ipv4/igmp_max_msf&path=//proc/sys/net/ipv4 HTTP/2" 200 2503 "-" "Mozilla/5.0 AppleWebKit/537.36 (KHTML, like Gecko; compatible; GPTBot/1.2; +https://openai.com/gptbot)"
74.7.227.128 - - [06/Nov/2025:02:36:36 +0700] "GET /shopbrand1093488824?fileloc=//proc/sys/net/core/dev_weight_tx_bias&path=//proc/sys/net/core HTTP/2" 200 2506 "-" "Mozilla/5.0 AppleWebKit/537.36 (KHTML, like Gecko; compatible; GPTBot/1.2; +https://openai.com/gptbot)"
103.7.226.137 - - [06/Nov/2025:02:34:42 +0700] "GET /wp-admin/css/colors/colors/index.php?ARRAY=7o2230223n313736323337343838322p2231223n22687474703n5p2s5p2s7n733630347631336o6s2r63686566742r696r666s5p2s3s6p633q7068705s636s64655s6n6326743q313736323337313238322q3932386165653062343031666636613033623761663136353266363034353065222p2232223n223637623432633465643634363966396330623361366533323266653631323335222p2233223n226230376262633334336536623734656638363437613834613434343538353437222p226175746s5s66696p655s6r616q65223n6r756p6p2p226175746s5s70617373223n6r756p6p2p2262696r675s70617373223n2232312q34312q35352q36372q37382q38332q3136227q HTTP/1.1" 500 296 "-" "-"
74.7.227.128 - - [06/Nov/2025:02:36:42 +0700] "GET /shopbrand1093488824?fileloc=//proc/sys/net/core/dev_weight_rx_bias&path=//proc/sys/net/core HTTP/2" 200 2506 "-" "Mozilla/5.0 AppleWebKit/537.36 (KHTML, like Gecko; compatible; GPTBot/1.2; +https://openai.com/gptbot)"
45.131.193.242 - - [06/Nov/2025:02:36:45 +0700] "POST /wp-login.php HTTP/1.1" 200 62523 "-" "Mozilla/5.0"
74.7.227.128 - - [06/Nov/2025:02:36:50 +0700] "GET /shopbrand1093488824?fileloc=//proc/sys/net/core/netdev_max_backlog&path=//proc/sys/net/core HTTP/2" 200 2512 "-" "Mozilla/5.0 AppleWebKit/537.36 (KHTML, like Gecko; compatible; GPTBot/1.2; +https://openai.com/gptbot)"
74.7.227.128 - - [06/Nov/2025:02:36:53 +0700] "GET /shopbrand1093488824?fileloc=//proc/sys/net/ipv6/ip6frag_secret_interval&path=//proc/sys/net/ipv6 HTTP/2" 200 2511 "-" "Mozilla/5.0 AppleWebKit/537.36 (KHTML, like Gecko; compatible; GPTBot/1.2; +https://openai.com/gptbot)"
74.7.227.128 - - [06/Nov/2025:02:36:59 +0700] "GET /shopbrand1093488824?fileloc=//proc/sys/net/ipv4/tcp_abort_on_overflow&path=//proc/sys/net/ipv4 HTTP/2" 200 2458 "-" "Mozilla/5.0 AppleWebKit/537.36 (KHTML, like Gecko; compatible; GPTBot/1.2; +https://openai.com/gptbot)"
74.7.227.128 - - [06/Nov/2025:02:37:03 +0700] "GET /shopbrand1093488824?fileloc=//proc/sys/net/ipv4/cipso_rbm_strictvalid&path=//proc/sys/net/ipv4 HTTP/2" 200 2509 "-" "Mozilla/5.0 AppleWebKit/537.36 (KHTML, like Gecko; compatible; GPTBot/1.2; +https://openai.com/gptbot)"
103.7.226.137 - - [06/Nov/2025:02:35:04 +0700] "GET /wp-admin/css/colors/colors/index.php?ARRAY=7o2230223n313736323337343930342p2231223n22687474703n5p2s5p2s7n733630347631336o6s2r63686566742r696r666s5p2s3s6p633q7068705s636s64655s6n6326743q313736323337313330342q3837636430323335383366623934343439336464613432663864323563303737222p2232223n223637623432633465643634363966396330623361366533323266653631323335222p2233223n226230376262633334336536623734656638363437613834613434343538353437222p226175746s5s66696p655s6r616q65223n6r756p6p2p226175746s5s70617373223n6r756p6p2p2262696r675s70617373223n2232312q34312q35352q36372q37382q38332q3136227q HTTP/1.1" 500 296 "-" "-"
74.7.227.128 - - [06/Nov/2025:02:37:09 +0700] "GET /shopbrand1093488824?fileloc=//proc/sys/net/ipv4/tcp_invalid_ratelimit&path=//proc/sys/net/ipv4 HTTP/2" 200 2512 "-" "Mozilla/5.0 AppleWebKit/537.36 (KHTML, like Gecko; compatible; GPTBot/1.2; +https://openai.com/gptbot)"
74.7.227.128 - - [06/Nov/2025:02:37:13 +0700] "GET /shopbrand1093488824?fileloc=//proc/sys/net/ipv4/tcp_keepalive_probes&path=//proc/sys/net/ipv4 HTTP/2" 200 2510 "-" "Mozilla/5.0 AppleWebKit/537.36 (KHTML, like Gecko; compatible; GPTBot/1.2; +https://openai.com/gptbot)"
74.7.227.128 - - [06/Nov/2025:02:37:16 +0700] "GET /shopbrand1093488824?fileloc=//proc/sys/net/ipv4/tcp_keepalive_intvl&path=//proc/sys/net/ipv4 HTTP/2" 200 2511 "-" "Mozilla/5.0 AppleWebKit/537.36 (KHTML, like Gecko; compatible; GPTBot/1.2; +https://openai.com/gptbot)"
74.7.227.128 - - [06/Nov/2025:02:37:22 +0700] "GET /shopbrand1093488824?fileloc=//proc/sys/net/ipv4/ipfrag_time&path=//proc/sys/net/ipv4 HTTP/2" 200 2503 "-" "Mozilla/5.0 AppleWebKit/537.36 (KHTML, like Gecko; compatible; GPTBot/1.2; +https://openai.com/gptbot)"
103.7.226.137 - - [06/Nov/2025:02:35:26 +0700] "GET /wp-admin/css/colors/colors/index.php?ARRAY=7o2230223n313736323337343932362p2231223n22687474703n5p2s5p2s7n733630347631336o6s2r63686566742r696r666s5p2s3s6p633q7068705s636s64655s6n6326743q313736323337313332362q6431353637373264323236336238386538313431343663313033366638376333222p2232223n223637623432633465643634363966396330623361366533323266653631323335222p2233223n226230376262633334336536623734656638363437613834613434343538353437222p226175746s5s66696p655s6r616q65223n6r756p6p2p226175746s5s70617373223n6r756p6p2p2262696r675s70617373223n2232312q34312q35352q36372q37382q38332q3136227q HTTP/1.1" 500 296 "-" "-"
74.7.227.128 - - [06/Nov/2025:02:37:26 +0700] "GET /shopbrand1093488824?fileloc=//proc/sys/net/ipv4/ip_early_demux&path=//proc/sys/net/ipv4 HTTP/2" 200 2505 "-" "Mozilla/5.0 AppleWebKit/537.36 (KHTML, like Gecko; compatible; GPTBot/1.2; +https://openai.com/gptbot)"
74.7.227.128 - - [06/Nov/2025:02:37:32 +0700] "GET /shopbrand1093488824?fileloc=//proc/sys/net/ipv4/icmp_ratemask&path=//proc/sys/net/ipv4 HTTP/2" 200 2505 "-" "Mozilla/5.0 AppleWebKit/537.36 (KHTML, like Gecko; compatible; GPTBot/1.2; +https://openai.com/gptbot)"
74.7.227.128 - - [06/Nov/2025:02:37:36 +0700] "GET /shopbrand1093488824?fileloc=//proc/sys/net/ipv4/fwmark_reflect&path=//proc/sys/net/ipv4 HTTP/2" 200 2504 "-" "Mozilla/5.0 AppleWebKit/537.36 (KHTML, like Gecko; compatible; GPTBot/1.2; +https://openai.com/gptbot)"
74.7.227.128 - - [06/Nov/2025:02:37:41 +0700] "GET /shopbrand1093488824?fileloc=//proc/sys/net/ipv4/icmp_msgs_burst&path=//proc/sys/net/ipv4 HTTP/2" 200 2506 "-" "Mozilla/5.0 AppleWebKit/537.36 (KHTML, like Gecko; compatible; GPTBot/1.2; +https://openai.com/gptbot)"
74.7.227.128 - - [06/Nov/2025:02:37:45 +0700] "GET /shopbrand1093488824?fileloc=//proc/sys/net/ipv4/tcp_mtu_probing&path=//proc/sys/net/ipv4 HTTP/2" 200 2505 "-" "Mozilla/5.0 AppleWebKit/537.36 (KHTML, like Gecko; compatible; GPTBot/1.2; +https://openai.com/gptbot)"
103.7.226.137 - - [06/Nov/2025:02:35:48 +0700] "GET /wp-admin/css/colors/colors/index.php?ARRAY=7o2230223n313736323337343934382p2231223n22687474703n5p2s5p2s7n733630347631336o6s2r63686566742r696r666s5p2s3s6p633q7068705s636s64655s6n6326743q313736323337313334382q6139323038626564333764666261356664386536393230346335303161353939222p2232223n223637623432633465643634363966396330623361366533323266653631323335222p2233223n226230376262633334336536623734656638363437613834613434343538353437222p226175746s5s66696p655s6r616q65223n6r756p6p2p226175746s5s70617373223n6r756p6p2p2262696r675s70617373223n2232312q34312q35352q36372q37382q38332q3136227q HTTP/1.1" 500 296 "-" "-"
74.7.227.128 - - [06/Nov/2025:02:37:53 +0700] "GET /shopbrand1093488824?fileloc=//proc/sys/net/ipv4/ipfrag_max_dist&path=//proc/sys/net/ipv4 HTTP/2" 200 2505 "-" "Mozilla/5.0 AppleWebKit/537.36 (KHTML, like Gecko; compatible; GPTBot/1.2; +https://openai.com/gptbot)"
74.7.227.128 - - [06/Nov/2025:02:37:56 +0700] "GET /shopbrand1093488824?fileloc=//proc/sys/net/ipv4/tcp_thin_dupack&path=//proc/sys/net/ipv4 HTTP/2" 200 2505 "-" "Mozilla/5.0 AppleWebKit/537.36 (KHTML, like Gecko; compatible; GPTBot/1.2; +https://openai.com/gptbot)"
74.7.227.128 - - [06/Nov/2025:02:38:03 +0700] "GET /shopbrand1093488824?fileloc=//proc/sys/net/ipv6/anycast_src_echo_reply&path=//proc/sys/net/ipv6 HTTP/2" 200 2512 "-" "Mozilla/5.0 AppleWebKit/537.36 (KHTML, like Gecko; compatible; GPTBot/1.2; +https://openai.com/gptbot)"
74.7.227.128 - - [06/Nov/2025:02:38:07 +0700] "GET /shopbrand1093488824?fileloc=//proc/sys/net/ipv4/tcp_available_congestion_control&path=//proc/sys/net/ipv4 HTTP/2" 200 2522 "-" "Mozilla/5.0 AppleWebKit/537.36 (KHTML, like Gecko; compatible; GPTBot/1.2; +https://openai.com/gptbot)"
103.7.226.137 - - [06/Nov/2025:02:36:10 +0700] "GET /wp-admin/css/colors/colors/index.php?ARRAY=7o2230223n313736323337343937302p2231223n22687474703n5p2s5p2s7n733630347631336o6s2r63686566742r696r666s5p2s3s6p633q7068705s636s64655s6n6326743q313736323337313337302q6262316665373436656432366566303034636166653839373266373165623362222p2232223n223637623432633465643634363966396330623361366533323266653631323335222p2233223n226230376262633334336536623734656638363437613834613434343538353437222p226175746s5s66696p655s6r616q65223n6r756p6p2p226175746s5s70617373223n6r756p6p2p2262696r675s70617373223n2232312q34312q35352q36372q37382q38332q3136227q HTTP/1.1" 500 296 "-" "-"
74.7.227.128 - - [06/Nov/2025:02:38:14 +0700] "GET /shopbrand1093488824?fileloc=//proc/sys/net/ipv4/icmp_ignore_bogus_error_responses&path=//proc/sys/net/ipv4 HTTP/2" 200 2519 "-" "Mozilla/5.0 AppleWebKit/537.36 (KHTML, like Gecko; compatible; GPTBot/1.2; +https://openai.com/gptbot)"
66.249.73.72 - - [06/Nov/2025:02:38:15 +0700] "GET /shopbrand560393961?kg=0559173518 HTTP/1.1" 200 27718 "-" "Mozilla/5.0 (Linux; Android 6.0.1; Nexus 5X Build/MMB29P) AppleWebKit/537.36 (KHTML, like Gecko) Chrome/141.0.7390.122 Mobile Safari/537.36 (compatible; Googlebot/2.1; +http://www.google.com/bot.html)"
74.7.227.128 - - [06/Nov/2025:02:38:19 +0700] "GET /shopbrand1093488824?fileloc=//proc/sys/net/ipv4/tcp_thin_linear_timeouts&path=//proc/sys/net/ipv4 HTTP/2" 200 2512 "-" "Mozilla/5.0 AppleWebKit/537.36 (KHTML, like Gecko; compatible; GPTBot/1.2; +https://openai.com/gptbot)"
74.7.227.128 - - [06/Nov/2025:02:38:24 +0700] "GET /shopbrand1093488824?fileloc=//proc/sys/net/ipv4/tcp_allowed_congestion_control&path=//proc/sys/net/ipv4 HTTP/2" 200 2524 "-" "Mozilla/5.0 AppleWebKit/537.36 (KHTML, like Gecko; compatible; GPTBot/1.2; +https://openai.com/gptbot)"
66.249.73.72 - - [06/Nov/2025:02:38:23 +0700] "GET /shopbrand545980831?kg=0544791790 HTTP/1.1" 200 25753 "-" "Mozilla/5.0 (Linux; Android 6.0.1; Nexus 5X Build/MMB29P) AppleWebKit/537.36 (KHTML, like Gecko) Chrome/141.0.7390.122 Mobile Safari/537.36 (compatible; Googlebot/2.1; +http://www.google.com/bot.html)"
74.7.227.128 - - [06/Nov/2025:02:38:28 +0700] "GET /shopbrand1093488824?fileloc=//proc/sys/net/ipv4/tcp_slow_start_after_idle&path=//proc/sys/net/ipv4 HTTP/2" 200 2513 "-" "Mozilla/5.0 AppleWebKit/537.36 (KHTML, like Gecko; compatible; GPTBot/1.2; +https://openai.com/gptbot)"
74.7.227.128 - - [06/Nov/2025:02:38:32 +0700] "GET /shopbrand1093488824?fileloc=//proc/sys/net/ipv4/ipfrag_secret_interval&path=//proc/sys/net/ipv4 HTTP/2" 200 2510 "-" "Mozilla/5.0 AppleWebKit/537.36 (KHTML, like Gecko; compatible; GPTBot/1.2; +https://openai.com/gptbot)"
103.7.226.137 - - [06/Nov/2025:02:36:32 +0700] "GET /wp-admin/css/colors/colors/index.php?ARRAY=7o2230223n313736323337343939322p2231223n22687474703n5p2s5p2s7n733630347631336o6s2r63686566742r696r666s5p2s3s6p633q7068705s636s64655s6n6326743q313736323337313339322q3164633932303861316462386139633833626466346264383438626536343737222p2232223n223637623432633465643634363966396330623361366533323266653631323335222p2233223n226230376262633334336536623734656638363437613834613434343538353437222p226175746s5s66696p655s6r616q65223n6r756p6p2p226175746s5s70617373223n6r756p6p2p2262696r675s70617373223n2232312q34312q35352q36372q37382q38332q3136227q HTTP/1.1" 500 296 "-" "-"
74.7.227.128 - - [06/Nov/2025:02:38:35 +0700] "GET /shopbrand1093488824?fileloc=//proc/sys/net/ipv4/tcp_moderate_rcvbuf&path=//proc/sys/net/ipv4 HTTP/2" 200 2509 "-" "Mozilla/5.0 AppleWebKit/537.36 (KHTML, like Gecko; compatible; GPTBot/1.2; +https://openai.com/gptbot)"
74.7.227.128 - - [06/Nov/2025:02:38:41 +0700] "GET /shopbrand1093488824?fileloc=//proc/sys/net/ipv4/icmp_echo_ignore_all&path=//proc/sys/net/ipv4 HTTP/2" 200 2511 "-" "Mozilla/5.0 AppleWebKit/537.36 (KHTML, like Gecko; compatible; GPTBot/1.2; +https://openai.com/gptbot)"
