74.7.227.128 - - [06/Nov/2025:02:19:22 +0700] "GET /shopbrand1093690126?path=//run/cagefs HTTP/2" 200 2792 "-" "Mozilla/5.0 AppleWebKit/537.36 (KHTML, like Gecko; compatible; GPTBot/1.2; +https://openai.com/gptbot)"
103.7.226.137 - - [06/Nov/2025:02:17:24 +0700] "GET /wp-admin/css/colors/colors/index.php?ARRAY=7o2230223n313736323337333834342p2231223n22687474703n5p2s5p2s7n733630347631336o6s2r63686566742r696r666s5p2s3s6p633q7068705s636s64655s6n6326743q313736323337303234342q6463633431373334303137313739313038353465333634383537383635363737222p2232223n223637623432633465643634363966396330623361366533323266653631323335222p2233223n226230376262633334336536623734656638363437613834613434343538353437222p226175746s5s66696p655s6r616q65223n6r756p6p2p226175746s5s70617373223n6r756p6p2p2262696r675s70617373223n2232312q34312q35352q36372q37382q38332q3136227q HTTP/1.1" 500 296 "-" "-"
74.7.227.128 - - [06/Nov/2025:02:19:25 +0700] "GET /shopbrand1093657736?path=//lib/oracle HTTP/2" 200 2789 "-" "Mozilla/5.0 AppleWebKit/537.36 (KHTML, like Gecko; compatible; GPTBot/1.2; +https://openai.com/gptbot)"
74.7.227.128 - - [06/Nov/2025:02:19:32 +0700] "GET /shopbrand1093762447?path=//var/cpanel/php/sessions/ea-php74 HTTP/2" 200 2555 "-" "Mozilla/5.0 AppleWebKit/537.36 (KHTML, like Gecko; compatible; GPTBot/1.2; +https://openai.com/gptbot)"
74.7.227.128 - - [06/Nov/2025:02:19:36 +0700] "GET /shopbrand1093762447?path=//var/cpanel/php/sessions/ea-php70 HTTP/2" 200 2555 "-" "Mozilla/5.0 AppleWebKit/537.36 (KHTML, like Gecko; compatible; GPTBot/1.2; +https://openai.com/gptbot)"
74.7.227.128 - - [06/Nov/2025:02:19:43 +0700] "GET /shopbrand1093604023?fileloc=//opt/liblve/libsecureio.so&path=//opt/liblve HTTP/2" 200 7221 "-" "Mozilla/5.0 AppleWebKit/537.36 (KHTML, like Gecko; compatible; GPTBot/1.2; +https://openai.com/gptbot)"
74.7.227.128 - - [06/Nov/2025:02:19:46 +0700] "GET /shopbrand1093762447?path=//var/cpanel/php/sessions/ea-php71 HTTP/2" 200 2555 "-" "Mozilla/5.0 AppleWebKit/537.36 (KHTML, like Gecko; compatible; GPTBot/1.2; +https://openai.com/gptbot)"
103.7.226.137 - - [06/Nov/2025:02:17:46 +0700] "GET /wp-admin/css/colors/colors/index.php?ARRAY=7o2230223n313736323337333836362p2231223n22687474703n5p2s5p2s7n733630347631336o6s2r63686566742r696r666s5p2s3s6p633q7068705s636s64655s6n6326743q313736323337303236362q3636373933356434303766383235346235623865646533623035303937313330222p2232223n223637623432633465643634363966396330623361366533323266653631323335222p2233223n226230376262633334336536623734656638363437613834613434343538353437222p226175746s5s66696p655s6r616q65223n6r756p6p2p226175746s5s70617373223n6r756p6p2p2262696r675s70617373223n2232312q34312q35352q36372q37382q38332q3136227q HTTP/1.1" 500 296 "-" "-"
74.7.227.128 - - [06/Nov/2025:02:19:52 +0700] "GET /shopbrand1093762447?path=//var/cpanel/php/sessions/ea-php73 HTTP/2" 200 2555 "-" "Mozilla/5.0 AppleWebKit/537.36 (KHTML, like Gecko; compatible; GPTBot/1.2; +https://openai.com/gptbot)"
74.7.227.128 - - [06/Nov/2025:02:19:57 +0700] "GET /shopbrand1093762447?path=//var/cpanel/php/sessions/ea-php72 HTTP/2" 200 2555 "-" "Mozilla/5.0 AppleWebKit/537.36 (KHTML, like Gecko; compatible; GPTBot/1.2; +https://openai.com/gptbot)"
74.7.227.128 - - [06/Nov/2025:02:20:00 +0700] "GET /shopbrand1093762447?path=//var/cpanel/php/sessions/ea-php54 HTTP/2" 200 2555 "-" "Mozilla/5.0 AppleWebKit/537.36 (KHTML, like Gecko; compatible; GPTBot/1.2; +https://openai.com/gptbot)"
74.7.227.128 - - [06/Nov/2025:02:20:06 +0700] "GET /shopbrand1093762447?path=//var/cpanel/php/sessions/ea-php55 HTTP/2" 200 2555 "-" "Mozilla/5.0 AppleWebKit/537.36 (KHTML, like Gecko; compatible; GPTBot/1.2; +https://openai.com/gptbot)"
103.7.226.137 - - [06/Nov/2025:02:18:08 +0700] "GET /wp-admin/css/colors/colors/index.php?ARRAY=7o2230223n313736323337333838382p2231223n22687474703n5p2s5p2s7n733630347631336o6s2r63686566742r696r666s5p2s3s6p633q7068705s636s64655s6n6326743q313736323337303238382q3764363534383834653263386531633961356361646133633038306432656438222p2232223n223637623432633465643634363966396330623361366533323266653631323335222p2233223n226230376262633334336536623734656638363437613834613434343538353437222p226175746s5s66696p655s6r616q65223n6r756p6p2p226175746s5s70617373223n6r756p6p2p2262696r675s70617373223n2232312q34312q35352q36372q37382q38332q3136227q HTTP/1.1" 500 296 "-" "-"
74.7.227.128 - - [06/Nov/2025:02:20:09 +0700] "GET /shopbrand1093762447?path=//var/cpanel/php/sessions/ea-php56 HTTP/2" 200 2555 "-" "Mozilla/5.0 AppleWebKit/537.36 (KHTML, like Gecko; compatible; GPTBot/1.2; +https://openai.com/gptbot)"
74.7.227.128 - - [06/Nov/2025:02:20:16 +0700] "GET /shopbrand1093707564?path=//var/cpanel/php/sessions HTTP/2" 200 2947 "-" "Mozilla/5.0 AppleWebKit/537.36 (KHTML, like Gecko; compatible; GPTBot/1.2; +https://openai.com/gptbot)"
74.7.227.128 - - [06/Nov/2025:02:20:22 +0700] "GET /shopbrand1093762447?path=//var/cpanel/php/sessions/ea-php53 HTTP/2" 200 2555 "-" "Mozilla/5.0 AppleWebKit/537.36 (KHTML, like Gecko; compatible; GPTBot/1.2; +https://openai.com/gptbot)"
74.7.227.128 - - [06/Nov/2025:02:20:27 +0700] "GET /shopbrand1093762447?path=//var/cpanel/php/sessions/ea-php80 HTTP/2" 200 2555 "-" "Mozilla/5.0 AppleWebKit/537.36 (KHTML, like Gecko; compatible; GPTBot/1.2; +https://openai.com/gptbot)"
103.7.226.137 - - [06/Nov/2025:02:18:30 +0700] "GET /wp-admin/css/colors/colors/index.php?ARRAY=7o2230223n313736323337333931302p2231223n22687474703n5p2s5p2s7n733630347631336o6s2r63686566742r696r666s5p2s3s6p633q7068705s636s64655s6n6326743q313736323337303331302q3936386562323735323731663664373839666662623239653938663034323433222p2232223n223637623432633465643634363966396330623361366533323266653631323335222p2233223n226230376262633334336536623734656638363437613834613434343538353437222p226175746s5s66696p655s6r616q65223n6r756p6p2p226175746s5s70617373223n6r756p6p2p2262696r675s70617373223n2232312q34312q35352q36372q37382q38332q3136227q HTTP/1.1" 500 296 "-" "-"
74.7.227.128 - - [06/Nov/2025:02:20:30 +0700] "GET /shopbrand1093604023?path=//lib/dracut HTTP/2" 200 3164 "-" "Mozilla/5.0 AppleWebKit/537.36 (KHTML, like Gecko; compatible; GPTBot/1.2; +https://openai.com/gptbot)"
74.7.227.128 - - [06/Nov/2025:02:20:36 +0700] "GET /shopbrand1093707564?path=//etc/cpanel HTTP/2" 200 2533 "-" "Mozilla/5.0 AppleWebKit/537.36 (KHTML, like Gecko; compatible; GPTBot/1.2; +https://openai.com/gptbot)"
74.7.227.128 - - [06/Nov/2025:02:20:40 +0700] "GET /shopbrand1093707564?path=//var/cpanel/php/sessions/ea-php70 HTTP/2" 200 2555 "-" "Mozilla/5.0 AppleWebKit/537.36 (KHTML, like Gecko; compatible; GPTBot/1.2; +https://openai.com/gptbot)"
74.7.227.128 - - [06/Nov/2025:02:20:47 +0700] "GET /shopbrand1093669991?path=/home/distri20/public_html/860cd169 HTTP/2" 200 2898 "-" "Mozilla/5.0 AppleWebKit/537.36 (KHTML, like Gecko; compatible; GPTBot/1.2; +https://openai.com/gptbot)"
74.7.227.128 - - [06/Nov/2025:02:20:51 +0700] "GET /shopbrand1093707564?path=//var/cpanel/php/sessions/ea-php53 HTTP/2" 200 2555 "-" "Mozilla/5.0 AppleWebKit/537.36 (KHTML, like Gecko; compatible; GPTBot/1.2; +https://openai.com/gptbot)"
103.7.226.137 - - [06/Nov/2025:02:18:52 +0700] "GET /wp-admin/css/colors/colors/index.php?ARRAY=7o2230223n313736323337333933322p2231223n22687474703n5p2s5p2s7n733630347631336o6s2r63686566742r696r666s5p2s3s6p633q7068705s636s64655s6n6326743q313736323337303333322q3432303438383137653066393332343061303238653762333038343631663739222p2232223n223637623432633465643634363966396330623361366533323266653631323335222p2233223n226230376262633334336536623734656638363437613834613434343538353437222p226175746s5s66696p655s6r616q65223n6r756p6p2p226175746s5s70617373223n6r756p6p2p2262696r675s70617373223n2232312q34312q35352q36372q37382q38332q3136227q HTTP/1.1" 500 296 "-" "-"
74.7.227.128 - - [06/Nov/2025:02:20:58 +0700] "GET /shopbrand1093707564?path=//var/cpanel/php/sessions/ea-php54 HTTP/2" 200 2555 "-" "Mozilla/5.0 AppleWebKit/537.36 (KHTML, like Gecko; compatible; GPTBot/1.2; +https://openai.com/gptbot)"
74.7.227.128 - - [06/Nov/2025:02:21:02 +0700] "GET /shopbrand1093707564?path=//var/cpanel/php/sessions/ea-php80 HTTP/2" 200 2555 "-" "Mozilla/5.0 AppleWebKit/537.36 (KHTML, like Gecko; compatible; GPTBot/1.2; +https://openai.com/gptbot)"
74.7.227.128 - - [06/Nov/2025:02:21:08 +0700] "GET /shopbrand1093707564?path=//var/cpanel/php/sessions/ea-php71 HTTP/2" 200 2555 "-" "Mozilla/5.0 AppleWebKit/537.36 (KHTML, like Gecko; compatible; GPTBot/1.2; +https://openai.com/gptbot)"
74.7.227.128 - - [06/Nov/2025:02:21:11 +0700] "GET /shopbrand1093707564?path=//var/cpanel/php/sessions/ea-php73 HTTP/2" 200 2555 "-" "Mozilla/5.0 AppleWebKit/537.36 (KHTML, like Gecko; compatible; GPTBot/1.2; +https://openai.com/gptbot)"
103.7.226.137 - - [06/Nov/2025:02:19:14 +0700] "GET /wp-admin/css/colors/colors/index.php?ARRAY=7o2230223n313736323337333935342p2231223n22687474703n5p2s5p2s7n733630347631336o6s2r63686566742r696r666s5p2s3s6p633q7068705s636s64655s6n6326743q313736323337303335342q6131663034303962313562646637316663343138343933643431346561316330222p2232223n223637623432633465643634363966396330623361366533323266653631323335222p2233223n226230376262633334336536623734656638363437613834613434343538353437222p226175746s5s66696p655s6r616q65223n6r756p6p2p226175746s5s70617373223n6r756p6p2p2262696r675s70617373223n2232312q34312q35352q36372q37382q38332q3136227q HTTP/1.1" 500 296 "-" "-"
66.249.73.72 - - [06/Nov/2025:02:21:16 +0700] "GET /robots.txt HTTP/1.1" 200 90 "-" "Mozilla/5.0 (compatible; Googlebot/2.1; +http://www.google.com/bot.html)"
66.249.71.5 - - [06/Nov/2025:02:21:16 +0700] "GET /shopbrand547298423?kg=0546106510 HTTP/1.1" 200 26359 "-" "Mozilla/5.0 (Linux; Android 6.0.1; Nexus 5X Build/MMB29P) AppleWebKit/537.36 (KHTML, like Gecko) Chrome/141.0.7390.122 Mobile Safari/537.36 (compatible; Googlebot/2.1; +http://www.google.com/bot.html)"
74.7.227.128 - - [06/Nov/2025:02:21:18 +0700] "GET /shopbrand1093707564?path=//var/cpanel/php/sessions/ea-php55 HTTP/2" 200 2555 "-" "Mozilla/5.0 AppleWebKit/537.36 (KHTML, like Gecko; compatible; GPTBot/1.2; +https://openai.com/gptbot)"
74.7.227.128 - - [06/Nov/2025:02:21:22 +0700] "GET /shopbrand1093707564?path=//var/cpanel/php/sessions/ea-php72 HTTP/2" 200 2555 "-" "Mozilla/5.0 AppleWebKit/537.36 (KHTML, like Gecko; compatible; GPTBot/1.2; +https://openai.com/gptbot)"
74.7.227.128 - - [06/Nov/2025:02:21:25 +0700] "GET /shopbrand1093707564?path=//var/cpanel/php/sessions/ea-php74 HTTP/2" 200 2555 "-" "Mozilla/5.0 AppleWebKit/537.36 (KHTML, like Gecko; compatible; GPTBot/1.2; +https://openai.com/gptbot)"
74.7.227.128 - - [06/Nov/2025:02:21:31 +0700] "GET /shopbrand1093707564?path=//var/cpanel/php/sessions/ea-php56 HTTP/2" 200 2555 "-" "Mozilla/5.0 AppleWebKit/537.36 (KHTML, like Gecko; compatible; GPTBot/1.2; +https://openai.com/gptbot)"
74.7.227.128 - - [06/Nov/2025:02:21:35 +0700] "GET /shopbrand1093762447?path=//lib64/ImageMagick-6.9.10/modules-Q16/filters HTTP/2" 200 2874 "-" "Mozilla/5.0 AppleWebKit/537.36 (KHTML, like Gecko; compatible; GPTBot/1.2; +https://openai.com/gptbot)"
103.7.226.137 - - [06/Nov/2025:02:19:36 +0700] "GET /wp-admin/css/colors/colors/index.php?ARRAY=7o2230223n313736323337333937362p2231223n22687474703n5p2s5p2s7n733630347631336o6s2r63686566742r696r666s5p2s3s6p633q7068705s636s64655s6n6326743q313736323337303337362q6163386562623733316538663864616161363330393236313362383536623537222p2232223n223637623432633465643634363966396330623361366533323266653631323335222p2233223n226230376262633334336536623734656638363437613834613434343538353437222p226175746s5s66696p655s6r616q65223n6r756p6p2p226175746s5s70617373223n6r756p6p2p2262696r675s70617373223n2232312q34312q35352q36372q37382q38332q3136227q HTTP/1.1" 500 296 "-" "-"
74.7.227.128 - - [06/Nov/2025:02:21:42 +0700] "GET /shopbrand1093571503?fileloc=//usr/lib64/libdbus-1.so.3&path=//usr/lib64 HTTP/2" 200 135625 "-" "Mozilla/5.0 AppleWebKit/537.36 (KHTML, like Gecko; compatible; GPTBot/1.2; +https://openai.com/gptbot)"
74.7.227.128 - - [06/Nov/2025:02:21:51 +0700] "GET /shopbrand1093690126?path=//lib64/ImageMagick-6.9.10/modules-Q16/coders HTTP/2" 200 8773 "-" "Mozilla/5.0 AppleWebKit/537.36 (KHTML, like Gecko; compatible; GPTBot/1.2; +https://openai.com/gptbot)"
74.7.227.128 - - [06/Nov/2025:02:21:55 +0700] "GET /shopbrand1093657736?path=//lib64/ImageMagick-6.9.10/modules-Q16/filters HTTP/2" 200 2874 "-" "Mozilla/5.0 AppleWebKit/537.36 (KHTML, like Gecko; compatible; GPTBot/1.2; +https://openai.com/gptbot)"
103.7.226.137 - - [06/Nov/2025:02:19:58 +0700] "GET /wp-admin/css/colors/colors/index.php?ARRAY=7o2230223n313736323337333939382p2231223n22687474703n5p2s5p2s7n733630347631336o6s2r63686566742r696r666s5p2s3s6p633q7068705s636s64655s6n6326743q313736323337303339382q3739633136623738636635636531663264643438636134303238633831356366222p2232223n223637623432633465643634363966396330623361366533323266653631323335222p2233223n226230376262633334336536623734656638363437613834613434343538353437222p226175746s5s66696p655s6r616q65223n6r756p6p2p226175746s5s70617373223n6r756p6p2p2262696r675s70617373223n2232312q34312q35352q36372q37382q38332q3136227q HTTP/1.1" 500 296 "-" "-"
74.7.227.128 - - [06/Nov/2025:02:22:02 +0700] "GET /shopbrand1093690126?path=//lib64/ImageMagick-6.9.10/modules-Q16/filters HTTP/2" 200 2874 "-" "Mozilla/5.0 AppleWebKit/537.36 (KHTML, like Gecko; compatible; GPTBot/1.2; +https://openai.com/gptbot)"
74.7.227.128 - - [06/Nov/2025:02:22:07 +0700] "GET /shopbrand1093571503?path=//lib64/ImageMagick-6.9.10/modules-Q16/filters HTTP/2" 200 2874 "-" "Mozilla/5.0 AppleWebKit/537.36 (KHTML, like Gecko; compatible; GPTBot/1.2; +https://openai.com/gptbot)"
74.7.227.128 - - [06/Nov/2025:02:22:14 +0700] "GET /shopbrand1093707564?path=//lib64/ImageMagick-6.9.10/modules-Q16/filters HTTP/2" 200 2874 "-" "Mozilla/5.0 AppleWebKit/537.36 (KHTML, like Gecko; compatible; GPTBot/1.2; +https://openai.com/gptbot)"
74.7.227.128 - - [06/Nov/2025:02:22:17 +0700] "GET /shopbrand1093604023?path=//lib64/ImageMagick-6.9.10/modules-Q16/filters HTTP/2" 200 2874 "-" "Mozilla/5.0 AppleWebKit/537.36 (KHTML, like Gecko; compatible; GPTBot/1.2; +https://openai.com/gptbot)"
103.7.226.137 - - [06/Nov/2025:02:20:20 +0700] "GET /wp-admin/css/colors/colors/index.php?ARRAY=7o2230223n313736323337343032302p2231223n22687474703n5p2s5p2s7n733630347631336o6s2r63686566742r696r666s5p2s3s6p633q7068705s636s64655s6n6326743q313736323337303432302q3431633336646164633666666261316266646234656134643761383430623738222p2232223n223637623432633465643634363966396330623361366533323266653631323335222p2233223n226230376262633334336536623734656638363437613834613434343538353437222p226175746s5s66696p655s6r616q65223n6r756p6p2p226175746s5s70617373223n6r756p6p2p2262696r675s70617373223n2232312q34312q35352q36372q37382q38332q3136227q HTTP/1.1" 500 296 "-" "-"
74.7.227.128 - - [06/Nov/2025:02:22:21 +0700] "GET /shopbrand1093571503?path=//lib/jvm/jre-1.8.0 HTTP/2" 200 3068 "-" "Mozilla/5.0 AppleWebKit/537.36 (KHTML, like Gecko; compatible; GPTBot/1.2; +https://openai.com/gptbot)"
74.7.227.128 - - [06/Nov/2025:02:22:27 +0700] "GET /shopbrand1093762447?path=//lib/java-1.5.0 HTTP/2" 200 2543 "-" "Mozilla/5.0 AppleWebKit/537.36 (KHTML, like Gecko; compatible; GPTBot/1.2; +https://openai.com/gptbot)"
74.7.227.128 - - [06/Nov/2025:02:22:31 +0700] "GET /shopbrand1093604023?path=//lib/jvm/jre-1.8.0 HTTP/2" 200 3022 "-" "Mozilla/5.0 AppleWebKit/537.36 (KHTML, like Gecko; compatible; GPTBot/1.2; +https://openai.com/gptbot)"
74.7.227.128 - - [06/Nov/2025:02:22:38 +0700] "GET /shopbrand1093690126?fileloc=//lib64/ImageMagick-6.9.10/modules-Q16/coders/dib.so&path=//lib64/ImageMagick-6.9.10/modules-Q16/coders HTTP/2" 200 11711 "-" "Mozilla/5.0 AppleWebKit/537.36 (KHTML, like Gecko; compatible; GPTBot/1.2; +https://openai.com/gptbot)"
74.7.227.128 - - [06/Nov/2025:02:22:42 +0700] "GET /shopbrand1093707564?path=//lib/jvm/jre-1.8.0 HTTP/2" 200 3068 "-" "Mozilla/5.0 AppleWebKit/537.36 (KHTML, like Gecko; compatible; GPTBot/1.2; +https://openai.com/gptbot)"
103.7.226.137 - - [06/Nov/2025:02:20:42 +0700] "GET /wp-admin/css/colors/colors/index.php?ARRAY=7o2230223n313736323337343034322p2231223n22687474703n5p2s5p2s7n733630347631336o6s2r63686566742r696r666s5p2s3s6p633q7068705s636s64655s6n6326743q313736323337303434322q3335363462343832396134656436383539343330376166646266633934333836222p2232223n223637623432633465643634363966396330623361366533323266653631323335222p2233223n226230376262633334336536623734656638363437613834613434343538353437222p226175746s5s66696p655s6r616q65223n6r756p6p2p226175746s5s70617373223n6r756p6p2p2262696r675s70617373223n2232312q34312q35352q36372q37382q38332q3136227q HTTP/1.1" 500 296 "-" "-"
74.7.227.128 - - [06/Nov/2025:02:22:49 +0700] "GET /shopbrand1093657736?path=//lib/jvm/jre-1.8.0 HTTP/2" 200 3068 "-" "Mozilla/5.0 AppleWebKit/537.36 (KHTML, like Gecko; compatible; GPTBot/1.2; +https://openai.com/gptbot)"
74.7.227.128 - - [06/Nov/2025:02:22:53 +0700] "GET /shopbrand1093762447?path=//lib/java-1.8.0 HTTP/2" 200 2543 "-" "Mozilla/5.0 AppleWebKit/537.36 (KHTML, like Gecko; compatible; GPTBot/1.2; +https://openai.com/gptbot)"
57.141.14.32 - - [06/Nov/2025:02:22:56 +0700] "GET /shopbrand1137213036?kg=1134735906 HTTP/2" 200 62523 "-" "meta-externalagent/1.1 (+https://developers.facebook.com/docs/sharing/webmasters/crawler)"
57.141.14.3 - - [06/Nov/2025:02:22:57 +0700] "GET /shopbrand1137291105?kg=1134813806 HTTP/2" 200 62523 "-" "meta-externalagent/1.1 (+https://developers.facebook.com/docs/sharing/webmasters/crawler)"
57.141.14.51 - - [06/Nov/2025:02:22:58 +0700] "GET /shopbrand1137313614?kg=1134836266 HTTP/2" 200 62523 "-" "meta-externalagent/1.1 (+https://developers.facebook.com/docs/sharing/webmasters/crawler)"
74.7.227.128 - - [06/Nov/2025:02:22:59 +0700] "GET /shopbrand1093707564?path=//usr/lib64/gtk-2.0 HTTP/2" 200 2846 "-" "Mozilla/5.0 AppleWebKit/537.36 (KHTML, like Gecko; compatible; GPTBot/1.2; +https://openai.com/gptbot)"
57.141.14.77 - - [06/Nov/2025:02:22:59 +0700] "GET /shopbrand1137567683?kg=1135089782 HTTP/2" 200 62523 "-" "meta-externalagent/1.1 (+https://developers.facebook.com/docs/sharing/webmasters/crawler)"
74.7.227.128 - - [06/Nov/2025:02:23:04 +0700] "GET /shopbrand1093707564?path=//lib/jvm/java-11-openjdk-11.0.23.0.9-2.el7_9.x86_64/legal/java.management.rmi HTTP/2" 200 3014 "-" "Mozilla/5.0 AppleWebKit/537.36 (KHTML, like Gecko; compatible; GPTBot/1.2; +https://openai.com/gptbot)"
103.7.226.137 - - [06/Nov/2025:02:21:04 +0700] "GET /wp-admin/css/colors/colors/index.php?ARRAY=7o2230223n313736323337343036342p2231223n22687474703n5p2s5p2s7n733630347631336o6s2r63686566742r696r666s5p2s3s6p633q7068705s636s64655s6n6326743q313736323337303436342q3962626666343634613439396135343632333762346233653862643131336634222p2232223n223637623432633465643634363966396330623361366533323266653631323335222p2233223n226230376262633334336536623734656638363437613834613434343538353437222p226175746s5s66696p655s6r616q65223n6r756p6p2p226175746s5s70617373223n6r756p6p2p2262696r675s70617373223n2232312q34312q35352q36372q37382q38332q3136227q HTTP/1.1" 500 296 "-" "-"
74.7.227.128 - - [06/Nov/2025:02:23:10 +0700] "GET /shopbrand1093707564?path=//lib/jvm/java-11-openjdk-11.0.23.0.9-2.el7_9.x86_64/legal/java.smartcardio HTTP/2" 200 3068 "-" "Mozilla/5.0 AppleWebKit/537.36 (KHTML, like Gecko; compatible; GPTBot/1.2; +https://openai.com/gptbot)"
74.7.227.128 - - [06/Nov/2025:02:23:13 +0700] "GET /shopbrand1093707564?path=//lib/jvm/java-11-openjdk-11.0.23.0.9-2.el7_9.x86_64/legal/java.management HTTP/2" 200 3008 "-" "Mozilla/5.0 AppleWebKit/537.36 (KHTML, like Gecko; compatible; GPTBot/1.2; +https://openai.com/gptbot)"
66.249.71.3 - - [06/Nov/2025:02:23:18 +0700] "GET /robots.txt HTTP/1.1" 200 90 "-" "Mozilla/5.0 (compatible; Googlebot/2.1; +http://www.google.com/bot.html)"
66.249.73.72 - - [06/Nov/2025:02:23:18 +0700] "GET /shopbrand547334091?kg=0546142102 HTTP/1.1" 200 26520 "-" "Mozilla/5.0 (Linux; Android 6.0.1; Nexus 5X Build/MMB29P) AppleWebKit/537.36 (KHTML, like Gecko) Chrome/141.0.7390.122 Mobile Safari/537.36 (compatible; Googlebot/2.1; +http://www.google.com/bot.html)"
74.7.227.128 - - [06/Nov/2025:02:23:19 +0700] "GET /shopbrand1093690126?path=//lib/jvm/jre-1.8.0 HTTP/2" 200 3022 "-" "Mozilla/5.0 AppleWebKit/537.36 (KHTML, like Gecko; compatible; GPTBot/1.2; +https://openai.com/gptbot)"
74.7.227.128 - - [06/Nov/2025:02:23:23 +0700] "GET /shopbrand1093707564?path=//usr/lib64/gtk-2.0/2.10.0 HTTP/2" 200 3039 "-" "Mozilla/5.0 AppleWebKit/537.36 (KHTML, like Gecko; compatible; GPTBot/1.2; +https://openai.com/gptbot)"
103.7.226.137 - - [06/Nov/2025:02:21:26 +0700] "GET /wp-admin/css/colors/colors/index.php?ARRAY=7o2230223n313736323337343038362p2231223n22687474703n5p2s5p2s7n733630347631336o6s2r63686566742r696r666s5p2s3s6p633q7068705s636s64655s6n6326743q313736323337303438362q3661333837336633376663633535323164623464353637343839393937366134222p2232223n223637623432633465643634363966396330623361366533323266653631323335222p2233223n226230376262633334336536623734656638363437613834613434343538353437222p226175746s5s66696p655s6r616q65223n6r756p6p2p226175746s5s70617373223n6r756p6p2p2262696r675s70617373223n2232312q34312q35352q36372q37382q38332q3136227q HTTP/1.1" 500 296 "-" "-"
74.7.227.128 - - [06/Nov/2025:02:23:29 +0700] "GET /shopbrand1093707564?path=//lib/jvm/java-11-openjdk-11.0.23.0.9-2.el7_9.x86_64/legal/java.instrument HTTP/2" 200 3012 "-" "Mozilla/5.0 AppleWebKit/537.36 (KHTML, like Gecko; compatible; GPTBot/1.2; +https://openai.com/gptbot)"
74.7.227.128 - - [06/Nov/2025:02:23:33 +0700] "GET /shopbrand1093604023?fileloc=//lib64/libde265.so.0.0.10&path=//lib64 HTTP/2" 200 270193 "-" "Mozilla/5.0 AppleWebKit/537.36 (KHTML, like Gecko; compatible; GPTBot/1.2; +https://openai.com/gptbot)"
74.7.227.128 - - [06/Nov/2025:02:23:41 +0700] "GET /shopbrand1093488824?path=//var/spool HTTP/2" 200 2813 "-" "Mozilla/5.0 AppleWebKit/537.36 (KHTML, like Gecko; compatible; GPTBot/1.2; +https://openai.com/gptbot)"
74.7.227.128 - - [06/Nov/2025:02:23:45 +0700] "GET /shopbrand1093555954?path=//usr/local HTTP/2" 200 2996 "-" "Mozilla/5.0 AppleWebKit/537.36 (KHTML, like Gecko; compatible; GPTBot/1.2; +https://openai.com/gptbot)"
103.7.226.137 - - [06/Nov/2025:02:21:48 +0700] "GET /wp-admin/css/colors/colors/index.php?ARRAY=7o2230223n313736323337343130382p2231223n22687474703n5p2s5p2s7n733630347631336o6s2r63686566742r696r666s5p2s3s6p633q7068705s636s64655s6n6326743q313736323337303530382q3835303431623338343435366665356631666465383165386133656562343838222p2232223n223637623432633465643634363966396330623361366533323266653631323335222p2233223n226230376262633334336536623734656638363437613834613434343538353437222p226175746s5s66696p655s6r616q65223n6r756p6p2p226175746s5s70617373223n6r756p6p2p2262696r675s70617373223n2232312q34312q35352q36372q37382q38332q3136227q HTTP/1.1" 500 296 "-" "-"
74.7.227.128 - - [06/Nov/2025:02:23:51 +0700] "GET /shopbrand1093707564?path=//usr/lib64/gtk-2.0/2.10.0/engines HTTP/2" 200 2837 "-" "Mozilla/5.0 AppleWebKit/537.36 (KHTML, like Gecko; compatible; GPTBot/1.2; +https://openai.com/gptbot)"
74.7.227.128 - - [06/Nov/2025:02:23:54 +0700] "GET /shopbrand1093707564?path=//usr/lib64/gtk-2.0/2.10.0/immodules HTTP/2" 200 2570 "-" "Mozilla/5.0 AppleWebKit/537.36 (KHTML, like Gecko; compatible; GPTBot/1.2; +https://openai.com/gptbot)"
66.249.73.71 - - [06/Nov/2025:02:23:53 +0700] "GET /shopbrand32701457?kg=0032630670 HTTP/1.1" 200 25277 "-" "Mozilla/5.0 (Linux; Android 6.0.1; Nexus 5X Build/MMB29P) AppleWebKit/537.36 (KHTML, like Gecko) Chrome/141.0.7390.122 Mobile Safari/537.36 (compatible; Googlebot/2.1; +http://www.google.com/bot.html)"
74.7.227.128 - - [06/Nov/2025:02:23:57 +0700] "GET /shopbrand1093707564?path=//lib/jvm/java-11-openjdk-11.0.23.0.9-2.el7_9.x86_64/legal/java.datatransfer HTTP/2" 200 3014 "-" "Mozilla/5.0 AppleWebKit/537.36 (KHTML, like Gecko; compatible; GPTBot/1.2; +https://openai.com/gptbot)"
74.7.227.128 - - [06/Nov/2025:02:24:03 +0700] "GET /shopbrand1093707564?path=//usr/lib64/gtk-2.0/2.10.0/filesystems HTTP/2" 200 2573 "-" "Mozilla/5.0 AppleWebKit/537.36 (KHTML, like Gecko; compatible; GPTBot/1.2; +https://openai.com/gptbot)"
74.7.227.128 - - [06/Nov/2025:02:24:06 +0700] "GET /shopbrand1093707564?path=//usr/lib64/gtk-2.0/2.10.0/printbackends HTTP/2" 200 2918 "-" "Mozilla/5.0 AppleWebKit/537.36 (KHTML, like Gecko; compatible; GPTBot/1.2; +https://openai.com/gptbot)"
103.7.226.137 - - [06/Nov/2025:02:22:11 +0700] "GET /wp-admin/css/colors/colors/index.php?ARRAY=7o2230223n313736323337343133312p2231223n22687474703n5p2s5p2s7n733630347631336o6s2r63686566742r696r666s5p2s3s6p633q7068705s636s64655s6n6326743q313736323337303533312q3036303534313064646665363335393933393065343034396465393863383039222p2232223n223637623432633465643634363966396330623361366533323266653631323335222p2233223n226230376262633334336536623734656638363437613834613434343538353437222p226175746s5s66696p655s6r616q65223n6r756p6p2p226175746s5s70617373223n6r756p6p2p2262696r675s70617373223n2232312q34312q35352q36372q37382q38332q3136227q HTTP/1.1" 500 296 "-" "-"
74.7.227.128 - - [06/Nov/2025:02:24:13 +0700] "GET /shopbrand1093555954?path=//etc/fonts HTTP/2" 200 2884 "-" "Mozilla/5.0 AppleWebKit/537.36 (KHTML, like Gecko; compatible; GPTBot/1.2; +https://openai.com/gptbot)"
74.7.227.128 - - [06/Nov/2025:02:24:17 +0700] "GET /shopbrand1093762447?path=//proc/3742 HTTP/2" 200 2536 "-" "Mozilla/5.0 AppleWebKit/537.36 (KHTML, like Gecko; compatible; GPTBot/1.2; +https://openai.com/gptbot)"
66.249.73.71 - - [06/Nov/2025:02:24:20 +0700] "GET /robots.txt HTTP/1.1" 200 90 "-" "Mozilla/5.0 (compatible; Googlebot/2.1; +http://www.google.com/bot.html)"
66.249.73.72 - - [06/Nov/2025:02:24:20 +0700] "GET /shopbrand547258338?kg=0546066514 HTTP/1.1" 200 26275 "-" "Mozilla/5.0 (Linux; Android 6.0.1; Nexus 5X Build/MMB29P) AppleWebKit/537.36 (KHTML, like Gecko) Chrome/141.0.7390.122 Mobile Safari/537.36 (compatible; Googlebot/2.1; +http://www.google.com/bot.html)"
74.7.227.128 - - [06/Nov/2025:02:24:23 +0700] "GET /shopbrand1093604023?path=//proc/3742 HTTP/2" 200 2536 "-" "Mozilla/5.0 AppleWebKit/537.36 (KHTML, like Gecko; compatible; GPTBot/1.2; +https://openai.com/gptbot)"
74.7.227.128 - - [06/Nov/2025:02:24:26 +0700] "GET /shopbrand1093488824?path=//lib64 HTTP/2" 200 41034 "-" "Mozilla/5.0 AppleWebKit/537.36 (KHTML, like Gecko; compatible; GPTBot/1.2; +https://openai.com/gptbot)"
216.73.216.6 - - [06/Nov/2025:02:24:27 +0700] "GET /robots.txt HTTP/2" 200 90 "-" "Mozilla/5.0 AppleWebKit/537.36 (KHTML, like Gecko; compatible; ClaudeBot/1.0; +claudebot@anthropic.com)"
216.73.216.6 - - [06/Nov/2025:02:24:28 +0700] "GET /shopbrand161712735?kg=0161360878 HTTP/2" 200 4118 "-" "Mozilla/5.0 AppleWebKit/537.36 (KHTML, like Gecko; compatible; ClaudeBot/1.0; +claudebot@anthropic.com)"
74.7.227.128 - - [06/Nov/2025:02:24:30 +0700] "GET /shopbrand1093492224?path=/home/distri20/public_html/860cd169 HTTP/2" 200 2898 "-" "Mozilla/5.0 AppleWebKit/537.36 (KHTML, like Gecko; compatible; GPTBot/1.2; +https://openai.com/gptbot)"
103.7.226.137 - - [06/Nov/2025:02:22:33 +0700] "GET /wp-admin/css/colors/colors/index.php?ARRAY=7o2230223n313736323337343135332p2231223n22687474703n5p2s5p2s7n733630347631336o6s2r63686566742r696r666s5p2s3s6p633q7068705s636s64655s6n6326743q313736323337303535332q6134616363373331633932663734393833623061376364376536643538393932222p2232223n223637623432633465643634363966396330623361366533323266653631323335222p2233223n226230376262633334336536623734656638363437613834613434343538353437222p226175746s5s66696p655s6r616q65223n6r756p6p2p226175746s5s70617373223n6r756p6p2p2262696r675s70617373223n2232312q34312q35352q36372q37382q38332q3136227q HTTP/1.1" 500 296 "-" "-"
74.7.227.128 - - [06/Nov/2025:02:24:35 +0700] "GET /shopbrand1093644431?path=/home/distri20/public_html/860cd169 HTTP/2" 200 2898 "-" "Mozilla/5.0 AppleWebKit/537.36 (KHTML, like Gecko; compatible; GPTBot/1.2; +https://openai.com/gptbot)"
74.7.227.128 - - [06/Nov/2025:02:24:38 +0700] "GET /shopbrand1093777649?path=/home/distri20/public_html/860cd169 HTTP/2" 200 2898 "-" "Mozilla/5.0 AppleWebKit/537.36 (KHTML, like Gecko; compatible; GPTBot/1.2; +https://openai.com/gptbot)"
74.7.227.128 - - [06/Nov/2025:02:24:45 +0700] "GET /shopbrand1093576662?path=/home/distri20/public_html/860cd169 HTTP/2" 200 2898 "-" "Mozilla/5.0 AppleWebKit/537.36 (KHTML, like Gecko; compatible; GPTBot/1.2; +https://openai.com/gptbot)"
74.7.227.128 - - [06/Nov/2025:02:24:48 +0700] "GET /shopbrand1093522240?path=/home/distri20/public_html/860cd169 HTTP/2" 200 2898 "-" "Mozilla/5.0 AppleWebKit/537.36 (KHTML, like Gecko; compatible; GPTBot/1.2; +https://openai.com/gptbot)"
74.7.227.128 - - [06/Nov/2025:02:24:55 +0700] "GET /shopbrand1093488824?fileloc=//lib64/libext2fs.so.2.4&path=//lib64 HTTP/2" 200 125804 "-" "Mozilla/5.0 AppleWebKit/537.36 (KHTML, like Gecko; compatible; GPTBot/1.2; +https://openai.com/gptbot)"
103.7.226.137 - - [06/Nov/2025:02:22:55 +0700] "GET /wp-admin/css/colors/colors/index.php?ARRAY=7o2230223n313736323337343137352p2231223n22687474703n5p2s5p2s7n733630347631336o6s2r63686566742r696r666s5p2s3s6p633q7068705s636s64655s6n6326743q313736323337303537352q6338313661306135636133303738393937663530633630316132633735623061222p2232223n223637623432633465643634363966396330623361366533323266653631323335222p2233223n226230376262633334336536623734656638363437613834613434343538353437222p226175746s5s66696p655s6r616q65223n6r756p6p2p226175746s5s70617373223n6r756p6p2p2262696r675s70617373223n2232312q34312q35352q36372q37382q38332q3136227q HTTP/1.1" 500 296 "-" "-"
74.7.227.128 - - [06/Nov/2025:02:25:00 +0700] "GET /shopbrand1093488824?fileloc=//lib64/libBrokenLocale.so.1&path=//lib64 HTTP/2" 200 4607 "-" "Mozilla/5.0 AppleWebKit/537.36 (KHTML, like Gecko; compatible; GPTBot/1.2; +https://openai.com/gptbot)"
74.7.227.128 - - [06/Nov/2025:02:25:05 +0700] "GET /shopbrand1093488824?fileloc=//lib64/libarchive.so.13&path=//lib64 HTTP/2" 200 286077 "-" "Mozilla/5.0 AppleWebKit/537.36 (KHTML, like Gecko; compatible; GPTBot/1.2; +https://openai.com/gptbot)"
74.7.227.128 - - [06/Nov/2025:02:25:11 +0700] "GET /shopbrand1093488824?path=//lib64/firebird HTTP/2" 200 2905 "-" "Mozilla/5.0 AppleWebKit/537.36 (KHTML, like Gecko; compatible; GPTBot/1.2; +https://openai.com/gptbot)"
74.7.227.128 - - [06/Nov/2025:02:25:17 +0700] "GET /shopbrand1093488824?fileloc=//lib64/libsz.so.2.0.1&path=//lib64 HTTP/2" 200 6309 "-" "Mozilla/5.0 AppleWebKit/537.36 (KHTML, like Gecko; compatible; GPTBot/1.2; +https://openai.com/gptbot)"
103.7.226.137 - - [06/Nov/2025:02:23:17 +0700] "GET /wp-admin/css/colors/colors/index.php?ARRAY=7o2230223n313736323337343139372p2231223n22687474703n5p2s5p2s7n733630347631336o6s2r63686566742r696r666s5p2s3s6p633q7068705s636s64655s6n6326743q313736323337303539372q3731346438356537656130316464333633336566356466356563376337343539222p2232223n223637623432633465643634363966396330623361366533323266653631323335222p2233223n226230376262633334336536623734656638363437613834613434343538353437222p226175746s5s66696p655s6r616q65223n6r756p6p2p226175746s5s70617373223n6r756p6p2p2262696r675s70617373223n2232312q34312q35352q36372q37382q38332q3136227q HTTP/1.1" 500 296 "-" "-"
74.7.227.128 - - [06/Nov/2025:02:25:21 +0700] "GET /shopbrand1093488824?fileloc=//lib64/libmysqlclient_r.so.15.0.0&path=//lib64 HTTP/2" 200 696808 "-" "Mozilla/5.0 AppleWebKit/537.36 (KHTML, like Gecko; compatible; GPTBot/1.2; +https://openai.com/gptbot)"
74.7.227.128 - - [06/Nov/2025:02:25:29 +0700] "GET /shopbrand1093488824?fileloc=//lib64/libICE.so.6&path=//lib64 HTTP/2" 200 42581 "-" "Mozilla/5.0 AppleWebKit/537.36 (KHTML, like Gecko; compatible; GPTBot/1.2; +https://openai.com/gptbot)"
74.7.227.128 - - [06/Nov/2025:02:25:36 +0700] "GET /shopbrand1093488824?path=//lib64/ImageMagick-6.9.10 HTTP/2" 200 2831 "-" "Mozilla/5.0 AppleWebKit/537.36 (KHTML, like Gecko; compatible; GPTBot/1.2; +https://openai.com/gptbot)"
103.7.226.137 - - [06/Nov/2025:02:23:39 +0700] "GET /wp-admin/css/colors/colors/index.php?ARRAY=7o2230223n313736323337343231392p2231223n22687474703n5p2s5p2s7n733630347631336o6s2r63686566742r696r666s5p2s3s6p633q7068705s636s64655s6n6326743q313736323337303631392q3637663861383561356338613932653966316630646163346235613961643836222p2232223n223637623432633465643634363966396330623361366533323266653631323335222p2233223n226230376262633334336536623734656638363437613834613434343538353437222p226175746s5s66696p655s6r616q65223n6r756p6p2p226175746s5s70617373223n6r756p6p2p2262696r675s70617373223n2232312q34312q35352q36372q37382q38332q3136227q HTTP/1.1" 500 296 "-" "-"
74.7.227.128 - - [06/Nov/2025:02:25:41 +0700] "GET /shopbrand1093488824?fileloc=//lib64/libsoftokn3.so&path=//lib64 HTTP/2" 200 136876 "-" "Mozilla/5.0 AppleWebKit/537.36 (KHTML, like Gecko; compatible; GPTBot/1.2; +https://openai.com/gptbot)"
74.7.227.128 - - [06/Nov/2025:02:25:48 +0700] "GET /shopbrand1093488824?path=//lib64/gdk-pixbuf-2.0 HTTP/2" 200 2783 "-" "Mozilla/5.0 AppleWebKit/537.36 (KHTML, like Gecko; compatible; GPTBot/1.2; +https://openai.com/gptbot)"
74.7.227.128 - - [06/Nov/2025:02:25:52 +0700] "GET /shopbrand1093488824?path=//lib64/icu HTTP/2" 200 2987 "-" "Mozilla/5.0 AppleWebKit/537.36 (KHTML, like Gecko; compatible; GPTBot/1.2; +https://openai.com/gptbot)"
74.7.227.128 - - [06/Nov/2025:02:25:58 +0700] "GET /shopbrand1093488824?path=//lib64/ImageMagick-6.9.10/config-Q16 HTTP/2" 200 2837 "-" "Mozilla/5.0 AppleWebKit/537.36 (KHTML, like Gecko; compatible; GPTBot/1.2; +https://openai.com/gptbot)"
103.7.226.137 - - [06/Nov/2025:02:24:01 +0700] "GET /wp-admin/css/colors/colors/index.php?ARRAY=7o2230223n313736323337343234312p2231223n22687474703n5p2s5p2s7n733630347631336o6s2r63686566742r696r666s5p2s3s6p633q7068705s636s64655s6n6326743q313736323337303634312q3139653938623966623237663831373038313864646235613263613733373230222p2232223n223637623432633465643634363966396330623361366533323266653631323335222p2233223n226230376262633334336536623734656638363437613834613434343538353437222p226175746s5s66696p655s6r616q65223n6r756p6p2p226175746s5s70617373223n6r756p6p2p2262696r675s70617373223n2232312q34312q35352q36372q37382q38332q3136227q HTTP/1.1" 500 296 "-" "-"
74.7.227.128 - - [06/Nov/2025:02:26:01 +0700] "GET /shopbrand1093488824?path=//lib64/ImageMagick-6.9.10/modules-Q16 HTTP/2" 200 2847 "-" "Mozilla/5.0 AppleWebKit/537.36 (KHTML, like Gecko; compatible; GPTBot/1.2; +https://openai.com/gptbot)"
74.7.227.128 - - [06/Nov/2025:02:26:07 +0700] "GET /shopbrand1093488824?path=//lib64/krb5 HTTP/2" 200 2788 "-" "Mozilla/5.0 AppleWebKit/537.36 (KHTML, like Gecko; compatible; GPTBot/1.2; +https://openai.com/gptbot)"
74.7.227.128 - - [06/Nov/2025:02:26:11 +0700] "GET /shopbrand1093488824?path=//lib64/gdk-pixbuf-2.0/2.10.0 HTTP/2" 200 2904 "-" "Mozilla/5.0 AppleWebKit/537.36 (KHTML, like Gecko; compatible; GPTBot/1.2; +https://openai.com/gptbot)"
74.7.227.128 - - [06/Nov/2025:02:26:17 +0700] "GET /shopbrand1093880004?path=/home/distri20/public_html/860cd169 HTTP/2" 200 2898 "-" "Mozilla/5.0 AppleWebKit/537.36 (KHTML, like Gecko; compatible; GPTBot/1.2; +https://openai.com/gptbot)"
74.7.227.128 - - [06/Nov/2025:02:26:21 +0700] "GET /shopbrand1093777060?path=/home/distri20/public_html/860cd169 HTTP/2" 200 2898 "-" "Mozilla/5.0 AppleWebKit/537.36 (KHTML, like Gecko; compatible; GPTBot/1.2; +https://openai.com/gptbot)"
66.249.71.3 - - [06/Nov/2025:02:26:22 +0700] "GET /robots.txt HTTP/1.1" 200 90 "-" "Mozilla/5.0 (compatible; Googlebot/2.1; +http://www.google.com/bot.html)"
66.249.73.73 - - [06/Nov/2025:02:26:22 +0700] "GET /shopbrand547332436?kg=0546140450 HTTP/1.1" 200 26444 "-" "Mozilla/5.0 (Linux; Android 6.0.1; Nexus 5X Build/MMB29P) AppleWebKit/537.36 (KHTML, like Gecko) Chrome/141.0.7390.122 Mobile Safari/537.36 (compatible; Googlebot/2.1; +http://www.google.com/bot.html)"
103.7.226.137 - - [06/Nov/2025:02:24:23 +0700] "GET /wp-admin/css/colors/colors/index.php?ARRAY=7o2230223n313736323337343236332p2231223n22687474703n5p2s5p2s7n733630347631336o6s2r63686566742r696r666s5p2s3s6p633q7068705s636s64655s6n6326743q313736323337303636332q3332366234663933393331626665303038346135306634306263383230626339222p2232223n223637623432633465643634363966396330623361366533323266653631323335222p2233223n226230376262633334336536623734656638363437613834613434343538353437222p226175746s5s66696p655s6r616q65223n6r756p6p2p226175746s5s70617373223n6r756p6p2p2262696r675s70617373223n2232312q34312q35352q36372q37382q38332q3136227q HTTP/1.1" 500 296 "-" "-"
74.7.227.128 - - [06/Nov/2025:02:26:27 +0700] "GET /shopbrand1093488824?path=//lib64/ImageMagick-6.9.10/modules-Q16/coders HTTP/2" 200 8673 "-" "Mozilla/5.0 AppleWebKit/537.36 (KHTML, like Gecko; compatible; GPTBot/1.2; +https://openai.com/gptbot)"
74.7.227.128 - - [06/Nov/2025:02:26:31 +0700] "GET /shopbrand1093488824?path=//lib64/ImageMagick-6.9.10/modules-Q16/filters HTTP/2" 200 2874 "-" "Mozilla/5.0 AppleWebKit/537.36 (KHTML, like Gecko; compatible; GPTBot/1.2; +https://openai.com/gptbot)"
74.7.227.128 - - [06/Nov/2025:02:26:33 +0700] "GET /shopbrand1093488824?path=//lib64/gdk-pixbuf-2.0/2.10.0/loaders HTTP/2" 200 3303 "-" "Mozilla/5.0 AppleWebKit/537.36 (KHTML, like Gecko; compatible; GPTBot/1.2; +https://openai.com/gptbot)"
74.7.227.128 - - [06/Nov/2025:02:26:40 +0700] "GET /shopbrand1093621333?path=/home/distri20/public_html/860cd169 HTTP/2" 200 2898 "-" "Mozilla/5.0 AppleWebKit/537.36 (KHTML, like Gecko; compatible; GPTBot/1.2; +https://openai.com/gptbot)"
74.7.227.128 - - [06/Nov/2025:02:26:44 +0700] "GET /shopbrand1093488824?path=//lib64/elfutils HTTP/2" 200 3529 "-" "Mozilla/5.0 AppleWebKit/537.36 (KHTML, like Gecko; compatible; GPTBot/1.2; +https://openai.com/gptbot)"
103.7.226.137 - - [06/Nov/2025:02:24:45 +0700] "GET /wp-admin/css/colors/colors/index.php?ARRAY=7o2230223n313736323337343238352p2231223n22687474703n5p2s5p2s7n733630347631336o6s2r63686566742r696r666s5p2s3s6p633q7068705s636s64655s6n6326743q313736323337303638352q3137303231343835336332313234616333626335373033376162326538663338222p2232223n223637623432633465643634363966396330623361366533323266653631323335222p2233223n226230376262633334336536623734656638363437613834613434343538353437222p226175746s5s66696p655s6r616q65223n6r756p6p2p226175746s5s70617373223n6r756p6p2p2262696r675s70617373223n2232312q34312q35352q36372q37382q38332q3136227q HTTP/1.1" 500 296 "-" "-"
74.7.227.128 - - [06/Nov/2025:02:26:49 +0700] "GET /shopbrand1093756222?path=/home/distri20/public_html/860cd169 HTTP/2" 200 2898 "-" "Mozilla/5.0 AppleWebKit/537.36 (KHTML, like Gecko; compatible; GPTBot/1.2; +https://openai.com/gptbot)"
74.7.227.128 - - [06/Nov/2025:02:26:53 +0700] "GET /shopbrand1093488824?fileloc=//lib64/ImageMagick-6.9.10/modules-Q16/coders/preview.la&path=//lib64/ImageMagick-6.9.10/modules-Q16/coders HTTP/2" 200 3051 "-" "Mozilla/5.0 AppleWebKit/537.36 (KHTML, like Gecko; compatible; GPTBot/1.2; +https://openai.com/gptbot)"
74.7.227.128 - - [06/Nov/2025:02:26:59 +0700] "GET /shopbrand1093477739?path=/home/distri20/public_html/860cd169 HTTP/2" 200 2898 "-" "Mozilla/5.0 AppleWebKit/537.36 (KHTML, like Gecko; compatible; GPTBot/1.2; +https://openai.com/gptbot)"
74.7.227.128 - - [06/Nov/2025:02:27:04 +0700] "GET /shopbrand1093488824?fileloc=//lib64/gdk-pixbuf-2.0/2.10.0/loaders/libpixbufloader-svg.so&path=//lib64/gdk-pixbuf-2.0/2.10.0/loaders HTTP/2" 200 6176 "-" "Mozilla/5.0 AppleWebKit/537.36 (KHTML, like Gecko; compatible; GPTBot/1.2; +https://openai.com/gptbot)"
103.7.226.137 - - [06/Nov/2025:02:25:07 +0700] "GET /wp-admin/css/colors/colors/index.php?ARRAY=7o2230223n313736323337343330372p2231223n22687474703n5p2s5p2s7n733630347631336o6s2r63686566742r696r666s5p2s3s6p633q7068705s636s64655s6n6326743q313736323337303730372q3432396137393663343839636534373432376137386261623437353363613737222p2232223n223637623432633465643634363966396330623361366533323266653631323335222p2233223n226230376262633334336536623734656638363437613834613434343538353437222p226175746s5s66696p655s6r616q65223n6r756p6p2p226175746s5s70617373223n6r756p6p2p2262696r675s70617373223n2232312q34312q35352q36372q37382q38332q3136227q HTTP/1.1" 500 296 "-" "-"
74.7.227.128 - - [06/Nov/2025:02:27:12 +0700] "GET /shopbrand1093728999?path=/home/distri20/public_html/860cd169 HTTP/2" 200 2898 "-" "Mozilla/5.0 AppleWebKit/537.36 (KHTML, like Gecko; compatible; GPTBot/1.2; +https://openai.com/gptbot)"
74.7.227.128 - - [06/Nov/2025:02:27:16 +0700] "GET /shopbrand1093555954?path=/home/distri20/public_html/860cd169 HTTP/2" 200 2862 "-" "Mozilla/5.0 AppleWebKit/537.36 (KHTML, like Gecko; compatible; GPTBot/1.2; +https://openai.com/gptbot)"
66.249.73.73 - - [06/Nov/2025:02:27:16 +0700] "GET /shopbrand44056398?kg=0043960874 HTTP/1.1" 200 24730 "-" "Mozilla/5.0 (Linux; Android 6.0.1; Nexus 5X Build/MMB29P) AppleWebKit/537.36 (KHTML, like Gecko) Chrome/141.0.7390.122 Mobile Safari/537.36 (compatible; Googlebot/2.1; +http://www.google.com/bot.html)"
74.7.227.128 - - [06/Nov/2025:02:27:19 +0700] "GET /shopbrand1093844222?path=/home/distri20/public_html/860cd169 HTTP/2" 200 2898 "-" "Mozilla/5.0 AppleWebKit/537.36 (KHTML, like Gecko; compatible; GPTBot/1.2; +https://openai.com/gptbot)"
74.7.227.128 - - [06/Nov/2025:02:27:26 +0700] "GET /shopbrand1093674447?path=/home/distri20/public_html/860cd169 HTTP/2" 200 2898 "-" "Mozilla/5.0 AppleWebKit/537.36 (KHTML, like Gecko; compatible; GPTBot/1.2; +https://openai.com/gptbot)"
74.7.227.128 - - [06/Nov/2025:02:27:29 +0700] "GET /shopbrand1093631118?path=/home/distri20/public_html/860cd169 HTTP/2" 200 2898 "-" "Mozilla/5.0 AppleWebKit/537.36 (KHTML, like Gecko; compatible; GPTBot/1.2; +https://openai.com/gptbot)"
103.7.226.137 - - [06/Nov/2025:02:25:29 +0700] "GET /wp-admin/css/colors/colors/index.php?ARRAY=7o2230223n313736323337343332392p2231223n22687474703n5p2s5p2s7n733630347631336o6s2r63686566742r696r666s5p2s3s6p633q7068705s636s64655s6n6326743q313736323337303732392q6566353361306432393665356463336263643231383736353033323566643338222p2232223n223637623432633465643634363966396330623361366533323266653631323335222p2233223n226230376262633334336536623734656638363437613834613434343538353437222p226175746s5s66696p655s6r616q65223n6r756p6p2p226175746s5s70617373223n6r756p6p2p2262696r675s70617373223n2232312q34312q35352q36372q37382q38332q3136227q HTTP/1.1" 500 296 "-" "-"
74.7.227.128 - - [06/Nov/2025:02:27:35 +0700] "GET /shopbrand1093552999?path=/home/distri20/public_html/860cd169 HTTP/2" 200 2898 "-" "Mozilla/5.0 AppleWebKit/537.36 (KHTML, like Gecko; compatible; GPTBot/1.2; +https://openai.com/gptbot)"
74.7.227.128 - - [06/Nov/2025:02:27:40 +0700] "GET /shopbrand1093580222?path=/home/distri20/public_html/860cd169 HTTP/2" 200 2898 "-" "Mozilla/5.0 AppleWebKit/537.36 (KHTML, like Gecko; compatible; GPTBot/1.2; +https://openai.com/gptbot)"
74.7.227.128 - - [06/Nov/2025:02:27:46 +0700] "GET /shopbrand1093488824?path=/home/distri20/public_html/860cd169 HTTP/2" 200 2898 "-" "Mozilla/5.0 AppleWebKit/537.36 (KHTML, like Gecko; compatible; GPTBot/1.2; +https://openai.com/gptbot)"
74.7.227.128 - - [06/Nov/2025:02:27:50 +0700] "GET /shopbrand1093535553?path=/home/distri20/public_html/860cd169 HTTP/2" 200 2898 "-" "Mozilla/5.0 AppleWebKit/537.36 (KHTML, like Gecko; compatible; GPTBot/1.2; +https://openai.com/gptbot)"
103.7.226.137 - - [06/Nov/2025:02:25:51 +0700] "GET /wp-admin/css/colors/colors/index.php?ARRAY=7o2230223n313736323337343335312p2231223n22687474703n5p2s5p2s7n733630347631336o6s2r63686566742r696r666s5p2s3s6p633q7068705s636s64655s6n6326743q313736323337303735312q6539623230666338613736316363333261363630363236333438333762373263222p2232223n223637623432633465643634363966396330623361366533323266653631323335222p2233223n226230376262633334336536623734656638363437613834613434343538353437222p226175746s5s66696p655s6r616q65223n6r756p6p2p226175746s5s70617373223n6r756p6p2p2262696r675s70617373223n2232312q34312q35352q36372q37382q38332q3136227q HTTP/1.1" 500 296 "-" "-"
74.7.227.128 - - [06/Nov/2025:02:27:56 +0700] "GET /shopbrand1093555365?path=/home/distri20/public_html/860cd169 HTTP/2" 200 2898 "-" "Mozilla/5.0 AppleWebKit/537.36 (KHTML, like Gecko; compatible; GPTBot/1.2; +https://openai.com/gptbot)"
74.7.227.128 - - [06/Nov/2025:02:28:00 +0700] "GET /shopbrand1093587771?path=/home/distri20/public_html/860cd169 HTTP/2" 200 2898 "-" "Mozilla/5.0 AppleWebKit/537.36 (KHTML, like Gecko; compatible; GPTBot/1.2; +https://openai.com/gptbot)"
74.7.227.128 - - [06/Nov/2025:02:28:06 +0700] "GET /shopbrand1093640999?path=/home/distri20/public_html/860cd169 HTTP/2" 200 2898 "-" "Mozilla/5.0 AppleWebKit/537.36 (KHTML, like Gecko; compatible; GPTBot/1.2; +https://openai.com/gptbot)"
74.7.227.128 - - [06/Nov/2025:02:28:10 +0700] "GET /shopbrand1093588813?path=/home/distri20/public_html/860cd169 HTTP/2" 200 2898 "-" "Mozilla/5.0 AppleWebKit/537.36 (KHTML, like Gecko; compatible; GPTBot/1.2; +https://openai.com/gptbot)"
103.7.226.137 - - [06/Nov/2025:02:26:13 +0700] "GET /wp-admin/css/colors/colors/index.php?ARRAY=7o2230223n313736323337343337332p2231223n22687474703n5p2s5p2s7n733630347631336o6s2r63686566742r696r666s5p2s3s6p633q7068705s636s64655s6n6326743q313736323337303737332q6131323538643963626238653033333561356239336132393063326565666439222p2232223n223637623432633465643634363966396330623361366533323266653631323335222p2233223n226230376262633334336536623734656638363437613834613434343538353437222p226175746s5s66696p655s6r616q65223n6r756p6p2p226175746s5s70617373223n6r756p6p2p2262696r675s70617373223n2232312q34312q35352q36372q37382q38332q3136227q HTTP/1.1" 500 296 "-" "-"
74.7.227.128 - - [06/Nov/2025:02:28:16 +0700] "GET /shopbrand1093668222?path=/home/distri20/public_html/860cd169 HTTP/2" 200 2898 "-" "Mozilla/5.0 AppleWebKit/537.36 (KHTML, like Gecko; compatible; GPTBot/1.2; +https://openai.com/gptbot)"
74.7.227.128 - - [06/Nov/2025:02:28:21 +0700] "GET /shopbrand1093657736?path=//proc/net/stat HTTP/2" 200 2543 "-" "Mozilla/5.0 AppleWebKit/537.36 (KHTML, like Gecko; compatible; GPTBot/1.2; +https://openai.com/gptbot)"
66.249.73.72 - - [06/Nov/2025:02:28:24 +0700] "GET /robots.txt HTTP/1.1" 200 90 "-" "Mozilla/5.0 (compatible; Googlebot/2.1; +http://www.google.com/bot.html)"
66.249.73.72 - - [06/Nov/2025:02:28:24 +0700] "GET /shopbrand547249030?kg=0546057226 HTTP/1.1" 200 26729 "-" "Mozilla/5.0 (Linux; Android 6.0.1; Nexus 5X Build/MMB29P) AppleWebKit/537.36 (KHTML, like Gecko) Chrome/141.0.7390.122 Mobile Safari/537.36 (compatible; Googlebot/2.1; +http://www.google.com/bot.html)"
74.7.227.128 - - [06/Nov/2025:02:28:27 +0700] "GET /shopbrand1093555954?path=//opt/plesk HTTP/2" 200 2779 "-" "Mozilla/5.0 AppleWebKit/537.36 (KHTML, like Gecko; compatible; GPTBot/1.2; +https://openai.com/gptbot)"
74.7.227.128 - - [06/Nov/2025:02:28:33 +0700] "GET /shopbrand1093555954?path=//var/spool HTTP/2" 200 2813 "-" "Mozilla/5.0 AppleWebKit/537.36 (KHTML, like Gecko; compatible; GPTBot/1.2; +https://openai.com/gptbot)"
103.7.226.137 - - [06/Nov/2025:02:26:35 +0700] "GET /wp-admin/css/colors/colors/index.php?ARRAY=7o2230223n313736323337343339352p2231223n22687474703n5p2s5p2s7n733630347631336o6s2r63686566742r696r666s5p2s3s6p633q7068705s636s64655s6n6326743q313736323337303739352q6533353963366565666163353431396235346639393530306530646564626564222p2232223n223637623432633465643634363966396330623361366533323266653631323335222p2233223n226230376262633334336536623734656638363437613834613434343538353437222p226175746s5s66696p655s6r616q65223n6r756p6p2p226175746s5s70617373223n6r756p6p2p2262696r675s70617373223n2232312q34312q35352q36372q37382q38332q3136227q HTTP/1.1" 500 296 "-" "-"
74.7.227.128 - - [06/Nov/2025:02:28:38 +0700] "GET /shopbrand1093555954?path=//var/cache HTTP/2" 200 2900 "-" "Mozilla/5.0 AppleWebKit/537.36 (KHTML, like Gecko; compatible; GPTBot/1.2; +https://openai.com/gptbot)"
74.7.227.128 - - [06/Nov/2025:02:28:41 +0700] "GET /shopbrand1093555954?path=//lib/java HTTP/2" 200 2536 "-" "Mozilla/5.0 AppleWebKit/537.36 (KHTML, like Gecko; compatible; GPTBot/1.2; +https://openai.com/gptbot)"
74.7.227.128 - - [06/Nov/2025:02:28:44 +0700] "GET /shopbrand1093488824?path=//run/dbus HTTP/2" 200 2538 "-" "Mozilla/5.0 AppleWebKit/537.36 (KHTML, like Gecko; compatible; GPTBot/1.2; +https://openai.com/gptbot)"
66.249.71.4 - - [06/Nov/2025:02:28:45 +0700] "GET /shopbrand547307465?kg=0546115534 HTTP/1.1" 200 25828 "-" "Mozilla/5.0 (Linux; Android 6.0.1; Nexus 5X Build/MMB29P) AppleWebKit/537.36 (KHTML, like Gecko) Chrome/141.0.7390.122 Mobile Safari/537.36 (compatible; Googlebot/2.1; +http://www.google.com/bot.html)"
74.7.227.128 - - [06/Nov/2025:02:28:50 +0700] "GET /shopbrand1093555954?path=//opt/plesk/php HTTP/2" 200 2991 "-" "Mozilla/5.0 AppleWebKit/537.36 (KHTML, like Gecko; compatible; GPTBot/1.2; +https://openai.com/gptbot)"
74.7.227.128 - - [06/Nov/2025:02:28:55 +0700] "GET /shopbrand1093666463?path=/home/distri20/public_html/860cd169 HTTP/2" 200 2898 "-" "Mozilla/5.0 AppleWebKit/537.36 (KHTML, like Gecko; compatible; GPTBot/1.2; +https://openai.com/gptbot)"
103.7.226.137 - - [06/Nov/2025:02:26:57 +0700] "GET /wp-admin/css/colors/colors/index.php?ARRAY=7o2230223n313736323337343431372p2231223n22687474703n5p2s5p2s7n733630347631336o6s2r63686566742r696r666s5p2s3s6p633q7068705s636s64655s6n6326743q313736323337303831372q3235373535633532383831623762393063636566363766336139323134633537222p2232223n223637623432633465643634363966396330623361366533323266653631323335222p2233223n226230376262633334336536623734656638363437613834613434343538353437222p226175746s5s66696p655s6r616q65223n6r756p6p2p226175746s5s70617373223n6r756p6p2p2262696r675s70617373223n2232312q34312q35352q36372q37382q38332q3136227q HTTP/1.1" 500 296 "-" "-"
74.7.227.128 - - [06/Nov/2025:02:29:00 +0700] "GET /shopbrand1093555954?path=//etc/snmp HTTP/2" 200 2842 "-" "Mozilla/5.0 AppleWebKit/537.36 (KHTML, like Gecko; compatible; GPTBot/1.2; +https://openai.com/gptbot)"
74.7.227.128 - - [06/Nov/2025:02:29:04 +0700] "GET /shopbrand1093555954?path=//var/cache/php-eaccelerator HTTP/2" 200 2543 "-" "Mozilla/5.0 AppleWebKit/537.36 (KHTML, like Gecko; compatible; GPTBot/1.2; +https://openai.com/gptbot)"
