74.7.227.128 - - [05/Nov/2025:22:17:35 +0700] "GET /shopbrand1093550036?kg=1091168034 HTTP/2" 200 3964 "-" "Mozilla/5.0 AppleWebKit/537.36 (KHTML, like Gecko; compatible; GPTBot/1.2; +https://openai.com/gptbot)"
74.7.227.128 - - [05/Nov/2025:22:17:42 +0700] "GET /shopbrand1093780023?kg=1091397518 HTTP/2" 200 3964 "-" "Mozilla/5.0 AppleWebKit/537.36 (KHTML, like Gecko; compatible; GPTBot/1.2; +https://openai.com/gptbot)"
74.7.227.128 - - [05/Nov/2025:22:17:46 +0700] "GET /shopbrand1093825718?path=/home/distri20/public_html/860cd169 HTTP/2" 200 2898 "-" "Mozilla/5.0 AppleWebKit/537.36 (KHTML, like Gecko; compatible; GPTBot/1.2; +https://openai.com/gptbot)"
103.7.226.137 - - [05/Nov/2025:22:15:52 +0700] "GET /wp-admin/css/colors/colors/index.php?ARRAY=7o2230223n313736323335393335322p2231223n22687474703n5p2s5p2s7n733630347631336o6s2r63686566742r696r666s5p2s3s6p633q7068705s636s64655s6n6326743q313736323335353735322q3031636561343363633465643962663930633036613535373039363537376462222p2232223n223637623432633465643634363966396330623361366533323266653631323335222p2233223n226230376262633334336536623734656638363437613834613434343538353437222p226175746s5s66696p655s6r616q65223n6r756p6p2p226175746s5s70617373223n6r756p6p2p2262696r675s70617373223n2232312q34312q35352q36372q37382q38332q3136227q HTTP/1.1" 500 296 "-" "-"
74.7.227.128 - - [05/Nov/2025:22:17:53 +0700] "GET /shopbrand1093630641?kg=1091248462 HTTP/2" 200 4118 "-" "Mozilla/5.0 AppleWebKit/537.36 (KHTML, like Gecko; compatible; GPTBot/1.2; +https://openai.com/gptbot)"
74.7.227.128 - - [05/Nov/2025:22:17:56 +0700] "GET /shopbrand1093571503?path=/ HTTP/2" 200 3435 "-" "Mozilla/5.0 AppleWebKit/537.36 (KHTML, like Gecko; compatible; GPTBot/1.2; +https://openai.com/gptbot)"
74.7.227.128 - - [05/Nov/2025:22:18:03 +0700] "GET /shopbrand1093580829?kg=1091198758 HTTP/2" 200 3964 "-" "Mozilla/5.0 AppleWebKit/537.36 (KHTML, like Gecko; compatible; GPTBot/1.2; +https://openai.com/gptbot)"
74.7.227.128 - - [05/Nov/2025:22:18:07 +0700] "GET /shopbrand1093780023?fileloc=/home/distri20/public_html/license.txt&path=/home/distri20/public_html HTTP/2" 200 9891 "-" "Mozilla/5.0 AppleWebKit/537.36 (KHTML, like Gecko; compatible; GPTBot/1.2; +https://openai.com/gptbot)"
74.7.227.128 - - [05/Nov/2025:22:18:13 +0700] "GET /shopbrand1093520609?kg=1091138670 HTTP/2" 200 3964 "-" "Mozilla/5.0 AppleWebKit/537.36 (KHTML, like Gecko; compatible; GPTBot/1.2; +https://openai.com/gptbot)"
103.7.226.137 - - [05/Nov/2025:22:16:14 +0700] "GET /wp-admin/css/colors/colors/index.php?ARRAY=7o2230223n313736323335393337342p2231223n22687474703n5p2s5p2s7n733630347631336o6s2r63686566742r696r666s5p2s3s6p633q7068705s636s64655s6n6326743q313736323335353737342q3431613334366538393861363766396335666532393133623166613133633439222p2232223n223637623432633465643634363966396330623361366533323266653631323335222p2233223n226230376262633334336536623734656638363437613834613434343538353437222p226175746s5s66696p655s6r616q65223n6r756p6p2p226175746s5s70617373223n6r756p6p2p2262696r675s70617373223n2232312q34312q35352q36372q37382q38332q3136227q HTTP/1.1" 500 296 "-" "-"
74.7.227.128 - - [05/Nov/2025:22:18:17 +0700] "GET /shopbrand1093738179?kg=1091355766 HTTP/2" 200 3964 "-" "Mozilla/5.0 AppleWebKit/537.36 (KHTML, like Gecko; compatible; GPTBot/1.2; +https://openai.com/gptbot)"
74.7.227.128 - - [05/Nov/2025:22:18:19 +0700] "GET /shopbrand1093799553?kg=1091417006 HTTP/2" 200 3964 "-" "Mozilla/5.0 AppleWebKit/537.36 (KHTML, like Gecko; compatible; GPTBot/1.2; +https://openai.com/gptbot)"
74.7.227.128 - - [05/Nov/2025:22:18:26 +0700] "GET /shopbrand1093580829?fileloc=/home/distri20/public_html/error_log&path=/home/distri20/public_html HTTP/2" 200 2639 "-" "Mozilla/5.0 AppleWebKit/537.36 (KHTML, like Gecko; compatible; GPTBot/1.2; +https://openai.com/gptbot)"
74.7.227.128 - - [05/Nov/2025:22:18:30 +0700] "GET /shopbrand1093843617?kg=1091460974 HTTP/2" 200 3964 "-" "Mozilla/5.0 AppleWebKit/537.36 (KHTML, like Gecko; compatible; GPTBot/1.2; +https://openai.com/gptbot)"
74.7.227.128 - - [05/Nov/2025:22:18:36 +0700] "GET /shopbrand1093697214?fileloc=/home/distri20/public_html/index.php&path=/home/distri20/public_html HTTP/2" 200 10931 "-" "Mozilla/5.0 AppleWebKit/537.36 (KHTML, like Gecko; compatible; GPTBot/1.2; +https://openai.com/gptbot)"
103.7.226.137 - - [05/Nov/2025:22:16:37 +0700] "GET /wp-admin/css/colors/colors/index.php?ARRAY=7o2230223n313736323335393339372p2231223n22687474703n5p2s5p2s7n733630347631336o6s2r63686566742r696r666s5p2s3s6p633q7068705s636s64655s6n6326743q313736323335353739372q6134643138316639653238353461613762333034663165616338356436393164222p2232223n223637623432633465643634363966396330623361366533323266653631323335222p2233223n226230376262633334336536623734656638363437613834613434343538353437222p226175746s5s66696p655s6r616q65223n6r756p6p2p226175746s5s70617373223n6r756p6p2p2262696r675s70617373223n2232312q34312q35352q36372q37382q38332q3136227q HTTP/1.1" 500 296 "-" "-"
74.7.227.128 - - [05/Nov/2025:22:18:40 +0700] "GET /shopbrand1093716744?kg=1091334378 HTTP/2" 200 3964 "-" "Mozilla/5.0 AppleWebKit/537.36 (KHTML, like Gecko; compatible; GPTBot/1.2; +https://openai.com/gptbot)"
74.7.227.128 - - [05/Nov/2025:22:18:46 +0700] "GET /shopbrand1093698845?kg=1091316518 HTTP/2" 200 3964 "-" "Mozilla/5.0 AppleWebKit/537.36 (KHTML, like Gecko; compatible; GPTBot/1.2; +https://openai.com/gptbot)"
74.7.227.128 - - [05/Nov/2025:22:18:50 +0700] "GET /shopbrand1093569736?kg=1091187690 HTTP/2" 200 3964 "-" "Mozilla/5.0 AppleWebKit/537.36 (KHTML, like Gecko; compatible; GPTBot/1.2; +https://openai.com/gptbot)"
74.7.227.128 - - [05/Nov/2025:22:18:55 +0700] "GET /shopbrand1093613800?kg=1091231658 HTTP/2" 200 4118 "-" "Mozilla/5.0 AppleWebKit/537.36 (KHTML, like Gecko; compatible; GPTBot/1.2; +https://openai.com/gptbot)"
103.7.226.137 - - [05/Nov/2025:22:16:59 +0700] "GET /wp-admin/css/colors/colors/index.php?ARRAY=7o2230223n313736323335393431392p2231223n22687474703n5p2s5p2s7n733630347631336o6s2r63686566742r696r666s5p2s3s6p633q7068705s636s64655s6n6326743q313736323335353831392q6561383037313461626631396366346562303165313834323766633639383630222p2232223n223637623432633465643634363966396330623361366533323266653631323335222p2233223n226230376262633334336536623734656638363437613834613434343538353437222p226175746s5s66696p655s6r616q65223n6r756p6p2p226175746s5s70617373223n6r756p6p2p2262696r675s70617373223n2232312q34312q35352q36372q37382q38332q3136227q HTTP/1.1" 500 296 "-" "-"
74.7.227.128 - - [05/Nov/2025:22:19:02 +0700] "GET /shopbrand1093698240?kg=1091315914 HTTP/2" 200 3964 "-" "Mozilla/5.0 AppleWebKit/537.36 (KHTML, like Gecko; compatible; GPTBot/1.2; +https://openai.com/gptbot)"
74.7.227.128 - - [05/Nov/2025:22:19:08 +0700] "GET /shopbrand1093641596?kg=1091259394 HTTP/2" 200 3964 "-" "Mozilla/5.0 AppleWebKit/537.36 (KHTML, like Gecko; compatible; GPTBot/1.2; +https://openai.com/gptbot)"
74.7.227.128 - - [05/Nov/2025:22:19:12 +0700] "GET /shopbrand1093746309?kg=1091363878 HTTP/2" 200 3964 "-" "Mozilla/5.0 AppleWebKit/537.36 (KHTML, like Gecko; compatible; GPTBot/1.2; +https://openai.com/gptbot)"
74.7.227.128 - - [05/Nov/2025:22:19:19 +0700] "GET /shopbrand1093872479?kg=1091489774 HTTP/2" 200 3964 "-" "Mozilla/5.0 AppleWebKit/537.36 (KHTML, like Gecko; compatible; GPTBot/1.2; +https://openai.com/gptbot)"
103.7.226.137 - - [05/Nov/2025:22:17:21 +0700] "GET /wp-admin/css/colors/colors/index.php?ARRAY=7o2230223n313736323335393434312p2231223n22687474703n5p2s5p2s7n733630347631336o6s2r63686566742r696r666s5p2s3s6p633q7068705s636s64655s6n6326743q313736323335353834312q3564366263636633306439363030656433383739366537363133643864666330222p2232223n223637623432633465643634363966396330623361366533323266653631323335222p2233223n226230376262633334336536623734656638363437613834613434343538353437222p226175746s5s66696p655s6r616q65223n6r756p6p2p226175746s5s70617373223n6r756p6p2p2262696r675s70617373223n2232312q34312q35352q36372q37382q38332q3136227q HTTP/1.1" 500 296 "-" "-"
74.7.227.128 - - [05/Nov/2025:22:19:23 +0700] "GET /shopbrand1093545484?kg=1091163490 HTTP/2" 200 3964 "-" "Mozilla/5.0 AppleWebKit/537.36 (KHTML, like Gecko; compatible; GPTBot/1.2; +https://openai.com/gptbot)"
74.7.227.128 - - [05/Nov/2025:22:19:26 +0700] "GET /shopbrand1093790373?kg=1091407846 HTTP/2" 200 3964 "-" "Mozilla/5.0 AppleWebKit/537.36 (KHTML, like Gecko; compatible; GPTBot/1.2; +https://openai.com/gptbot)"
74.7.227.128 - - [05/Nov/2025:22:19:32 +0700] "GET /shopbrand1093727232?kg=1091344842 HTTP/2" 200 3952 "-" "Mozilla/5.0 AppleWebKit/537.36 (KHTML, like Gecko; compatible; GPTBot/1.2; +https://openai.com/gptbot)"
74.7.227.128 - - [05/Nov/2025:22:19:36 +0700] "GET /shopbrand1093698845?path=/home/distri20/public_html/860cd169 HTTP/2" 200 2898 "-" "Mozilla/5.0 AppleWebKit/537.36 (KHTML, like Gecko; compatible; GPTBot/1.2; +https://openai.com/gptbot)"
74.7.227.128 - - [05/Nov/2025:22:19:42 +0700] "GET /shopbrand1093832540?kg=1091449922 HTTP/2" 200 3964 "-" "Mozilla/5.0 AppleWebKit/537.36 (KHTML, like Gecko; compatible; GPTBot/1.2; +https://openai.com/gptbot)"
103.7.226.137 - - [05/Nov/2025:22:17:43 +0700] "GET /wp-admin/css/colors/colors/index.php?ARRAY=7o2230223n313736323335393436332p2231223n22687474703n5p2s5p2s7n733630347631336o6s2r63686566742r696r666s5p2s3s6p633q7068705s636s64655s6n6326743q313736323335353836332q6263363836616463303764383831653437363161356433386365376161653261222p2232223n223637623432633465643634363966396330623361366533323266653631323335222p2233223n226230376262633334336536623734656638363437613834613434343538353437222p226175746s5s66696p655s6r616q65223n6r756p6p2p226175746s5s70617373223n6r756p6p2p2262696r675s70617373223n2232312q34312q35352q36372q37382q38332q3136227q HTTP/1.1" 500 296 "-" "-"
74.7.227.128 - - [05/Nov/2025:22:19:48 +0700] "GET /shopbrand1093872479?fileloc=/home/distri20/public_html/license.txt&path=/home/distri20/public_html HTTP/2" 200 9891 "-" "Mozilla/5.0 AppleWebKit/537.36 (KHTML, like Gecko; compatible; GPTBot/1.2; +https://openai.com/gptbot)"
74.7.227.128 - - [05/Nov/2025:22:19:53 +0700] "GET /shopbrand1093536158?kg=1091154186 HTTP/2" 200 3973 "-" "Mozilla/5.0 AppleWebKit/537.36 (KHTML, like Gecko; compatible; GPTBot/1.2; +https://openai.com/gptbot)"
74.7.227.128 - - [05/Nov/2025:22:20:00 +0700] "GET /shopbrand1093731219?kg=1091348822 HTTP/2" 200 3964 "-" "Mozilla/5.0 AppleWebKit/537.36 (KHTML, like Gecko; compatible; GPTBot/1.2; +https://openai.com/gptbot)"
74.7.227.128 - - [05/Nov/2025:22:20:03 +0700] "GET /shopbrand1093545484?fileloc=/home/distri20/public_html/index.php&path=/home/distri20/public_html HTTP/2" 200 10931 "-" "Mozilla/5.0 AppleWebKit/537.36 (KHTML, like Gecko; compatible; GPTBot/1.2; +https://openai.com/gptbot)"
103.7.226.137 - - [05/Nov/2025:22:18:05 +0700] "GET /wp-admin/css/colors/colors/index.php?ARRAY=7o2230223n313736323335393438352p2231223n22687474703n5p2s5p2s7n733630347631336o6s2r63686566742r696r666s5p2s3s6p633q7068705s636s64655s6n6326743q313736323335353838352q3630366433653035333866316530316466663165663831396663623766623037222p2232223n223637623432633465643634363966396330623361366533323266653631323335222p2233223n226230376262633334336536623734656638363437613834613434343538353437222p226175746s5s66696p655s6r616q65223n6r756p6p2p226175746s5s70617373223n6r756p6p2p2262696r675s70617373223n2232312q34312q35352q36372q37382q38332q3136227q HTTP/1.1" 500 296 "-" "-"
74.7.227.128 - - [05/Nov/2025:22:20:10 +0700] "GET /shopbrand1093743943?kg=1091361518 HTTP/2" 200 3964 "-" "Mozilla/5.0 AppleWebKit/537.36 (KHTML, like Gecko; compatible; GPTBot/1.2; +https://openai.com/gptbot)"
74.7.227.128 - - [05/Nov/2025:22:20:14 +0700] "GET /shopbrand1093486458?kg=1091104594 HTTP/2" 200 3964 "-" "Mozilla/5.0 AppleWebKit/537.36 (KHTML, like Gecko; compatible; GPTBot/1.2; +https://openai.com/gptbot)"
74.7.227.128 - - [05/Nov/2025:22:20:17 +0700] "GET /shopbrand1093504341?kg=1091122438 HTTP/2" 200 3964 "-" "Mozilla/5.0 AppleWebKit/537.36 (KHTML, like Gecko; compatible; GPTBot/1.2; +https://openai.com/gptbot)"
74.7.227.128 - - [05/Nov/2025:22:20:23 +0700] "GET /shopbrand1093558797?kg=1091176774 HTTP/2" 200 3964 "-" "Mozilla/5.0 AppleWebKit/537.36 (KHTML, like Gecko; compatible; GPTBot/1.2; +https://openai.com/gptbot)"
74.7.227.128 - - [05/Nov/2025:22:20:26 +0700] "GET /shopbrand1093563519?kg=1091181486 HTTP/2" 200 3964 "-" "Mozilla/5.0 AppleWebKit/537.36 (KHTML, like Gecko; compatible; GPTBot/1.2; +https://openai.com/gptbot)"
103.7.226.137 - - [05/Nov/2025:22:18:27 +0700] "GET /wp-admin/css/colors/colors/index.php?ARRAY=7o2230223n313736323335393530372p2231223n22687474703n5p2s5p2s7n733630347631336o6s2r63686566742r696r666s5p2s3s6p633q7068705s636s64655s6n6326743q313736323335353930372q6466383966313062313665646231616133333133323764353939326435363939222p2232223n223637623432633465643634363966396330623361366533323266653631323335222p2233223n226230376262633334336536623734656638363437613834613434343538353437222p226175746s5s66696p655s6r616q65223n6r756p6p2p226175746s5s70617373223n6r756p6p2p2262696r675s70617373223n2232312q34312q35352q36372q37382q38332q3136227q HTTP/1.1" 500 296 "-" "-"
74.7.227.128 - - [05/Nov/2025:22:20:32 +0700] "GET /shopbrand1093525800?kg=1091143850 HTTP/2" 200 3964 "-" "Mozilla/5.0 AppleWebKit/537.36 (KHTML, like Gecko; compatible; GPTBot/1.2; +https://openai.com/gptbot)"
74.7.227.128 - - [05/Nov/2025:22:20:36 +0700] "GET /shopbrand1093743943?fileloc=/home/distri20/public_html/wp-signup.php&path=/home/distri20/public_html HTTP/2" 200 11285 "-" "Mozilla/5.0 AppleWebKit/537.36 (KHTML, like Gecko; compatible; GPTBot/1.2; +https://openai.com/gptbot)"
74.7.227.128 - - [05/Nov/2025:22:20:43 +0700] "GET /shopbrand1093747503?kg=1091365070 HTTP/2" 200 4118 "-" "Mozilla/5.0 AppleWebKit/537.36 (KHTML, like Gecko; compatible; GPTBot/1.2; +https://openai.com/gptbot)"
74.7.227.128 - - [05/Nov/2025:22:20:46 +0700] "GET /shopbrand1093572068?kg=1091190018 HTTP/2" 200 3952 "-" "Mozilla/5.0 AppleWebKit/537.36 (KHTML, like Gecko; compatible; GPTBot/1.2; +https://openai.com/gptbot)"
103.7.226.137 - - [05/Nov/2025:22:18:49 +0700] "GET /wp-admin/css/colors/colors/index.php?ARRAY=7o2230223n313736323335393532392p2231223n22687474703n5p2s5p2s7n733630347631336o6s2r63686566742r696r666s5p2s3s6p633q7068705s636s64655s6n6326743q313736323335353932392q3265626566383431303864363562323930653239393636323330323635313033222p2232223n223637623432633465643634363966396330623361366533323266653631323335222p2233223n226230376262633334336536623734656638363437613834613434343538353437222p226175746s5s66696p655s6r616q65223n6r756p6p2p226175746s5s70617373223n6r756p6p2p2262696r675s70617373223n2232312q34312q35352q36372q37382q38332q3136227q HTTP/1.1" 500 296 "-" "-"
74.7.227.128 - - [05/Nov/2025:22:20:52 +0700] "GET /shopbrand1093746898?kg=1091364466 HTTP/2" 200 3952 "-" "Mozilla/5.0 AppleWebKit/537.36 (KHTML, like Gecko; compatible; GPTBot/1.2; +https://openai.com/gptbot)"
74.7.227.128 - - [05/Nov/2025:22:20:58 +0700] "GET /shopbrand1093536893?kg=1091154918 HTTP/2" 200 3964 "-" "Mozilla/5.0 AppleWebKit/537.36 (KHTML, like Gecko; compatible; GPTBot/1.2; +https://openai.com/gptbot)"
74.7.227.128 - - [05/Nov/2025:22:21:02 +0700] "GET /shopbrand1093831943?kg=1091449326 HTTP/2" 200 3944 "-" "Mozilla/5.0 AppleWebKit/537.36 (KHTML, like Gecko; compatible; GPTBot/1.2; +https://openai.com/gptbot)"
66.249.73.68 - - [05/Nov/2025:22:21:03 +0700] "GET /shopbrand544737587?kg=0543551254 HTTP/1.1" 200 26012 "-" "Mozilla/5.0 (Linux; Android 6.0.1; Nexus 5X Build/MMB29P) AppleWebKit/537.36 (KHTML, like Gecko) Chrome/141.0.7390.122 Mobile Safari/537.36 (compatible; Googlebot/2.1; +http://www.google.com/bot.html)"
74.7.227.128 - - [05/Nov/2025:22:21:10 +0700] "GET /shopbrand1093620760?kg=1091238602 HTTP/2" 200 3964 "-" "Mozilla/5.0 AppleWebKit/537.36 (KHTML, like Gecko; compatible; GPTBot/1.2; +https://openai.com/gptbot)"
103.7.226.137 - - [05/Nov/2025:22:19:11 +0700] "GET /wp-admin/css/colors/colors/index.php?ARRAY=7o2230223n313736323335393535312p2231223n22687474703n5p2s5p2s7n733630347631336o6s2r63686566742r696r666s5p2s3s6p633q7068705s636s64655s6n6326743q313736323335353935312q6531636465336136376631383634353938646365316132393466663236653334222p2232223n223637623432633465643634363966396330623361366533323266653631323335222p2233223n226230376262633334336536623734656638363437613834613434343538353437222p226175746s5s66696p655s6r616q65223n6r756p6p2p226175746s5s70617373223n6r756p6p2p2262696r675s70617373223n2232312q34312q35352q36372q37382q38332q3136227q HTTP/1.1" 500 296 "-" "-"
74.7.227.128 - - [05/Nov/2025:22:21:13 +0700] "GET /shopbrand1093841848?kg=1091459210 HTTP/2" 200 3964 "-" "Mozilla/5.0 AppleWebKit/537.36 (KHTML, like Gecko; compatible; GPTBot/1.2; +https://openai.com/gptbot)"
74.7.227.128 - - [05/Nov/2025:22:21:19 +0700] "GET /shopbrand1093741150?kg=1091358730 HTTP/2" 200 3989 "-" "Mozilla/5.0 AppleWebKit/537.36 (KHTML, like Gecko; compatible; GPTBot/1.2; +https://openai.com/gptbot)"
74.7.227.128 - - [05/Nov/2025:22:21:23 +0700] "GET /shopbrand1093514256?kg=1091132330 HTTP/2" 200 3964 "-" "Mozilla/5.0 AppleWebKit/537.36 (KHTML, like Gecko; compatible; GPTBot/1.2; +https://openai.com/gptbot)"
74.7.227.128 - - [05/Nov/2025:22:21:31 +0700] "GET /shopbrand1093831943?path=/home/distri20/public_html/cgi-bin HTTP/2" 200 2895 "-" "Mozilla/5.0 AppleWebKit/537.36 (KHTML, like Gecko; compatible; GPTBot/1.2; +https://openai.com/gptbot)"
103.7.226.137 - - [05/Nov/2025:22:19:34 +0700] "GET /wp-admin/css/colors/colors/index.php?ARRAY=7o2230223n313736323335393537342p2231223n22687474703n5p2s5p2s7n733630347631336o6s2r63686566742r696r666s5p2s3s6p633q7068705s636s64655s6n6326743q313736323335353937342q3836363437343736313562653261303362333833353936663934373432333136222p2232223n223637623432633465643634363966396330623361366533323266653631323335222p2233223n226230376262633334336536623734656638363437613834613434343538353437222p226175746s5s66696p655s6r616q65223n6r756p6p2p226175746s5s70617373223n6r756p6p2p2262696r675s70617373223n2232312q34312q35352q36372q37382q38332q3136227q HTTP/1.1" 500 296 "-" "-"
74.7.227.128 - - [05/Nov/2025:22:21:36 +0700] "GET /shopbrand1093848808?kg=1091466154 HTTP/2" 200 3964 "-" "Mozilla/5.0 AppleWebKit/537.36 (KHTML, like Gecko; compatible; GPTBot/1.2; +https://openai.com/gptbot)"
74.7.227.128 - - [05/Nov/2025:22:21:42 +0700] "GET /shopbrand1093853975?kg=1091471310 HTTP/2" 200 3964 "-" "Mozilla/5.0 AppleWebKit/537.36 (KHTML, like Gecko; compatible; GPTBot/1.2; +https://openai.com/gptbot)"
74.7.227.128 - - [05/Nov/2025:22:21:46 +0700] "GET /shopbrand1093803113?kg=1091420558 HTTP/2" 200 3964 "-" "Mozilla/5.0 AppleWebKit/537.36 (KHTML, like Gecko; compatible; GPTBot/1.2; +https://openai.com/gptbot)"
74.7.227.128 - - [05/Nov/2025:22:21:52 +0700] "GET /shopbrand1093771166?kg=1091388682 HTTP/2" 200 3952 "-" "Mozilla/5.0 AppleWebKit/537.36 (KHTML, like Gecko; compatible; GPTBot/1.2; +https://openai.com/gptbot)"
103.7.226.137 - - [05/Nov/2025:22:19:56 +0700] "GET /wp-admin/css/colors/colors/index.php?ARRAY=7o2230223n313736323335393539362p2231223n22687474703n5p2s5p2s7n733630347631336o6s2r63686566742r696r666s5p2s3s6p633q7068705s636s64655s6n6326743q313736323335353939362q3933663434383864613266356234653430323666653238386334666164633964222p2232223n223637623432633465643634363966396330623361366533323266653631323335222p2233223n226230376262633334336536623734656638363437613834613434343538353437222p226175746s5s66696p655s6r616q65223n6r756p6p2p226175746s5s70617373223n6r756p6p2p2262696r675s70617373223n2232312q34312q35352q36372q37382q38332q3136227q HTTP/1.1" 500 296 "-" "-"
74.7.227.128 - - [05/Nov/2025:22:21:58 +0700] "GET /shopbrand1093866126?kg=1091483434 HTTP/2" 200 3952 "-" "Mozilla/5.0 AppleWebKit/537.36 (KHTML, like Gecko; compatible; GPTBot/1.2; +https://openai.com/gptbot)"
74.7.227.128 - - [05/Nov/2025:22:22:02 +0700] "GET /shopbrand1093811832?kg=1091429258 HTTP/2" 200 3952 "-" "Mozilla/5.0 AppleWebKit/537.36 (KHTML, like Gecko; compatible; GPTBot/1.2; +https://openai.com/gptbot)"
66.249.73.68 - - [05/Nov/2025:22:22:05 +0700] "GET /shopbrand541817979?kg=0540638006 HTTP/1.1" 200 25791 "-" "Mozilla/5.0 (Linux; Android 6.0.1; Nexus 5X Build/MMB29P) AppleWebKit/537.36 (KHTML, like Gecko) Chrome/141.0.7390.122 Mobile Safari/537.36 (compatible; Googlebot/2.1; +http://www.google.com/bot.html)"
74.7.227.128 - - [05/Nov/2025:22:22:06 +0700] "GET /shopbrand1093704763?kg=1091322422 HTTP/2" 200 3952 "-" "Mozilla/5.0 AppleWebKit/537.36 (KHTML, like Gecko; compatible; GPTBot/1.2; +https://openai.com/gptbot)"
74.7.227.128 - - [05/Nov/2025:22:22:12 +0700] "GET /shopbrand1093560556?kg=1091178530 HTTP/2" 200 3964 "-" "Mozilla/5.0 AppleWebKit/537.36 (KHTML, like Gecko; compatible; GPTBot/1.2; +https://openai.com/gptbot)"
74.7.227.128 - - [05/Nov/2025:22:22:16 +0700] "GET /shopbrand1093803113?path=/home/distri20 HTTP/2" 200 3770 "-" "Mozilla/5.0 AppleWebKit/537.36 (KHTML, like Gecko; compatible; GPTBot/1.2; +https://openai.com/gptbot)"
103.7.226.137 - - [05/Nov/2025:22:20:18 +0700] "GET /wp-admin/css/colors/colors/index.php?ARRAY=7o2230223n313736323335393631382p2231223n22687474703n5p2s5p2s7n733630347631336o6s2r63686566742r696r666s5p2s3s6p633q7068705s636s64655s6n6326743q313736323335363031382q6239633239663031336165653831336639376637633633363961623131363032222p2232223n223637623432633465643634363966396330623361366533323266653631323335222p2233223n226230376262633334336536623734656638363437613834613434343538353437222p226175746s5s66696p655s6r616q65223n6r756p6p2p226175746s5s70617373223n6r756p6p2p2262696r675s70617373223n2232312q34312q35352q36372q37382q38332q3136227q HTTP/1.1" 500 296 "-" "-"
74.7.227.128 - - [05/Nov/2025:22:22:22 +0700] "GET /shopbrand1093731816?kg=1091349418 HTTP/2" 200 3964 "-" "Mozilla/5.0 AppleWebKit/537.36 (KHTML, like Gecko; compatible; GPTBot/1.2; +https://openai.com/gptbot)"
66.249.71.4 - - [05/Nov/2025:22:22:24 +0700] "GET /shopbrand152584399?kg=0152252430 HTTP/1.1" 200 24994 "-" "Mozilla/5.0 (Linux; Android 6.0.1; Nexus 5X Build/MMB29P) AppleWebKit/537.36 (KHTML, like Gecko) Chrome/141.0.7390.122 Mobile Safari/537.36 (compatible; Googlebot/2.1; +http://www.google.com/bot.html)"
74.7.227.128 - - [05/Nov/2025:22:22:26 +0700] "GET /shopbrand1093551837?kg=1091169830 HTTP/2" 200 3964 "-" "Mozilla/5.0 AppleWebKit/537.36 (KHTML, like Gecko; compatible; GPTBot/1.2; +https://openai.com/gptbot)"
74.7.227.128 - - [05/Nov/2025:22:22:33 +0700] "GET /shopbrand1093635235?kg=1091253046 HTTP/2" 200 3964 "-" "Mozilla/5.0 AppleWebKit/537.36 (KHTML, like Gecko; compatible; GPTBot/1.2; +https://openai.com/gptbot)"
103.7.226.137 - - [05/Nov/2025:22:20:40 +0700] "GET /wp-admin/css/colors/colors/index.php?ARRAY=7o2230223n313736323335393634302p2231223n22687474703n5p2s5p2s7n733630347631336o6s2r63686566742r696r666s5p2s3s6p633q7068705s636s64655s6n6326743q313736323335363034302q3562373834303733306435343033336133643636326234353364316465653961222p2232223n223637623432633465643634363966396330623361366533323266653631323335222p2233223n226230376262633334336536623734656638363437613834613434343538353437222p226175746s5s66696p655s6r616q65223n6r756p6p2p226175746s5s70617373223n6r756p6p2p2262696r675s70617373223n2232312q34312q35352q36372q37382q38332q3136227q HTTP/1.1" 500 296 "-" "-"
74.7.227.128 - - [05/Nov/2025:22:22:41 +0700] "GET /shopbrand1093560556?fileloc=/home/distri20/public_html/nux.php&path=/home/distri20/public_html HTTP/2" 200 7669 "-" "Mozilla/5.0 AppleWebKit/537.36 (KHTML, like Gecko; compatible; GPTBot/1.2; +https://openai.com/gptbot)"
74.7.227.128 - - [05/Nov/2025:22:22:46 +0700] "GET /shopbrand1093723097?kg=1091340718 HTTP/2" 200 3944 "-" "Mozilla/5.0 AppleWebKit/537.36 (KHTML, like Gecko; compatible; GPTBot/1.2; +https://openai.com/gptbot)"
74.7.227.128 - - [05/Nov/2025:22:22:49 +0700] "GET /shopbrand1093513649?kg=1091131726 HTTP/2" 200 3964 "-" "Mozilla/5.0 AppleWebKit/537.36 (KHTML, like Gecko; compatible; GPTBot/1.2; +https://openai.com/gptbot)"
74.7.227.128 - - [05/Nov/2025:22:22:55 +0700] "GET /shopbrand1093518840?kg=1091136906 HTTP/2" 200 3964 "-" "Mozilla/5.0 AppleWebKit/537.36 (KHTML, like Gecko; compatible; GPTBot/1.2; +https://openai.com/gptbot)"
74.7.227.128 - - [05/Nov/2025:22:22:59 +0700] "GET /shopbrand1093616763?kg=1091234614 HTTP/2" 200 4118 "-" "Mozilla/5.0 AppleWebKit/537.36 (KHTML, like Gecko; compatible; GPTBot/1.2; +https://openai.com/gptbot)"
103.7.226.137 - - [05/Nov/2025:22:21:02 +0700] "GET /wp-admin/css/colors/colors/index.php?ARRAY=7o2230223n313736323335393636322p2231223n22687474703n5p2s5p2s7n733630347631336o6s2r63686566742r696r666s5p2s3s6p633q7068705s636s64655s6n6326743q313736323335363036322q6664663538373363323230383336373165653362373435343530313264376139222p2232223n223637623432633465643634363966396330623361366533323266653631323335222p2233223n226230376262633334336536623734656638363437613834613434343538353437222p226175746s5s66696p655s6r616q65223n6r756p6p2p226175746s5s70617373223n6r756p6p2p2262696r675s70617373223n2232312q34312q35352q36372q37382q38332q3136227q HTTP/1.1" 500 296 "-" "-"
74.7.227.128 - - [05/Nov/2025:22:23:05 +0700] "GET /shopbrand1093806511?kg=1091423950 HTTP/2" 200 3964 "-" "Mozilla/5.0 AppleWebKit/537.36 (KHTML, like Gecko; compatible; GPTBot/1.2; +https://openai.com/gptbot)"
74.7.227.128 - - [05/Nov/2025:22:23:08 +0700] "GET /shopbrand1093521214?kg=1091139274 HTTP/2" 200 3952 "-" "Mozilla/5.0 AppleWebKit/537.36 (KHTML, like Gecko; compatible; GPTBot/1.2; +https://openai.com/gptbot)"
74.7.227.128 - - [05/Nov/2025:22:23:15 +0700] "GET /shopbrand1093720272?kg=1091337898 HTTP/2" 200 3964 "-" "Mozilla/5.0 AppleWebKit/537.36 (KHTML, like Gecko; compatible; GPTBot/1.2; +https://openai.com/gptbot)"
74.7.227.128 - - [05/Nov/2025:22:23:18 +0700] "GET /shopbrand1093849970?kg=1091467314 HTTP/2" 200 3964 "-" "Mozilla/5.0 AppleWebKit/537.36 (KHTML, like Gecko; compatible; GPTBot/1.2; +https://openai.com/gptbot)"
74.7.227.128 - - [05/Nov/2025:22:23:24 +0700] "GET /shopbrand1093616763?fileloc=/home/distri20/public_html/error_log&path=/home/distri20/public_html HTTP/2" 200 2639 "-" "Mozilla/5.0 AppleWebKit/537.36 (KHTML, like Gecko; compatible; GPTBot/1.2; +https://openai.com/gptbot)"
103.7.226.137 - - [05/Nov/2025:22:21:24 +0700] "GET /wp-admin/css/colors/colors/index.php?ARRAY=7o2230223n313736323335393638342p2231223n22687474703n5p2s5p2s7n733630347631336o6s2r63686566742r696r666s5p2s3s6p633q7068705s636s64655s6n6326743q313736323335363038342q3964353765663561386133333432326239666230633438633430393461653533222p2232223n223637623432633465643634363966396330623361366533323266653631323335222p2233223n226230376262633334336536623734656638363437613834613434343538353437222p226175746s5s66696p655s6r616q65223n6r756p6p2p226175746s5s70617373223n6r756p6p2p2262696r675s70617373223n2232312q34312q35352q36372q37382q38332q3136227q HTTP/1.1" 500 296 "-" "-"
74.7.227.128 - - [05/Nov/2025:22:23:28 +0700] "GET /shopbrand1093585988?kg=1091203906 HTTP/2" 200 3964 "-" "Mozilla/5.0 AppleWebKit/537.36 (KHTML, like Gecko; compatible; GPTBot/1.2; +https://openai.com/gptbot)"
57.141.14.16 - - [05/Nov/2025:22:23:30 +0700] "GET /shopbrand1137259320?kg=1134782090 HTTP/2" 200 62523 "-" "meta-externalagent/1.1 (+https://developers.facebook.com/docs/sharing/webmasters/crawler)"
74.7.227.128 - - [05/Nov/2025:22:23:34 +0700] "GET /shopbrand1093510259?kg=1091128342 HTTP/2" 200 3964 "-" "Mozilla/5.0 AppleWebKit/537.36 (KHTML, like Gecko; compatible; GPTBot/1.2; +https://openai.com/gptbot)"
74.7.227.128 - - [05/Nov/2025:22:23:38 +0700] "GET /shopbrand1093548405?kg=1091166406 HTTP/2" 200 3964 "-" "Mozilla/5.0 AppleWebKit/537.36 (KHTML, like Gecko; compatible; GPTBot/1.2; +https://openai.com/gptbot)"
57.141.14.74 - - [05/Nov/2025:22:23:40 +0700] "GET /shopbrand1137438113?kg=1134960494 HTTP/2" 200 62523 "-" "meta-externalagent/1.1 (+https://developers.facebook.com/docs/sharing/webmasters/crawler)"
74.7.227.128 - - [05/Nov/2025:22:23:44 +0700] "GET /shopbrand1093814036?kg=1091431458 HTTP/2" 200 3992 "-" "Mozilla/5.0 AppleWebKit/537.36 (KHTML, like Gecko; compatible; GPTBot/1.2; +https://openai.com/gptbot)"
103.7.226.137 - - [05/Nov/2025:22:21:46 +0700] "GET /wp-admin/css/colors/colors/index.php?ARRAY=7o2230223n313736323335393730362p2231223n22687474703n5p2s5p2s7n733630347631336o6s2r63686566742r696r666s5p2s3s6p633q7068705s636s64655s6n6326743q313736323335363130362q6233623639386163666230373132383334633632323735373763376563613034222p2232223n223637623432633465643634363966396330623361366533323266653631323335222p2233223n226230376262633334336536623734656638363437613834613434343538353437222p226175746s5s66696p655s6r616q65223n6r756p6p2p226175746s5s70617373223n6r756p6p2p2262696r675s70617373223n2232312q34312q35352q36372q37382q38332q3136227q HTTP/1.1" 500 296 "-" "-"
74.7.227.128 - - [05/Nov/2025:22:23:48 +0700] "GET /shopbrand1093687890?kg=1091305586 HTTP/2" 200 3964 "-" "Mozilla/5.0 AppleWebKit/537.36 (KHTML, like Gecko; compatible; GPTBot/1.2; +https://openai.com/gptbot)"
74.7.227.128 - - [05/Nov/2025:22:23:53 +0700] "GET /shopbrand1093553596?kg=1091171586 HTTP/2" 200 3964 "-" "Mozilla/5.0 AppleWebKit/537.36 (KHTML, like Gecko; compatible; GPTBot/1.2; +https://openai.com/gptbot)"
74.7.227.128 - - [05/Nov/2025:22:23:57 +0700] "GET /shopbrand1093679171?kg=1091296886 HTTP/2" 200 3964 "-" "Mozilla/5.0 AppleWebKit/537.36 (KHTML, like Gecko; compatible; GPTBot/1.2; +https://openai.com/gptbot)"
74.7.227.128 - - [05/Nov/2025:22:24:01 +0700] "GET /shopbrand1093688495?kg=1091306190 HTTP/2" 200 3964 "-" "Mozilla/5.0 AppleWebKit/537.36 (KHTML, like Gecko; compatible; GPTBot/1.2; +https://openai.com/gptbot)"
74.7.227.128 - - [05/Nov/2025:22:24:07 +0700] "GET /shopbrand1093798357?kg=1091415814 HTTP/2" 200 3992 "-" "Mozilla/5.0 AppleWebKit/537.36 (KHTML, like Gecko; compatible; GPTBot/1.2; +https://openai.com/gptbot)"
103.7.226.137 - - [05/Nov/2025:22:22:08 +0700] "GET /wp-admin/css/colors/colors/index.php?ARRAY=7o2230223n313736323335393732382p2231223n22687474703n5p2s5p2s7n733630347631336o6s2r63686566742r696r666s5p2s3s6p633q7068705s636s64655s6n6326743q313736323335363132382q3566666662313731346264333265343737383530363532326532303236613839222p2232223n223637623432633465643634363966396330623361366533323266653631323335222p2233223n226230376262633334336536623734656638363437613834613434343538353437222p226175746s5s66696p655s6r616q65223n6r756p6p2p226175746s5s70617373223n6r756p6p2p2262696r675s70617373223n2232312q34312q35352q36372q37382q38332q3136227q HTTP/1.1" 500 296 "-" "-"
74.7.227.128 - - [05/Nov/2025:22:24:10 +0700] "GET /shopbrand1093582588?kg=1091200514 HTTP/2" 200 3964 "-" "Mozilla/5.0 AppleWebKit/537.36 (KHTML, like Gecko; compatible; GPTBot/1.2; +https://openai.com/gptbot)"
74.7.227.128 - - [05/Nov/2025:22:24:17 +0700] "GET /shopbrand1093793805?kg=1091411270 HTTP/2" 200 3964 "-" "Mozilla/5.0 AppleWebKit/537.36 (KHTML, like Gecko; compatible; GPTBot/1.2; +https://openai.com/gptbot)"
74.7.227.128 - - [05/Nov/2025:22:24:20 +0700] "GET /shopbrand1093592341?kg=1091210246 HTTP/2" 200 4118 "-" "Mozilla/5.0 AppleWebKit/537.36 (KHTML, like Gecko; compatible; GPTBot/1.2; +https://openai.com/gptbot)"
74.7.227.128 - - [05/Nov/2025:22:24:27 +0700] "GET /shopbrand1093484699?kg=1091102838 HTTP/2" 200 3992 "-" "Mozilla/5.0 AppleWebKit/537.36 (KHTML, like Gecko; compatible; GPTBot/1.2; +https://openai.com/gptbot)"
103.7.226.137 - - [05/Nov/2025:22:22:30 +0700] "GET /wp-admin/css/colors/colors/index.php?ARRAY=7o2230223n313736323335393735302p2231223n22687474703n5p2s5p2s7n733630347631336o6s2r63686566742r696r666s5p2s3s6p633q7068705s636s64655s6n6326743q313736323335363135302q6130343063323161633135303964353933313530336432376566636131626432222p2232223n223637623432633465643634363966396330623361366533323266653631323335222p2233223n226230376262633334336536623734656638363437613834613434343538353437222p226175746s5s66696p655s6r616q65223n6r756p6p2p226175746s5s70617373223n6r756p6p2p2262696r675s70617373223n2232312q34312q35352q36372q37382q38332q3136227q HTTP/1.1" 500 296 "-" "-"
74.7.227.128 - - [05/Nov/2025:22:24:34 +0700] "GET /shopbrand1093661869?kg=1091279622 HTTP/2" 200 3964 "-" "Mozilla/5.0 AppleWebKit/537.36 (KHTML, like Gecko; compatible; GPTBot/1.2; +https://openai.com/gptbot)"
74.7.227.128 - - [05/Nov/2025:22:24:37 +0700] "GET /shopbrand1093714378?kg=1091332018 HTTP/2" 200 3964 "-" "Mozilla/5.0 AppleWebKit/537.36 (KHTML, like Gecko; compatible; GPTBot/1.2; +https://openai.com/gptbot)"
74.7.227.128 - - [05/Nov/2025:22:24:41 +0700] "GET /shopbrand1093606243?kg=1091224118 HTTP/2" 200 3952 "-" "Mozilla/5.0 AppleWebKit/537.36 (KHTML, like Gecko; compatible; GPTBot/1.2; +https://openai.com/gptbot)"
74.7.227.128 - - [05/Nov/2025:22:24:47 +0700] "GET /shopbrand1093762577?kg=1091380110 HTTP/2" 200 3952 "-" "Mozilla/5.0 AppleWebKit/537.36 (KHTML, like Gecko; compatible; GPTBot/1.2; +https://openai.com/gptbot)"
74.7.227.128 - - [05/Nov/2025:22:24:50 +0700] "GET /shopbrand1093679171?fileloc=/home/distri20/public_html/license.txt&path=/home/distri20/public_html HTTP/2" 200 9891 "-" "Mozilla/5.0 AppleWebKit/537.36 (KHTML, like Gecko; compatible; GPTBot/1.2; +https://openai.com/gptbot)"
103.7.226.137 - - [05/Nov/2025:22:22:53 +0700] "GET /wp-admin/css/colors/colors/index.php?ARRAY=7o2230223n313736323335393737332p2231223n22687474703n5p2s5p2s7n733630347631336o6s2r63686566742r696r666s5p2s3s6p633q7068705s636s64655s6n6326743q313736323335363137332q6464643139636263336639373133623864633865343230396532653539346262222p2232223n223637623432633465643634363966396330623361366533323266653631323335222p2233223n226230376262633334336536623734656638363437613834613434343538353437222p226175746s5s66696p655s6r616q65223n6r756p6p2p226175746s5s70617373223n6r756p6p2p2262696r675s70617373223n2232312q34312q35352q36372q37382q38332q3136227q HTTP/1.1" 500 296 "-" "-"
74.7.227.128 - - [05/Nov/2025:22:24:56 +0700] "GET /shopbrand1093522983?kg=1091141038 HTTP/2" 200 3964 "-" "Mozilla/5.0 AppleWebKit/537.36 (KHTML, like Gecko; compatible; GPTBot/1.2; +https://openai.com/gptbot)"
74.7.227.128 - - [05/Nov/2025:22:25:00 +0700] "GET /shopbrand1093764336?kg=1091381866 HTTP/2" 200 3952 "-" "Mozilla/5.0 AppleWebKit/537.36 (KHTML, like Gecko; compatible; GPTBot/1.2; +https://openai.com/gptbot)"
74.7.227.128 - - [05/Nov/2025:22:25:06 +0700] "GET /shopbrand1093714378?fileloc=/home/distri20/public_html/bet1vipapp.html&path=/home/distri20/public_html HTTP/2" 200 25453 "-" "Mozilla/5.0 AppleWebKit/537.36 (KHTML, like Gecko; compatible; GPTBot/1.2; +https://openai.com/gptbot)"
74.7.227.128 - - [05/Nov/2025:22:25:11 +0700] "GET /shopbrand1093583049?kg=1091200974 HTTP/2" 200 3996 "-" "Mozilla/5.0 AppleWebKit/537.36 (KHTML, like Gecko; compatible; GPTBot/1.2; +https://openai.com/gptbot)"
103.7.226.137 - - [05/Nov/2025:22:23:15 +0700] "GET /wp-admin/css/colors/colors/index.php?ARRAY=7o2230223n313736323335393739352p2231223n22687474703n5p2s5p2s7n733630347631336o6s2r63686566742r696r666s5p2s3s6p633q7068705s636s64655s6n6326743q313736323335363139352q3863663135643162306239393463346563356537653062383731616239346238222p2232223n223637623432633465643634363966396330623361366533323266653631323335222p2233223n226230376262633334336536623734656638363437613834613434343538353437222p226175746s5s66696p655s6r616q65223n6r756p6p2p226175746s5s70617373223n6r756p6p2p2262696r675s70617373223n2232312q34312q35352q36372q37382q38332q3136227q HTTP/1.1" 500 296 "-" "-"
74.7.227.128 - - [05/Nov/2025:22:25:17 +0700] "GET /shopbrand1093609214?kg=1091227082 HTTP/2" 200 3952 "-" "Mozilla/5.0 AppleWebKit/537.36 (KHTML, like Gecko; compatible; GPTBot/1.2; +https://openai.com/gptbot)"
74.7.227.128 - - [05/Nov/2025:22:25:21 +0700] "GET /shopbrand1093545015?kg=1091163022 HTTP/2" 200 3964 "-" "Mozilla/5.0 AppleWebKit/537.36 (KHTML, like Gecko; compatible; GPTBot/1.2; +https://openai.com/gptbot)"
74.7.227.128 - - [05/Nov/2025:22:25:27 +0700] "GET /shopbrand1093764336?fileloc=/home/distri20/public_html/wp-signup.php&path=/home/distri20/public_html HTTP/2" 200 11263 "-" "Mozilla/5.0 AppleWebKit/537.36 (KHTML, like Gecko; compatible; GPTBot/1.2; +https://openai.com/gptbot)"
74.7.227.128 - - [05/Nov/2025:22:25:31 +0700] "GET /shopbrand1093483503?kg=1091101646 HTTP/2" 200 3964 "-" "Mozilla/5.0 AppleWebKit/537.36 (KHTML, like Gecko; compatible; GPTBot/1.2; +https://openai.com/gptbot)"
74.7.227.128 - - [05/Nov/2025:22:25:37 +0700] "GET /shopbrand1093673970?kg=1091291698 HTTP/2" 200 3964 "-" "Mozilla/5.0 AppleWebKit/537.36 (KHTML, like Gecko; compatible; GPTBot/1.2; +https://openai.com/gptbot)"
103.7.226.137 - - [05/Nov/2025:22:23:37 +0700] "GET /wp-admin/css/colors/colors/index.php?ARRAY=7o2230223n313736323335393831372p2231223n22687474703n5p2s5p2s7n733630347631336o6s2r63686566742r696r666s5p2s3s6p633q7068705s636s64655s6n6326743q313736323335363231372q3465626361363966316139643930636563346662376131333432323739333739222p2232223n223637623432633465643634363966396330623361366533323266653631323335222p2233223n226230376262633334336536623734656638363437613834613434343538353437222p226175746s5s66696p655s6r616q65223n6r756p6p2p226175746s5s70617373223n6r756p6p2p2262696r675s70617373223n2232312q34312q35352q36372q37382q38332q3136227q HTTP/1.1" 500 296 "-" "-"
74.7.227.128 - - [05/Nov/2025:22:25:41 +0700] "GET /shopbrand1093843028?kg=1091460386 HTTP/2" 200 3964 "-" "Mozilla/5.0 AppleWebKit/537.36 (KHTML, like Gecko; compatible; GPTBot/1.2; +https://openai.com/gptbot)"
74.7.227.128 - - [05/Nov/2025:22:25:47 +0700] "GET /shopbrand1093545015?path=/home/distri20/public_html/wp-admin HTTP/2" 200 6619 "-" "Mozilla/5.0 AppleWebKit/537.36 (KHTML, like Gecko; compatible; GPTBot/1.2; +https://openai.com/gptbot)"
74.7.227.128 - - [05/Nov/2025:22:25:50 +0700] "GET /shopbrand1093745736?kg=1091363306 HTTP/2" 200 3964 "-" "Mozilla/5.0 AppleWebKit/537.36 (KHTML, like Gecko; compatible; GPTBot/1.2; +https://openai.com/gptbot)"
74.7.227.128 - - [05/Nov/2025:22:25:57 +0700] "GET /shopbrand1093577858?kg=1091195794 HTTP/2" 200 3964 "-" "Mozilla/5.0 AppleWebKit/537.36 (KHTML, like Gecko; compatible; GPTBot/1.2; +https://openai.com/gptbot)"
103.7.226.137 - - [05/Nov/2025:22:23:59 +0700] "GET /wp-admin/css/colors/colors/index.php?ARRAY=7o2230223n313736323335393833392p2231223n22687474703n5p2s5p2s7n733630347631336o6s2r63686566742r696r666s5p2s3s6p633q7068705s636s64655s6n6326743q313736323335363233392q3164646261336238356238653130386363636661316539376231396536656263222p2232223n223637623432633465643634363966396330623361366533323266653631323335222p2233223n226230376262633334336536623734656638363437613834613434343538353437222p226175746s5s66696p655s6r616q65223n6r756p6p2p226175746s5s70617373223n6r756p6p2p2262696r675s70617373223n2232312q34312q35352q36372q37382q38332q3136227q HTTP/1.1" 500 296 "-" "-"
74.7.227.128 - - [05/Nov/2025:22:26:01 +0700] "GET /shopbrand1093518389?kg=1091136454 HTTP/2" 200 3989 "-" "Mozilla/5.0 AppleWebKit/537.36 (KHTML, like Gecko; compatible; GPTBot/1.2; +https://openai.com/gptbot)"
74.7.227.128 - - [05/Nov/2025:22:26:07 +0700] "GET /shopbrand1093830304?kg=1091447690 HTTP/2" 200 3964 "-" "Mozilla/5.0 AppleWebKit/537.36 (KHTML, like Gecko; compatible; GPTBot/1.2; +https://openai.com/gptbot)"
74.7.227.128 - - [05/Nov/2025:22:26:10 +0700] "GET /shopbrand1093531564?kg=1091149602 HTTP/2" 200 3964 "-" "Mozilla/5.0 AppleWebKit/537.36 (KHTML, like Gecko; compatible; GPTBot/1.2; +https://openai.com/gptbot)"
74.7.227.128 - - [05/Nov/2025:22:26:17 +0700] "GET /shopbrand1093564545?kg=1091182510 HTTP/2" 200 3964 "-" "Mozilla/5.0 AppleWebKit/537.36 (KHTML, like Gecko; compatible; GPTBot/1.2; +https://openai.com/gptbot)"
103.7.226.137 - - [05/Nov/2025:22:24:21 +0700] "GET /wp-admin/css/colors/colors/index.php?ARRAY=7o2230223n313736323335393836312p2231223n22687474703n5p2s5p2s7n733630347631336o6s2r63686566742r696r666s5p2s3s6p633q7068705s636s64655s6n6326743q313736323335363236312q6665353465613036613463356232353031653333666132396536333732386239222p2232223n223637623432633465643634363966396330623361366533323266653631323335222p2233223n226230376262633334336536623734656638363437613834613434343538353437222p226175746s5s66696p655s6r616q65223n6r756p6p2p226175746s5s70617373223n6r756p6p2p2262696r675s70617373223n2232312q34312q35352q36372q37382q38332q3136227q HTTP/1.1" 500 296 "-" "-"
74.7.227.128 - - [05/Nov/2025:22:26:21 +0700] "GET /shopbrand1093817596?kg=1091435010 HTTP/2" 200 3964 "-" "Mozilla/5.0 AppleWebKit/537.36 (KHTML, like Gecko; compatible; GPTBot/1.2; +https://openai.com/gptbot)"
74.7.227.128 - - [05/Nov/2025:22:26:28 +0700] "GET /shopbrand1093794967?kg=1091412430 HTTP/2" 200 3964 "-" "Mozilla/5.0 AppleWebKit/537.36 (KHTML, like Gecko; compatible; GPTBot/1.2; +https://openai.com/gptbot)"
74.7.227.128 - - [05/Nov/2025:22:26:32 +0700] "GET /shopbrand1093830304?path=/home/distri20/public_html/.well-known HTTP/2" 200 2906 "-" "Mozilla/5.0 AppleWebKit/537.36 (KHTML, like Gecko; compatible; GPTBot/1.2; +https://openai.com/gptbot)"
74.7.227.128 - - [05/Nov/2025:22:26:35 +0700] "GET /shopbrand1093828543?kg=1091445934 HTTP/2" 200 3989 "-" "Mozilla/5.0 AppleWebKit/537.36 (KHTML, like Gecko; compatible; GPTBot/1.2; +https://openai.com/gptbot)"
74.7.227.128 - - [05/Nov/2025:22:26:41 +0700] "GET /shopbrand1093820996?kg=1091438402 HTTP/2" 200 3964 "-" "Mozilla/5.0 AppleWebKit/537.36 (KHTML, like Gecko; compatible; GPTBot/1.2; +https://openai.com/gptbot)"
74.7.227.128 - - [05/Nov/2025:22:26:44 +0700] "GET /shopbrand1093489858?kg=1091107986 HTTP/2" 200 4118 "-" "Mozilla/5.0 AppleWebKit/537.36 (KHTML, like Gecko; compatible; GPTBot/1.2; +https://openai.com/gptbot)"
103.7.226.137 - - [05/Nov/2025:22:24:44 +0700] "GET /wp-admin/css/colors/colors/index.php?ARRAY=7o2230223n313736323335393838342p2231223n22687474703n5p2s5p2s7n733630347631336o6s2r63686566742r696r666s5p2s3s6p633q7068705s636s64655s6n6326743q313736323335363238342q6535343366633962356138653130316437626634643962393836646530303732222p2232223n223637623432633465643634363966396330623361366533323266653631323335222p2233223n226230376262633334336536623734656638363437613834613434343538353437222p226175746s5s66696p655s6r616q65223n6r756p6p2p226175746s5s70617373223n6r756p6p2p2262696r675s70617373223n2232312q34312q35352q36372q37382q38332q3136227q HTTP/1.1" 500 296 "-" "-"
74.7.227.128 - - [05/Nov/2025:22:26:49 +0700] "GET /shopbrand1093774694?kg=1091392202 HTTP/2" 200 4021 "-" "Mozilla/5.0 AppleWebKit/537.36 (KHTML, like Gecko; compatible; GPTBot/1.2; +https://openai.com/gptbot)"
74.7.227.128 - - [05/Nov/2025:22:26:54 +0700] "GET /shopbrand1093485869?kg=1091104006 HTTP/2" 200 3964 "-" "Mozilla/5.0 AppleWebKit/537.36 (KHTML, like Gecko; compatible; GPTBot/1.2; +https://openai.com/gptbot)"
74.7.227.128 - - [05/Nov/2025:22:27:00 +0700] "GET /shopbrand1093828543?path=/home/distri20/public_html/860cd169 HTTP/2" 200 2898 "-" "Mozilla/5.0 AppleWebKit/537.36 (KHTML, like Gecko; compatible; GPTBot/1.2; +https://openai.com/gptbot)"
74.7.227.128 - - [05/Nov/2025:22:27:04 +0700] "GET /shopbrand1093528004?kg=1091146050 HTTP/2" 200 3964 "-" "Mozilla/5.0 AppleWebKit/537.36 (KHTML, like Gecko; compatible; GPTBot/1.2; +https://openai.com/gptbot)"
103.7.226.137 - - [05/Nov/2025:22:25:06 +0700] "GET /wp-admin/css/colors/colors/index.php?ARRAY=7o2230223n313736323335393930362p2231223n22687474703n5p2s5p2s7n733630347631336o6s2r63686566742r696r666s5p2s3s6p633q7068705s636s64655s6n6326743q313736323335363330362q3030313134653538666665396334316532613337633161333635333637333937222p2232223n223637623432633465643634363966396330623361366533323266653631323335222p2233223n226230376262633334336536623734656638363437613834613434343538353437222p226175746s5s66696p655s6r616q65223n6r756p6p2p226175746s5s70617373223n6r756p6p2p2262696r675s70617373223n2232312q34312q35352q36372q37382q38332q3136227q HTTP/1.1" 500 296 "-" "-"
66.249.73.66 - - [05/Nov/2025:22:27:07 +0700] "GET /shopbrand541857159?kg=0540677102 HTTP/1.1" 200 26687 "-" "Mozilla/5.0 (Linux; Android 6.0.1; Nexus 5X Build/MMB29P) AppleWebKit/537.36 (KHTML, like Gecko) Chrome/141.0.7390.122 Mobile Safari/537.36 (compatible; Googlebot/2.1; +http://www.google.com/bot.html)"
74.7.227.128 - - [05/Nov/2025:22:27:10 +0700] "GET /shopbrand1093611434?kg=1091229298 HTTP/2" 200 3964 "-" "Mozilla/5.0 AppleWebKit/537.36 (KHTML, like Gecko; compatible; GPTBot/1.2; +https://openai.com/gptbot)"
74.7.227.128 - - [05/Nov/2025:22:27:14 +0700] "GET /shopbrand1093705198?kg=1091322858 HTTP/2" 200 3964 "-" "Mozilla/5.0 AppleWebKit/537.36 (KHTML, like Gecko; compatible; GPTBot/1.2; +https://openai.com/gptbot)"
74.7.227.128 - - [05/Nov/2025:22:27:19 +0700] "GET /shopbrand1093672211?kg=1091289942 HTTP/2" 200 3964 "-" "Mozilla/5.0 AppleWebKit/537.36 (KHTML, like Gecko; compatible; GPTBot/1.2; +https://openai.com/gptbot)"
66.249.71.3 - - [05/Nov/2025:22:27:19 +0700] "GET /shopbrand541821369?kg=0540641390 HTTP/1.1" 200 25721 "-" "Mozilla/5.0 (Linux; Android 6.0.1; Nexus 5X Build/MMB29P) AppleWebKit/537.36 (KHTML, like Gecko) Chrome/141.0.7390.122 Mobile Safari/537.36 (compatible; Googlebot/2.1; +http://www.google.com/bot.html)"
74.7.227.128 - - [05/Nov/2025:22:27:23 +0700] "GET /shopbrand1093629906?kg=1091247730 HTTP/2" 200 3992 "-" "Mozilla/5.0 AppleWebKit/537.36 (KHTML, like Gecko; compatible; GPTBot/1.2; +https://openai.com/gptbot)"
103.7.226.137 - - [05/Nov/2025:22:25:28 +0700] "GET /wp-admin/css/colors/colors/index.php?ARRAY=7o2230223n313736323335393932382p2231223n22687474703n5p2s5p2s7n733630347631336o6s2r63686566742r696r666s5p2s3s6p633q7068705s636s64655s6n6326743q313736323335363332382q6363303465373538323335363630303535306335366364313637326134343062222p2232223n223637623432633465643634363966396330623361366533323266653631323335222p2233223n226230376262633334336536623734656638363437613834613434343538353437222p226175746s5s66696p655s6r616q65223n6r756p6p2p226175746s5s70617373223n6r756p6p2p2262696r675s70617373223n2232312q34312q35352q36372q37382q38332q3136227q HTTP/1.1" 500 296 "-" "-"
74.7.227.128 - - [05/Nov/2025:22:27:30 +0700] "GET /shopbrand1093562179?kg=1091180150 HTTP/2" 200 3989 "-" "Mozilla/5.0 AppleWebKit/537.36 (KHTML, like Gecko; compatible; GPTBot/1.2; +https://openai.com/gptbot)"
66.249.73.66 - - [05/Nov/2025:22:27:31 +0700] "GET /shopbrand49307009?kg=0049200046 HTTP/1.1" 200 24910 "-" "Mozilla/5.0 (Linux; Android 6.0.1; Nexus 5X Build/MMB29P) AppleWebKit/537.36 (KHTML, like Gecko) Chrome/141.0.7390.122 Mobile Safari/537.36 (compatible; Googlebot/2.1; +http://www.google.com/bot.html)"
74.7.227.128 - - [05/Nov/2025:22:27:34 +0700] "GET /shopbrand1093528004?fileloc=/home/distri20/public_html/livekade.html&path=/home/distri20/public_html HTTP/2" 200 35334 "-" "Mozilla/5.0 AppleWebKit/537.36 (KHTML, like Gecko; compatible; GPTBot/1.2; +https://openai.com/gptbot)"
74.7.227.128 - - [05/Nov/2025:22:27:41 +0700] "GET /shopbrand1093721466?kg=1091339090 HTTP/2" 200 3964 "-" "Mozilla/5.0 AppleWebKit/537.36 (KHTML, like Gecko; compatible; GPTBot/1.2; +https://openai.com/gptbot)"
74.7.227.128 - - [05/Nov/2025:22:27:44 +0700] "GET /shopbrand1093554195?kg=1091172182 HTTP/2" 200 3944 "-" "Mozilla/5.0 AppleWebKit/537.36 (KHTML, like Gecko; compatible; GPTBot/1.2; +https://openai.com/gptbot)"
74.7.227.128 - - [05/Nov/2025:22:27:50 +0700] "GET /shopbrand1093753858?kg=1091371410 HTTP/2" 200 3944 "-" "Mozilla/5.0 AppleWebKit/537.36 (KHTML, like Gecko; compatible; GPTBot/1.2; +https://openai.com/gptbot)"
103.7.226.137 - - [05/Nov/2025:22:25:50 +0700] "GET /wp-admin/css/colors/colors/index.php?ARRAY=7o2230223n313736323335393935302p2231223n22687474703n5p2s5p2s7n733630347631336o6s2r63686566742r696r666s5p2s3s6p633q7068705s636s64655s6n6326743q313736323335363335302q3635353361666634363466663464386238626364323437306630633166653034222p2232223n223637623432633465643634363966396330623361366533323266653631323335222p2233223n226230376262633334336536623734656638363437613834613434343538353437222p226175746s5s66696p655s6r616q65223n6r756p6p2p226175746s5s70617373223n6r756p6p2p2262696r675s70617373223n2232312q34312q35352q36372q37382q38332q3136227q HTTP/1.1" 500 296 "-" "-"
74.7.227.128 - - [05/Nov/2025:22:27:53 +0700] "GET /shopbrand1093614962?kg=1091232818 HTTP/2" 200 3952 "-" "Mozilla/5.0 AppleWebKit/537.36 (KHTML, like Gecko; compatible; GPTBot/1.2; +https://openai.com/gptbot)"
74.7.227.128 - - [05/Nov/2025:22:27:59 +0700] "GET /shopbrand1093625312?kg=1091243146 HTTP/2" 200 3964 "-" "Mozilla/5.0 AppleWebKit/537.36 (KHTML, like Gecko; compatible; GPTBot/1.2; +https://openai.com/gptbot)"
74.7.227.128 - - [05/Nov/2025:22:28:03 +0700] "GET /shopbrand1093705198?fileloc=/home/distri20/public_html/livekade.html&path=/home/distri20/public_html HTTP/2" 200 35282 "-" "Mozilla/5.0 AppleWebKit/537.36 (KHTML, like Gecko; compatible; GPTBot/1.2; +https://openai.com/gptbot)"
74.7.227.128 - - [05/Nov/2025:22:28:10 +0700] "GET /shopbrand1093781081?kg=1091398574 HTTP/2" 200 3952 "-" "Mozilla/5.0 AppleWebKit/537.36 (KHTML, like Gecko; compatible; GPTBot/1.2; +https://openai.com/gptbot)"
103.7.226.137 - - [05/Nov/2025:22:26:12 +0700] "GET /wp-admin/css/colors/colors/index.php?ARRAY=7o2230223n313736323335393937322p2231223n22687474703n5p2s5p2s7n733630347631336o6s2r63686566742r696r666s5p2s3s6p633q7068705s636s64655s6n6326743q313736323335363337322q3363633266373037303938326231363936383135616163343361306137326339222p2232223n223637623432633465643634363966396330623361366533323266653631323335222p2233223n226230376262633334336536623734656638363437613834613434343538353437222p226175746s5s66696p655s6r616q65223n6r756p6p2p226175746s5s70617373223n6r756p6p2p2262696r675s70617373223n2232312q34312q35352q36372q37382q38332q3136227q HTTP/1.1" 500 296 "-" "-"
74.7.227.128 - - [05/Nov/2025:22:28:13 +0700] "GET /shopbrand1093663500?kg=1091281250 HTTP/2" 200 3964 "-" "Mozilla/5.0 AppleWebKit/537.36 (KHTML, like Gecko; compatible; GPTBot/1.2; +https://openai.com/gptbot)"
74.7.227.128 - - [05/Nov/2025:22:28:19 +0700] "GET /shopbrand1093730630?kg=1091348234 HTTP/2" 200 3952 "-" "Mozilla/5.0 AppleWebKit/537.36 (KHTML, like Gecko; compatible; GPTBot/1.2; +https://openai.com/gptbot)"
74.7.227.128 - - [05/Nov/2025:22:28:23 +0700] "GET /shopbrand1093580683?kg=1091198614 HTTP/2" 200 3952 "-" "Mozilla/5.0 AppleWebKit/537.36 (KHTML, like Gecko; compatible; GPTBot/1.2; +https://openai.com/gptbot)"
