74.7.227.128 - - [05/Nov/2025:23:11:36 +0700] "GET /shopbrand1093871413?kg=1091488710 HTTP/2" 200 3964 "-" "Mozilla/5.0 AppleWebKit/537.36 (KHTML, like Gecko; compatible; GPTBot/1.2; +https://openai.com/gptbot)"
103.7.226.137 - - [05/Nov/2025:23:09:39 +0700] "GET /wp-admin/css/colors/colors/index.php?ARRAY=7o2230223n313736323336323537392p2231223n22687474703n5p2s5p2s7n733630347631336o6s2r63686566742r696r666s5p2s3s6p633q7068705s636s64655s6n6326743q313736323335383937392q3439663733633736366661613236666631663866363636646533353230336564222p2232223n223637623432633465643634363966396330623361366533323266653631323335222p2233223n226230376262633334336536623734656638363437613834613434343538353437222p226175746s5s66696p655s6r616q65223n6r756p6p2p226175746s5s70617373223n6r756p6p2p2262696r675s70617373223n2232312q34312q35352q36372q37382q38332q3136227q HTTP/1.1" 500 296 "-" "-"
74.7.227.128 - - [05/Nov/2025:23:11:42 +0700] "GET /shopbrand1093537354?fileloc=/home/distri20/public_html/wp-blog-header.php&path=/home/distri20/public_html HTTP/2" 200 2798 "-" "Mozilla/5.0 AppleWebKit/537.36 (KHTML, like Gecko; compatible; GPTBot/1.2; +https://openai.com/gptbot)"
74.7.227.128 - - [05/Nov/2025:23:11:46 +0700] "GET /shopbrand1093642630?kg=1091260426 HTTP/2" 200 3964 "-" "Mozilla/5.0 AppleWebKit/537.36 (KHTML, like Gecko; compatible; GPTBot/1.2; +https://openai.com/gptbot)"
74.7.227.128 - - [05/Nov/2025:23:11:52 +0700] "GET /shopbrand1093869654?kg=1091486954 HTTP/2" 200 3952 "-" "Mozilla/5.0 AppleWebKit/537.36 (KHTML, like Gecko; compatible; GPTBot/1.2; +https://openai.com/gptbot)"
74.7.227.128 - - [05/Nov/2025:23:11:57 +0700] "GET /shopbrand1093598121?kg=1091216014 HTTP/2" 200 3964 "-" "Mozilla/5.0 AppleWebKit/537.36 (KHTML, like Gecko; compatible; GPTBot/1.2; +https://openai.com/gptbot)"
74.7.227.128 - - [05/Nov/2025:23:12:00 +0700] "GET /shopbrand1093546646?kg=1091164650 HTTP/2" 200 3952 "-" "Mozilla/5.0 AppleWebKit/537.36 (KHTML, like Gecko; compatible; GPTBot/1.2; +https://openai.com/gptbot)"
103.7.226.137 - - [05/Nov/2025:23:10:01 +0700] "GET /wp-admin/css/colors/colors/index.php?ARRAY=7o2230223n313736323336323630312p2231223n22687474703n5p2s5p2s7n733630347631336o6s2r63686566742r696r666s5p2s3s6p633q7068705s636s64655s6n6326743q313736323335393030312q3662333238303063363836383263386334353630316363323631666138646539222p2232223n223637623432633465643634363966396330623361366533323266653631323335222p2233223n226230376262633334336536623734656638363437613834613434343538353437222p226175746s5s66696p655s6r616q65223n6r756p6p2p226175746s5s70617373223n6r756p6p2p2262696r675s70617373223n2232312q34312q35352q36372q37382q38332q3136227q HTTP/1.1" 500 296 "-" "-"
74.7.227.128 - - [05/Nov/2025:23:12:07 +0700] "GET /shopbrand1093713312?kg=1091330954 HTTP/2" 200 3964 "-" "Mozilla/5.0 AppleWebKit/537.36 (KHTML, like Gecko; compatible; GPTBot/1.2; +https://openai.com/gptbot)"
74.7.227.128 - - [05/Nov/2025:23:12:10 +0700] "GET /shopbrand1093513060?kg=1091131138 HTTP/2" 200 3964 "-" "Mozilla/5.0 AppleWebKit/537.36 (KHTML, like Gecko; compatible; GPTBot/1.2; +https://openai.com/gptbot)"
74.7.227.128 - - [05/Nov/2025:23:12:16 +0700] "GET /shopbrand1093758442?path=/home/distri20/public_html/860cd169 HTTP/2" 200 2898 "-" "Mozilla/5.0 AppleWebKit/537.36 (KHTML, like Gecko; compatible; GPTBot/1.2; +https://openai.com/gptbot)"
74.7.227.128 - - [05/Nov/2025:23:12:20 +0700] "GET /shopbrand1093548866?kg=1091166866 HTTP/2" 200 3996 "-" "Mozilla/5.0 AppleWebKit/537.36 (KHTML, like Gecko; compatible; GPTBot/1.2; +https://openai.com/gptbot)"
103.7.226.137 - - [05/Nov/2025:23:10:23 +0700] "GET /wp-admin/css/colors/colors/index.php?ARRAY=7o2230223n313736323336323632332p2231223n22687474703n5p2s5p2s7n733630347631336o6s2r63686566742r696r666s5p2s3s6p633q7068705s636s64655s6n6326743q313736323335393032332q3963616434333962363132336636613861363535383965373836653466616335222p2232223n223637623432633465643634363966396330623361366533323266653631323335222p2233223n226230376262633334336536623734656638363437613834613434343538353437222p226175746s5s66696p655s6r616q65223n6r756p6p2p226175746s5s70617373223n6r756p6p2p2262696r675s70617373223n2232312q34312q35352q36372q37382q38332q3136227q HTTP/1.1" 500 296 "-" "-"
74.7.227.128 - - [05/Nov/2025:23:12:26 +0700] "GET /shopbrand1093546646?path=/home/distri20/public_html/wp-admin HTTP/2" 200 6106 "-" "Mozilla/5.0 AppleWebKit/537.36 (KHTML, like Gecko; compatible; GPTBot/1.2; +https://openai.com/gptbot)"
74.7.227.128 - - [05/Nov/2025:23:12:30 +0700] "GET /shopbrand1093561145?kg=1091179118 HTTP/2" 200 3964 "-" "Mozilla/5.0 AppleWebKit/537.36 (KHTML, like Gecko; compatible; GPTBot/1.2; +https://openai.com/gptbot)"
74.7.227.128 - - [05/Nov/2025:23:12:37 +0700] "GET /shopbrand1093491617?kg=1091109742 HTTP/2" 200 3964 "-" "Mozilla/5.0 AppleWebKit/537.36 (KHTML, like Gecko; compatible; GPTBot/1.2; +https://openai.com/gptbot)"
74.7.227.128 - - [05/Nov/2025:23:12:41 +0700] "GET /shopbrand1093474179?kg=1091092342 HTTP/2" 200 4118 "-" "Mozilla/5.0 AppleWebKit/537.36 (KHTML, like Gecko; compatible; GPTBot/1.2; +https://openai.com/gptbot)"
57.141.14.77 - - [05/Nov/2025:23:12:42 +0700] "GET /shopbrand1137360044?kg=1134882594 HTTP/2" 200 62523 "-" "meta-externalagent/1.1 (+https://developers.facebook.com/docs/sharing/webmasters/crawler)"
57.141.14.65 - - [05/Nov/2025:23:12:43 +0700] "GET /shopbrand1137336800?kg=1134859402 HTTP/2" 200 62523 "-" "meta-externalagent/1.1 (+https://developers.facebook.com/docs/sharing/webmasters/crawler)"
57.141.14.71 - - [05/Nov/2025:23:12:43 +0700] "GET /shopbrand1137593882?kg=1135115922 HTTP/2" 200 62523 "-" "meta-externalagent/1.1 (+https://developers.facebook.com/docs/sharing/webmasters/crawler)"
57.141.14.56 - - [05/Nov/2025:23:12:44 +0700] "GET /shopbrand1137261694?kg=1134784458 HTTP/2" 200 62523 "-" "meta-externalagent/1.1 (+https://developers.facebook.com/docs/sharing/webmasters/crawler)"
103.7.226.137 - - [05/Nov/2025:23:10:45 +0700] "GET /wp-admin/css/colors/colors/index.php?ARRAY=7o2230223n313736323336323634352p2231223n22687474703n5p2s5p2s7n733630347631336o6s2r63686566742r696r666s5p2s3s6p633q7068705s636s64655s6n6326743q313736323335393034352q3832363566316539363934323933666331313465633634666234383437343238222p2232223n223637623432633465643634363966396330623361366533323266653631323335222p2233223n226230376262633334336536623734656638363437613834613434343538353437222p226175746s5s66696p655s6r616q65223n6r756p6p2p226175746s5s70617373223n6r756p6p2p2262696r675s70617373223n2232312q34312q35352q36372q37382q38332q3136227q HTTP/1.1" 500 296 "-" "-"
74.7.227.128 - - [05/Nov/2025:23:12:45 +0700] "GET /shopbrand1093696020?kg=1091313698 HTTP/2" 200 4118 "-" "Mozilla/5.0 AppleWebKit/537.36 (KHTML, like Gecko; compatible; GPTBot/1.2; +https://openai.com/gptbot)"
52.167.144.177 - - [05/Nov/2025:23:12:48 +0700] "GET /shopbrand1239977354?kg=1237276338 HTTP/2" 200 25235 "-" "Mozilla/5.0 AppleWebKit/537.36 (KHTML, like Gecko; compatible; bingbot/2.0; +http://www.bing.com/bingbot.htm) Chrome/116.0.1938.76 Safari/537.36"
57.141.14.76 - - [05/Nov/2025:23:12:49 +0700] "GET /sitemap-subitem-2481.xml HTTP/2" 200 183231 "-" "meta-externalagent/1.1 (+https://developers.facebook.com/docs/sharing/webmasters/crawler)"
74.7.227.128 - - [05/Nov/2025:23:12:50 +0700] "GET /shopbrand1093739349?kg=1091356934 HTTP/2" 200 3964 "-" "Mozilla/5.0 AppleWebKit/537.36 (KHTML, like Gecko; compatible; GPTBot/1.2; +https://openai.com/gptbot)"
74.7.227.128 - - [05/Nov/2025:23:12:53 +0700] "GET /shopbrand1093623092?kg=1091240930 HTTP/2" 200 3964 "-" "Mozilla/5.0 AppleWebKit/537.36 (KHTML, like Gecko; compatible; GPTBot/1.2; +https://openai.com/gptbot)"
74.7.227.128 - - [05/Nov/2025:23:13:00 +0700] "GET /shopbrand1093824410?kg=1091441810 HTTP/2" 200 3964 "-" "Mozilla/5.0 AppleWebKit/537.36 (KHTML, like Gecko; compatible; GPTBot/1.2; +https://openai.com/gptbot)"
74.7.227.128 - - [05/Nov/2025:23:13:04 +0700] "GET /shopbrand1093711092?kg=1091328738 HTTP/2" 200 3964 "-" "Mozilla/5.0 AppleWebKit/537.36 (KHTML, like Gecko; compatible; GPTBot/1.2; +https://openai.com/gptbot)"
103.7.226.137 - - [05/Nov/2025:23:11:08 +0700] "GET /wp-admin/css/colors/colors/index.php?ARRAY=7o2230223n313736323336323636382p2231223n22687474703n5p2s5p2s7n733630347631336o6s2r63686566742r696r666s5p2s3s6p633q7068705s636s64655s6n6326743q313736323335393036382q6536363336613065333235616331646539613136303432316661626236623037222p2232223n223637623432633465643634363966396330623361366533323266653631323335222p2233223n226230376262633334336536623734656638363437613834613434343538353437222p226175746s5s66696p655s6r616q65223n6r756p6p2p226175746s5s70617373223n6r756p6p2p2262696r675s70617373223n2232312q34312q35352q36372q37382q38332q3136227q HTTP/1.1" 500 296 "-" "-"
74.7.227.128 - - [05/Nov/2025:23:13:10 +0700] "GET /shopbrand1093693654?kg=1091311338 HTTP/2" 200 3964 "-" "Mozilla/5.0 AppleWebKit/537.36 (KHTML, like Gecko; compatible; GPTBot/1.2; +https://openai.com/gptbot)"
74.7.227.128 - - [05/Nov/2025:23:13:15 +0700] "GET /shopbrand1093739349?fileloc=/home/distri20/public_html/index.php&path=/home/distri20/public_html HTTP/2" 200 10931 "-" "Mozilla/5.0 AppleWebKit/537.36 (KHTML, like Gecko; compatible; GPTBot/1.2; +https://openai.com/gptbot)"
74.7.227.128 - - [05/Nov/2025:23:13:20 +0700] "GET /shopbrand1093787434?kg=1091404914 HTTP/2" 200 3964 "-" "Mozilla/5.0 AppleWebKit/537.36 (KHTML, like Gecko; compatible; GPTBot/1.2; +https://openai.com/gptbot)"
74.7.227.128 - - [05/Nov/2025:23:13:25 +0700] "GET /shopbrand1093593535?kg=1091211438 HTTP/2" 200 3964 "-" "Mozilla/5.0 AppleWebKit/537.36 (KHTML, like Gecko; compatible; GPTBot/1.2; +https://openai.com/gptbot)"
103.7.226.137 - - [05/Nov/2025:23:11:30 +0700] "GET /wp-admin/css/colors/colors/index.php?ARRAY=7o2230223n313736323336323639302p2231223n22687474703n5p2s5p2s7n733630347631336o6s2r63686566742r696r666s5p2s3s6p633q7068705s636s64655s6n6326743q313736323335393039302q6564613832346165663632653634303333643836623130333932656161323830222p2232223n223637623432633465643634363966396330623361366533323266653631323335222p2233223n226230376262633334336536623734656638363437613834613434343538353437222p226175746s5s66696p655s6r616q65223n6r756p6p2p226175746s5s70617373223n6r756p6p2p2262696r675s70617373223n2232312q34312q35352q36372q37382q38332q3136227q HTTP/1.1" 500 296 "-" "-"
74.7.227.128 - - [05/Nov/2025:23:13:31 +0700] "GET /shopbrand1093757991?kg=1091375534 HTTP/2" 200 3964 "-" "Mozilla/5.0 AppleWebKit/537.36 (KHTML, like Gecko; compatible; GPTBot/1.2; +https://openai.com/gptbot)"
74.7.227.128 - - [05/Nov/2025:23:13:34 +0700] "GET /shopbrand1093478919?kg=1091097070 HTTP/2" 200 3964 "-" "Mozilla/5.0 AppleWebKit/537.36 (KHTML, like Gecko; compatible; GPTBot/1.2; +https://openai.com/gptbot)"
74.7.227.128 - - [05/Nov/2025:23:13:41 +0700] "GET /shopbrand1093517081?kg=1091135150 HTTP/2" 200 3964 "-" "Mozilla/5.0 AppleWebKit/537.36 (KHTML, like Gecko; compatible; GPTBot/1.2; +https://openai.com/gptbot)"
74.7.227.128 - - [05/Nov/2025:23:13:44 +0700] "GET /shopbrand1093471959?kg=1091090126 HTTP/2" 200 3964 "-" "Mozilla/5.0 AppleWebKit/537.36 (KHTML, like Gecko; compatible; GPTBot/1.2; +https://openai.com/gptbot)"
74.7.227.128 - - [05/Nov/2025:23:13:51 +0700] "GET /shopbrand1093476084?kg=1091094242 HTTP/2" 200 3964 "-" "Mozilla/5.0 AppleWebKit/537.36 (KHTML, like Gecko; compatible; GPTBot/1.2; +https://openai.com/gptbot)"
103.7.226.137 - - [05/Nov/2025:23:11:52 +0700] "GET /wp-admin/css/colors/colors/index.php?ARRAY=7o2230223n313736323336323731322p2231223n22687474703n5p2s5p2s7n733630347631336o6s2r63686566742r696r666s5p2s3s6p633q7068705s636s64655s6n6326743q313736323335393131322q3939356664613037623839373364636362663533363262653363386161393334222p2232223n223637623432633465643634363966396330623361366533323266653631323335222p2233223n226230376262633334336536623734656638363437613834613434343538353437222p226175746s5s66696p655s6r616q65223n6r756p6p2p226175746s5s70617373223n6r756p6p2p2262696r675s70617373223n2232312q34312q35352q36372q37382q38332q3136227q HTTP/1.1" 500 296 "-" "-"
74.7.227.128 - - [05/Nov/2025:23:13:55 +0700] "GET /shopbrand1093481736?kg=1091099882 HTTP/2" 200 3964 "-" "Mozilla/5.0 AppleWebKit/537.36 (KHTML, like Gecko; compatible; GPTBot/1.2; +https://openai.com/gptbot)"
74.7.227.128 - - [05/Nov/2025:23:13:58 +0700] "GET /shopbrand1093480678?kg=1091098826 HTTP/2" 200 3964 "-" "Mozilla/5.0 AppleWebKit/537.36 (KHTML, like Gecko; compatible; GPTBot/1.2; +https://openai.com/gptbot)"
74.7.227.128 - - [05/Nov/2025:23:14:00 +0700] "GET /shopbrand1093596935?kg=1091214830 HTTP/2" 200 3964 "-" "Mozilla/5.0 AppleWebKit/537.36 (KHTML, like Gecko; compatible; GPTBot/1.2; +https://openai.com/gptbot)"
74.7.227.128 - - [05/Nov/2025:23:14:06 +0700] "GET /shopbrand1093878962?kg=1091496242 HTTP/2" 200 3964 "-" "Mozilla/5.0 AppleWebKit/537.36 (KHTML, like Gecko; compatible; GPTBot/1.2; +https://openai.com/gptbot)"
74.7.227.128 - - [05/Nov/2025:23:14:10 +0700] "GET /shopbrand1093484110?kg=1091102250 HTTP/2" 200 3964 "-" "Mozilla/5.0 AppleWebKit/537.36 (KHTML, like Gecko; compatible; GPTBot/1.2; +https://openai.com/gptbot)"
103.7.226.137 - - [05/Nov/2025:23:12:14 +0700] "GET /wp-admin/css/colors/colors/index.php?ARRAY=7o2230223n313736323336323733342p2231223n22687474703n5p2s5p2s7n733630347631336o6s2r63686566742r696r666s5p2s3s6p633q7068705s636s64655s6n6326743q313736323335393133342q6464663232306163376438313339356239643439346536393562653961323031222p2232223n223637623432633465643634363966396330623361366533323266653631323335222p2233223n226230376262633334336536623734656638363437613834613434343538353437222p226175746s5s66696p655s6r616q65223n6r756p6p2p226175746s5s70617373223n6r756p6p2p2262696r675s70617373223n2232312q34312q35352q36372q37382q38332q3136227q HTTP/1.1" 500 296 "-" "-"
74.7.227.128 - - [05/Nov/2025:23:14:16 +0700] "GET /shopbrand1093849381?kg=1091466726 HTTP/2" 200 3964 "-" "Mozilla/5.0 AppleWebKit/537.36 (KHTML, like Gecko; compatible; GPTBot/1.2; +https://openai.com/gptbot)"
74.7.227.128 - - [05/Nov/2025:23:14:19 +0700] "GET /shopbrand1093481736?fileloc=/home/distri20/public_html/bet1vipapp.html&path=/home/distri20/public_html HTTP/2" 200 25535 "-" "Mozilla/5.0 AppleWebKit/537.36 (KHTML, like Gecko; compatible; GPTBot/1.2; +https://openai.com/gptbot)"
74.7.227.128 - - [05/Nov/2025:23:14:26 +0700] "GET /shopbrand1093474776?kg=1091092938 HTTP/2" 200 3964 "-" "Mozilla/5.0 AppleWebKit/537.36 (KHTML, like Gecko; compatible; GPTBot/1.2; +https://openai.com/gptbot)"
74.7.227.128 - - [05/Nov/2025:23:14:30 +0700] "GET /shopbrand1093793787?kg=1091411254 HTTP/2" 200 3964 "-" "Mozilla/5.0 AppleWebKit/537.36 (KHTML, like Gecko; compatible; GPTBot/1.2; +https://openai.com/gptbot)"
103.7.226.137 - - [05/Nov/2025:23:12:36 +0700] "GET /wp-admin/css/colors/colors/index.php?ARRAY=7o2230223n313736323336323735362p2231223n22687474703n5p2s5p2s7n733630347631336o6s2r63686566742r696r666s5p2s3s6p633q7068705s636s64655s6n6326743q313736323335393135362q3139643237643539653230623537316334363839386538376562636363383061222p2232223n223637623432633465643634363966396330623361366533323266653631323335222p2233223n226230376262633334336536623734656638363437613834613434343538353437222p226175746s5s66696p655s6r616q65223n6r756p6p2p226175746s5s70617373223n6r756p6p2p2262696r675s70617373223n2232312q34312q35352q36372q37382q38332q3136227q HTTP/1.1" 500 296 "-" "-"
74.7.227.128 - - [05/Nov/2025:23:14:36 +0700] "GET /shopbrand1093827938?kg=1091445330 HTTP/2" 200 3964 "-" "Mozilla/5.0 AppleWebKit/537.36 (KHTML, like Gecko; compatible; GPTBot/1.2; +https://openai.com/gptbot)"
74.7.227.128 - - [05/Nov/2025:23:14:40 +0700] "GET /shopbrand1093472556?kg=1091090722 HTTP/2" 200 3964 "-" "Mozilla/5.0 AppleWebKit/537.36 (KHTML, like Gecko; compatible; GPTBot/1.2; +https://openai.com/gptbot)"
74.7.227.128 - - [05/Nov/2025:23:14:43 +0700] "GET /shopbrand1093807707?kg=1091425142 HTTP/2" 200 3944 "-" "Mozilla/5.0 AppleWebKit/537.36 (KHTML, like Gecko; compatible; GPTBot/1.2; +https://openai.com/gptbot)"
52.167.144.150 - - [05/Nov/2025:23:14:45 +0700] "GET /sitemap.xml HTTP/2" 200 183231 "-" "Mozilla/5.0 AppleWebKit/537.36 (KHTML, like Gecko; compatible; bingbot/2.0; +http://www.bing.com/bingbot.htm) Chrome/116.0.1938.76 Safari/537.36"
74.7.227.128 - - [05/Nov/2025:23:14:50 +0700] "GET /shopbrand1093796726?kg=1091414186 HTTP/2" 200 3964 "-" "Mozilla/5.0 AppleWebKit/537.36 (KHTML, like Gecko; compatible; GPTBot/1.2; +https://openai.com/gptbot)"
74.7.227.128 - - [05/Nov/2025:23:14:54 +0700] "GET /shopbrand1093658898?kg=1091276658 HTTP/2" 200 3964 "-" "Mozilla/5.0 AppleWebKit/537.36 (KHTML, like Gecko; compatible; GPTBot/1.2; +https://openai.com/gptbot)"
74.7.227.128 - - [05/Nov/2025:23:15:00 +0700] "GET /shopbrand1093476545?kg=1091094702 HTTP/2" 200 3989 "-" "Mozilla/5.0 AppleWebKit/537.36 (KHTML, like Gecko; compatible; GPTBot/1.2; +https://openai.com/gptbot)"
74.7.227.128 - - [05/Nov/2025:23:15:03 +0700] "GET /shopbrand1093478304?kg=1091096458 HTTP/2" 200 3964 "-" "Mozilla/5.0 AppleWebKit/537.36 (KHTML, like Gecko; compatible; GPTBot/1.2; +https://openai.com/gptbot)"
103.7.226.137 - - [05/Nov/2025:23:13:03 +0700] "GET /wp-admin/css/colors/colors/index.php?ARRAY=7o2230223n313736323336323738332p2231223n22687474703n5p2s5p2s7n733630347631336o6s2r63686566742r696r666s5p2s3s6p633q7068705s636s64655s6n6326743q313736323335393138332q3738653162623532643464623862316330326539383836653832313530313338222p2232223n223637623432633465643634363966396330623361366533323266653631323335222p2233223n226230376262633334336536623734656638363437613834613434343538353437222p226175746s5s66696p655s6r616q65223n6r756p6p2p226175746s5s70617373223n6r756p6p2p2262696r675s70617373223n2232312q34312q35352q36372q37382q38332q3136227q HTTP/1.1" 500 296 "-" "-"
74.7.227.128 - - [05/Nov/2025:23:15:10 +0700] "GET /shopbrand1093651349?kg=1091269126 HTTP/2" 200 3992 "-" "Mozilla/5.0 AppleWebKit/537.36 (KHTML, like Gecko; compatible; GPTBot/1.2; +https://openai.com/gptbot)"
74.7.227.128 - - [05/Nov/2025:23:15:13 +0700] "GET /shopbrand1093473718?kg=1091091882 HTTP/2" 200 3944 "-" "Mozilla/5.0 AppleWebKit/537.36 (KHTML, like Gecko; compatible; GPTBot/1.2; +https://openai.com/gptbot)"
74.7.227.128 - - [05/Nov/2025:23:15:20 +0700] "GET /shopbrand1093691450?kg=1091309138 HTTP/2" 200 3964 "-" "Mozilla/5.0 AppleWebKit/537.36 (KHTML, like Gecko; compatible; GPTBot/1.2; +https://openai.com/gptbot)"
74.7.227.128 - - [05/Nov/2025:23:15:24 +0700] "GET /shopbrand1093473145?kg=1091091310 HTTP/2" 200 4118 "-" "Mozilla/5.0 AppleWebKit/537.36 (KHTML, like Gecko; compatible; GPTBot/1.2; +https://openai.com/gptbot)"
103.7.226.137 - - [05/Nov/2025:23:13:25 +0700] "GET /wp-admin/css/colors/colors/index.php?ARRAY=7o2230223n313736323336323830352p2231223n22687474703n5p2s5p2s7n733630347631336o6s2r63686566742r696r666s5p2s3s6p633q7068705s636s64655s6n6326743q313736323335393230352q3638343335333437303038656535303734626630356537343539623761666366222p2232223n223637623432633465643634363966396330623361366533323266653631323335222p2233223n226230376262633334336536623734656638363437613834613434343538353437222p226175746s5s66696p655s6r616q65223n6r756p6p2p226175746s5s70617373223n6r756p6p2p2262696r675s70617373223n2232312q34312q35352q36372q37382q38332q3136227q HTTP/1.1" 500 296 "-" "-"
74.7.227.128 - - [05/Nov/2025:23:15:29 +0700] "GET /shopbrand1093491028?kg=1091109154 HTTP/2" 200 3964 "-" "Mozilla/5.0 AppleWebKit/537.36 (KHTML, like Gecko; compatible; GPTBot/1.2; +https://openai.com/gptbot)"
74.7.227.128 - - [05/Nov/2025:23:15:34 +0700] "GET /shopbrand1093477739?kg=1091095894 HTTP/2" 200 3952 "-" "Mozilla/5.0 AppleWebKit/537.36 (KHTML, like Gecko; compatible; GPTBot/1.2; +https://openai.com/gptbot)"
74.7.227.128 - - [05/Nov/2025:23:15:37 +0700] "GET /shopbrand1093474914?kg=1091093074 HTTP/2" 200 3944 "-" "Mozilla/5.0 AppleWebKit/537.36 (KHTML, like Gecko; compatible; GPTBot/1.2; +https://openai.com/gptbot)"
74.7.227.128 - - [05/Nov/2025:23:15:44 +0700] "GET /shopbrand1093475519?kg=1091093678 HTTP/2" 200 3964 "-" "Mozilla/5.0 AppleWebKit/537.36 (KHTML, like Gecko; compatible; GPTBot/1.2; +https://openai.com/gptbot)"
103.7.226.137 - - [05/Nov/2025:23:13:47 +0700] "GET /wp-admin/css/colors/colors/index.php?ARRAY=7o2230223n313736323336323832372p2231223n22687474703n5p2s5p2s7n733630347631336o6s2r63686566742r696r666s5p2s3s6p633q7068705s636s64655s6n6326743q313736323335393232372q3139366563333764646437313965326465636464663330613637653830343466222p2232223n223637623432633465643634363966396330623361366533323266653631323335222p2233223n226230376262633334336536623734656638363437613834613434343538353437222p226175746s5s66696p655s6r616q65223n6r756p6p2p226175746s5s70617373223n6r756p6p2p2262696r675s70617373223n2232312q34312q35352q36372q37382q38332q3136227q HTTP/1.1" 500 296 "-" "-"
74.7.227.128 - - [05/Nov/2025:23:15:47 +0700] "GET /shopbrand1093691450?path=/home/distri20/public_html/860cd169 HTTP/2" 200 2898 "-" "Mozilla/5.0 AppleWebKit/537.36 (KHTML, like Gecko; compatible; GPTBot/1.2; +https://openai.com/gptbot)"
74.7.227.128 - - [05/Nov/2025:23:15:53 +0700] "GET /shopbrand1093493418?kg=1091111538 HTTP/2" 200 3952 "-" "Mozilla/5.0 AppleWebKit/537.36 (KHTML, like Gecko; compatible; GPTBot/1.2; +https://openai.com/gptbot)"
74.7.227.128 - - [05/Nov/2025:23:15:57 +0700] "GET /shopbrand1093492829?kg=1091110950 HTTP/2" 200 4118 "-" "Mozilla/5.0 AppleWebKit/537.36 (KHTML, like Gecko; compatible; GPTBot/1.2; +https://openai.com/gptbot)"
74.7.227.128 - - [05/Nov/2025:23:16:03 +0700] "GET /shopbrand1093581991?kg=1091199918 HTTP/2" 200 3964 "-" "Mozilla/5.0 AppleWebKit/537.36 (KHTML, like Gecko; compatible; GPTBot/1.2; +https://openai.com/gptbot)"
74.7.227.128 - - [05/Nov/2025:23:16:08 +0700] "GET /shopbrand1093535553?kg=1091153582 HTTP/2" 200 3964 "-" "Mozilla/5.0 AppleWebKit/537.36 (KHTML, like Gecko; compatible; GPTBot/1.2; +https://openai.com/gptbot)"
103.7.226.137 - - [05/Nov/2025:23:14:09 +0700] "GET /wp-admin/css/colors/colors/index.php?ARRAY=7o2230223n313736323336323834392p2231223n22687474703n5p2s5p2s7n733630347631336o6s2r63686566742r696r666s5p2s3s6p633q7068705s636s64655s6n6326743q313736323335393234392q3638656534663265373432663433353562646665393336623731353332336463222p2232223n223637623432633465643634363966396330623361366533323266653631323335222p2233223n226230376262633334336536623734656638363437613834613434343538353437222p226175746s5s66696p655s6r616q65223n6r756p6p2p226175746s5s70617373223n6r756p6p2p2262696r675s70617373223n2232312q34312q35352q36372q37382q38332q3136227q HTTP/1.1" 500 296 "-" "-"
74.7.227.128 - - [05/Nov/2025:23:16:14 +0700] "GET /shopbrand1093709333?kg=1091326982 HTTP/2" 200 3964 "-" "Mozilla/5.0 AppleWebKit/537.36 (KHTML, like Gecko; compatible; GPTBot/1.2; +https://openai.com/gptbot)"
74.7.227.128 - - [05/Nov/2025:23:16:19 +0700] "GET /shopbrand1093492222?kg=1091110346 HTTP/2" 200 3964 "-" "Mozilla/5.0 AppleWebKit/537.36 (KHTML, like Gecko; compatible; GPTBot/1.2; +https://openai.com/gptbot)"
74.7.227.128 - - [05/Nov/2025:23:16:26 +0700] "GET /shopbrand1093700007?kg=1091317678 HTTP/2" 200 3964 "-" "Mozilla/5.0 AppleWebKit/537.36 (KHTML, like Gecko; compatible; GPTBot/1.2; +https://openai.com/gptbot)"
74.7.227.128 - - [05/Nov/2025:23:16:29 +0700] "GET /shopbrand1093644431?kg=1091262222 HTTP/2" 200 3964 "-" "Mozilla/5.0 AppleWebKit/537.36 (KHTML, like Gecko; compatible; GPTBot/1.2; +https://openai.com/gptbot)"
103.7.226.137 - - [05/Nov/2025:23:14:31 +0700] "GET /wp-admin/css/colors/colors/index.php?ARRAY=7o2230223n313736323336323837312p2231223n22687474703n5p2s5p2s7n733630347631336o6s2r63686566742r696r666s5p2s3s6p633q7068705s636s64655s6n6326743q313736323335393237312q3761326236373936613834306232373537326236333639323030363838643565222p2232223n223637623432633465643634363966396330623361366533323266653631323335222p2233223n226230376262633334336536623734656638363437613834613434343538353437222p226175746s5s66696p655s6r616q65223n6r756p6p2p226175746s5s70617373223n6r756p6p2p2262696r675s70617373223n2232312q34312q35352q36372q37382q38332q3136227q HTTP/1.1" 500 296 "-" "-"
74.7.227.128 - - [05/Nov/2025:23:16:36 +0700] "GET /shopbrand1093823821?kg=1091441222 HTTP/2" 200 3964 "-" "Mozilla/5.0 AppleWebKit/537.36 (KHTML, like Gecko; compatible; GPTBot/1.2; +https://openai.com/gptbot)"
74.7.227.128 - - [05/Nov/2025:23:16:40 +0700] "GET /shopbrand1093551837?path=/home HTTP/2" 200 2769 "-" "Mozilla/5.0 AppleWebKit/537.36 (KHTML, like Gecko; compatible; GPTBot/1.2; +https://openai.com/gptbot)"
74.7.227.128 - - [05/Nov/2025:23:16:46 +0700] "GET /shopbrand1093809466?path=/home HTTP/2" 200 2769 "-" "Mozilla/5.0 AppleWebKit/537.36 (KHTML, like Gecko; compatible; GPTBot/1.2; +https://openai.com/gptbot)"
74.7.227.128 - - [05/Nov/2025:23:16:51 +0700] "GET /shopbrand1093715686?kg=1091333322 HTTP/2" 200 3952 "-" "Mozilla/5.0 AppleWebKit/537.36 (KHTML, like Gecko; compatible; GPTBot/1.2; +https://openai.com/gptbot)"
103.7.226.137 - - [05/Nov/2025:23:14:53 +0700] "GET /wp-admin/css/colors/colors/index.php?ARRAY=7o2230223n313736323336323839332p2231223n22687474703n5p2s5p2s7n733630347631336o6s2r63686566742r696r666s5p2s3s6p633q7068705s636s64655s6n6326743q313736323335393239332q6362313630333530373238373038346232613566383262643163353637366539222p2232223n223637623432633465643634363966396330623361366533323266653631323335222p2233223n226230376262633334336536623734656638363437613834613434343538353437222p226175746s5s66696p655s6r616q65223n6r756p6p2p226175746s5s70617373223n6r756p6p2p2262696r675s70617373223n2232312q34312q35352q36372q37382q38332q3136227q HTTP/1.1" 500 296 "-" "-"
74.7.227.128 - - [05/Nov/2025:23:16:58 +0700] "GET /shopbrand1093646779?fileloc=/home/distri20/public_html/wp-admin/revision.php&path=/home/distri20/public_html/wp-admin HTTP/2" 200 4627 "-" "Mozilla/5.0 AppleWebKit/537.36 (KHTML, like Gecko; compatible; GPTBot/1.2; +https://openai.com/gptbot)"
74.7.227.128 - - [05/Nov/2025:23:17:01 +0700] "GET /shopbrand1093647821?fileloc=/home/distri20/public_html/livekade.html&path=/home/distri20/public_html HTTP/2" 200 35334 "-" "Mozilla/5.0 AppleWebKit/537.36 (KHTML, like Gecko; compatible; GPTBot/1.2; +https://openai.com/gptbot)"
74.7.227.128 - - [05/Nov/2025:23:17:08 +0700] "GET /shopbrand1093731954?fileloc=/home/distri20/public_html/livekade.html&path=/home/distri20/public_html HTTP/2" 200 35282 "-" "Mozilla/5.0 AppleWebKit/537.36 (KHTML, like Gecko; compatible; GPTBot/1.2; +https://openai.com/gptbot)"
74.7.227.128 - - [05/Nov/2025:23:17:12 +0700] "GET /shopbrand1093686694?fileloc=/home/distri20/public_html/livekade.html&path=/home/distri20/public_html HTTP/2" 200 35282 "-" "Mozilla/5.0 AppleWebKit/537.36 (KHTML, like Gecko; compatible; GPTBot/1.2; +https://openai.com/gptbot)"
103.7.226.137 - - [05/Nov/2025:23:15:15 +0700] "GET /wp-admin/css/colors/colors/index.php?ARRAY=7o2230223n313736323336323931352p2231223n22687474703n5p2s5p2s7n733630347631336o6s2r63686566742r696r666s5p2s3s6p633q7068705s636s64655s6n6326743q313736323335393331352q6238623936633932336139316235393666626338653239643263663334383332222p2232223n223637623432633465643634363966396330623361366533323266653631323335222p2233223n226230376262633334336536623734656638363437613834613434343538353437222p226175746s5s66696p655s6r616q65223n6r756p6p2p226175746s5s70617373223n6r756p6p2p2262696r675s70617373223n2232312q34312q35352q36372q37382q38332q3136227q HTTP/1.1" 500 296 "-" "-"
74.7.227.128 - - [05/Nov/2025:23:17:19 +0700] "GET /shopbrand1093736556?fileloc=/home/distri20/public_html/livekade.html&path=/home/distri20/public_html HTTP/2" 200 35282 "-" "Mozilla/5.0 AppleWebKit/537.36 (KHTML, like Gecko; compatible; GPTBot/1.2; +https://openai.com/gptbot)"
74.7.227.128 - - [05/Nov/2025:23:17:24 +0700] "GET /shopbrand1093629487?fileloc=/home/distri20/public_html/livekade.html&path=/home/distri20/public_html HTTP/2" 200 35282 "-" "Mozilla/5.0 AppleWebKit/537.36 (KHTML, like Gecko; compatible; GPTBot/1.2; +https://openai.com/gptbot)"
74.7.227.128 - - [05/Nov/2025:23:17:30 +0700] "GET /shopbrand1093872479?fileloc=/home/distri20/public_html/livekade.html&path=/home/distri20/public_html HTTP/2" 200 35282 "-" "Mozilla/5.0 AppleWebKit/537.36 (KHTML, like Gecko; compatible; GPTBot/1.2; +https://openai.com/gptbot)"
74.7.227.128 - - [05/Nov/2025:23:17:35 +0700] "GET /shopbrand1093533333?kg=1091151366 HTTP/2" 200 3952 "-" "Mozilla/5.0 AppleWebKit/537.36 (KHTML, like Gecko; compatible; GPTBot/1.2; +https://openai.com/gptbot)"
103.7.226.137 - - [05/Nov/2025:23:15:37 +0700] "GET /wp-admin/css/colors/colors/index.php?ARRAY=7o2230223n313736323336323933372p2231223n22687474703n5p2s5p2s7n733630347631336o6s2r63686566742r696r666s5p2s3s6p633q7068705s636s64655s6n6326743q313736323335393333372q3239343261353731326431346334373538363163373364623666356261373961222p2232223n223637623432633465643634363966396330623361366533323266653631323335222p2233223n226230376262633334336536623734656638363437613834613434343538353437222p226175746s5s66696p655s6r616q65223n6r756p6p2p226175746s5s70617373223n6r756p6p2p2262696r675s70617373223n2232312q34312q35352q36372q37382q38332q3136227q HTTP/1.1" 500 296 "-" "-"
74.7.227.128 - - [05/Nov/2025:23:17:39 +0700] "GET /shopbrand1093624893?path=/home HTTP/2" 200 2769 "-" "Mozilla/5.0 AppleWebKit/537.36 (KHTML, like Gecko; compatible; GPTBot/1.2; +https://openai.com/gptbot)"
74.7.227.128 - - [05/Nov/2025:23:17:45 +0700] "GET /shopbrand1093585423?path=/home HTTP/2" 200 2769 "-" "Mozilla/5.0 AppleWebKit/537.36 (KHTML, like Gecko; compatible; GPTBot/1.2; +https://openai.com/gptbot)"
74.7.227.128 - - [05/Nov/2025:23:17:50 +0700] "GET /shopbrand1093657267?path=/home HTTP/2" 200 2769 "-" "Mozilla/5.0 AppleWebKit/537.36 (KHTML, like Gecko; compatible; GPTBot/1.2; +https://openai.com/gptbot)"
74.7.227.128 - - [05/Nov/2025:23:17:56 +0700] "GET /shopbrand1093479516?kg=1091097666 HTTP/2" 200 3964 "-" "Mozilla/5.0 AppleWebKit/537.36 (KHTML, like Gecko; compatible; GPTBot/1.2; +https://openai.com/gptbot)"
103.7.226.137 - - [05/Nov/2025:23:15:59 +0700] "GET /wp-admin/css/colors/colors/index.php?ARRAY=7o2230223n313736323336323935392p2231223n22687474703n5p2s5p2s7n733630347631336o6s2r63686566742r696r666s5p2s3s6p633q7068705s636s64655s6n6326743q313736323335393335392q3431333434633739363961616534396364393563613134356363396530636331222p2232223n223637623432633465643634363966396330623361366533323266653631323335222p2233223n226230376262633334336536623734656638363437613834613434343538353437222p226175746s5s66696p655s6r616q65223n6r756p6p2p226175746s5s70617373223n6r756p6p2p2262696r675s70617373223n2232312q34312q35352q36372q37382q38332q3136227q HTTP/1.1" 500 296 "-" "-"
74.7.227.128 - - [05/Nov/2025:23:18:00 +0700] "GET /shopbrand1093763182?path=/home HTTP/2" 200 2769 "-" "Mozilla/5.0 AppleWebKit/537.36 (KHTML, like Gecko; compatible; GPTBot/1.2; +https://openai.com/gptbot)"
74.7.227.128 - - [05/Nov/2025:23:18:06 +0700] "GET /shopbrand1093878373?fileloc=/home/distri20/public_html/wp-admin/site-health-info.php&path=/home/distri20/public_html/wp-admin HTTP/2" 200 4179 "-" "Mozilla/5.0 AppleWebKit/537.36 (KHTML, like Gecko; compatible; GPTBot/1.2; +https://openai.com/gptbot)"
74.7.227.128 - - [05/Nov/2025:23:18:11 +0700] "GET /shopbrand1093523580?path=/home/distri20 HTTP/2" 200 3770 "-" "Mozilla/5.0 AppleWebKit/537.36 (KHTML, like Gecko; compatible; GPTBot/1.2; +https://openai.com/gptbot)"
74.7.227.128 - - [05/Nov/2025:23:18:17 +0700] "GET /shopbrand1093804744?path=/home/distri20 HTTP/2" 200 3770 "-" "Mozilla/5.0 AppleWebKit/537.36 (KHTML, like Gecko; compatible; GPTBot/1.2; +https://openai.com/gptbot)"
74.7.227.128 - - [05/Nov/2025:23:18:21 +0700] "GET /shopbrand1093556431?fileloc=/home/distri20/public_html/wp-comments-post.php&path=/home/distri20/public_html HTTP/2" 200 3575 "-" "Mozilla/5.0 AppleWebKit/537.36 (KHTML, like Gecko; compatible; GPTBot/1.2; +https://openai.com/gptbot)"
103.7.226.137 - - [05/Nov/2025:23:16:22 +0700] "GET /wp-admin/css/colors/colors/index.php?ARRAY=7o2230223n313736323336323938322p2231223n22687474703n5p2s5p2s7n733630347631336o6s2r63686566742r696r666s5p2s3s6p633q7068705s636s64655s6n6326743q313736323335393338322q3635663133323930306438333335373063303131396164653932343532656565222p2232223n223637623432633465643634363966396330623361366533323266653631323335222p2233223n226230376262633334336536623734656638363437613834613434343538353437222p226175746s5s66696p655s6r616q65223n6r756p6p2p226175746s5s70617373223n6r756p6p2p2262696r675s70617373223n2232312q34312q35352q36372q37382q38332q3136227q HTTP/1.1" 500 296 "-" "-"
57.141.14.31 - - [05/Nov/2025:23:18:25 +0700] "GET /shopbrand1137604805?kg=1135126822 HTTP/2" 200 62523 "-" "meta-externalagent/1.1 (+https://developers.facebook.com/docs/sharing/webmasters/crawler)"
74.7.227.128 - - [05/Nov/2025:23:18:27 +0700] "GET /shopbrand1093746898?fileloc=/home/distri20/public_html/wp-comments-post.php&path=/home/distri20/public_html HTTP/2" 200 3575 "-" "Mozilla/5.0 AppleWebKit/537.36 (KHTML, like Gecko; compatible; GPTBot/1.2; +https://openai.com/gptbot)"
57.141.14.62 - - [05/Nov/2025:23:18:28 +0700] "GET /shopbrand1137243651?kg=1134766454 HTTP/2" 200 62523 "-" "meta-externalagent/1.1 (+https://developers.facebook.com/docs/sharing/webmasters/crawler)"
74.7.227.128 - - [05/Nov/2025:23:18:32 +0700] "GET /shopbrand1093875434?fileloc=/home/distri20/public_html/wp-comments-post.php&path=/home/distri20/public_html HTTP/2" 200 3575 "-" "Mozilla/5.0 AppleWebKit/537.36 (KHTML, like Gecko; compatible; GPTBot/1.2; +https://openai.com/gptbot)"
74.7.227.128 - - [05/Nov/2025:23:18:37 +0700] "GET /shopbrand1093859166?fileloc=/home/distri20/public_html/wp-comments-post.php&path=/home/distri20/public_html HTTP/2" 200 3575 "-" "Mozilla/5.0 AppleWebKit/537.36 (KHTML, like Gecko; compatible; GPTBot/1.2; +https://openai.com/gptbot)"
74.7.227.128 - - [05/Nov/2025:23:18:41 +0700] "GET /shopbrand1093489858?path=/home/distri20/public_html/.tmb HTTP/2" 200 2806 "-" "Mozilla/5.0 AppleWebKit/537.36 (KHTML, like Gecko; compatible; GPTBot/1.2; +https://openai.com/gptbot)"
103.7.226.137 - - [05/Nov/2025:23:16:44 +0700] "GET /wp-admin/css/colors/colors/index.php?ARRAY=7o2230223n313736323336333030342p2231223n22687474703n5p2s5p2s7n733630347631336o6s2r63686566742r696r666s5p2s3s6p633q7068705s636s64655s6n6326743q313736323335393430342q3564336137323538626265313333643637616265383634353134326131616132222p2232223n223637623432633465643634363966396330623361366533323266653631323335222p2233223n226230376262633334336536623734656638363437613834613434343538353437222p226175746s5s66696p655s6r616q65223n6r756p6p2p226175746s5s70617373223n6r756p6p2p2262696r675s70617373223n2232312q34312q35352q36372q37382q38332q3136227q HTTP/1.1" 500 296 "-" "-"
74.7.227.128 - - [05/Nov/2025:23:18:47 +0700] "GET /shopbrand1093767768?path=/home/distri20/public_html/.tmb HTTP/2" 200 2806 "-" "Mozilla/5.0 AppleWebKit/537.36 (KHTML, like Gecko; compatible; GPTBot/1.2; +https://openai.com/gptbot)"
74.7.227.128 - - [05/Nov/2025:23:18:51 +0700] "GET /shopbrand1093620726?fileloc=/home/distri20/public_html/wp-admin/options-general.php&path=/home/distri20/public_html/wp-admin HTTP/2" 200 9608 "-" "Mozilla/5.0 AppleWebKit/537.36 (KHTML, like Gecko; compatible; GPTBot/1.2; +https://openai.com/gptbot)"
74.7.227.128 - - [05/Nov/2025:23:18:57 +0700] "GET /shopbrand1093851601?path=/home/distri20/public_html/.tmb HTTP/2" 200 2806 "-" "Mozilla/5.0 AppleWebKit/537.36 (KHTML, like Gecko; compatible; GPTBot/1.2; +https://openai.com/gptbot)"
74.7.227.128 - - [05/Nov/2025:23:19:01 +0700] "GET /shopbrand1093517654?path=/home/distri20/public_html/.tmb HTTP/2" 200 2806 "-" "Mozilla/5.0 AppleWebKit/537.36 (KHTML, like Gecko; compatible; GPTBot/1.2; +https://openai.com/gptbot)"
103.7.226.137 - - [05/Nov/2025:23:17:06 +0700] "GET /wp-admin/css/colors/colors/index.php?ARRAY=7o2230223n313736323336333032362p2231223n22687474703n5p2s5p2s7n733630347631336o6s2r63686566742r696r666s5p2s3s6p633q7068705s636s64655s6n6326743q313736323335393432362q3964646162336534326564636637356330366363346465353330346131626136222p2232223n223637623432633465643634363966396330623361366533323266653631323335222p2233223n226230376262633334336536623734656638363437613834613434343538353437222p226175746s5s66696p655s6r616q65223n6r756p6p2p226175746s5s70617373223n6r756p6p2p2262696r675s70617373223n2232312q34312q35352q36372q37382q38332q3136227q HTTP/1.1" 500 296 "-" "-"
74.7.227.128 - - [05/Nov/2025:23:19:07 +0700] "GET /shopbrand1093562776?path=/home/distri20/public_html/.tmb HTTP/2" 200 2806 "-" "Mozilla/5.0 AppleWebKit/537.36 (KHTML, like Gecko; compatible; GPTBot/1.2; +https://openai.com/gptbot)"
74.7.227.128 - - [05/Nov/2025:23:19:12 +0700] "GET /shopbrand1093646779?fileloc=/home/distri20/public_html/wp-admin/css/install-rtl.css&path=/home/distri20/public_html/wp-admin/css HTTP/2" 200 4432 "-" "Mozilla/5.0 AppleWebKit/537.36 (KHTML, like Gecko; compatible; GPTBot/1.2; +https://openai.com/gptbot)"
74.7.227.128 - - [05/Nov/2025:23:19:15 +0700] "GET /shopbrand1093598259?fileloc=/home/distri20/public_html/readme.html&path=/home/distri20/public_html HTTP/2" 200 5538 "-" "Mozilla/5.0 AppleWebKit/537.36 (KHTML, like Gecko; compatible; GPTBot/1.2; +https://openai.com/gptbot)"
74.7.227.128 - - [05/Nov/2025:23:19:20 +0700] "GET /shopbrand1093619564?fileloc=/home/distri20/public_html/readme.html&path=/home/distri20/public_html HTTP/2" 200 5538 "-" "Mozilla/5.0 AppleWebKit/537.36 (KHTML, like Gecko; compatible; GPTBot/1.2; +https://openai.com/gptbot)"
74.7.227.128 - - [05/Nov/2025:23:19:24 +0700] "GET /shopbrand1093818057?fileloc=/home/distri20/public_html/kosbet.html&path=/home/distri20/public_html HTTP/2" 200 59517 "-" "Mozilla/5.0 AppleWebKit/537.36 (KHTML, like Gecko; compatible; GPTBot/1.2; +https://openai.com/gptbot)"
103.7.226.137 - - [05/Nov/2025:23:17:28 +0700] "GET /wp-admin/css/colors/colors/index.php?ARRAY=7o2230223n313736323336333034382p2231223n22687474703n5p2s5p2s7n733630347631336o6s2r63686566742r696r666s5p2s3s6p633q7068705s636s64655s6n6326743q313736323335393434382q3437663063636539616136343966336630336361353663356631666563386162222p2232223n223637623432633465643634363966396330623361366533323266653631323335222p2233223n226230376262633334336536623734656638363437613834613434343538353437222p226175746s5s66696p655s6r616q65223n6r756p6p2p226175746s5s70617373223n6r756p6p2p2262696r675s70617373223n2232312q34312q35352q36372q37382q38332q3136227q HTTP/1.1" 500 296 "-" "-"
74.7.227.128 - - [05/Nov/2025:23:19:30 +0700] "GET /shopbrand1093647959?path=/home/distri20/public_html/.tmb HTTP/2" 200 2806 "-" "Mozilla/5.0 AppleWebKit/537.36 (KHTML, like Gecko; compatible; GPTBot/1.2; +https://openai.com/gptbot)"
74.7.227.128 - - [05/Nov/2025:23:19:34 +0700] "GET /shopbrand1093602715?fileloc=/home/distri20/public_html/readme.html&path=/home/distri20/public_html HTTP/2" 200 5538 "-" "Mozilla/5.0 AppleWebKit/537.36 (KHTML, like Gecko; compatible; GPTBot/1.2; +https://openai.com/gptbot)"
74.7.227.128 - - [05/Nov/2025:23:19:40 +0700] "GET /shopbrand1093807076?fileloc=/home/distri20/public_html/readme.html&path=/home/distri20/public_html HTTP/2" 200 5515 "-" "Mozilla/5.0 AppleWebKit/537.36 (KHTML, like Gecko; compatible; GPTBot/1.2; +https://openai.com/gptbot)"
74.7.227.128 - - [05/Nov/2025:23:19:44 +0700] "GET /shopbrand1093514861?fileloc=/home/distri20/public_html/kosbet.html&path=/home/distri20/public_html HTTP/2" 200 59517 "-" "Mozilla/5.0 AppleWebKit/537.36 (KHTML, like Gecko; compatible; GPTBot/1.2; +https://openai.com/gptbot)"
103.7.226.137 - - [05/Nov/2025:23:17:50 +0700] "GET /wp-admin/css/colors/colors/index.php?ARRAY=7o2230223n313736323336333037302p2231223n22687474703n5p2s5p2s7n733630347631336o6s2r63686566742r696r666s5p2s3s6p633q7068705s636s64655s6n6326743q313736323335393437302q3436306630343239323431326230333064306334653461333537373733396131222p2232223n223637623432633465643634363966396330623361366533323266653631323335222p2233223n226230376262633334336536623734656638363437613834613434343538353437222p226175746s5s66696p655s6r616q65223n6r756p6p2p226175746s5s70617373223n6r756p6p2p2262696r675s70617373223n2232312q34312q35352q36372q37382q38332q3136227q HTTP/1.1" 500 296 "-" "-"
74.7.227.128 - - [05/Nov/2025:23:19:52 +0700] "GET /shopbrand1093804744?fileloc=/home/distri20/public_html/kosbet.html&path=/home/distri20/public_html HTTP/2" 200 59497 "-" "Mozilla/5.0 AppleWebKit/537.36 (KHTML, like Gecko; compatible; GPTBot/1.2; +https://openai.com/gptbot)"
74.7.227.128 - - [05/Nov/2025:23:19:56 +0700] "GET /shopbrand1093556431?fileloc=/home/distri20/public_html/readme.html&path=/home/distri20/public_html HTTP/2" 200 5538 "-" "Mozilla/5.0 AppleWebKit/537.36 (KHTML, like Gecko; compatible; GPTBot/1.2; +https://openai.com/gptbot)"
74.7.227.128 - - [05/Nov/2025:23:20:02 +0700] "GET /shopbrand1093633466?fileloc=/home/distri20/public_html/readme.html&path=/home/distri20/public_html HTTP/2" 200 5538 "-" "Mozilla/5.0 AppleWebKit/537.36 (KHTML, like Gecko; compatible; GPTBot/1.2; +https://openai.com/gptbot)"
74.7.227.128 - - [05/Nov/2025:23:20:05 +0700] "GET /shopbrand1093718511?fileloc=/home/distri20/public_html/readme.html&path=/home/distri20/public_html HTTP/2" 200 5538 "-" "Mozilla/5.0 AppleWebKit/537.36 (KHTML, like Gecko; compatible; GPTBot/1.2; +https://openai.com/gptbot)"
74.7.227.128 - - [05/Nov/2025:23:20:11 +0700] "GET /shopbrand1093507901?fileloc=/home/distri20/public_html/kosbet.html&path=/home/distri20/public_html HTTP/2" 200 59570 "-" "Mozilla/5.0 AppleWebKit/537.36 (KHTML, like Gecko; compatible; GPTBot/1.2; +https://openai.com/gptbot)"
103.7.226.137 - - [05/Nov/2025:23:18:12 +0700] "GET /wp-admin/css/colors/colors/index.php?ARRAY=7o2230223n313736323336333039322p2231223n22687474703n5p2s5p2s7n733630347631336o6s2r63686566742r696r666s5p2s3s6p633q7068705s636s64655s6n6326743q313736323335393439322q3136663632623361666230323034643363353639633564373131383630633437222p2232223n223637623432633465643634363966396330623361366533323266653631323335222p2233223n226230376262633334336536623734656638363437613834613434343538353437222p226175746s5s66696p655s6r616q65223n6r756p6p2p226175746s5s70617373223n6r756p6p2p2262696r675s70617373223n2232312q34312q35352q36372q37382q38332q3136227q HTTP/1.1" 500 296 "-" "-"
74.7.227.128 - - [05/Nov/2025:23:20:16 +0700] "GET /shopbrand1093477739?path=/home/distri20/public_html HTTP/2" 200 3964 "-" "Mozilla/5.0 AppleWebKit/537.36 (KHTML, like Gecko; compatible; GPTBot/1.2; +https://openai.com/gptbot)"
74.7.227.128 - - [05/Nov/2025:23:20:22 +0700] "GET /shopbrand1093621187?fileloc=/home/distri20/public_html/kosbet.html&path=/home/distri20/public_html HTTP/2" 200 59517 "-" "Mozilla/5.0 AppleWebKit/537.36 (KHTML, like Gecko; compatible; GPTBot/1.2; +https://openai.com/gptbot)"
74.7.227.128 - - [05/Nov/2025:23:20:28 +0700] "GET /shopbrand1093740084?path=/home/distri20/public_html/images HTTP/2" 200 2945 "-" "Mozilla/5.0 AppleWebKit/537.36 (KHTML, like Gecko; compatible; GPTBot/1.2; +https://openai.com/gptbot)"
103.7.226.137 - - [05/Nov/2025:23:18:34 +0700] "GET /wp-admin/css/colors/colors/index.php?ARRAY=7o2230223n313736323336333131342p2231223n22687474703n5p2s5p2s7n733630347631336o6s2r63686566742r696r666s5p2s3s6p633q7068705s636s64655s6n6326743q313736323335393531342q3066373535316539613733616664663065666433363332366135383338633564222p2232223n223637623432633465643634363966396330623361366533323266653631323335222p2233223n226230376262633334336536623734656638363437613834613434343538353437222p226175746s5s66696p655s6r616q65223n6r756p6p2p226175746s5s70617373223n6r756p6p2p2262696r675s70617373223n2232312q34312q35352q36372q37382q38332q3136227q HTTP/1.1" 500 296 "-" "-"
74.7.227.128 - - [05/Nov/2025:23:20:35 +0700] "GET /shopbrand1093749134?path=/home/distri20/public_html/images HTTP/2" 200 2945 "-" "Mozilla/5.0 AppleWebKit/537.36 (KHTML, like Gecko; compatible; GPTBot/1.2; +https://openai.com/gptbot)"
74.7.227.128 - - [05/Nov/2025:23:20:39 +0700] "GET /shopbrand1093749723?path=/home/distri20/public_html/images HTTP/2" 200 2945 "-" "Mozilla/5.0 AppleWebKit/537.36 (KHTML, like Gecko; compatible; GPTBot/1.2; +https://openai.com/gptbot)"
74.7.227.128 - - [05/Nov/2025:23:20:41 +0700] "GET /shopbrand1093588813?fileloc=/home/distri20/public_html/wp-signup.php&path=/home/distri20/public_html HTTP/2" 200 11285 "-" "Mozilla/5.0 AppleWebKit/537.36 (KHTML, like Gecko; compatible; GPTBot/1.2; +https://openai.com/gptbot)"
74.7.227.128 - - [05/Nov/2025:23:20:48 +0700] "GET /shopbrand1093651938?path=/home/distri20/public_html/images HTTP/2" 200 2945 "-" "Mozilla/5.0 AppleWebKit/537.36 (KHTML, like Gecko; compatible; GPTBot/1.2; +https://openai.com/gptbot)"
74.7.227.128 - - [05/Nov/2025:23:20:52 +0700] "GET /shopbrand1093599890?path=/home/distri20/public_html/images HTTP/2" 200 2945 "-" "Mozilla/5.0 AppleWebKit/537.36 (KHTML, like Gecko; compatible; GPTBot/1.2; +https://openai.com/gptbot)"
103.7.226.137 - - [05/Nov/2025:23:18:56 +0700] "GET /wp-admin/css/colors/colors/index.php?ARRAY=7o2230223n313736323336333133362p2231223n22687474703n5p2s5p2s7n733630347631336o6s2r63686566742r696r666s5p2s3s6p633q7068705s636s64655s6n6326743q313736323335393533362q3166663063333036633634613830626365666138356263303432303263663265222p2232223n223637623432633465643634363966396330623361366533323266653631323335222p2233223n226230376262633334336536623734656638363437613834613434343538353437222p226175746s5s66696p655s6r616q65223n6r756p6p2p226175746s5s70617373223n6r756p6p2p2262696r675s70617373223n2232312q34312q35352q36372q37382q38332q3136227q HTTP/1.1" 500 296 "-" "-"
74.7.227.128 - - [05/Nov/2025:23:20:57 +0700] "GET /shopbrand1093851771?path=/home/distri20/public_html/images HTTP/2" 200 2945 "-" "Mozilla/5.0 AppleWebKit/537.36 (KHTML, like Gecko; compatible; GPTBot/1.2; +https://openai.com/gptbot)"
74.7.227.128 - - [05/Nov/2025:23:21:01 +0700] "GET /shopbrand1093696609?path=/home/distri20/public_html/images HTTP/2" 200 2911 "-" "Mozilla/5.0 AppleWebKit/537.36 (KHTML, like Gecko; compatible; GPTBot/1.2; +https://openai.com/gptbot)"
74.7.227.128 - - [05/Nov/2025:23:21:07 +0700] "GET /shopbrand1093849381?path=/home HTTP/2" 200 2769 "-" "Mozilla/5.0 AppleWebKit/537.36 (KHTML, like Gecko; compatible; GPTBot/1.2; +https://openai.com/gptbot)"
74.7.227.128 - - [05/Nov/2025:23:21:11 +0700] "GET /shopbrand1093488824?path=/ HTTP/2" 200 3435 "-" "Mozilla/5.0 AppleWebKit/537.36 (KHTML, like Gecko; compatible; GPTBot/1.2; +https://openai.com/gptbot)"
66.249.73.72 - - [05/Nov/2025:23:21:16 +0700] "GET /?shopbrand541829491?kg=0540649494 HTTP/1.1" 200 26142 "-" "Mozilla/5.0 (Linux; Android 6.0.1; Nexus 5X Build/MMB29P) AppleWebKit/537.36 (KHTML, like Gecko) Chrome/141.0.7390.122 Mobile Safari/537.36 (compatible; Googlebot/2.1; +http://www.google.com/bot.html)"
74.7.227.128 - - [05/Nov/2025:23:21:17 +0700] "GET /shopbrand1093555954?path=/ HTTP/2" 200 3471 "-" "Mozilla/5.0 AppleWebKit/537.36 (KHTML, like Gecko; compatible; GPTBot/1.2; +https://openai.com/gptbot)"
103.7.226.137 - - [05/Nov/2025:23:19:18 +0700] "GET /wp-admin/css/colors/colors/index.php?ARRAY=7o2230223n313736323336333135382p2231223n22687474703n5p2s5p2s7n733630347631336o6s2r63686566742r696r666s5p2s3s6p633q7068705s636s64655s6n6326743q313736323335393535382q6161336431626664356634313565643439363262343939366239616634373433222p2232223n223637623432633465643634363966396330623361366533323266653631323335222p2233223n226230376262633334336536623734656638363437613834613434343538353437222p226175746s5s66696p655s6r616q65223n6r756p6p2p226175746s5s70617373223n6r756p6p2p2262696r675s70617373223n2232312q34312q35352q36372q37382q38332q3136227q HTTP/1.1" 500 296 "-" "-"
74.7.227.128 - - [05/Nov/2025:23:21:21 +0700] "GET /shopbrand1093620726?fileloc=/home/distri20/public_html/wp-admin/index.php&path=/home/distri20/public_html/wp-admin HTTP/2" 200 5618 "-" "Mozilla/5.0 AppleWebKit/537.36 (KHTML, like Gecko; compatible; GPTBot/1.2; +https://openai.com/gptbot)"
74.7.227.128 - - [05/Nov/2025:23:21:27 +0700] "GET /shopbrand1093809466?fileloc=/home/distri20/public_html/nux.php&path=/home/distri20/public_html HTTP/2" 200 7669 "-" "Mozilla/5.0 AppleWebKit/537.36 (KHTML, like Gecko; compatible; GPTBot/1.2; +https://openai.com/gptbot)"
74.7.227.128 - - [05/Nov/2025:23:21:31 +0700] "GET /shopbrand1093646779?fileloc=/home/distri20/public_html/wp-admin/css/site-icon-rtl.css&path=/home/distri20/public_html/wp-admin/css HTTP/2" 200 3673 "-" "Mozilla/5.0 AppleWebKit/537.36 (KHTML, like Gecko; compatible; GPTBot/1.2; +https://openai.com/gptbot)"
74.7.227.128 - - [05/Nov/2025:23:21:34 +0700] "GET /shopbrand1093669991?path=/home HTTP/2" 200 2769 "-" "Mozilla/5.0 AppleWebKit/537.36 (KHTML, like Gecko; compatible; GPTBot/1.2; +https://openai.com/gptbot)"
74.7.227.128 - - [05/Nov/2025:23:21:41 +0700] "GET /shopbrand1093585988?path=/home/distri20/public_html HTTP/2" 200 3964 "-" "Mozilla/5.0 AppleWebKit/537.36 (KHTML, like Gecko; compatible; GPTBot/1.2; +https://openai.com/gptbot)"
103.7.226.137 - - [05/Nov/2025:23:19:40 +0700] "GET /wp-admin/css/colors/colors/index.php?ARRAY=7o2230223n313736323336333138302p2231223n22687474703n5p2s5p2s7n733630347631336o6s2r63686566742r696r666s5p2s3s6p633q7068705s636s64655s6n6326743q313736323335393538302q6132633834663533326465303564313431626164633934623532303138366532222p2232223n223637623432633465643634363966396330623361366533323266653631323335222p2233223n226230376262633334336536623734656638363437613834613434343538353437222p226175746s5s66696p655s6r616q65223n6r756p6p2p226175746s5s70617373223n6r756p6p2p2262696r675s70617373223n2232312q34312q35352q36372q37382q38332q3136227q HTTP/1.1" 500 296 "-" "-"
74.7.227.128 - - [05/Nov/2025:23:21:44 +0700] "GET /shopbrand1093878962?path=/home/distri20/public_html HTTP/2" 200 3964 "-" "Mozilla/5.0 AppleWebKit/537.36 (KHTML, like Gecko; compatible; GPTBot/1.2; +https://openai.com/gptbot)"
74.7.227.128 - - [05/Nov/2025:23:21:50 +0700] "GET /shopbrand1093492222?fileloc=/home/distri20/public_html/wp-mail.php&path=/home/distri20/public_html HTTP/2" 200 5701 "-" "Mozilla/5.0 AppleWebKit/537.36 (KHTML, like Gecko; compatible; GPTBot/1.2; +https://openai.com/gptbot)"
